Back
From: metabase:user:320bfe00-2aae-11df-837a-5e0a49663a4f
Subject: FAIL PerlIO-via-EscStatus-11 v5.21.1 GNU/Linux
Date: 2014-06-11T03:45:40Z
This distribution has been tested as part of the CPAN Testers
project, supporting the Perl programming language. See
http://wiki.cpantesters.org/ for more information or email
questions to cpan-testers-discuss@perl.org
--
Dear Kevin Ryde,
This is a computer-generated report for PerlIO-via-EscStatus-11
on perl 5.21.1, created by CPAN-Reporter-1.2011.
Thank you for uploading your work to CPAN. However, there was a problem
testing your distribution.
If you think this report is invalid, please consult the CPAN Testers Wiki
for suggestions on how to avoid getting FAIL reports for missing library
or binary dependencies, unsupported operating systems, and so on:
http://wiki.cpantesters.org/wiki/CPANAuthorNotes
Sections of this report:
* Tester comments
* Program output
* Prerequisites
* Environment and other context
------------------------------
TESTER COMMENTS
------------------------------
Additional comments from tester:
this report is from an automated smoke testing program
and was not reviewed by a human for accuracy
------------------------------
PROGRAM OUTPUT
------------------------------
Output from '/usr/bin/make test':
PERL_DL_NONLAZY=1 /home/sand/src/perl/repoperls/installed-perls/perl/v5.21.0-284-g2143189/127e/bin/perl "-MExtUtils::Command::MM" "-MTest::Harness" "-e" "undef *Test::Harness::Switches; test_harness(0, 'blib/lib', 'blib/arch')" t/*.t
t/EscStatus-load.t ...... ok
t/EscStatus-Renaming.t .. skipped: due to Exporter::Renaming not available -- Can't locate Exporter/Renaming.pm in @INC (you may need to install the Exporter::Renaming module) (@INC contains: t /tmp/loop_over_bdir-1818-5rxkIp/PerlIO-via-EscStatus-11-x7U_AG/blib/lib /tmp/loop_over_bdir-1818-5rxkIp/PerlIO-via-EscStatus-11-x7U_AG/blib/arch /home/sand/src/perl/repoperls/installed-perls/perl/v5.21.0-284-g2143189/127e/lib/site_perl/5.21.1/x86_64-linux-ld /home/sand/src/perl/repoperls/installed-perls/perl/v5.21.0-284-g2143189/127e/lib/site_perl/5.21.1 /home/sand/src/perl/repoperls/installed-perls/perl/v5.21.0-284-g2143189/127e/lib/5.21.1/x86_64-linux-ld /home/sand/src/perl/repoperls/installed-perls/perl/v5.21.0-284-g2143189/127e/lib/5.21.1 .) at (eval 4) line 1.
# IsZero
# IsDouble
# IsOther
# _truncate
Can't find Unicode property definition "IsZero" at /tmp/loop_over_bdir-1818-5rxkIp/PerlIO-via-EscStatus-11-x7U_AG/blib/lib/PerlIO/via/EscStatus.pm line 341.
# Looks like you planned 860 tests but ran 48.
# Looks like your test exited with 255 just after 48.
t/EscStatus.t ...........
Dubious, test returned 255 (wstat 65280, 0xff00)
Failed 812/860 subtests
t/Parser.t .............. ok
# on a binary file
# temp file /tmp/PerlIO-via-EscStatus-ShowAll-test-sBnx60
# on a utf8 file
# temp file /tmp/PerlIO-via-EscStatus-ShowAll-test-LuQ9lM
t/ShowAll.t ............. ok
# on a binary file
# temp file /tmp/PerlIO-via-EscStatus-ShowNone-test-yd5og7
# on a utf8 file
# temp file /tmp/PerlIO-via-EscStatus-ShowNone-test-XEDYXM
t/ShowNone.t ............ ok
t/ToEscStatus.t ......... skipped: ProgressMonitor package not available: Can't locate ProgressMonitor.pm in @INC (you may need to install the ProgressMonitor module) (@INC contains: t /tmp/loop_over_bdir-1818-5rxkIp/PerlIO-via-EscStatus-11-x7U_AG/blib/lib /tmp/loop_over_bdir-1818-5rxkIp/PerlIO-via-EscStatus-11-x7U_AG/blib/arch /home/sand/src/perl/repoperls/installed-perls/perl/v5.21.0-284-g2143189/127e/lib/site_perl/5.21.1/x86_64-linux-ld /home/sand/src/perl/repoperls/installed-perls/perl/v5.21.0-284-g2143189/127e/lib/site_perl/5.21.1 /home/sand/src/perl/repoperls/installed-perls/perl/v5.21.0-284-g2143189/127e/lib/5.21.1/x86_64-linux-ld /home/sand/src/perl/repoperls/installed-perls/perl/v5.21.0-284-g2143189/127e/lib/5.21.1 .) at t/ToEscStatus.t line 29.
Test Summary Report
-------------------
t/EscStatus.t (Wstat: 65280 Tests: 48 Failed: 0)
Non-zero exit status: 255
Parse errors: Bad plan. You planned 860 tests but ran 48.
Files=7, Tests=101, 2 wallclock secs ( 0.04 usr 0.01 sys + 0.37 cusr 0.04 csys = 0.46 CPU)
Result: FAIL
Failed 1/7 test programs. 0/101 subtests failed.
Makefile:912: recipe for target 'test_dynamic' failed
make: *** [test_dynamic] Error 255
------------------------------
PREREQUISITES
------------------------------
Prerequisite modules loaded:
requires:
Module Need Have
-------------------------- -------- ----------
Encode 0 2.62
perl 5.008005 5.021001
PerlIO::via 0 0.15
Regexp::Common 0 2013031301
Regexp::Common::ANSIescape 11 11
Term::Size 0 0.207
build_requires:
Module Need Have
-------------------------- -------- ----------
ExtUtils::MakeMaker 0 6.98
configure_requires:
Module Need Have
-------------------------- -------- ----------
ExtUtils::MakeMaker 0 6.98
------------------------------
ENVIRONMENT AND OTHER CONTEXT
------------------------------
Environment variables:
AUTOMATED_TESTING = 1
LANG = de_DE.UTF-8
LANGUAGE = en_US:en
LC_ALL = de_DE.UTF-8
PATH = /usr/lib/ccache:/home/sand/bin:/usr/local/bin:/usr/lib/ccache:/usr/bin:/bin:/usr/games:/usr/local/perl/bin:/usr/X11/bin:/sbin:/usr/sbin
PERL5LIB =
PERL5OPT =
PERL5_CPANPLUS_IS_RUNNING = 1826
PERL5_CPAN_IS_RUNNING = 1826
PERL_MM_USE_DEFAULT = 1
SHELL = /usr/bin/zsh
TERM = screen
Perl special variables (and OS-specific diagnostics, for MSWin32):
$^X = /home/sand/src/perl/repoperls/installed-perls/perl/v5.21.0-284-g2143189/127e/bin/perl
$UID/$EUID = 1005 / 1005
$GID = 1005 1005
$EGID = 1005 1005
Perl module toolchain versions installed:
Module Have
------------------- --------
CPAN 2.05
CPAN::Meta 2.141520
Cwd 3.48
ExtUtils::CBuilder 0.280216
ExtUtils::Command 1.18
ExtUtils::Install 1.68
ExtUtils::MakeMaker 6.98
ExtUtils::Manifest 1.63
ExtUtils::ParseXS 3.24
File::Spec 3.48
JSON 2.90
JSON::PP 2.27203
Module::Build 0.4205
Module::Signature 0.73
Parse::CPAN::Meta 1.4414
Test::Harness 3.31
Test::More 1.001003
YAML 0.92
YAML::Syck 1.27
version 0.9908
--
Summary of my perl5 (revision 5 version 21 subversion 1) configuration:
Commit id: 21431899afb43e8c4b449a110e568818ab0ef051
Platform:
osname=linux, osvers=3.14-1-amd64, archname=x86_64-linux-ld
uname='linux k83 3.14-1-amd64 #1 smp debian 3.14.5-1 (2014-06-05) x86_64 gnulinux '
config_args='-Dprefix=/home/sand/src/perl/repoperls/installed-perls/perl/v5.21.0-284-g2143189/127e -Dmyhostname=k83 -Dinstallusrbinperl=n -Uversiononly -Dusedevel -des -Ui_db -Uuseithreads -Duselongdouble -DDEBUGGING=-g'
hint=recommended, useposix=true, d_sigaction=define
useithreads=undef, usemultiplicity=undef
use64bitint=define, use64bitall=define, uselongdouble=define
usemymalloc=n, bincompat5005=undef
Compiler:
cc='cc', ccflags ='-fwrapv -fno-strict-aliasing -pipe -fstack-protector -I/usr/local/include -D_LARGEFILE_SOURCE -D_FILE_OFFSET_BITS=64',
optimize='-O2 -g',
cppflags='-fwrapv -fno-strict-aliasing -pipe -fstack-protector -I/usr/local/include'
ccversion='', gccversion='4.8.3', gccosandvers=''
intsize=4, longsize=8, ptrsize=8, doublesize=8, byteorder=12345678
d_longlong=define, longlongsize=8, d_longdbl=define, longdblsize=16
ivtype='long', ivsize=8, nvtype='long double', nvsize=16, Off_t='off_t', lseeksize=8
alignbytes=16, prototype=define
Linker and Libraries:
ld='cc', ldflags =' -fstack-protector -L/usr/local/lib'
libpth=/usr/local/lib /usr/lib/gcc/x86_64-linux-gnu/4.8/include-fixed /usr/include/x86_64-linux-gnu /usr/lib /lib/x86_64-linux-gnu /lib/../lib /usr/lib/x86_64-linux-gnu /usr/lib/../lib /lib
libs=-lnsl -lgdbm -ldb -ldl -lm -lcrypt -lutil -lc -lgdbm_compat
perllibs=-lnsl -ldl -lm -lcrypt -lutil -lc
libc=libc-2.19.so, so=so, useshrplib=false, libperl=libperl.a
gnulibc_version='2.19'
Dynamic Linking:
dlsrc=dl_dlopen.xs, dlext=so, d_dlsymun=undef, ccdlflags='-Wl,-E'
cccdlflags='-fPIC', lddlflags='-shared -O2 -g -L/usr/local/lib -fstack-protector'
Characteristics of this binary (from libperl):
Compile-time options: HAS_TIMES PERLIO_LAYERS PERL_DONT_CREATE_GVSV
PERL_HASH_FUNC_ONE_AT_A_TIME_HARD PERL_MALLOC_WRAP
PERL_NEW_COPY_ON_WRITE PERL_PRESERVE_IVUV
PERL_USE_DEVEL USE_64_BIT_ALL USE_64_BIT_INT
USE_LARGE_FILES USE_LOCALE USE_LOCALE_COLLATE
USE_LOCALE_CTYPE USE_LOCALE_NUMERIC USE_LONG_DOUBLE
USE_PERLIO USE_PERL_ATOF
Built under linux
Compiled at Jun 11 2014 03:56:03
%ENV:
PERL5LIB=""
PERL5OPT=""
PERL5_CPANPLUS_IS_RUNNING="1826"
PERL5_CPAN_IS_RUNNING="1826"
PERL_MM_USE_DEFAULT="1"
@INC:
/home/sand/src/perl/repoperls/installed-perls/perl/v5.21.0-284-g2143189/127e/lib/site_perl/5.21.1/x86_64-linux-ld
/home/sand/src/perl/repoperls/installed-perls/perl/v5.21.0-284-g2143189/127e/lib/site_perl/5.21.1
/home/sand/src/perl/repoperls/installed-perls/perl/v5.21.0-284-g2143189/127e/lib/5.21.1/x86_64-linux-ld
/home/sand/src/perl/repoperls/installed-perls/perl/v5.21.0-284-g2143189/127e/lib/5.21.1
.