Back
From: metabase:user:30f0bd62-2aae-11df-837a-5e0a49663a4f
Subject: FAIL Data-YUID-0.06 v5.15.5 NetBSD
Date: 2011-12-22T09:46:44Z
This distribution has been tested as part of the CPAN Testers
project, supporting the Perl programming language. See
http://wiki.cpantesters.org/ for more information or email
questions to cpan-testers-discuss@perl.org
--
Dear SAY MEDIA,
This is a computer-generated report for Data-YUID-0.06
on perl 5.15.5, created by CPAN-Reporter-1.2002.
Thank you for uploading your work to CPAN. However, there was a problem
testing your distribution.
If you think this report is invalid, please consult the CPAN Testers Wiki
for suggestions on how to avoid getting FAIL reports for missing library
or binary dependencies, unsupported operating systems, and so on:
http://wiki.cpantesters.org/wiki/CPANAuthorNotes
Sections of this report:
* Tester comments
* Program output
* Prerequisites
* Environment and other context
------------------------------
TESTER COMMENTS
------------------------------
Additional comments from tester:
this report is from an automated smoke testing program
and was not reviewed by a human for accuracy
------------------------------
PROGRAM OUTPUT
------------------------------
Output from '/usr/bin/make test':
PERL_DL_NONLAZY=1 /home/sts/cpansmoke/perl-5.15.5/bin/perl5.15.5 "-MExtUtils::Command::MM" "-e" "test_harness(0, 'inc', 'blib/lib', 'blib/arch')" t/00-compile.t t/01-generator.t t/10-client.t
t/00-compile.t .... ok
Time::HiRes object version 1.9724 does not match $Time::HiRes::XS_VERSION 1.9719 at /home/sts/cpansmoke/perl-5.15.5/lib/5.15.5/i386-netbsd-thread-multi/DynaLoader.pm line 213.
Compilation failed in require at t/01-generator.t line 7.
BEGIN failed--compilation aborted at t/01-generator.t line 7.
# Looks like your test exited with 2 before it could output anything.
t/01-generator.t ..
Dubious, test returned 2 (wstat 512, 0x200)
No subtests run
Time::HiRes object version 1.9724 does not match $Time::HiRes::XS_VERSION 1.9719 at /home/sts/cpansmoke/perl-5.15.5/lib/5.15.5/i386-netbsd-thread-multi/DynaLoader.pm line 213.
Compilation failed in require at /home/sts/cpansmoke/perl-5.15.5/cpan/build/Danga-Socket-1.61-KopEki/blib/lib/Danga/Socket.pm line 98.
BEGIN failed--compilation aborted at /home/sts/cpansmoke/perl-5.15.5/cpan/build/Danga-Socket-1.61-KopEki/blib/lib/Danga/Socket.pm line 98.
Compilation failed in require at /home/sts/cpansmoke/perl-5.15.5/cpan/build/Data-YUID-0.06-BmVSjY/t/../bin/yuidd line 5.
BEGIN failed--compilation aborted at /home/sts/cpansmoke/perl-5.15.5/cpan/build/Data-YUID-0.06-BmVSjY/t/../bin/yuidd line 5.
Time::HiRes object version 1.9724 does not match $Time::HiRes::XS_VERSION 1.9719 at /home/sts/cpansmoke/perl-5.15.5/lib/5.15.5/i386-netbsd-thread-multi/DynaLoader.pm line 213.
Compilation failed in require at /home/sts/cpansmoke/perl-5.15.5/cpan/build/Danga-Socket-1.61-KopEki/blib/lib/Danga/Socket.pm line 98.
BEGIN failed--compilation aborted at /home/sts/cpansmoke/perl-5.15.5/cpan/build/Danga-Socket-1.61-KopEki/blib/lib/Danga/Socket.pm line 98.
Compilation failed in require at /home/sts/cpansmoke/perl-5.15.5/cpan/build/Data-YUID-0.06-BmVSjY/t/../bin/yuidd line 5.
BEGIN failed--compilation aborted at /home/sts/cpansmoke/perl-5.15.5/cpan/build/Data-YUID-0.06-BmVSjY/t/../bin/yuidd line 5.
Timeout waiting for port 11000 to startup at t/10-client.t line 75.
# Looks like your test exited with 61 before it could output anything.
t/10-client.t .....
Dubious, test returned 61 (wstat 15616, 0x3d00)
Failed 25/25 subtests
Test Summary Report
-------------------
t/01-generator.t (Wstat: 512 Tests: 0 Failed: 0)
Non-zero exit status: 2
Parse errors: No plan found in TAP output
t/10-client.t (Wstat: 15616 Tests: 0 Failed: 0)
Non-zero exit status: 61
Parse errors: Bad plan. You planned 25 tests but ran 0.
Files=3, Tests=1, 7 wallclock secs ( 0.05 usr 0.04 sys + 0.71 cusr 0.18 csys = 0.98 CPU)
Result: FAIL
Failed 2/3 test programs. 0/1 subtests failed.
*** Error code 61
Stop.
make: stopped in /home/sts/cpansmoke/perl-5.15.5/cpan/build/Data-YUID-0.06-BmVSjY
------------------------------
PREREQUISITES
------------------------------
Prerequisite modules loaded:
requires:
Module Need Have
------------------- -------- --------
Danga::Socket 0 1.61
Math::BigInt 0 1.997
perl 5.006001 5.015005
Time::HiRes 0 1.9724
URI::Escape 0 3.31
build_requires:
Module Need Have
------------------- -------- --------
ExtUtils::MakeMaker 6.42 6.63_02
Time::HiRes 0 1.9724
configure_requires:
Module Need Have
------------------- -------- --------
ExtUtils::MakeMaker 6.42 6.63_02
------------------------------
ENVIRONMENT AND OTHER CONTEXT
------------------------------
Environment variables:
AUTOMATED_TESTING = 1
PATH = /home/sts/bin:/bin:/sbin:/usr/bin:/usr/sbin:/usr/X11R7/bin:/usr/X11R6/bin:/usr/pkg/bin:/usr/pkg/sbin:/usr/games:/usr/local/bin:/usr/local/sbin
PERL5LIB = /home/sts/cpansmoke/perl-5.15.5/cpan/build/Danga-Socket-1.61-KopEki/blib/arch:/home/sts/cpansmoke/perl-5.15.5/cpan/build/Danga-Socket-1.61-KopEki/blib/lib:/home/sts/cpansmoke/perl-5.15.5/cpan/build/Sys-Syscall-0.23-iv52hW/blib/arch:/home/sts/cpansmoke/perl-5.15.5/cpan/build/Sys-Syscall-0.23-iv52hW/blib/lib:/home/sts/cpansmoke/perl-5.15.5/cpan/build/URI-1.59-eCYKjX/blib/arch:/home/sts/cpansmoke/perl-5.15.5/cpan/build/URI-1.59-eCYKjX/blib/lib
PERL5OPT =
PERL5_CPANPLUS_IS_RUNNING = 7714
PERL5_CPAN_IS_RUNNING = 7714
PERL5_CPAN_IS_RUNNING_IN_RECURSION = 439,7714
PERL_CR_SMOKER_CURRENT = Data-YUID-0.06
PERL_EXTUTILS_AUTOINSTALL = --defaultdeps
PERL_MM_USE_DEFAULT = 1
SHELL = /usr/pkg/bin/bash
TERM = screen
TMPDIR = /home/sts/cpansmoke/tmp
Perl special variables (and OS-specific diagnostics, for MSWin32):
$^X = /home/sts/cpansmoke/perl-5.15.5/bin/perl5.15.5
$UID/$EUID = 1000 / 1000
$GID = 100 100 0
$EGID = 100 100 0
Perl module toolchain versions installed:
Module Have
------------------- --------
CPAN 1.9800
CPAN::Meta 2.112621
Cwd 3.37
ExtUtils::CBuilder 0.280204
ExtUtils::Command 1.17
ExtUtils::Install 1.57
ExtUtils::MakeMaker 6.63_02
ExtUtils::Manifest 1.60
ExtUtils::ParseXS 3.05
File::Spec 3.34
JSON n/a
JSON::PP 2.27200
Module::Build 0.39_01
Module::Signature n/a
Parse::CPAN::Meta 1.4401
Test::Harness 3.23
Test::More 0.98
YAML n/a
YAML::Syck n/a
version 0.93
--
Summary of my perl5 (revision 5 version 15 subversion 5) configuration:
Platform:
osname=netbsd, osvers=5.1, archname=i386-netbsd-thread-multi
uname='netbsd cpansmoke7 5.1 netbsd 5.1 (xen3_domu) #0: sun nov 7 14:54:55 utc 2010 builds@b6.netbsd.org:homebuildsabnetbsd-5-1-releasei386201011061943z-objhomebuildsabnetbsd-5-1-releasesrcsysarchi386compilexen3_domu i386 '
config_args='-des -Dusedevel -Dusethreads -Dprefix=/home/sts/cpansmoke/perl-5.15.5'
hint=recommended, useposix=true, d_sigaction=define
useithreads=define, usemultiplicity=define
useperlio=define, d_sfio=undef, uselargefiles=define, usesocks=undef
use64bitint=undef, use64bitall=undef, uselongdouble=undef
usemymalloc=n, bincompat5005=undef
Compiler:
cc='cc', ccflags ='-fno-strict-aliasing -pipe -fstack-protector -I/usr/pkg/include',
optimize='-O',
cppflags='-fno-strict-aliasing -pipe -fstack-protector -I/usr/pkg/include'
ccversion='', gccversion='4.1.3 20080704 prerelease (NetBSD nb2 20081120)', gccosandvers=''
intsize=4, longsize=4, ptrsize=4, doublesize=8, byteorder=1234
d_longlong=define, longlongsize=8, d_longdbl=define, longdblsize=12
ivtype='long', ivsize=4, nvtype='double', nvsize=8, Off_t='off_t', lseeksize=8
alignbytes=4, prototype=define
Linker and Libraries:
ld='cc', ldflags =' -Wl,-rpath,/usr/pkg/lib -Wl,-rpath,/usr/local/lib -fstack-protector -L/usr/pkg/lib'
libpth=/usr/pkg/lib /lib /usr/lib
libs=-lm -lcrypt -lutil -lc -lposix -lpthread
perllibs=-lm -lcrypt -lutil -lc -lposix -lpthread
libc=/lib/libc.so, so=so, useshrplib=false, libperl=libperl.a
gnulibc_version=''
Dynamic Linking:
dlsrc=dl_dlopen.xs, dlext=so, d_dlsymun=undef, ccdlflags='-Wl,-E '
cccdlflags='-DPIC -fPIC ', lddlflags='--whole-archive -shared -L/usr/pkg/lib -fstack-protector'
Characteristics of this binary (from libperl):
Compile-time options: HAS_TIMES MULTIPLICITY PERLIO_LAYERS
PERL_DONT_CREATE_GVSV PERL_IMPLICIT_CONTEXT
PERL_MALLOC_WRAP PERL_PRESERVE_IVUV PERL_USE_DEVEL
USE_ITHREADS USE_LARGE_FILES USE_LOCALE
USE_LOCALE_COLLATE USE_LOCALE_CTYPE
USE_LOCALE_NUMERIC USE_PERLIO USE_PERL_ATOF
USE_REENTRANT_API
Built under netbsd
Compiled at Dec 1 2011 01:18:13
%ENV:
PERL5LIB="/home/sts/cpansmoke/perl-5.15.5/cpan/build/Danga-Socket-1.61-KopEki/blib/arch:/home/sts/cpansmoke/perl-5.15.5/cpan/build/Danga-Socket-1.61-KopEki/blib/lib:/home/sts/cpansmoke/perl-5.15.5/cpan/build/Sys-Syscall-0.23-iv52hW/blib/arch:/home/sts/cpansmoke/perl-5.15.5/cpan/build/Sys-Syscall-0.23-iv52hW/blib/lib:/home/sts/cpansmoke/perl-5.15.5/cpan/build/URI-1.59-eCYKjX/blib/arch:/home/sts/cpansmoke/perl-5.15.5/cpan/build/URI-1.59-eCYKjX/blib/lib"
PERL5OPT=""
PERL5_CPANPLUS_IS_RUNNING="7714"
PERL5_CPAN_IS_RUNNING="7714"
PERL5_CPAN_IS_RUNNING_IN_RECURSION="439,7714"
PERL_CR_SMOKER_CURRENT="Data-YUID-0.06"
PERL_EXTUTILS_AUTOINSTALL="--defaultdeps"
PERL_MM_USE_DEFAULT="1"
@INC:
/home/sts/cpansmoke/perl-5.15.5/cpan/build/Danga-Socket-1.61-KopEki/blib/arch
/home/sts/cpansmoke/perl-5.15.5/cpan/build/Danga-Socket-1.61-KopEki/blib/lib
/home/sts/cpansmoke/perl-5.15.5/cpan/build/Sys-Syscall-0.23-iv52hW/blib/arch
/home/sts/cpansmoke/perl-5.15.5/cpan/build/Sys-Syscall-0.23-iv52hW/blib/lib
/home/sts/cpansmoke/perl-5.15.5/cpan/build/URI-1.59-eCYKjX/blib/arch
/home/sts/cpansmoke/perl-5.15.5/cpan/build/URI-1.59-eCYKjX/blib/lib
/home/sts/cpansmoke/perl-5.15.5/lib/site_perl/5.15.5/i386-netbsd-thread-multi
/home/sts/cpansmoke/perl-5.15.5/lib/site_perl/5.15.5
/home/sts/cpansmoke/perl-5.15.5/lib/5.15.5/i386-netbsd-thread-multi
/home/sts/cpansmoke/perl-5.15.5/lib/5.15.5
.