Report for Filter-Crypto-2.07

Back
From: metabase:user:320bfe00-2aae-11df-837a-5e0a49663a4f
Subject: FAIL Filter-Crypto-2.07 v5.8.1 GNU/Linux
Date: 2016-02-15T17:30:51Z

This distribution has been tested as part of the CPAN Testers
project, supporting the Perl programming language.  See
http://wiki.cpantesters.org/ for more information or email
questions to cpan-testers-discuss@perl.org


--
Dear Steve Hay,

This is a computer-generated report for Filter-Crypto-2.07
on perl 5.8.1, created by CPAN-Reporter-1.2015.

Thank you for uploading your work to CPAN.  However, there was a problem
testing your distribution.

If you think this report is invalid, please consult the CPAN Testers Wiki
for suggestions on how to avoid getting FAIL reports for missing library
or binary dependencies, unsupported operating systems, and so on:

http://wiki.cpantesters.org/wiki/CPANAuthorNotes

Sections of this report:

    * Tester comments
    * Program output
    * Prerequisites
    * Environment and other context

------------------------------
TESTER COMMENTS
------------------------------

Additional comments from tester:

this report is from an automated smoke testing program
and was not reviewed by a human for accuracy

------------------------------
PROGRAM OUTPUT
------------------------------

Output from '/usr/bin/make test':

make[1]: Entering directory '/tmp/loop_over_bdir-8540-FMgpiP/Filter-Crypto-2.07-0/CryptFile'
Running Mkbootstrap for Filter::Crypto::CryptFile ()
chmod 644 "CryptFile.bs"
Manifying 1 pod document
make[1]: Leaving directory '/tmp/loop_over_bdir-8540-FMgpiP/Filter-Crypto-2.07-0/CryptFile'
make[1]: Entering directory '/tmp/loop_over_bdir-8540-FMgpiP/Filter-Crypto-2.07-0/Decrypt'
Running Mkbootstrap for Filter::Crypto::Decrypt ()
chmod 644 "Decrypt.bs"
Manifying 1 pod document
make[1]: Leaving directory '/tmp/loop_over_bdir-8540-FMgpiP/Filter-Crypto-2.07-0/Decrypt'
PERL_DL_NONLAZY=1 "/tmp/basesmoker-reloperl-G0fp/bin/perl" "-MExtUtils::Command::MM" "-MTest::Harness" "-e" "undef *Test::Harness::Switches; test_harness(0, 'blib/lib', 'blib/arch')" t/*.t
t/01_imports_01.t .... ok
t/01_imports_02.t .... ok
t/01_imports_03.t .... ok
t/01_imports_04.t .... ok
t/02_function.t ...... ok
Can't locate object method "initialize" via package "Pod::Usage" at /home/sand/src/perl/repoperls/installed-perls/perl/perl-5.8.1/13e0/lib/5.8.1/Pod/Usage.pm line 532.
Can't locate object method "initialize" via package "Pod::Usage" at /home/sand/src/perl/repoperls/installed-perls/perl/perl-5.8.1/13e0/lib/5.8.1/Pod/Usage.pm line 532.

#   Failed test '-h option works'
#   at t/03_script.t line 658.
#                   ''
#     doesn't match '(?msx-i:\A Usage:     .*?
#                         ^ Arguments: .*?
#                         ^ Options:   )'
Can't locate object method "initialize" via package "Pod::Usage" at /home/sand/src/perl/repoperls/installed-perls/perl/perl-5.8.1/13e0/lib/5.8.1/Pod/Usage.pm line 532.
Can't locate object method "initialize" via package "Pod::Usage" at /home/sand/src/perl/repoperls/installed-perls/perl/perl-5.8.1/13e0/lib/5.8.1/Pod/Usage.pm line 532.

#   Failed test '-m option works'
#   at t/03_script.t line 672.
#                   ''
#     doesn't match '(?msx-i:^ NAME         .*?
#                            ^ SYNOPSIS     .*?
#                            ^ ARGUMENTS    .*?
#                            ^ OPTIONS      .*?
#                            ^ EXIT\ STATUS .*?
#                            ^ DIAGNOSTICS  .*?
#                            ^ EXAMPLES     .*?
#                            ^ ENVIRONMENT  .*?
#                            ^ SEE\ ALSO    .*?
#                            ^ AUTHOR       .*?
#                            ^ COPYRIGHT    .*?
#                            ^ LICENCE      .*?
#                            ^ VERSION      .*?
#                            ^ DATE         .*?
#                            ^ HISTORY      )'
# Looks like you failed 2 tests of 105.
t/03_script.t ........ 
Dubious, test returned 2 (wstat 512, 0x200)
Failed 2/105 subtests 
t/04_par.t ........... skipped: PAR::Filter required to test PAR::Filter::Crypto
t/05_errstr.t ........ ok
t/06_changes.t ....... skipped: Author testing only
t/07_critic.t ........ skipped: Author testing only
t/08_pod.t ........... skipped: Author testing only
t/09_pod_coverage.t .. skipped: Author testing only

Test Summary Report
-------------------
t/03_script.t      (Wstat: 512 Tests: 105 Failed: 2)
  Failed tests:  104-105
  Non-zero exit status: 2
Files=12, Tests=432, 16 wallclock secs ( 0.10 usr  0.08 sys +  9.94 cusr  3.32 csys = 13.44 CPU)
Result: FAIL
Failed 1/12 test programs. 2/432 subtests failed.
Makefile:1082: recipe for target 'test_dynamic' failed
make: *** [test_dynamic] Error 255

------------------------------
PREREQUISITES
------------------------------

Prerequisite modules loaded:

requires:

    Module                Need     Have     
    --------------------- -------- ---------
    Carp                  0        1.38     
    Config                0        0        
    constant              0        1.33     
    Cwd                   0        3.62     
    Exporter              0        5.72     
    ExtUtils::MakeMaker   6.66     7.10     
    Fcntl                 0        1.05     
    File::Basename        0        2.72     
    File::Copy            0        2.06     
    File::Find            0        1.05     
    File::Spec::Functions 0        3.62     
    File::Temp            0        0.2304   
    Getopt::Long          0        2.48     
    perl                  5.008001 5.008001 
    Pod::Usage            1.15     1.16     
    Scalar::Util          0        1.43     
    strict                0        1.03     
    Text::ParseWords      0        3.30     
    Text::Wrap            0        2013.0523
    warnings              0        1.03     
    XSLoader              0        0.02     

build_requires:

    Module                Need     Have     
    --------------------- -------- ---------
    blib                  0        1.02     
    ExtUtils::MakeMaker   0        7.10     
    FindBin               0        1.43     
    Test::More            0        1.001014 

configure_requires:

    Module                Need     Have     
    --------------------- -------- ---------
    Carp                  0        1.38     
    Config                0        0        
    constant              0        1.33     
    Cwd                   0        3.62     
    ExtUtils::MakeMaker   6.66     7.10     
    Fcntl                 0        1.05     
    File::Basename        0        2.72     
    File::Copy            0        2.06     
    File::Spec::Functions 0        3.62     
    Getopt::Long          0        2.48     
    perl                  5.008001 5.008001 
    Pod::Usage            1.15     1.16     
    strict                0        1.03     
    Text::Wrap            0        2013.0523
    warnings              0        1.03     


------------------------------
ENVIRONMENT AND OTHER CONTEXT
------------------------------

Environment variables:

    AUTOMATED_TESTING = 1
    LANG = en_US.UTF-8
    LANGUAGE = en_US:en
    PATH = /usr/lib/ccache:/home/sand/bin:/usr/local/bin:/usr/lib/ccache:/usr/bin:/bin:/usr/games:/usr/local/perl/bin:/usr/X11/bin:/sbin:/usr/sbin
    PERL5LIB = 
    PERL5OPT = 
    PERL5_CPANPLUS_IS_RUNNING = 5371
    PERL5_CPAN_IS_RUNNING = 5371
    PERL_MM_USE_DEFAULT = 1
    SHELL = /usr/bin/zsh
    TERM = screen

Perl special variables (and OS-specific diagnostics, for MSWin32):

    $^X = /tmp/basesmoker-reloperl-G0fp/bin/perl
    $UID/$EUID = 1005 / 1005
    $GID = 1005 1005
    $EGID = 1005 1005

Perl module toolchain versions installed:

    Module              Have    
    ------------------- --------
    CPAN                2.12    
    CPAN::Meta          2.150005
    Cwd                 3.62    
    ExtUtils::CBuilder  0.280224
    ExtUtils::Command   7.10    
    ExtUtils::Install   1.54    
    ExtUtils::MakeMaker 7.10    
    ExtUtils::Manifest  1.65    
    ExtUtils::ParseXS   3.30    
    File::Spec          3.62    
    JSON                2.90    
    JSON::PP            2.27300 
    Module::Build       0.4216  
    Module::Signature   0.79    
    Parse::CPAN::Meta   1.4417  
    Test::Harness       3.36    
    Test::More          1.001014
    YAML                1.15    
    YAML::Syck          1.29    
    version             0.9912  


--

Summary of my perl5 (revision 5.0 version 8 subversion 1) configuration:
  Platform:
    osname=linux, osvers=4.3.0-1-amd64, archname=x86_64-linux-thread-multi
    uname='linux k83 4.3.0-1-amd64 #1 smp debian 4.3.3-7 (2016-01-19) x86_64 gnulinux '
    config_args='-Dprefix=/home/sand/src/perl/repoperls/installed-perls/perl/perl-5.8.1/13e0 -Dmyhostname=k83 -Dinstallusrbinperl=n -Uversiononly -Dusedevel -des -Ui_db -Dlibswanted=cl pthread socket inet nsl gdbm dbm malloc dl ld sun m crypt sec util c cposix posix ucb BSD gdbm_compat -Duseithreads -Uuselongdouble'
    hint=recommended, useposix=true, d_sigaction=define
    usethreads=define use5005threads=undef useithreads=define usemultiplicity=define
    useperlio=define d_sfio=undef uselargefiles=define usesocks=undef
    use64bitint=define use64bitall=define uselongdouble=undef
    usemymalloc=n, bincompat5005=undef
  Compiler:
    cc='cc', ccflags ='-D_REENTRANT -D_GNU_SOURCE -fno-strict-aliasing -I/usr/local/include -D_LARGEFILE_SOURCE -D_FILE_OFFSET_BITS=64',
    optimize='-O2',
    cppflags='-D_REENTRANT -D_GNU_SOURCE -fno-strict-aliasing -I/usr/local/include'
    ccversion='', gccversion='5.3.1 20160121', gccosandvers=''
    intsize=4, longsize=8, ptrsize=8, doublesize=8, byteorder=12345678
    d_longlong=define, longlongsize=8, d_longdbl=define, longdblsize=16
    ivtype='long', ivsize=8, nvtype='double', nvsize=8, Off_t='off_t', lseeksize=8
    alignbytes=8, prototype=define
  Linker and Libraries:
    ld='cc', ldflags =' -L/usr/local/lib'
    libpth=/usr/local/lib /lib/x86_64-linux-gnu /lib/../lib /usr/lib/x86_64-linux-gnu /usr/lib/../lib /lib /usr/lib
    libs=-lpthread -lnsl -lgdbm -ldl -lm -lcrypt -lutil -lc -lgdbm_compat
    perllibs=-lpthread -lnsl -ldl -lm -lcrypt -lutil -lc -lgdbm_compat
    libc=libc-2.21.so, so=so, useshrplib=false, libperl=libperl.a
    gnulibc_version='2.21'
  Dynamic Linking:
    dlsrc=dl_dlopen.xs, dlext=so, d_dlsymun=undef, ccdlflags='-rdynamic'
    cccdlflags='-fpic', lddlflags='-shared -L/usr/local/lib'


Characteristics of this binary (from libperl): 
  Compile-time options: MULTIPLICITY USE_ITHREADS USE_64_BIT_INT USE_64_BIT_ALL USE_LARGE_FILES PERL_IMPLICIT_CONTEXT
  Locally applied patches:
  	Devel::PatchPerl 1.40
  Built under linux
  Compiled at Feb 12 2016 08:07:50
  %ENV:
    PERL5LIB=""
    PERL5OPT=""
    PERL5_CPANPLUS_IS_RUNNING="5371"
    PERL5_CPAN_IS_RUNNING="5371"
    PERL_MM_USE_DEFAULT="1"
  @INC:
    /home/sand/src/perl/repoperls/installed-perls/perl/perl-5.8.1/13e0/lib/5.8.1/x86_64-linux-thread-multi
    /home/sand/src/perl/repoperls/installed-perls/perl/perl-5.8.1/13e0/lib/5.8.1
    /home/sand/src/perl/repoperls/installed-perls/perl/perl-5.8.1/13e0/lib/site_perl/5.8.1/x86_64-linux-thread-multi
    /home/sand/src/perl/repoperls/installed-perls/perl/perl-5.8.1/13e0/lib/site_perl/5.8.1
    /home/sand/src/perl/repoperls/installed-perls/perl/perl-5.8.1/13e0/lib/site_perl
    .