JSON-Schema-Fit v0.07 Perl 5 v5.16.3 x86_64-linux-thread-multi
- Status
- Fail
- From
- David Cantrell (DCANTRELL)
- Dist
-
JSON-Schema-Fit v0.07
- Platform
- Perl 5 v5.16.3 x86_64-linux-thread-multi
- Date
- 2021-02-22 13:57:10
- ID
- dbedb7fc-7515-11eb-aa4f-db6e761e3400
This distribution has been tested as part of the CPAN Testers
project, supporting the Perl programming language. See
http://wiki.cpantesters.org/ for more information or email
questions to cpan-testers-discuss@perl.org
--
Dear Aleksey Korabelshchikov,
This is a computer-generated report for JSON-Schema-Fit-0.07
on perl 5.16.3, created by CPAN-Reporter-1.2018.
Thank you for uploading your work to CPAN. However, there was a problem
testing your distribution.
If you think this report is invalid, please consult the CPAN Testers Wiki
for suggestions on how to avoid getting FAIL reports for missing library
or binary dependencies, unsupported operating systems, and so on:
http://wiki.cpantesters.org/wiki/CPANAuthorNotes
Sections of this report:
* Tester comments
* Program output
* Prerequisites
* Environment and other context
------------------------------
TESTER COMMENTS
------------------------------
Additional comments from tester:
this report is from an automated smoke testing program
and was not reviewed by a human for accuracy
------------------------------
PROGRAM OUTPUT
------------------------------
Output from '/usr/bin/make test':
PERL_DL_NONLAZY=1 "/home/david/cpantesting/perl-5.16.3/bin/perl" "-MExtUtils::Command::MM" "-MTest::Harness" "-e" "undef *Test::Harness::Switches; test_harness(0, 'blib/lib', 'blib/arch')" t/*.t
t/author-pod-coverage.t .. skipped: these tests are for testing by the author
t/author-pod-syntax.t .... skipped: these tests are for testing by the author
"none" is not exported by the List::Util module
Can't continue after import errors at /home/david/cpantesting/perl-5.16.3/.cpan/build/JSON-Schema-Fit-0.07-Kz6q1Z/blib/lib/JSON/Schema/Fit.pm line 16.
BEGIN failed--compilation aborted at /home/david/cpantesting/perl-5.16.3/.cpan/build/JSON-Schema-Fit-0.07-Kz6q1Z/blib/lib/JSON/Schema/Fit.pm line 16.
Compilation failed in require at t/get_adjusted.t line 13.
BEGIN failed--compilation aborted at t/get_adjusted.t line 13.
t/get_adjusted.t .........
Dubious, test returned 2 (wstat 512, 0x200)
No subtests run
"none" is not exported by the List::Util module
Can't continue after import errors at /home/david/cpantesting/perl-5.16.3/.cpan/build/JSON-Schema-Fit-0.07-Kz6q1Z/blib/lib/JSON/Schema/Fit.pm line 16.
BEGIN failed--compilation aborted at /home/david/cpantesting/perl-5.16.3/.cpan/build/JSON-Schema-Fit-0.07-Kz6q1Z/blib/lib/JSON/Schema/Fit.pm line 16.
Compilation failed in require at t/options.t line 13.
BEGIN failed--compilation aborted at t/options.t line 13.
t/options.t ..............
Dubious, test returned 2 (wstat 512, 0x200)
No subtests run
Test Summary Report
-------------------
t/get_adjusted.t (Wstat: 512 Tests: 0 Failed: 0)
Non-zero exit status: 2
Parse errors: No plan found in TAP output
t/options.t (Wstat: 512 Tests: 0 Failed: 0)
Non-zero exit status: 2
Parse errors: No plan found in TAP output
Files=4, Tests=0, 2 wallclock secs ( 0.10 usr 0.02 sys + 0.57 cusr 0.03 csys = 0.72 CPU)
Result: FAIL
Failed 2/4 test programs. 0/0 subtests failed.
make: *** [Makefile:874: test_dynamic] Error 2
------------------------------
PREREQUISITES
------------------------------
Prerequisite modules loaded:
requires:
Module Need Have
------------------- ----- --------
Carp 0 1.26
JSON 0 4.03
List::Util 0 1.25
Math::Round 0 0.07
perl 5.010 5.016003
Scalar::Util 0 1.25
Storable 0 2.34
strict 0 1.07
utf8 0 1.09
warnings 0 1.13
build_requires:
Module Need Have
------------------- ----- --------
B 0 1.35
ExtUtils::MakeMaker 0 7.34
FindBin 0 1.51
lib 0 0.63
Test::Deep 0 1.128
Test::More 0 1.302162
configure_requires:
Module Need Have
------------------- ----- --------
ExtUtils::MakeMaker 0 7.34
------------------------------
ENVIRONMENT AND OTHER CONTEXT
------------------------------
Environment variables:
AUTOMATED_TESTING = 1
LANG = en_GB.UTF-8
LANGUAGE = en_GB:en
LC_TERMINAL = iTerm2
LC_TERMINAL_VERSION = 3.4.4
NONINTERACTIVE_TESTING = 1
PATH = /home/david/perl5/perlbrew/bin:/home/david/perl5/perlbrew/perls/perl-5.30.2/bin:/usr/local/bin:/usr/bin:/bin:/usr/local/games:/usr/games
PERL = 5.16.3
PERL5LIB =
PERL5OPT =
PERL5_CPANPLUS_IS_RUNNING = 23328
PERL5_CPAN_IS_RUNNING = 23328
PERLBREW_HOME = /home/david/.perlbrew
PERLBREW_MANPATH = /home/david/perl5/perlbrew/perls/perl-5.30.2/man
PERLBREW_PATH = /home/david/perl5/perlbrew/bin:/home/david/perl5/perlbrew/perls/perl-5.30.2/bin
PERLBREW_PERL = perl-5.30.2
PERLBREW_ROOT = /home/david/perl5/perlbrew
PERLBREW_SHELLRC_VERSION = 0.89
PERLBREW_VERSION = 0.89
PERLVER = 5.16.3
PERL_INLINE_DIRECTORY = /home/david/.Inline-5.16.3
PERL_MM_USE_DEFAULT = 1
PERL_USE_UNSAFE_INC = 0
SHELL = /bin/bash
TERM = screen
Perl special variables (and OS-specific diagnostics, for MSWin32):
$^X = /home/david/cpantesting/perl-5.16.3/bin/perl
$UID/$EUID = 1000 / 1000
$GID = 1000 24 25 27 29 30 44 46 109 1000
$EGID = 1000 24 25 27 29 30 44 46 109 1000
Perl module toolchain versions installed:
Module Have
------------------- --------
CPAN 1.9800
CPAN::Meta 2.143240
Cwd 3.39_02
ExtUtils::CBuilder 0.280206
ExtUtils::Command 7.34
ExtUtils::Install 2.06
ExtUtils::MakeMaker 7.34
ExtUtils::Manifest 1.70
ExtUtils::ParseXS 3.16
File::Spec 3.39_02
JSON 4.03
JSON::PP 4.02
Module::Build 0.39_01
Module::Signature n/a
Parse::CPAN::Meta 1.4414
Test::Harness 3.23
Test::More 1.302162
YAML n/a
YAML::Syck n/a
version 0.99
--
Summary of my perl5 (revision 5 version 16 subversion 3) configuration:
Platform:
osname=linux, osvers=4.9.0-8-amd64, archname=x86_64-linux-thread-multi
uname='linux pigsty 4.9.0-8-amd64 #1 smp debian 4.9.144-3 (2019-02-02) x86_64 gnulinux '
config_args='-de -Duse64bitall -Dusethreads -Dprefix=/home/david/cpantesting/perl-5.16.3 -A ccflags=-fwrapv'
hint=previous, useposix=true, d_sigaction=define
useithreads=define, usemultiplicity=define
useperlio=define, d_sfio=undef, uselargefiles=define, usesocks=undef
use64bitint=define, use64bitall=define, uselongdouble=undef
usemymalloc=n, bincompat5005=undef
Compiler:
cc='cc', ccflags ='-D_REENTRANT -D_GNU_SOURCE -fwrapv -fno-strict-aliasing -pipe -fstack-protector -I/usr/local/include -D_LARGEFILE_SOURCE -D_FILE_OFFSET_BITS=64 -fwrapv -fwrapv',
optimize='-O2',
cppflags='-D_REENTRANT -D_GNU_SOURCE -fwrapv -fno-strict-aliasing -pipe -fstack-protector -I/usr/local/include -D_REENTRANT -D_GNU_SOURCE -fwrapv -fno-strict-aliasing -pipe -fstack-protector -I/usr/local/include -D_LARGEFILE_SOURCE -D_FILE_OFFSET_BITS=64 -fwrapv -D_REENTRANT -D_GNU_SOURCE -fwrapv -fno-strict-aliasing -pipe -fstack-protector -I/usr/local/include -D_LARGEFILE_SOURCE -D_FILE_OFFSET_BITS=64 -fwrapv -fwrapv'
ccversion='', gccversion='6.3.0 20170516', gccosandvers=''
intsize=4, longsize=8, ptrsize=8, doublesize=8, byteorder=12345678
d_longlong=define, longlongsize=8, d_longdbl=define, longdblsize=16
ivtype='long', ivsize=8, nvtype='double', nvsize=8, Off_t='off_t', lseeksize=8
alignbytes=8, prototype=define
Linker and Libraries:
ld='cc', ldflags =' -fstack-protector -L/usr/local/lib'
libpth=/usr/local/lib /lib/x86_64-linux-gnu /lib/../lib /usr/lib/x86_64-linux-gnu /usr/lib/../lib /lib /usr/lib
libs=-lnsl -ldb -ldl -lm -lcrypt -lutil -lpthread -lc
perllibs=-lnsl -ldl -lm -lcrypt -lutil -lpthread -lc
libc=libc-2.24.so, so=so, useshrplib=false, libperl=libperl.a
gnulibc_version='2.24'
Dynamic Linking:
dlsrc=dl_dlopen.xs, dlext=so, d_dlsymun=undef, ccdlflags='-Wl,-E'
cccdlflags='-fPIC', lddlflags='-shared -O2 -L/usr/local/lib -fstack-protector'
Characteristics of this binary (from libperl):
Compile-time options: HAS_TIMES MULTIPLICITY PERLIO_LAYERS
PERL_DONT_CREATE_GVSV PERL_IMPLICIT_CONTEXT
PERL_MALLOC_WRAP PERL_PRESERVE_IVUV USE_64_BIT_ALL
USE_64_BIT_INT USE_ITHREADS USE_LARGE_FILES
USE_LOCALE USE_LOCALE_COLLATE USE_LOCALE_CTYPE
USE_LOCALE_NUMERIC USE_PERLIO USE_PERL_ATOF
USE_REENTRANT_API
Locally applied patches:
Devel::PatchPerl 1.56
Built under linux
Compiled at Apr 25 2019 22:17:10
%ENV:
PERL="5.16.3"
PERL5LIB=""
PERL5OPT=""
PERL5_CPANPLUS_IS_RUNNING="23328"
PERL5_CPAN_IS_RUNNING="23328"
PERLBREW_HOME="/home/david/.perlbrew"
PERLBREW_MANPATH="/home/david/perl5/perlbrew/perls/perl-5.30.2/man"
PERLBREW_PATH="/home/david/perl5/perlbrew/bin:/home/david/perl5/perlbrew/perls/perl-5.30.2/bin"
PERLBREW_PERL="perl-5.30.2"
PERLBREW_ROOT="/home/david/perl5/perlbrew"
PERLBREW_SHELLRC_VERSION="0.89"
PERLBREW_VERSION="0.89"
PERLVER="5.16.3"
PERL_INLINE_DIRECTORY="/home/david/.Inline-5.16.3"
PERL_MM_USE_DEFAULT="1"
PERL_USE_UNSAFE_INC="0"
@INC:
/home/david/cpantesting/perl-5.16.3/lib/site_perl/5.16.3/x86_64-linux-thread-multi
/home/david/cpantesting/perl-5.16.3/lib/site_perl/5.16.3
/home/david/cpantesting/perl-5.16.3/lib/5.16.3/x86_64-linux-thread-multi
/home/david/cpantesting/perl-5.16.3/lib/5.16.3
.