AnyEvent-Filesys-Notify v1.23 Perl 5 v5.18.4 MSWin32-x64-multi-thread

Status
Fail
From
LNATION
Dist
AnyEvent-Filesys-Notify v1.23
Platform
Perl 5 v5.18.4 MSWin32-x64-multi-thread
Date
2025-05-25 09:16:14
ID
dbf3eed1-6f0c-1014-be81-e17967d2933d
This distribution has been tested as part of the CPAN Testers
project, supporting the Perl programming language.  See
http://wiki.cpantesters.org/ for more information or email
questions to cpan-testers-discuss@perl.org


--
Dear Mark Grimes,

This is a computer-generated report for AnyEvent-Filesys-Notify-1.23
on perl 5.18.4, created by CPAN-Reporter-1.2020.

Thank you for uploading your work to CPAN.  However, there was a problem
testing your distribution.

If you think this report is invalid, please consult the CPAN Testers Wiki
for suggestions on how to avoid getting FAIL reports for missing library
or binary dependencies, unsupported operating systems, and so on:

http://wiki.cpantesters.org/wiki/CPANAuthorNotes

Sections of this report:

    * Tester comments
    * Program output
    * Prerequisites
    * Environment and other context

------------------------------
TESTER COMMENTS
------------------------------

Additional comments from tester:

this report is from an automated smoke testing program
and was not reviewed by a human for accuracy

------------------------------
PROGRAM OUTPUT
------------------------------

Output from 'C:\strawberry\perl\bin\perl.exe ./Build test':

t\00-load.t ................ ok
t\10-plugins.t ............. ok
t\11-plugin-default.t ...... ok
t\20-scan_fs.t ............. ok
t\21-scan_fs_links.t ....... skipped: symlink not implemented on Win32
# This might take a few seconds to run...
t\30-event.t ............... ok
# This might take a few seconds to run...
t\31-notify-fallback.t ..... ok
# This might take a few seconds to run...
t\32-specify-backend.t ..... ok
t\33-specify-kqueue.t ...... skipped: Test only on Mac with IO::KQueue
# This might take a few seconds to run...
t\34-parse_events.t ........ ok
# This might take a few seconds to run...
# Looks like you planned 11 tests but ran 10.
t\35-skip_subdirs.t ........ 
Dubious, test returned 255 (wstat 65280, 0xff00)
Failed 1/11 subtests 
	(less 2 skipped subtests: 8 okay)
t\40-bugs.t ................ ok
t\41-bug-modified-in-cb.t .. ok
# This might take a few seconds to run...
t\42-inotify-race.t ........ ok

Test Summary Report
-------------------
t\35-skip_subdirs.t      (Wstat: 65280 (exited 255) Tests: 10 Failed: 0)
  Non-zero exit status: 255
  Parse errors: Bad plan.  You planned 11 tests but ran 10.
Files=14, Tests=104, 71 wallclock secs ( 0.25 usr +  0.11 sys =  0.36 CPU)
Result: FAIL
Failed 1/14 test programs. 0/104 subtests failed.

------------------------------
PREREQUISITES
------------------------------

Prerequisite modules loaded:

requires:

    Module                       Need     Have    
    ---------------------------- -------- --------
    AnyEvent                     7.05     7.17    
    Carp                         1.20     1.50    
    Cwd                          3.40     3.75    
    Moo                          1.003001 2.005005
    MooX::late                   0.014    0.100   
    MooX::Types::MooseLike::Base 0.25     0.29    
    namespace::autoclean         0.24     0.31    
    Path::Iterator::Rule         1.005    1.015   
    perl                         5.006    5.018004
    Try::Tiny                    0.18     0.32    

build_requires:

    Module                       Need     Have    
    ---------------------------- -------- --------
    autodie                      0        2.37    
    Data::Dump                   0        1.25    
    Exporter                     0        5.78    
    File::Basename               0        2.84    
    File::Find                   0        1.23    
    File::Path                   0        2.18    
    File::Spec                   0        3.75    
    File::Temp                   0        0.2311  
    Test::Exception              0        0.43    
    Test::More                   0.87     1.302214
    Test::Without::Module        0        0.23    

configure_requires:

    Module                       Need     Have    
    ---------------------------- -------- --------
    Module::Build                0.4004   0.4234  


------------------------------
ENVIRONMENT AND OTHER CONTEXT
------------------------------

Environment variables:

    AUTOMATED_TESTING = 1
    COMSPEC = C:\Windows\system32\cmd.exe
    NUMBER_OF_PROCESSORS = 2
    PATH = C:\Windows\system32;C:\Windows;C:\Windows\System32\Wbem;C:\Windows\System32\WindowsPowerShell\v1.0\;C:\Windows\System32\OpenSSH\;C:\Program Files\Amazon\cfn-bootstrap\;C:\strawberry\c\bin;C:\strawberry\perl\site\bin;C:\strawberry\perl\bin;C:\Users\Administrator\AppData\Local\Microsoft\WindowsApps;C:\Users\Administrator\AppData\Local\Microsoft\WinGet\Links;
    PERL5LIB = 
    PERL5OPT = 
    PERL5_CPANPLUS_IS_RUNNING = 1316
    PERL5_CPAN_IS_RUNNING = 1316
    PERL5_CPAN_IS_RUNNING_IN_RECURSION = 5144,1316
    PERL_CR_SMOKER_CURRENT = App-Buuilt-CLI-0.02
    PERL_EXTUTILS_AUTOINSTALL = --defaultdeps
    PERL_MM_USE_DEFAULT = 1
    PERL_USE_UNSAFE_INC = 1
    PROCESSOR_IDENTIFIER = Intel64 Family 6 Model 85 Stepping 7, GenuineIntel
    TEMP = C:\Users\ADMINI~1\AppData\Local\Temp\2

Perl special variables (and OS-specific diagnostics, for MSWin32):

    $^X = C:\strawberry\perl\bin\perl.exe
    $UID/$EUID = 0 / 0
    $GID = 0
    $EGID = 0
    Win32::GetOSName = Win2012
    Win32::GetOSVersion = , 6, 2, 9200, 2, 0, 0, 400, 3
    Win32::FsType = NTFS
    Win32::IsAdminUser = 1

Perl module toolchain versions installed:

    Module              Have    
    ------------------- --------
    CPAN                2.38    
    CPAN::Meta          2.150010
    Cwd                 3.75    
    ExtUtils::CBuilder  0.280236
    ExtUtils::Command   7.76    
    ExtUtils::Install   2.22    
    ExtUtils::MakeMaker 7.76    
    ExtUtils::Manifest  1.75    
    ExtUtils::ParseXS   3.57    
    File::Spec          3.75    
    JSON                4.10    
    JSON::PP            4.16    
    Module::Build       0.4234  
    Module::Signature   n/a     
    Parse::CPAN::Meta   2.150010
    Test2               1.302214
    Test::Harness       3.52    
    Test::More          1.302214
    YAML                1.31    
    YAML::Syck          1.34    
    version             0.9933  


--

Summary of my perl5 (revision 5 version 18 subversion 4) configuration:
   
  Platform:
    osname=MSWin32, osvers=6.3, archname=MSWin32-x64-multi-thread
    uname='Win32 strawberry-perl 5.18.4.1 #1 Thu Oct  2 07:49:26 2014 x64'
    config_args='undef'
    hint=recommended, useposix=true, d_sigaction=undef
    useithreads=define, usemultiplicity=define
    useperlio=define, d_sfio=undef, uselargefiles=define, usesocks=undef
    use64bitint=define, use64bitall=undef, uselongdouble=undef
    usemymalloc=n, bincompat5005=undef
  Compiler:
    cc='gcc', ccflags =' -s -O2 -DWIN32 -DWIN64 -DCONSERVATIVE  -DPERL_TEXTMODE_SCRIPTS -DPERL_IMPLICIT_CONTEXT -DPERL_IMPLICIT_SYS -DUSE_PERLIO -fno-strict-aliasing -mms-bitfields',
    optimize='-s -O2',
    cppflags='-DWIN32'
    ccversion='', gccversion='4.7.3', gccosandvers=''
    intsize=4, longsize=4, ptrsize=8, doublesize=8, byteorder=12345678
    d_longlong=define, longlongsize=8, d_longdbl=define, longdblsize=12
    ivtype='long long', ivsize=8, nvtype='double', nvsize=8, Off_t='long long', lseeksize=8
    alignbytes=8, prototype=define
  Linker and Libraries:
    ld='g++', ldflags ='-s -L"C:\strawberry\perl\lib\CORE" -L"C:\strawberry\c\lib"'
    libpth=C:\strawberry\c\lib C:\strawberry\c\x86_64-w64-mingw32\lib C:\strawberry\c\lib\gcc\x86_64-w64-mingw32\4.7.3
    libs=-lmoldname -lkernel32 -luser32 -lgdi32 -lwinspool -lcomdlg32 -ladvapi32 -lshell32 -lole32 -loleaut32 -lnetapi32 -luuid -lws2_32 -lmpr -lwinmm -lversion -lodbc32 -lodbccp32 -lcomctl32
    perllibs=-lmoldname -lkernel32 -luser32 -lgdi32 -lwinspool -lcomdlg32 -ladvapi32 -lshell32 -lole32 -loleaut32 -lnetapi32 -luuid -lws2_32 -lmpr -lwinmm -lversion -lodbc32 -lodbccp32 -lcomctl32
    libc=, so=dll, useshrplib=true, libperl=libperl518.a
    gnulibc_version=''
  Dynamic Linking:
    dlsrc=dl_win32.xs, dlext=dll, d_dlsymun=undef, ccdlflags=' '
    cccdlflags=' ', lddlflags='-mdll -s -L"C:\strawberry\perl\lib\CORE" -L"C:\strawberry\c\lib"'


Characteristics of this binary (from libperl): 
  Compile-time options: HAS_TIMES HAVE_INTERP_INTERN MULTIPLICITY
                        PERLIO_LAYERS PERL_DONT_CREATE_GVSV
                        PERL_HASH_FUNC_ONE_AT_A_TIME_HARD
                        PERL_IMPLICIT_CONTEXT PERL_IMPLICIT_SYS
                        PERL_MALLOC_WRAP PERL_PRESERVE_IVUV PERL_SAWAMPERSAND
                        USE_64_BIT_INT USE_ITHREADS USE_LARGE_FILES
                        USE_LOCALE USE_LOCALE_COLLATE USE_LOCALE_CTYPE
                        USE_LOCALE_NUMERIC USE_PERLIO USE_PERL_ATOF
  Built under MSWin32
  Compiled at Oct  2 2014 07:58:36
  %ENV:
    PERL5_CPANPLUS_IS_RUNNING="1316"
    PERL5_CPAN_IS_RUNNING="1316"
    PERL5_CPAN_IS_RUNNING_IN_RECURSION="5144,1316"
    PERL_CR_SMOKER_CURRENT="App-Buuilt-CLI-0.02"
    PERL_EXTUTILS_AUTOINSTALL="--defaultdeps"
    PERL_MM_USE_DEFAULT="1"
    PERL_USE_UNSAFE_INC="1"
  @INC:
    C:/strawberry/perl/site/lib
    C:/strawberry/perl/vendor/lib
    C:/strawberry/perl/lib
    .