Report for Dancer2-Plugin-Deferred-0.005

Back
From: metabase:user:314402c4-2aae-11df-837a-5e0a49663a4f
Subject: FAIL Dancer2-Plugin-Deferred-0.005 v5.16.0 RC0 FreeBSD
Date: 2013-07-20T20:42:16Z

This distribution has been tested as part of the CPAN Testers
project, supporting the Perl programming language.  See
http://wiki.cpantesters.org/ for more information or email
questions to cpan-testers-discuss@perl.org


--
Dear David Golden,

This is a computer-generated report for Dancer2-Plugin-Deferred-0.005
on perl 5.16.0, created by CPAN-Reporter-1.2006.

Thank you for uploading your work to CPAN.  However, there was a problem
testing your distribution.

If you think this report is invalid, please consult the CPAN Testers Wiki
for suggestions on how to avoid getting FAIL reports for missing library
or binary dependencies, unsupported operating systems, and so on:

http://wiki.cpantesters.org/wiki/CPANAuthorNotes

Sections of this report:

    * Tester comments
    * Program output
    * Prerequisites
    * Environment and other context

------------------------------
TESTER COMMENTS
------------------------------

Additional comments from tester:

none provided

------------------------------
PROGRAM OUTPUT
------------------------------

Output from '/usr/bin/make test':

PERL_DL_NONLAZY=1 /home2/cpansand/var/ctps/5160RC0/install/perl-5.16.0-RC0/bin/perl5.16.0 "-MExtUtils::Command::MM" "-e" "test_harness(0, 'blib/lib', 'blib/arch')" t/*.t
Can't call method "app" on an undefined value at lib/Dancer2/Plugin/Deferred.pm line 107.
Compilation failed in require at -e line 1.

#   Failed test 'Dancer2::Plugin::Deferred loaded ok'
#   at t/00-compile.t line 62.
#                   ''
#     doesn't match '(?^s:^\s*Dancer2::Plugin::Deferred ok)'
# Looks like you failed 1 test of 1.
t/00-compile.t ......... 
Dubious, test returned 1 (wstat 256, 0x100)
Failed 1/1 subtests 
# Prerequisite Report:
#    Version Module               
#   -------- ---------------------
#       1.26 Carp                 
#   2.000001 Dancer2              
#   2.000001 Dancer2::Plugin      
#       6.64 ExtUtils::MakeMaker  
#       1.20 File::Find           
#       3.40 File::Spec::Functions
#       0.22 File::Temp           
#       6.05 LWP::UserAgent       
#       1.27 List::Util           
#       0.98 Test::More           
#       2.00 Test::TCP            
#       1.60 URI                  
#      undef URI::QueryParam      
#       1.07 strict               
#       1.13 warnings             
t/00-report-prereqs.t .. ok
Can't call method "app" on an undefined value at /var/tmp/CPAN-build/Dancer2-Plugin-Deferred-0.005-UHHaL9/blib/lib/Dancer2/Plugin/Deferred.pm line 107, <DATA> line 16.
Compilation failed in require at t/deferred.t line 8, <DATA> line 16.
BEGIN failed--compilation aborted at t/deferred.t line 8, <DATA> line 16.
t/deferred.t ........... 
Dubious, test returned 255 (wstat 65280, 0xff00)
No subtests run 
Can't call method "app" on an undefined value at /var/tmp/CPAN-build/Dancer2-Plugin-Deferred-0.005-UHHaL9/blib/lib/Dancer2/Plugin/Deferred.pm line 107, <DATA> line 16.
Compilation failed in require at t/keep.t line 8, <DATA> line 16.
BEGIN failed--compilation aborted at t/keep.t line 8, <DATA> line 16.
t/keep.t ............... 
Dubious, test returned 255 (wstat 65280, 0xff00)
No subtests run 

Test Summary Report
-------------------
t/00-compile.t       (Wstat: 256 Tests: 1 Failed: 1)
  Failed test:  1
  Non-zero exit status: 1
t/deferred.t         (Wstat: 65280 Tests: 0 Failed: 0)
  Non-zero exit status: 255
  Parse errors: No plan found in TAP output
t/keep.t             (Wstat: 65280 Tests: 0 Failed: 0)
  Non-zero exit status: 255
  Parse errors: No plan found in TAP output
Files=4, Tests=2,  3 wallclock secs ( 0.04 usr  0.02 sys +  1.20 cusr  0.20 csys =  1.45 CPU)
Result: FAIL
Failed 3/4 test programs. 1/2 subtests failed.
*** Error code 255

Stop in /var/tmp/CPAN-build/Dancer2-Plugin-Deferred-0.005-UHHaL9.

------------------------------
PREREQUISITES
------------------------------

Prerequisite modules loaded:

requires:

    Module                Need Have    
    --------------------- ---- --------
    Carp                  0    1.26    
    Dancer2::Plugin       0.05 2.000001
    strict                0    1.07    
    URI                   0    1.60    
    URI::QueryParam       0    0       
    warnings              0    1.13    

build_requires:

    Module                Need Have    
    --------------------- ---- --------
    Dancer2               0    2.000001
    ExtUtils::MakeMaker   0    6.64    
    File::Find            0    1.20    
    File::Spec::Functions 0    3.40    
    File::Temp            0    0.22    
    List::Util            0    1.27    
    LWP::UserAgent        0    6.05    
    Test::More            0.96 0.98    
    Test::TCP             0    2.00    

configure_requires:

    Module                Need Have    
    --------------------- ---- --------
    ExtUtils::MakeMaker   6.30 6.64    


------------------------------
ENVIRONMENT AND OTHER CONTEXT
------------------------------

Environment variables:

    DBIC_NO_WARN_BAD_PERL = 1
    PATH = /usr/local/bin:/usr/X11R6/bin:/usr/X11/bin:/usr/perl5.8.0/bin:/usr/bin:/bin:/usr/local/sbin:/usr/sbin:/sbin:/usr/local/pilot/bin:/home2/cpansand/bin/freebsd8.0:/home2/cpansand/bin/sh:/home2/cpansand/bin:/usr/X386/bin:/usr/games:/home2/cpansand/devel:/usr/home/e/eserte/work/srezic-misc/scripts
    PERL5LIB = /usr/local/src/CPAN/build/HTTP-Lite-2.41-YRard8/blib/arch:/usr/local/src/CPAN/build/HTTP-Lite-2.41-YRard8/blib/lib
    PERL5OPT = 
    PERL5_CPANPLUS_IS_RUNNING = 40189
    PERL5_CPAN_IS_RUNNING = 40189
    PERL5_CPAN_IS_RUNNING_IN_RECURSION = 40169,40189
    PERL_BATCH = yes
    PERL_CPAN_REPORTER_CONFIG = /var/tmp/cpansmoker-1023/pPtShAMUyG_config.ini
    PERL_CPAN_REPORTER_DIR = /home/cpansand/var/ctps/5160RC0/config/perl-5.16.0-RC0/cpanreporter
    PERL_EXTUTILS_AUTOINSTALL = --defaultdeps
    PERL_HTML_DISPLAY_CLASS = HTML::Display::Mozilla
    SHELL = /usr/local/bin/zsh
    TERM = screen
    TMPDIR = /var/tmp/cpansmoker-1023

Perl special variables (and OS-specific diagnostics, for MSWin32):

    $^X = /home2/cpansand/var/ctps/5160RC0/install/perl-5.16.0-RC0/bin/perl5.16.0
    $UID/$EUID = 1023 / 1023
    $GID = 1023 1023
    $EGID = 1023 1023

Perl module toolchain versions installed:

    Module              Have    
    ------------------- --------
    CPAN                1.9800  
    CPAN::Meta          2.130880
    Cwd                 3.40    
    ExtUtils::CBuilder  0.280206
    ExtUtils::Command   1.17    
    ExtUtils::Install   1.58    
    ExtUtils::MakeMaker 6.64    
    ExtUtils::Manifest  1.61    
    ExtUtils::ParseXS   3.16    
    File::Spec          3.40    
    JSON                2.57    
    JSON::PP            2.27200 
    Module::Build       0.4005  
    Module::Signature   0.70    
    Parse::CPAN::Meta   1.4404  
    Test::Harness       3.23    
    Test::More          0.98    
    YAML                0.84    
    YAML::Syck          1.22    
    version             0.9902  


--

Summary of my perl5 (revision 5 version 16 subversion 0) configuration:
   
  Platform:
    osname=freebsd, osvers=8.0-release-p4, archname=i386-freebsd
    uname='freebsd biokovo.herceg.de 8.0-release-p4 freebsd 8.0-release-p4 #0: mon jul 12 20:22:27 utc 2010 root@i386-builder.daemonology.net:usrobjusrsrcsysgeneric i386 '
    config_args='-ds -e -Uversiononly -Dinstallusrbinperl=n -Dusedevel -Dprefix=/home/cpansand/var/ctps/5160RC0/install/perl-5.16.0-RC0'
    hint=recommended, useposix=true, d_sigaction=define
    useithreads=undef, usemultiplicity=undef
    useperlio=define, d_sfio=undef, uselargefiles=define, usesocks=undef
    use64bitint=undef, use64bitall=undef, uselongdouble=undef
    usemymalloc=n, bincompat5005=undef
  Compiler:
    cc='cc', ccflags ='-DHAS_FPSETMASK -DHAS_FLOATINGPOINT_H -fno-strict-aliasing -pipe -fstack-protector -I/usr/local/include',
    optimize='-O',
    cppflags='-DHAS_FPSETMASK -DHAS_FLOATINGPOINT_H -fno-strict-aliasing -pipe -fstack-protector -I/usr/local/include'
    ccversion='', gccversion='4.2.1 20070719  [FreeBSD]', gccosandvers=''
    intsize=4, longsize=4, ptrsize=4, doublesize=8, byteorder=1234
    d_longlong=define, longlongsize=8, d_longdbl=define, longdblsize=12
    ivtype='long', ivsize=4, nvtype='double', nvsize=8, Off_t='off_t', lseeksize=8
    alignbytes=4, prototype=define
  Linker and Libraries:
    ld='cc', ldflags ='-Wl,-E  -fstack-protector -L/usr/local/lib'
    libpth=/usr/lib /usr/local/lib
    libs=-lgdbm -lm -lcrypt -lutil -lc
    perllibs=-lm -lcrypt -lutil -lc
    libc=, so=so, useshrplib=false, libperl=libperl.a
    gnulibc_version=''
  Dynamic Linking:
    dlsrc=dl_dlopen.xs, dlext=so, d_dlsymun=undef, ccdlflags=' '
    cccdlflags='-DPIC -fPIC', lddlflags='-shared  -L/usr/local/lib -fstack-protector'


Characteristics of this binary (from libperl): 
  Compile-time options: HAS_TIMES PERLIO_LAYERS PERL_DONT_CREATE_GVSV
                        PERL_MALLOC_WRAP PERL_PRESERVE_IVUV PERL_USE_DEVEL
                        USE_LARGE_FILES USE_LOCALE USE_LOCALE_COLLATE
                        USE_LOCALE_CTYPE USE_LOCALE_NUMERIC USE_PERLIO
                        USE_PERL_ATOF
  Locally applied patches:
	RC0
  Built under freebsd
  Compiled at May 11 2012 21:05:05
  %ENV:
    PERL5LIB="/usr/local/src/CPAN/build/HTTP-Lite-2.41-YRard8/blib/arch:/usr/local/src/CPAN/build/HTTP-Lite-2.41-YRard8/blib/lib"
    PERL5OPT=""
    PERL5_CPANPLUS_IS_RUNNING="40189"
    PERL5_CPAN_IS_RUNNING="40189"
    PERL5_CPAN_IS_RUNNING_IN_RECURSION="40169,40189"
    PERL_BATCH="yes"
    PERL_CPAN_REPORTER_CONFIG="/var/tmp/cpansmoker-1023/pPtShAMUyG_config.ini"
    PERL_CPAN_REPORTER_DIR="/home/cpansand/var/ctps/5160RC0/config/perl-5.16.0-RC0/cpanreporter"
    PERL_EXTUTILS_AUTOINSTALL="--defaultdeps"
    PERL_HTML_DISPLAY_CLASS="HTML::Display::Mozilla"
  @INC:
    /usr/local/src/CPAN/build/HTTP-Lite-2.41-YRard8/blib/arch
    /usr/local/src/CPAN/build/HTTP-Lite-2.41-YRard8/blib/lib
    /home/cpansand/var/ctps/5160RC0/install/perl-5.16.0-RC0/lib/site_perl/5.16.0/i386-freebsd
    /home/cpansand/var/ctps/5160RC0/install/perl-5.16.0-RC0/lib/site_perl/5.16.0
    /home/cpansand/var/ctps/5160RC0/install/perl-5.16.0-RC0/lib/5.16.0/i386-freebsd
    /home/cpansand/var/ctps/5160RC0/install/perl-5.16.0-RC0/lib/5.16.0
    .