BioX-SeqUtils-Promoter v0.1.1 Perl 5 v5.14.4 x86_64-linux-ld

Status
Fail
From
Andreas J. König (ANDK)
Dist
BioX-SeqUtils-Promoter v0.1.1
Platform
Perl 5 v5.14.4 x86_64-linux-ld
Date
2017-12-08 09:12:07
ID
dd5d849c-dbf7-11e7-95c9-5fb4ad0c1d39
This distribution has been tested as part of the CPAN Testers
project, supporting the Perl programming language.  See
http://wiki.cpantesters.org/ for more information or email
questions to cpan-testers-discuss@perl.org


--
Dear Charles Stephen Embry,

This is a computer-generated report for BioX-SeqUtils-Promoter-0.1.1
on perl 5.14.4, created by CPAN-Reporter-1.2018.

Thank you for uploading your work to CPAN.  However, there was a problem
testing your distribution.

If you think this report is invalid, please consult the CPAN Testers Wiki
for suggestions on how to avoid getting FAIL reports for missing library
or binary dependencies, unsupported operating systems, and so on:

http://wiki.cpantesters.org/wiki/CPANAuthorNotes

Sections of this report:

    * Tester comments
    * Program output
    * Prerequisites
    * Environment and other context

------------------------------
TESTER COMMENTS
------------------------------

Additional comments from tester:

this report is from an automated smoke testing program
and was not reviewed by a human for accuracy

------------------------------
PROGRAM OUTPUT
------------------------------

Output from './Build test':


#   Failed test 'use BioX::SeqUtils::Promoter;'
#   at t/00.load.t line 4.
#     Tried to use 'BioX::SeqUtils::Promoter'.
#     Error:  Can't locate Class/Std/Utils.pm in @INC (@INC contains: /tmp/loop_over_bdir-27296-FwOHbl/BioX-SeqUtils-Promoter-0/blib/lib /tmp/loop_over_bdir-27296-FwOHbl/BioX-SeqUtils-Promoter-0/blib/arch /home/sand/src/perl/repoperls/installed-perls/host/k93msid/v5.14.4/0a29/lib/site_perl/5.14.4/x86_64-linux-ld /home/sand/src/perl/repoperls/installed-perls/host/k93msid/v5.14.4/0a29/lib/site_perl/5.14.4 /home/sand/src/perl/repoperls/installed-perls/host/k93msid/v5.14.4/0a29/lib/5.14.4/x86_64-linux-ld /home/sand/src/perl/repoperls/installed-perls/host/k93msid/v5.14.4/0a29/lib/5.14.4 .) at /tmp/loop_over_bdir-27296-FwOHbl/BioX-SeqUtils-Promoter-0/blib/lib/BioX/SeqUtils/Promoter.pm line 11.
# BEGIN failed--compilation aborted at /tmp/loop_over_bdir-27296-FwOHbl/BioX-SeqUtils-Promoter-0/blib/lib/BioX/SeqUtils/Promoter.pm line 11.
# Compilation failed in require at t/00.load.t line 4.
# BEGIN failed--compilation aborted at t/00.load.t line 4.
# Testing BioX::SeqUtils::Promoter 
# Looks like you failed 1 test of 1.
t/00.load.t ....... 
Dubious, test returned 1 (wstat 256, 0x100)
Failed 1/1 subtests 

#   Failed test 'use BioX::SeqUtils::Promoter::Base;'
#   at t/10.length.t line 4.
#     Tried to use 'BioX::SeqUtils::Promoter::Base'.
#     Error:  Can't locate Class/Std/Utils.pm in @INC (@INC contains: /tmp/loop_over_bdir-27296-FwOHbl/BioX-SeqUtils-Promoter-0/blib/lib /tmp/loop_over_bdir-27296-FwOHbl/BioX-SeqUtils-Promoter-0/blib/arch /home/sand/src/perl/repoperls/installed-perls/host/k93msid/v5.14.4/0a29/lib/site_perl/5.14.4/x86_64-linux-ld /home/sand/src/perl/repoperls/installed-perls/host/k93msid/v5.14.4/0a29/lib/site_perl/5.14.4 /home/sand/src/perl/repoperls/installed-perls/host/k93msid/v5.14.4/0a29/lib/5.14.4/x86_64-linux-ld /home/sand/src/perl/repoperls/installed-perls/host/k93msid/v5.14.4/0a29/lib/5.14.4 .) at /tmp/loop_over_bdir-27296-FwOHbl/BioX-SeqUtils-Promoter-0/blib/lib/BioX/SeqUtils/Promoter/Base.pm line 8.
# BEGIN failed--compilation aborted at /tmp/loop_over_bdir-27296-FwOHbl/BioX-SeqUtils-Promoter-0/blib/lib/BioX/SeqUtils/Promoter/Base.pm line 8.
# Compilation failed in require at t/10.length.t line 4.
# BEGIN failed--compilation aborted at t/10.length.t line 4.
Can't locate object method "length" via package "BioX::SeqUtils::Promoter::Base" at t/10.length.t line 13.
# Looks like your test exited with 255 just after 1.
t/10.length.t ..... 
Dubious, test returned 255 (wstat 65280, 0xff00)
Failed 2/2 subtests 

#   Failed test 'use BioX::SeqUtils::Promoter;'
#   at t/10.load.t line 4.
#     Tried to use 'BioX::SeqUtils::Promoter'.
#     Error:  Can't locate Class/Std/Utils.pm in @INC (@INC contains: /tmp/loop_over_bdir-27296-FwOHbl/BioX-SeqUtils-Promoter-0/blib/lib /tmp/loop_over_bdir-27296-FwOHbl/BioX-SeqUtils-Promoter-0/blib/arch /home/sand/src/perl/repoperls/installed-perls/host/k93msid/v5.14.4/0a29/lib/site_perl/5.14.4/x86_64-linux-ld /home/sand/src/perl/repoperls/installed-perls/host/k93msid/v5.14.4/0a29/lib/site_perl/5.14.4 /home/sand/src/perl/repoperls/installed-perls/host/k93msid/v5.14.4/0a29/lib/5.14.4/x86_64-linux-ld /home/sand/src/perl/repoperls/installed-perls/host/k93msid/v5.14.4/0a29/lib/5.14.4 .) at /tmp/loop_over_bdir-27296-FwOHbl/BioX-SeqUtils-Promoter-0/blib/lib/BioX/SeqUtils/Promoter.pm line 11.
# BEGIN failed--compilation aborted at /tmp/loop_over_bdir-27296-FwOHbl/BioX-SeqUtils-Promoter-0/blib/lib/BioX/SeqUtils/Promoter.pm line 11.
# Compilation failed in require at t/10.load.t line 4.
# BEGIN failed--compilation aborted at t/10.load.t line 4.

#   Failed test 'use BioX::SeqUtils::Promoter::Alignment;'
#   at t/10.load.t line 10.
#     Tried to use 'BioX::SeqUtils::Promoter::Alignment'.
#     Error:  Can't locate Class/Std/Utils.pm in @INC (@INC contains: /tmp/loop_over_bdir-27296-FwOHbl/BioX-SeqUtils-Promoter-0/blib/lib /tmp/loop_over_bdir-27296-FwOHbl/BioX-SeqUtils-Promoter-0/blib/arch /home/sand/src/perl/repoperls/installed-perls/host/k93msid/v5.14.4/0a29/lib/site_perl/5.14.4/x86_64-linux-ld /home/sand/src/perl/repoperls/installed-perls/host/k93msid/v5.14.4/0a29/lib/site_perl/5.14.4 /home/sand/src/perl/repoperls/installed-perls/host/k93msid/v5.14.4/0a29/lib/5.14.4/x86_64-linux-ld /home/sand/src/perl/repoperls/installed-perls/host/k93msid/v5.14.4/0a29/lib/5.14.4 .) at /tmp/loop_over_bdir-27296-FwOHbl/BioX-SeqUtils-Promoter-0/blib/lib/BioX/SeqUtils/Promoter/Base.pm line 8.
# BEGIN failed--compilation aborted at /tmp/loop_over_bdir-27296-FwOHbl/BioX-SeqUtils-Promoter-0/blib/lib/BioX/SeqUtils/Promoter/Base.pm line 8.
# Compilation failed in require at /home/sand/src/perl/repoperls/installed-perls/host/k93msid/v5.14.4/0a29/lib/site_perl/5.14.4/base.pm line 100.
# 	...propagated at /home/sand/src/perl/repoperls/installed-perls/host/k93msid/v5.14.4/0a29/lib/site_perl/5.14.4/base.pm line 109.
# BEGIN failed--compilation aborted at /tmp/loop_over_bdir-27296-FwOHbl/BioX-SeqUtils-Promoter-0/blib/lib/BioX/SeqUtils/Promoter/Alignment.pm line 7.
# Compilation failed in require at t/10.load.t line 10.
# BEGIN failed--compilation aborted at t/10.load.t line 10.

#   Failed test 'use BioX::SeqUtils::Promoter::Annotations;'
#   at t/10.load.t line 16.
#     Tried to use 'BioX::SeqUtils::Promoter::Annotations'.
#     Error:  Attempt to reload BioX/SeqUtils/Promoter/Base.pm aborted.
# Compilation failed in require at /home/sand/src/perl/repoperls/installed-perls/host/k93msid/v5.14.4/0a29/lib/site_perl/5.14.4/base.pm line 100.
# 	...propagated at /home/sand/src/perl/repoperls/installed-perls/host/k93msid/v5.14.4/0a29/lib/site_perl/5.14.4/base.pm line 109.
# BEGIN failed--compilation aborted at /tmp/loop_over_bdir-27296-FwOHbl/BioX-SeqUtils-Promoter-0/blib/lib/BioX/SeqUtils/Promoter/Annotations.pm line 7.
# Compilation failed in require at t/10.load.t line 16.
# BEGIN failed--compilation aborted at t/10.load.t line 16.

#   Failed test 'use BioX::SeqUtils::Promoter::Annotations::Base;'
#   at t/10.load.t line 22.
#     Tried to use 'BioX::SeqUtils::Promoter::Annotations::Base'.
#     Error:  Attempt to reload BioX/SeqUtils/Promoter/Base.pm aborted.
# Compilation failed in require at /home/sand/src/perl/repoperls/installed-perls/host/k93msid/v5.14.4/0a29/lib/site_perl/5.14.4/base.pm line 100.
# 	...propagated at /home/sand/src/perl/repoperls/installed-perls/host/k93msid/v5.14.4/0a29/lib/site_perl/5.14.4/base.pm line 109.
# BEGIN failed--compilation aborted at /tmp/loop_over_bdir-27296-FwOHbl/BioX-SeqUtils-Promoter-0/blib/lib/BioX/SeqUtils/Promoter/Annotations/Base.pm line 7.
# Compilation failed in require at t/10.load.t line 22.
# BEGIN failed--compilation aborted at t/10.load.t line 22.

#   Failed test 'use BioX::SeqUtils::Promoter::Annotations::CG;'
#   at t/10.load.t line 28.
#     Tried to use 'BioX::SeqUtils::Promoter::Annotations::CG'.
#     Error:  Can't locate Class/Std/Utils.pm in @INC (@INC contains: /tmp/loop_over_bdir-27296-FwOHbl/BioX-SeqUtils-Promoter-0/blib/lib /tmp/loop_over_bdir-27296-FwOHbl/BioX-SeqUtils-Promoter-0/blib/arch /home/sand/src/perl/repoperls/installed-perls/host/k93msid/v5.14.4/0a29/lib/site_perl/5.14.4/x86_64-linux-ld /home/sand/src/perl/repoperls/installed-perls/host/k93msid/v5.14.4/0a29/lib/site_perl/5.14.4 /home/sand/src/perl/repoperls/installed-perls/host/k93msid/v5.14.4/0a29/lib/5.14.4/x86_64-linux-ld /home/sand/src/perl/repoperls/installed-perls/host/k93msid/v5.14.4/0a29/lib/5.14.4 .) at /tmp/loop_over_bdir-27296-FwOHbl/BioX-SeqUtils-Promoter-0/blib/lib/BioX/SeqUtils/Promoter/Annotations/CG.pm line 9.
# BEGIN failed--compilation aborted at /tmp/loop_over_bdir-27296-FwOHbl/BioX-SeqUtils-Promoter-0/blib/lib/BioX/SeqUtils/Promoter/Annotations/CG.pm line 9.
# Compilation failed in require at t/10.load.t line 28.
# BEGIN failed--compilation aborted at t/10.load.t line 28.

#   Failed test 'use BioX::SeqUtils::Promoter::Annotations::Consensus;'
#   at t/10.load.t line 34.
#     Tried to use 'BioX::SeqUtils::Promoter::Annotations::Consensus'.
#     Error:  Attempt to reload BioX/SeqUtils/Promoter/Annotations/Base.pm aborted.
# Compilation failed in require at /home/sand/src/perl/repoperls/installed-perls/host/k93msid/v5.14.4/0a29/lib/site_perl/5.14.4/base.pm line 100.
# 	...propagated at /home/sand/src/perl/repoperls/installed-perls/host/k93msid/v5.14.4/0a29/lib/site_perl/5.14.4/base.pm line 109.
# BEGIN failed--compilation aborted at /tmp/loop_over_bdir-27296-FwOHbl/BioX-SeqUtils-Promoter-0/blib/lib/BioX/SeqUtils/Promoter/Annotations/Consensus.pm line 7.
# Compilation failed in require at t/10.load.t line 34.
# BEGIN failed--compilation aborted at t/10.load.t line 34.

#   Failed test 'use BioX::SeqUtils::Promoter::Base;'
#   at t/10.load.t line 40.
#     Tried to use 'BioX::SeqUtils::Promoter::Base'.
#     Error:  Attempt to reload BioX/SeqUtils/Promoter/Base.pm aborted.
# Compilation failed in require at t/10.load.t line 40.
# BEGIN failed--compilation aborted at t/10.load.t line 40.

#   Failed test 'use BioX::SeqUtils::Promoter::SaveTypes;'
#   at t/10.load.t line 46.
#     Tried to use 'BioX::SeqUtils::Promoter::SaveTypes'.
#     Error:  Attempt to reload BioX/SeqUtils/Promoter/Base.pm aborted.
# Compilation failed in require at /home/sand/src/perl/repoperls/installed-perls/host/k93msid/v5.14.4/0a29/lib/site_perl/5.14.4/base.pm line 100.
# 	...propagated at /home/sand/src/perl/repoperls/installed-perls/host/k93msid/v5.14.4/0a29/lib/site_perl/5.14.4/base.pm line 109.
# BEGIN failed--compilation aborted at /tmp/loop_over_bdir-27296-FwOHbl/BioX-SeqUtils-Promoter-0/blib/lib/BioX/SeqUtils/Promoter/SaveTypes.pm line 7.
# Compilation failed in require at t/10.load.t line 46.
# BEGIN failed--compilation aborted at t/10.load.t line 46.

#   Failed test 'use BioX::SeqUtils::Promoter::SaveTypes::Base;'
#   at t/10.load.t line 52.
#     Tried to use 'BioX::SeqUtils::Promoter::SaveTypes::Base'.
#     Error:  Attempt to reload BioX/SeqUtils/Promoter/Base.pm aborted.
# Compilation failed in require at /home/sand/src/perl/repoperls/installed-perls/host/k93msid/v5.14.4/0a29/lib/site_perl/5.14.4/base.pm line 100.
# 	...propagated at /home/sand/src/perl/repoperls/installed-perls/host/k93msid/v5.14.4/0a29/lib/site_perl/5.14.4/base.pm line 109.
# BEGIN failed--compilation aborted at /tmp/loop_over_bdir-27296-FwOHbl/BioX-SeqUtils-Promoter-0/blib/lib/BioX/SeqUtils/Promoter/SaveTypes/Base.pm line 7.
# Compilation failed in require at t/10.load.t line 52.
# BEGIN failed--compilation aborted at t/10.load.t line 52.

#   Failed test 'use BioX::SeqUtils::Promoter::SaveTypes::RImage;'
#   at t/10.load.t line 58.
#     Tried to use 'BioX::SeqUtils::Promoter::SaveTypes::RImage'.
#     Error:  Attempt to reload BioX/SeqUtils/Promoter/SaveTypes/Base.pm aborted.
# Compilation failed in require at /home/sand/src/perl/repoperls/installed-perls/host/k93msid/v5.14.4/0a29/lib/site_perl/5.14.4/base.pm line 100.
# 	...propagated at /home/sand/src/perl/repoperls/installed-perls/host/k93msid/v5.14.4/0a29/lib/site_perl/5.14.4/base.pm line 109.
# BEGIN failed--compilation aborted at /tmp/loop_over_bdir-27296-FwOHbl/BioX-SeqUtils-Promoter-0/blib/lib/BioX/SeqUtils/Promoter/SaveTypes/RImage.pm line 7.
# Compilation failed in require at t/10.load.t line 58.
# BEGIN failed--compilation aborted at t/10.load.t line 58.

#   Failed test 'use BioX::SeqUtils::Promoter::SaveTypes::Text;'
#   at t/10.load.t line 64.
#     Tried to use 'BioX::SeqUtils::Promoter::SaveTypes::Text'.
#     Error:  Can't locate Class/Std/Utils.pm in @INC (@INC contains: /tmp/loop_over_bdir-27296-FwOHbl/BioX-SeqUtils-Promoter-0/blib/lib /tmp/loop_over_bdir-27296-FwOHbl/BioX-SeqUtils-Promoter-0/blib/arch /home/sand/src/perl/repoperls/installed-perls/host/k93msid/v5.14.4/0a29/lib/site_perl/5.14.4/x86_64-linux-ld /home/sand/src/perl/repoperls/installed-perls/host/k93msid/v5.14.4/0a29/lib/site_perl/5.14.4 /home/sand/src/perl/repoperls/installed-perls/host/k93msid/v5.14.4/0a29/lib/5.14.4/x86_64-linux-ld /home/sand/src/perl/repoperls/installed-perls/host/k93msid/v5.14.4/0a29/lib/5.14.4 .) at /tmp/loop_over_bdir-27296-FwOHbl/BioX-SeqUtils-Promoter-0/blib/lib/BioX/SeqUtils/Promoter/SaveTypes/Text.pm line 9.
# BEGIN failed--compilation aborted at /tmp/loop_over_bdir-27296-FwOHbl/BioX-SeqUtils-Promoter-0/blib/lib/BioX/SeqUtils/Promoter/SaveTypes/Text.pm line 9.
# Compilation failed in require at t/10.load.t line 64.
# BEGIN failed--compilation aborted at t/10.load.t line 64.

#   Failed test 'use BioX::SeqUtils::Promoter::Sequence;'
#   at t/10.load.t line 71.
#     Tried to use 'BioX::SeqUtils::Promoter::Sequence'.
#     Error:  Attempt to reload BioX/SeqUtils/Promoter/Base.pm aborted.
# Compilation failed in require at /home/sand/src/perl/repoperls/installed-perls/host/k93msid/v5.14.4/0a29/lib/site_perl/5.14.4/base.pm line 100.
# 	...propagated at /home/sand/src/perl/repoperls/installed-perls/host/k93msid/v5.14.4/0a29/lib/site_perl/5.14.4/base.pm line 109.
# BEGIN failed--compilation aborted at /tmp/loop_over_bdir-27296-FwOHbl/BioX-SeqUtils-Promoter-0/blib/lib/BioX/SeqUtils/Promoter/Sequence.pm line 7.
# Compilation failed in require at t/10.load.t line 71.
# BEGIN failed--compilation aborted at t/10.load.t line 71.

#   Failed test 'use BioX::SeqUtils::Promoter::Sequences;'
#   at t/10.load.t line 77.
#     Tried to use 'BioX::SeqUtils::Promoter::Sequences'.
#     Error:  Attempt to reload BioX/SeqUtils/Promoter/Base.pm aborted.
# Compilation failed in require at /home/sand/src/perl/repoperls/installed-perls/host/k93msid/v5.14.4/0a29/lib/site_perl/5.14.4/base.pm line 100.
# 	...propagated at /home/sand/src/perl/repoperls/installed-perls/host/k93msid/v5.14.4/0a29/lib/site_perl/5.14.4/base.pm line 109.
# BEGIN failed--compilation aborted at /tmp/loop_over_bdir-27296-FwOHbl/BioX-SeqUtils-Promoter-0/blib/lib/BioX/SeqUtils/Promoter/Sequences.pm line 7.
# Compilation failed in require at t/10.load.t line 77.
# BEGIN failed--compilation aborted at t/10.load.t line 77.
# Testing BioX::SeqUtils::Promoter 
# Testing BioX::SeqUtils::Promoter::Alignment 
# Testing BioX::SeqUtils::Promoter::Annotations 
# Testing BioX::SeqUtils::Promoter::Annotations::Base 
# Testing BioX::SeqUtils::Promoter::Annotations::CG 
# Testing BioX::SeqUtils::Promoter::Annotations::Consensus 
# Testing BioX::SeqUtils::Promoter::Base 
# Testing BioX::SeqUtils::Promoter::SaveTypes 
# Testing BioX::SeqUtils::Promoter::SaveTypes::Base 
# Testing BioX::SeqUtils::Promoter::SaveTypes::RImage 
# Testing BioX::SeqUtils::Promoter::SaveTypes::Text 
# Testing BioX::SeqUtils::Promoter::Sequence 
# Testing BioX::SeqUtils::Promoter::Sequences 
# Looks like you failed 13 tests of 13.
t/10.load.t ....... 
Dubious, test returned 13 (wstat 3328, 0xd00)
Failed 13/13 subtests 

#   Failed test 'use BioX::SeqUtils::Promoter;'
#   at t/10.sequence.t line 4.
#     Tried to use 'BioX::SeqUtils::Promoter'.
#     Error:  Can't locate Class/Std/Utils.pm in @INC (@INC contains: /tmp/loop_over_bdir-27296-FwOHbl/BioX-SeqUtils-Promoter-0/blib/lib /tmp/loop_over_bdir-27296-FwOHbl/BioX-SeqUtils-Promoter-0/blib/arch /home/sand/src/perl/repoperls/installed-perls/host/k93msid/v5.14.4/0a29/lib/site_perl/5.14.4/x86_64-linux-ld /home/sand/src/perl/repoperls/installed-perls/host/k93msid/v5.14.4/0a29/lib/site_perl/5.14.4 /home/sand/src/perl/repoperls/installed-perls/host/k93msid/v5.14.4/0a29/lib/5.14.4/x86_64-linux-ld /home/sand/src/perl/repoperls/installed-perls/host/k93msid/v5.14.4/0a29/lib/5.14.4 .) at /tmp/loop_over_bdir-27296-FwOHbl/BioX-SeqUtils-Promoter-0/blib/lib/BioX/SeqUtils/Promoter.pm line 11.
# BEGIN failed--compilation aborted at /tmp/loop_over_bdir-27296-FwOHbl/BioX-SeqUtils-Promoter-0/blib/lib/BioX/SeqUtils/Promoter.pm line 11.
# Compilation failed in require at t/10.sequence.t line 4.
# BEGIN failed--compilation aborted at t/10.sequence.t line 4.
Attempt to reload BioX/SeqUtils/Promoter.pm aborted.
Compilation failed in require at t/10.sequence.t line 7.
BEGIN failed--compilation aborted at t/10.sequence.t line 7.
# Looks like your test exited with 255 just after 1.
t/10.sequence.t ... 
Dubious, test returned 255 (wstat 65280, 0xff00)
Failed 3/3 subtests 
Can't locate Class/Std/Utils.pm in @INC (@INC contains: /tmp/loop_over_bdir-27296-FwOHbl/BioX-SeqUtils-Promoter-0/blib/lib /tmp/loop_over_bdir-27296-FwOHbl/BioX-SeqUtils-Promoter-0/blib/arch /home/sand/src/perl/repoperls/installed-perls/host/k93msid/v5.14.4/0a29/lib/site_perl/5.14.4/x86_64-linux-ld /home/sand/src/perl/repoperls/installed-perls/host/k93msid/v5.14.4/0a29/lib/site_perl/5.14.4 /home/sand/src/perl/repoperls/installed-perls/host/k93msid/v5.14.4/0a29/lib/5.14.4/x86_64-linux-ld /home/sand/src/perl/repoperls/installed-perls/host/k93msid/v5.14.4/0a29/lib/5.14.4 .) at /tmp/loop_over_bdir-27296-FwOHbl/BioX-SeqUtils-Promoter-0/blib/lib/BioX/SeqUtils/Promoter/Base.pm line 8.
BEGIN failed--compilation aborted at /tmp/loop_over_bdir-27296-FwOHbl/BioX-SeqUtils-Promoter-0/blib/lib/BioX/SeqUtils/Promoter/Base.pm line 8.
Compilation failed in require at /home/sand/src/perl/repoperls/installed-perls/host/k93msid/v5.14.4/0a29/lib/site_perl/5.14.4/base.pm line 100.
	...propagated at /home/sand/src/perl/repoperls/installed-perls/host/k93msid/v5.14.4/0a29/lib/site_perl/5.14.4/base.pm line 109.
BEGIN failed--compilation aborted at /tmp/loop_over_bdir-27296-FwOHbl/BioX-SeqUtils-Promoter-0/blib/lib/BioX/SeqUtils/Promoter/Sequences.pm line 7.
Compilation failed in require at t/10.sequences.t line 3.
BEGIN failed--compilation aborted at t/10.sequences.t line 3.
# Looks like your test exited with 2 before it could output anything.
t/10.sequences.t .. 
Dubious, test returned 2 (wstat 512, 0x200)
Failed 2/2 subtests 

#   Failed test 'use BioX::SeqUtils::Promoter;'
#   at t/11.new.t line 4.
#     Tried to use 'BioX::SeqUtils::Promoter'.
#     Error:  Can't locate Class/Std/Utils.pm in @INC (@INC contains: /tmp/loop_over_bdir-27296-FwOHbl/BioX-SeqUtils-Promoter-0/blib/lib /tmp/loop_over_bdir-27296-FwOHbl/BioX-SeqUtils-Promoter-0/blib/arch /home/sand/src/perl/repoperls/installed-perls/host/k93msid/v5.14.4/0a29/lib/site_perl/5.14.4/x86_64-linux-ld /home/sand/src/perl/repoperls/installed-perls/host/k93msid/v5.14.4/0a29/lib/site_perl/5.14.4 /home/sand/src/perl/repoperls/installed-perls/host/k93msid/v5.14.4/0a29/lib/5.14.4/x86_64-linux-ld /home/sand/src/perl/repoperls/installed-perls/host/k93msid/v5.14.4/0a29/lib/5.14.4 .) at /tmp/loop_over_bdir-27296-FwOHbl/BioX-SeqUtils-Promoter-0/blib/lib/BioX/SeqUtils/Promoter.pm line 11.
# BEGIN failed--compilation aborted at /tmp/loop_over_bdir-27296-FwOHbl/BioX-SeqUtils-Promoter-0/blib/lib/BioX/SeqUtils/Promoter.pm line 11.
# Compilation failed in require at t/11.new.t line 4.
# BEGIN failed--compilation aborted at t/11.new.t line 4.
Attempt to reload BioX/SeqUtils/Promoter.pm aborted.
Compilation failed in require at t/11.new.t line 7.
BEGIN failed--compilation aborted at t/11.new.t line 7.
# Looks like your test exited with 255 just after 1.
t/11.new.t ........ 
Dubious, test returned 255 (wstat 65280, 0xff00)
Failed 2/2 subtests 

Test Summary Report
-------------------
t/00.load.t     (Wstat: 256 Tests: 1 Failed: 1)
  Failed test:  1
  Non-zero exit status: 1
t/10.length.t   (Wstat: 65280 Tests: 1 Failed: 1)
  Failed test:  1
  Non-zero exit status: 255
  Parse errors: Bad plan.  You planned 2 tests but ran 1.
t/10.load.t     (Wstat: 3328 Tests: 13 Failed: 13)
  Failed tests:  1-13
  Non-zero exit status: 13
t/10.sequence.t (Wstat: 65280 Tests: 1 Failed: 1)
  Failed test:  1
  Non-zero exit status: 255
  Parse errors: Bad plan.  You planned 3 tests but ran 1.
t/10.sequences.t (Wstat: 512 Tests: 0 Failed: 0)
  Non-zero exit status: 2
  Parse errors: Bad plan.  You planned 2 tests but ran 0.
t/11.new.t      (Wstat: 65280 Tests: 1 Failed: 1)
  Failed test:  1
  Non-zero exit status: 255
  Parse errors: Bad plan.  You planned 2 tests but ran 1.
Files=6, Tests=17,  3 wallclock secs ( 0.02 usr  0.05 sys +  0.38 cusr  0.13 csys =  0.58 CPU)
Result: FAIL
Failed 6/6 test programs. 17/17 subtests failed.

------------------------------
PREREQUISITES
------------------------------

Prerequisite modules loaded:

requires:

    Module     Need Have    
    ---------- ---- --------
    Test::More 0    1.302118
    version    0    0.9918  


------------------------------
ENVIRONMENT AND OTHER CONTEXT
------------------------------

Environment variables:

    AUTOMATED_TESTING = 1
    LANG = en_US.UTF-8
    PATH = /home/sand/bin:/usr/local/bin:/usr/bin:/bin:/usr/games:/usr/local/perl/bin:/usr/X11/bin:/sbin:/usr/sbin
    PERL5LIB = 
    PERL5OPT = 
    PERL5_CPANPLUS_IS_RUNNING = 27303
    PERL5_CPAN_IS_RUNNING = 27303
    PERL5_CPAN_IS_RUNNING_IN_RECURSION = 1718,27303
    PERL_CANARY_STABILITY_NOPROMPT = 1
    PERL_MM_USE_DEFAULT = 1
    PERL_USE_UNSAFE_INC = 1
    SHELL = /usr/bin/zsh
    TERM = screen

Perl special variables (and OS-specific diagnostics, for MSWin32):

    $^X = /home/sand/src/perl/repoperls/installed-perls/host/k93msid/v5.14.4/0a29/bin/perl
    $UID/$EUID = 1005 / 1005
    $GID = 1005 1005
    $EGID = 1005 1005

Perl module toolchain versions installed:

    Module              Have    
    ------------------- --------
    CPAN                2.18    
    CPAN::Meta          2.150010
    Cwd                 3.62    
    ExtUtils::CBuilder  0.280229
    ExtUtils::Command   7.30    
    ExtUtils::Install   2.06    
    ExtUtils::MakeMaker 7.30    
    ExtUtils::Manifest  1.70    
    ExtUtils::ParseXS   3.35    
    File::Spec          3.62    
    JSON                2.96    
    JSON::PP            2.94    
    Module::Build       0.4224  
    Module::Signature   0.81    
    Parse::CPAN::Meta   2.150010
    Test::Harness       3.39    
    Test::More          1.302118
    YAML                1.24    
    YAML::Syck          1.30    
    version             0.9918  


--

Summary of my perl5 (revision 5 version 14 subversion 4) configuration:
  Derived from: 26c5c13a4ece9084f310610bb17fb2f24c72a73e
  Platform:
    osname=linux, osvers=4.12.0-2-amd64, archname=x86_64-linux-ld
    uname='linux k93msid 4.12.0-2-amd64 #1 smp debian 4.12.13-1 (2017-09-19) x86_64 gnulinux '
    config_args='-Dprefix=/home/sand/src/perl/repoperls/installed-perls/host/k93msid/v5.14.4/0a29 -Dmyhostname=k93msid -Dinstallusrbinperl=n -Uversiononly -Dusedevel -des -Ui_db -Dlibswanted=cl pthread socket inet nsl gdbm dbm malloc dl ld sun m crypt sec util c cposix posix ucb BSD gdbm_compat -Uuseithreads -Duselongdouble -DDEBUGGING=both'
    hint=recommended, useposix=true, d_sigaction=define
    useithreads=undef, usemultiplicity=undef
    useperlio=define, d_sfio=undef, uselargefiles=define, usesocks=undef
    use64bitint=define, use64bitall=define, uselongdouble=define
    usemymalloc=n, bincompat5005=undef
  Compiler:
    cc='cc', ccflags ='-DDEBUGGING -fno-strict-aliasing -pipe -fstack-protector -I/usr/local/include -D_LARGEFILE_SOURCE -D_FILE_OFFSET_BITS=64',
    optimize='-O2 -g',
    cppflags='-DDEBUGGING -fno-strict-aliasing -pipe -fstack-protector -I/usr/local/include'
    ccversion='', gccversion='7.2.0', gccosandvers=''
    intsize=4, longsize=8, ptrsize=8, doublesize=8, byteorder=12345678
    d_longlong=define, longlongsize=8, d_longdbl=define, longdblsize=16
    ivtype='long', ivsize=8, nvtype='long double', nvsize=16, Off_t='off_t', lseeksize=8
    alignbytes=16, prototype=define
  Linker and Libraries:
    ld='cc', ldflags =' -fstack-protector -L/usr/local/lib'
    libpth=/usr/local/lib /lib/x86_64-linux-gnu /lib/../lib /usr/lib/x86_64-linux-gnu /usr/lib/../lib /lib /usr/lib
    libs=-lpthread -lnsl -ldl -lm -lcrypt -lutil -lc
    perllibs=-lpthread -lnsl -ldl -lm -lcrypt -lutil -lc
    libc=libc-2.24.so, so=so, useshrplib=false, libperl=libperl.a
    gnulibc_version='2.24'
  Dynamic Linking:
    dlsrc=dl_dlopen.xs, dlext=so, d_dlsymun=undef, ccdlflags='-Wl,-E'
    cccdlflags='-fPIC', lddlflags='-shared -O2 -g -L/usr/local/lib -fstack-protector'


Characteristics of this binary (from libperl): 
  Compile-time options: DEBUGGING PERL_DONT_CREATE_GVSV PERL_MALLOC_WRAP
                        PERL_PRESERVE_IVUV PERL_USE_DEVEL USE_64_BIT_ALL
                        USE_64_BIT_INT USE_LARGE_FILES USE_LONG_DOUBLE
                        USE_PERLIO USE_PERL_ATOF
  Locally applied patches:
	uncommitted-changes
  Built under linux
  Compiled at Oct  3 2017 14:35:07
  %ENV:
    PERL5LIB=""
    PERL5OPT=""
    PERL5_CPANPLUS_IS_RUNNING="27303"
    PERL5_CPAN_IS_RUNNING="27303"
    PERL5_CPAN_IS_RUNNING_IN_RECURSION="1718,27303"
    PERL_CANARY_STABILITY_NOPROMPT="1"
    PERL_MM_USE_DEFAULT="1"
    PERL_USE_UNSAFE_INC="1"
  @INC:
    /home/sand/src/perl/repoperls/installed-perls/host/k93msid/v5.14.4/0a29/lib/site_perl/5.14.4/x86_64-linux-ld
    /home/sand/src/perl/repoperls/installed-perls/host/k93msid/v5.14.4/0a29/lib/site_perl/5.14.4
    /home/sand/src/perl/repoperls/installed-perls/host/k93msid/v5.14.4/0a29/lib/5.14.4/x86_64-linux-ld
    /home/sand/src/perl/repoperls/installed-perls/host/k93msid/v5.14.4/0a29/lib/5.14.4
    .