Report for Data-RuledValidator-0.13

Back
From: metabase:user:314402c4-2aae-11df-837a-5e0a49663a4f
Subject: FAIL Data-RuledValidator-0.13 v5.20.2 GNU/Linux
Date: 2015-05-08T16:25:39Z

This distribution has been tested as part of the CPAN Testers
project, supporting the Perl programming language.  See
http://wiki.cpantesters.org/ for more information or email
questions to cpan-testers-discuss@perl.org


--
Dear Kato Atsushi,

This is a computer-generated report for Data-RuledValidator-0.13
on perl 5.20.2, created by CPAN-Reporter-1.2014.

Thank you for uploading your work to CPAN.  However, there was a problem
testing your distribution.

If you think this report is invalid, please consult the CPAN Testers Wiki
for suggestions on how to avoid getting FAIL reports for missing library
or binary dependencies, unsupported operating systems, and so on:

http://wiki.cpantesters.org/wiki/CPANAuthorNotes

Sections of this report:

    * Tester comments
    * Program output
    * Prerequisites
    * Environment and other context

------------------------------
TESTER COMMENTS
------------------------------

Additional comments from tester:

none provided

------------------------------
PROGRAM OUTPUT
------------------------------

Output from '/usr/bin/make test':

PERL_DL_NONLAZY=1 "/opt/perl-5.20.2/bin/perl" "-MExtUtils::Command::MM" "-MTest::Harness" "-e" "undef *Test::Harness::Switches; test_harness(0, 'blib/lib', 'blib/arch')" t/*.t
t/filter.t ........... ok
CGI::param called in list context from /home/cpansand/.cpan/build/Data-RuledValidator-0.13-gnhlgj/blib/lib/Data/RuledValidator.pm line 258, this can lead to vulnerabilities. See the warning in "Fetching the value or values of a single named parameter" at /opt/perl-5.20.2/lib/site_perl/5.20.2/CGI.pm line 408.
CGI::param called in list context from /home/cpansand/.cpan/build/Data-RuledValidator-0.13-gnhlgj/blib/lib/Data/RuledValidator.pm line 258, this can lead to vulnerabilities. See the warning in "Fetching the value or values of a single named parameter" at /opt/perl-5.20.2/lib/site_perl/5.20.2/CGI.pm line 408.
CGI::param called in list context from /home/cpansand/.cpan/build/Data-RuledValidator-0.13-gnhlgj/blib/lib/Data/RuledValidator.pm line 258, this can lead to vulnerabilities. See the warning in "Fetching the value or values of a single named parameter" at /opt/perl-5.20.2/lib/site_perl/5.20.2/CGI.pm line 408.
CGI::param called in list context from /home/cpansand/.cpan/build/Data-RuledValidator-0.13-gnhlgj/blib/lib/Data/RuledValidator.pm line 258, this can lead to vulnerabilities. See the warning in "Fetching the value or values of a single named parameter" at /opt/perl-5.20.2/lib/site_perl/5.20.2/CGI.pm line 408.
CGI::param called in list context from /home/cpansand/.cpan/build/Data-RuledValidator-0.13-gnhlgj/blib/lib/Data/RuledValidator.pm line 258, this can lead to vulnerabilities. See the warning in "Fetching the value or values of a single named parameter" at /opt/perl-5.20.2/lib/site_perl/5.20.2/CGI.pm line 408.
CGI::param called in list context from /home/cpansand/.cpan/build/Data-RuledValidator-0.13-gnhlgj/blib/lib/Data/RuledValidator.pm line 258, this can lead to vulnerabilities. See the warning in "Fetching the value or values of a single named parameter" at /opt/perl-5.20.2/lib/site_perl/5.20.2/CGI.pm line 408.
CGI::param called in list context from /home/cpansand/.cpan/build/Data-RuledValidator-0.13-gnhlgj/blib/lib/Data/RuledValidator.pm line 258, this can lead to vulnerabilities. See the warning in "Fetching the value or values of a single named parameter" at /opt/perl-5.20.2/lib/site_perl/5.20.2/CGI.pm line 408.
CGI::param called in list context from /home/cpansand/.cpan/build/Data-RuledValidator-0.13-gnhlgj/blib/lib/Data/RuledValidator.pm line 258, this can lead to vulnerabilities. See the warning in "Fetching the value or values of a single named parameter" at /opt/perl-5.20.2/lib/site_perl/5.20.2/CGI.pm line 408.
CGI::param called in list context from /home/cpansand/.cpan/build/Data-RuledValidator-0.13-gnhlgj/blib/lib/Data/RuledValidator.pm line 258, this can lead to vulnerabilities. See the warning in "Fetching the value or values of a single named parameter" at /opt/perl-5.20.2/lib/site_perl/5.20.2/CGI.pm line 408.
CGI::param called in list context from /home/cpansand/.cpan/build/Data-RuledValidator-0.13-gnhlgj/blib/lib/Data/RuledValidator.pm line 258, this can lead to vulnerabilities. See the warning in "Fetching the value or values of a single named parameter" at /opt/perl-5.20.2/lib/site_perl/5.20.2/CGI.pm line 408.
CGI::param called in list context from /home/cpansand/.cpan/build/Data-RuledValidator-0.13-gnhlgj/blib/lib/Data/RuledValidator.pm line 258, this can lead to vulnerabilities. See the warning in "Fetching the value or values of a single named parameter" at /opt/perl-5.20.2/lib/site_perl/5.20.2/CGI.pm line 408.
CGI::param called in list context from /home/cpansand/.cpan/build/Data-RuledValidator-0.13-gnhlgj/blib/lib/Data/RuledValidator.pm line 258, this can lead to vulnerabilities. See the warning in "Fetching the value or values of a single named parameter" at /opt/perl-5.20.2/lib/site_perl/5.20.2/CGI.pm line 408.
t/mail.t ............. ok
t/pod.t .............. ok
Undefined subroutine &carp::croak called at /home/cpansand/.cpan/build/Data-RuledValidator-0.13-gnhlgj/blib/lib/Data/RuledValidator.pm line 316, <DATA> line 1.
# Looks like your test exited with 255 just after 17.
t/rule-complicate.t .. 
Dubious, test returned 255 (wstat 65280, 0xff00)
All 17 subtests passed 
t/rule.t ............. ok
CGI::param called in list context from /home/cpansand/.cpan/build/Data-RuledValidator-0.13-gnhlgj/blib/lib/Data/RuledValidator.pm line 258, this can lead to vulnerabilities. See the warning in "Fetching the value or values of a single named parameter" at /opt/perl-5.20.2/lib/site_perl/5.20.2/CGI.pm line 408.
CGI::param called in list context from /home/cpansand/.cpan/build/Data-RuledValidator-0.13-gnhlgj/blib/lib/Data/RuledValidator.pm line 258, this can lead to vulnerabilities. See the warning in "Fetching the value or values of a single named parameter" at /opt/perl-5.20.2/lib/site_perl/5.20.2/CGI.pm line 408.
CGI::param called in list context from /home/cpansand/.cpan/build/Data-RuledValidator-0.13-gnhlgj/blib/lib/Data/RuledValidator.pm line 258, this can lead to vulnerabilities. See the warning in "Fetching the value or values of a single named parameter" at /opt/perl-5.20.2/lib/site_perl/5.20.2/CGI.pm line 408.
CGI::param called in list context from /home/cpansand/.cpan/build/Data-RuledValidator-0.13-gnhlgj/blib/lib/Data/RuledValidator.pm line 258, this can lead to vulnerabilities. See the warning in "Fetching the value or values of a single named parameter" at /opt/perl-5.20.2/lib/site_perl/5.20.2/CGI.pm line 408.
CGI::param called in list context from /home/cpansand/.cpan/build/Data-RuledValidator-0.13-gnhlgj/blib/lib/Data/RuledValidator.pm line 258, this can lead to vulnerabilities. See the warning in "Fetching the value or values of a single named parameter" at /opt/perl-5.20.2/lib/site_perl/5.20.2/CGI.pm line 408.
CGI::param called in list context from /home/cpansand/.cpan/build/Data-RuledValidator-0.13-gnhlgj/blib/lib/Data/RuledValidator.pm line 258, this can lead to vulnerabilities. See the warning in "Fetching the value or values of a single named parameter" at /opt/perl-5.20.2/lib/site_perl/5.20.2/CGI.pm line 408.
CGI::param called in list context from /home/cpansand/.cpan/build/Data-RuledValidator-0.13-gnhlgj/blib/lib/Data/RuledValidator.pm line 258, this can lead to vulnerabilities. See the warning in "Fetching the value or values of a single named parameter" at /opt/perl-5.20.2/lib/site_perl/5.20.2/CGI.pm line 408.
CGI::param called in list context from /home/cpansand/.cpan/build/Data-RuledValidator-0.13-gnhlgj/blib/lib/Data/RuledValidator.pm line 258, this can lead to vulnerabilities. See the warning in "Fetching the value or values of a single named parameter" at /opt/perl-5.20.2/lib/site_perl/5.20.2/CGI.pm line 408.
CGI::param called in list context from /home/cpansand/.cpan/build/Data-RuledValidator-0.13-gnhlgj/blib/lib/Data/RuledValidator.pm line 258, this can lead to vulnerabilities. See the warning in "Fetching the value or values of a single named parameter" at /opt/perl-5.20.2/lib/site_perl/5.20.2/CGI.pm line 408.
CGI::param called in list context from /home/cpansand/.cpan/build/Data-RuledValidator-0.13-gnhlgj/blib/lib/Data/RuledValidator.pm line 258, this can lead to vulnerabilities. See the warning in "Fetching the value or values of a single named parameter" at /opt/perl-5.20.2/lib/site_perl/5.20.2/CGI.pm line 408.
CGI::param called in list context from /home/cpansand/.cpan/build/Data-RuledValidator-0.13-gnhlgj/blib/lib/Data/RuledValidator.pm line 258, this can lead to vulnerabilities. See the warning in "Fetching the value or values of a single named parameter" at /opt/perl-5.20.2/lib/site_perl/5.20.2/CGI.pm line 408.
CGI::param called in list context from /home/cpansand/.cpan/build/Data-RuledValidator-0.13-gnhlgj/blib/lib/Data/RuledValidator.pm line 258, this can lead to vulnerabilities. See the warning in "Fetching the value or values of a single named parameter" at /opt/perl-5.20.2/lib/site_perl/5.20.2/CGI.pm line 408.
CGI::param called in list context from /home/cpansand/.cpan/build/Data-RuledValidator-0.13-gnhlgj/blib/lib/Data/RuledValidator.pm line 258, this can lead to vulnerabilities. See the warning in "Fetching the value or values of a single named parameter" at /opt/perl-5.20.2/lib/site_perl/5.20.2/CGI.pm line 408.
CGI::param called in list context from /home/cpansand/.cpan/build/Data-RuledValidator-0.13-gnhlgj/blib/lib/Data/RuledValidator.pm line 258, this can lead to vulnerabilities. See the warning in "Fetching the value or values of a single named parameter" at /opt/perl-5.20.2/lib/site_perl/5.20.2/CGI.pm line 408.
CGI::param called in list context from /home/cpansand/.cpan/build/Data-RuledValidator-0.13-gnhlgj/blib/lib/Data/RuledValidator.pm line 258, this can lead to vulnerabilities. See the warning in "Fetching the value or values of a single named parameter" at /opt/perl-5.20.2/lib/site_perl/5.20.2/CGI.pm line 408.
CGI::param called in list context from /home/cpansand/.cpan/build/Data-RuledValidator-0.13-gnhlgj/blib/lib/Data/RuledValidator.pm line 258, this can lead to vulnerabilities. See the warning in "Fetching the value or values of a single named parameter" at /opt/perl-5.20.2/lib/site_perl/5.20.2/CGI.pm line 408.
CGI::param called in list context from /home/cpansand/.cpan/build/Data-RuledValidator-0.13-gnhlgj/blib/lib/Data/RuledValidator.pm line 258, this can lead to vulnerabilities. See the warning in "Fetching the value or values of a single named parameter" at /opt/perl-5.20.2/lib/site_perl/5.20.2/CGI.pm line 408.
CGI::param called in list context from /home/cpansand/.cpan/build/Data-RuledValidator-0.13-gnhlgj/blib/lib/Data/RuledValidator.pm line 258, this can lead to vulnerabilities. See the warning in "Fetching the value or values of a single named parameter" at /opt/perl-5.20.2/lib/site_perl/5.20.2/CGI.pm line 408.
CGI::param called in list context from /home/cpansand/.cpan/build/Data-RuledValidator-0.13-gnhlgj/blib/lib/Data/RuledValidator.pm line 258, this can lead to vulnerabilities. See the warning in "Fetching the value or values of a single named parameter" at /opt/perl-5.20.2/lib/site_perl/5.20.2/CGI.pm line 408.
t/sentence-cgi.t ..... ok
t/sentence-object.t .. ok

Test Summary Report
-------------------
t/rule-complicate.t (Wstat: 65280 Tests: 17 Failed: 0)
  Non-zero exit status: 255
Files=7, Tests=164,  7 wallclock secs ( 0.14 usr  0.01 sys +  3.36 cusr  0.23 csys =  3.74 CPU)
Result: FAIL
Failed 1/7 test programs. 0/164 subtests failed.
Makefile:884: recipe for target 'test_dynamic' failed
make: *** [test_dynamic] Error 255

------------------------------
PREREQUISITES
------------------------------

Prerequisite modules loaded:

requires:

    Module              Need Have   
    ------------------- ---- -------
    Class::Inspector    0    1.28   
    Email::Valid        0.15 1.196  
    Email::Valid::Loose 0.04 0.05   
    File::Slurp         0.01 9999.19
    List::MoreUtils     0    0.410  
    Module::Pluggable   0    5.1    
    Test::Base          0    0.88   
    UNIVERSAL::require  0    0.18   

build_requires:

    Module              Need Have   
    ------------------- ---- -------
    ExtUtils::MakeMaker 0    7.04   

configure_requires:

    Module              Need Have   
    ------------------- ---- -------
    ExtUtils::MakeMaker 0    7.04   


------------------------------
ENVIRONMENT AND OTHER CONTEXT
------------------------------

Environment variables:

    DBIC_NO_WARN_BAD_PERL = 1
    LANG = en_US.UTF-8
    LANGUAGE = en_US:en
    PATH = /usr/local/bin:/usr/bin:/bin:/usr/local/sbin:/usr/sbin:/sbin:/home/cpansand/bin/linux-gnu:/home/cpansand/bin/sh:/home/cpansand/bin:/usr/games:/home/cpansand/devel:/home/eserte/src/srezic-misc/scripts
    PERL5LIB = 
    PERL5OPT = 
    PERL5_CPANPLUS_IS_RUNNING = 16497
    PERL5_CPAN_IS_RUNNING = 16497
    PERL5_CPAN_IS_RUNNING_IN_RECURSION = 15755,16497
    PERLDOC = -MPod::Perldoc::ToTextOverstrike
    PERL_BATCH = yes
    PERL_CPAN_REPORTER_CONFIG = /run/user/1023/cpansmoker/cpanreporter_001_config.ini
    PERL_EXTUTILS_AUTOINSTALL = --defaultdeps
    PERL_HTML_DISPLAY_CLASS = HTML::Display::Mozilla
    SHELL = /bin/zsh
    TERM = screen
    TMPDIR = /run/user/1023/cpansmoker

Perl special variables (and OS-specific diagnostics, for MSWin32):

    $^X = /opt/perl-5.20.2/bin/perl
    $UID/$EUID = 1023 / 1023
    $GID = 1023 1023
    $EGID = 1023 1023

Perl module toolchain versions installed:

    Module              Have    
    ------------------- --------
    CPAN                2.10    
    CPAN::Meta          2.150001
    Cwd                 3.48_01 
    ExtUtils::CBuilder  0.280217
    ExtUtils::Command   1.18    
    ExtUtils::Install   1.67    
    ExtUtils::MakeMaker 7.04    
    ExtUtils::Manifest  1.70    
    ExtUtils::ParseXS   3.24    
    File::Spec          3.48_01 
    JSON                2.90    
    JSON::PP            2.27203 
    Module::Build       0.4211  
    Module::Signature   0.78    
    Parse::CPAN::Meta   1.4414  
    Test::Harness       3.30    
    Test::More          1.001014
    YAML                1.15    
    YAML::Syck          1.29    
    version             0.9912  


--

Summary of my perl5 (revision 5 version 20 subversion 2) configuration:
   
  Platform:
    osname=linux, osvers=3.16.0-4-amd64, archname=x86_64-linux
    uname='linux cvrsnica-jessie 3.16.0-4-amd64 #1 smp debian 3.16.7-2 (2014-11-06) x86_64 gnulinux '
    config_args='-ds -e -Dprefix=/opt/perl-5.20.2'
    hint=recommended, useposix=true, d_sigaction=define
    useithreads=undef, usemultiplicity=undef
    use64bitint=define, use64bitall=define, uselongdouble=undef
    usemymalloc=n, bincompat5005=undef
  Compiler:
    cc='cc', ccflags ='-fwrapv -fno-strict-aliasing -pipe -fstack-protector -I/usr/local/include -D_LARGEFILE_SOURCE -D_FILE_OFFSET_BITS=64',
    optimize='-O2',
    cppflags='-fwrapv -fno-strict-aliasing -pipe -fstack-protector -I/usr/local/include'
    ccversion='', gccversion='4.9.1', gccosandvers=''
    intsize=4, longsize=8, ptrsize=8, doublesize=8, byteorder=12345678
    d_longlong=define, longlongsize=8, d_longdbl=define, longdblsize=16
    ivtype='long', ivsize=8, nvtype='double', nvsize=8, Off_t='off_t', lseeksize=8
    alignbytes=8, prototype=define
  Linker and Libraries:
    ld='cc', ldflags =' -fstack-protector -L/usr/local/lib'
    libpth=/usr/local/lib /usr/lib/gcc/x86_64-linux-gnu/4.9/include-fixed /usr/include/x86_64-linux-gnu /usr/lib /lib/x86_64-linux-gnu /lib/../lib /usr/lib/x86_64-linux-gnu /usr/lib/../lib /lib
    libs=-lnsl -lgdbm -ldb -ldl -lm -lcrypt -lutil -lc -lgdbm_compat
    perllibs=-lnsl -ldl -lm -lcrypt -lutil -lc
    libc=libc-2.19.so, so=so, useshrplib=false, libperl=libperl.a
    gnulibc_version='2.19'
  Dynamic Linking:
    dlsrc=dl_dlopen.xs, dlext=so, d_dlsymun=undef, ccdlflags='-Wl,-E'
    cccdlflags='-fPIC', lddlflags='-shared -O2 -L/usr/local/lib -fstack-protector'


Characteristics of this binary (from libperl): 
  Compile-time options: HAS_TIMES PERLIO_LAYERS PERL_DONT_CREATE_GVSV
                        PERL_HASH_FUNC_ONE_AT_A_TIME_HARD PERL_MALLOC_WRAP
                        PERL_NEW_COPY_ON_WRITE PERL_PRESERVE_IVUV
                        USE_64_BIT_ALL USE_64_BIT_INT USE_LARGE_FILES
                        USE_LOCALE USE_LOCALE_COLLATE USE_LOCALE_CTYPE
                        USE_LOCALE_NUMERIC USE_PERLIO USE_PERL_ATOF
  Built under linux
  Compiled at Feb 14 2015 22:24:23
  %ENV:
    PERL5LIB=""
    PERL5OPT=""
    PERL5_CPANPLUS_IS_RUNNING="16497"
    PERL5_CPAN_IS_RUNNING="16497"
    PERL5_CPAN_IS_RUNNING_IN_RECURSION="15755,16497"
    PERLDOC="-MPod::Perldoc::ToTextOverstrike"
    PERL_BATCH="yes"
    PERL_CPAN_REPORTER_CONFIG="/run/user/1023/cpansmoker/cpanreporter_001_config.ini"
    PERL_EXTUTILS_AUTOINSTALL="--defaultdeps"
    PERL_HTML_DISPLAY_CLASS="HTML::Display::Mozilla"
  @INC:
    /opt/perl-5.20.2/lib/site_perl/5.20.2/x86_64-linux
    /opt/perl-5.20.2/lib/site_perl/5.20.2
    /opt/perl-5.20.2/lib/5.20.2/x86_64-linux
    /opt/perl-5.20.2/lib/5.20.2
    .