WebService-RESTCountries v0.3 Perl 5 v5.20.2 amd64-freebsd
- Status
- Fail
- From
- Slaven Rezić
- Dist
-
WebService-RESTCountries v0.3
- Platform
- Perl 5 v5.20.2 amd64-freebsd
- Date
- 2022-02-18 20:25:08
- ID
- dd9d3fa0-90f8-11ec-9916-755f1f24ea8f
This distribution has been tested as part of the CPAN Testers
project, supporting the Perl programming language. See
http://wiki.cpantesters.org/ for more information or email
questions to cpan-testers-discuss@perl.org
--
Dear Kian Meng, Ang,
This is a computer-generated report for WebService-RESTCountries-0.3
on perl 5.20.2, created by CPAN-Reporter-1.2018.
Thank you for uploading your work to CPAN. However, there was a problem
testing your distribution.
If you think this report is invalid, please consult the CPAN Testers Wiki
for suggestions on how to avoid getting FAIL reports for missing library
or binary dependencies, unsupported operating systems, and so on:
http://wiki.cpantesters.org/wiki/CPANAuthorNotes
Sections of this report:
* Tester comments
* Program output
* Prerequisites
* Environment and other context
------------------------------
TESTER COMMENTS
------------------------------
Additional comments from tester:
none provided
------------------------------
PROGRAM OUTPUT
------------------------------
Output from './Build test':
t/00-compile.t ...................... ok
# Testing with Perl 5.020002, /usr/perl5.20.2p/bin/perl
# CHI version is 0.60
# Data::Serializer version is 0.60
# Digest::MD5 version is 2.58
# JSON version is 4.04
# Module::Build::Tiny version is 0.039
# Moo version is 2.005004
# REST::Client version is 273
# Role::REST::Client version is 0.22
# Sereal version is 4.021
# Test::DistManifest version is 1.014
# Test::HasVersion version is 0.013
# Test::More version is 1.302186
# Test::Warn version is 0.36
# Types::Standard version is 1.012004
# namespace::clean version is 0.27
# strictures version is 2.000006
t/000-report-versions.t ............. ok
t/00_compile.t ...................... ok
t/01_instantiation.t ................ ok
t/02_request.t ...................... ok
t/03_search_all.t ................... ok
t/04_search_by_country_name.t ....... ok
t/05_search_by_country_full_name.t .. ok
t/06_search_by_country_code.t ....... ok
t/07_search_by_country_codes.t ...... ok
t/08_search_by_currency.t ........... ok
t/09_search_by_language_code.t ...... ok
t/10_search_by_capital_city.t ....... ok
t/11_search_by_calling_code.t ....... ok
t/12_search_by_region.t ............. ok
t/13_search_by_region_bloc.t ........ ok
# Failed test 'expect API endpoint is up'
# at t/14_ping.t line 14.
# got: '0'
# expected: '1'
# Looks like you failed 1 test of 2.
t/14_ping.t .........................
Dubious, test returned 1 (wstat 256, 0x100)
Failed 1/2 subtests
t/15_download.t ..................... ok
t/author-eol.t ...................... skipped: these tests are for testing by the author
t/author-minimum-version.t .......... skipped: these tests are for testing by the author
t/author-pod-coverage.t ............. skipped: these tests are for testing by the author
t/author-pod-syntax.t ............... skipped: these tests are for testing by the author
t/release-dist-manifest.t ........... skipped: these tests are for release candidate testing
t/release-distmeta.t ................ skipped: these tests are for release candidate testing
t/release-has-version.t ............. skipped: these tests are for release candidate testing
t/release-kwalitee.t ................ skipped: these tests are for release candidate testing
t/release-unused-vars.t ............. skipped: these tests are for release candidate testing
Test Summary Report
-------------------
t/14_ping.t (Wstat: 256 Tests: 2 Failed: 1)
Failed test: 1
Non-zero exit status: 1
Files=27, Tests=93, 368 wallclock secs ( 0.01 usr 0.13 sys + 0.75 cusr 3.35 csys = 4.24 CPU)
Result: FAIL
------------------------------
PREREQUISITES
------------------------------
Prerequisite modules loaded:
requires:
Module Need Have
------------------- -------- --------
CHI 0 0.60
Data::Serializer 0 0.60
Digest::MD5 0 2.58
JSON 0 4.04
Moo 0 2.005004
namespace::clean 0 0.27
REST::Client 0 273
Role::REST::Client 0 0.22
Sereal 0 4.021
strictures 2 2.000006
Types::Standard 0 1.012004
build_requires:
Module Need Have
------------------- -------- --------
Test::DistManifest 0 1.014
Test::HasVersion 0 0.013
Test::Kwalitee 0 1.27
Test::More 0 1.302186
Test::Warn 0 0.36
configure_requires:
Module Need Have
------------------- -------- --------
Module::Build::Tiny 0.034 0.039
perl 5.008005 5.020002
------------------------------
ENVIRONMENT AND OTHER CONTEXT
------------------------------
Environment variables:
LC_ALL = de_DE.ISO8859-1
PATH = /usr/local/bin:/usr/bin:/bin:/usr/local/sbin:/usr/sbin:/sbin:/home/cpansand/bin/freebsd10.3:/home/cpansand/bin/sh:/home/cpansand/bin:/usr/games:/home/cpansand/devel:/home/eserte/src/srezic-misc/scripts
PERL5LIB =
PERL5OPT =
PERL5_CPANPLUS_IS_RUNNING = 42299
PERL5_CPAN_IS_RUNNING = 42299
PERL5_CPAN_IS_RUNNING_IN_RECURSION = 93801,42299
PERLDOC = -MPod::Perldoc::ToTextOverstrike
PERL_BATCH = yes
PERL_CANARY_STABILITY_NOPROMPT = 1
PERL_CPAN_REPORTER_CONFIG = /var/tmp/cpansmoker-1023/2022021808/cpanreporter_001_config.ini
PERL_EXTUTILS_AUTOINSTALL = --defaultdeps
PERL_USE_UNSAFE_INC = 1
SHELL = /usr/local/bin/zsh
TERM = screen
TMPDIR = /var/tmp/cpansmoker-1023/2022021808
Perl special variables (and OS-specific diagnostics, for MSWin32):
$^X = /usr/perl5.20.2p/bin/perl
$UID/$EUID = 1023 / 1023
$GID = 1023 1023
$EGID = 1023 1023
Perl module toolchain versions installed:
Module Have
------------------- --------
CPAN 2.28
CPAN::Meta 2.150010
Cwd 3.75
ExtUtils::CBuilder 0.280235
ExtUtils::Command 7.62
ExtUtils::Install 2.20
ExtUtils::MakeMaker 7.62
ExtUtils::Manifest 1.70
ExtUtils::ParseXS 3.35
File::Spec 3.75
JSON 4.04
JSON::PP 4.07
Module::Build 0.4229
Module::Signature 0.87
Parse::CPAN::Meta 2.150010
Test::Harness 3.42
Test::More 1.302186
YAML 1.30
YAML::Syck 1.34
version 0.9928
--
Summary of my perl5 (revision 5 version 20 subversion 2) configuration:
Platform:
osname=freebsd, osvers=10.1-release, archname=amd64-freebsd
uname='freebsd cvrsnica-freebsd-101.herceg.de 10.1-release freebsd 10.1-release #0 r274401: tue nov 11 21:02:49 utc 2014 root@releng1.nyi.freebsd.org:usrobjusrsrcsysgeneric amd64 '
config_args='-ds -e -Dprefix=/usr/perl5.20.2p'
hint=recommended, useposix=true, d_sigaction=define
useithreads=undef, usemultiplicity=undef
use64bitint=define, use64bitall=define, uselongdouble=undef
usemymalloc=n, bincompat5005=undef
Compiler:
cc='cc', ccflags ='-DHAS_FPSETMASK -DHAS_FLOATINGPOINT_H -fno-strict-aliasing -pipe -fstack-protector -I/usr/local/include',
optimize='-O',
cppflags='-DHAS_FPSETMASK -DHAS_FLOATINGPOINT_H -fno-strict-aliasing -pipe -fstack-protector -I/usr/local/include'
ccversion='', gccversion='4.2.1 Compatible FreeBSD Clang 3.4.1 (tags/RELEASE_34/dot1-final 208032)', gccosandvers=''
intsize=4, longsize=8, ptrsize=8, doublesize=8, byteorder=12345678
d_longlong=define, longlongsize=8, d_longdbl=define, longdblsize=16
ivtype='long', ivsize=8, nvtype='double', nvsize=8, Off_t='off_t', lseeksize=8
alignbytes=8, prototype=define
Linker and Libraries:
ld='cc', ldflags ='-pthread -Wl,-E -fstack-protector -L/usr/local/lib'
libpth=/usr/lib /usr/local/lib /usr/include/clang/3.4.1 /usr/lib
libs=-lgdbm -lm -lcrypt -lutil -lc
perllibs=-lm -lcrypt -lutil -lc
libc=, so=so, useshrplib=false, libperl=libperl.a
gnulibc_version=''
Dynamic Linking:
dlsrc=dl_dlopen.xs, dlext=so, d_dlsymun=undef, ccdlflags=' '
cccdlflags='-DPIC -fPIC', lddlflags='-shared -L/usr/local/lib -fstack-protector'
Characteristics of this binary (from libperl):
Compile-time options: HAS_TIMES PERLIO_LAYERS PERL_DONT_CREATE_GVSV
PERL_HASH_FUNC_ONE_AT_A_TIME_HARD PERL_MALLOC_WRAP
PERL_NEW_COPY_ON_WRITE PERL_PRESERVE_IVUV
USE_64_BIT_ALL USE_64_BIT_INT USE_LARGE_FILES
USE_LOCALE USE_LOCALE_COLLATE USE_LOCALE_CTYPE
USE_LOCALE_NUMERIC USE_PERLIO USE_PERL_ATOF
Built under freebsd
Compiled at Feb 14 2015 20:35:40
%ENV:
PERL5LIB=""
PERL5OPT=""
PERL5_CPANPLUS_IS_RUNNING="42299"
PERL5_CPAN_IS_RUNNING="42299"
PERL5_CPAN_IS_RUNNING_IN_RECURSION="93801,42299"
PERLDOC="-MPod::Perldoc::ToTextOverstrike"
PERL_BATCH="yes"
PERL_CANARY_STABILITY_NOPROMPT="1"
PERL_CPAN_REPORTER_CONFIG="/var/tmp/cpansmoker-1023/2022021808/cpanreporter_001_config.ini"
PERL_EXTUTILS_AUTOINSTALL="--defaultdeps"
PERL_USE_UNSAFE_INC="1"
@INC:
/usr/perl5.20.2p/lib/site_perl/5.20.2/amd64-freebsd
/usr/perl5.20.2p/lib/site_perl/5.20.2
/usr/perl5.20.2p/lib/5.20.2/amd64-freebsd
/usr/perl5.20.2p/lib/5.20.2
.