WebService-RESTCountries v0.3 Perl 5 v5.32.1 amd64-openbsd
- Status
- Fail
- From
- Alceu Rodrigues de Freitas Junior
- Dist
-
WebService-RESTCountries v0.3
- Platform
- Perl 5 v5.32.1 amd64-openbsd
- Date
- 2022-04-24 16:37:45
- ID
- de40e37c-c3ec-11ec-b24c-ad465fb94fb8
This distribution has been tested as part of the CPAN Testers
project, supporting the Perl programming language. See
http://wiki.cpantesters.org/ for more information or email
questions to cpan-testers-discuss@perl.org
--
Dear Kian Meng, Ang,
This is a computer-generated report for WebService-RESTCountries-0.3
on perl 5.32.1, created by CPAN-Reporter-1.2018.
Thank you for uploading your work to CPAN. However, there was a problem
testing your distribution.
If you think this report is invalid, please consult the CPAN Testers Wiki
for suggestions on how to avoid getting FAIL reports for missing library
or binary dependencies, unsupported operating systems, and so on:
http://wiki.cpantesters.org/wiki/CPANAuthorNotes
Sections of this report:
* Tester comments
* Program output
* Prerequisites
* Environment and other context
------------------------------
TESTER COMMENTS
------------------------------
Additional comments from tester:
this report is from an automated smoke testing program
and was not reviewed by a human for accuracy
------------------------------
PROGRAM OUTPUT
------------------------------
Output from './Build test':
t/00-compile.t ...................... ok
# Testing with Perl 5.032001, /usr/bin/perl
# CHI version is 0.61
# Data::Serializer version is 0.65
# Digest::MD5 version is 2.58
# JSON version is 4.05
# Module::Build::Tiny version is 0.039
# Moo version is 2.005004
# REST::Client version is 281
# Role::REST::Client version is 0.23
# Sereal version is 4.023
# Test::DistManifest version is 1.014
# Test::HasVersion version is 0.014
# Test::More version is 1.302190
# Test::Warn version is 0.36
# Types::Standard version is 1.012004
# namespace::clean version is 0.27
# strictures version is 2.000006
t/000-report-versions.t ............. ok
t/00_compile.t ...................... ok
t/01_instantiation.t ................ ok
t/02_request.t ...................... ok
t/03_search_all.t ................... ok
t/04_search_by_country_name.t ....... ok
t/05_search_by_country_full_name.t .. ok
t/06_search_by_country_code.t ....... ok
t/07_search_by_country_codes.t ...... ok
t/08_search_by_currency.t ........... ok
t/09_search_by_language_code.t ...... ok
t/10_search_by_capital_city.t ....... ok
t/11_search_by_calling_code.t ....... ok
t/12_search_by_region.t ............. ok
t/13_search_by_region_bloc.t ........ ok
# Failed test 'expect API endpoint is up'
# at t/14_ping.t line 14.
# got: '0'
# expected: '1'
# Looks like you failed 1 test of 2.
t/14_ping.t .........................
Dubious, test returned 1 (wstat 256, 0x100)
Failed 1/2 subtests
t/15_download.t ..................... ok
t/author-eol.t ...................... skipped: these tests are for testing by the author
t/author-minimum-version.t .......... skipped: these tests are for testing by the author
t/author-pod-coverage.t ............. skipped: these tests are for testing by the author
t/author-pod-syntax.t ............... skipped: these tests are for testing by the author
t/release-dist-manifest.t ........... skipped: these tests are for release candidate testing
t/release-distmeta.t ................ skipped: these tests are for release candidate testing
t/release-has-version.t ............. skipped: these tests are for release candidate testing
t/release-kwalitee.t ................ skipped: these tests are for release candidate testing
t/release-unused-vars.t ............. skipped: these tests are for release candidate testing
Test Summary Report
-------------------
t/14_ping.t (Wstat: 256 (exited 1) Tests: 2 Failed: 1)
Failed test: 1
Non-zero exit status: 1
Files=27, Tests=93, 371 wallclock secs ( 0.13 usr 0.09 sys + 9.10 cusr 2.12 csys = 11.44 CPU)
Result: FAIL
------------------------------
PREREQUISITES
------------------------------
Prerequisite modules loaded:
requires:
Module Need Have
------------------- -------- --------
CHI 0 0.61
Data::Serializer 0 0.65
Digest::MD5 0 2.58
JSON 0 4.05
Moo 0 2.005004
namespace::clean 0 0.27
REST::Client 0 281
Role::REST::Client 0 0.23
Sereal 0 4.023
strictures 2 2.000006
Types::Standard 0 1.012004
build_requires:
Module Need Have
------------------- -------- --------
Test::DistManifest 0 1.014
Test::HasVersion 0 0.014
Test::Kwalitee 0 1.28
Test::More 0 1.302190
Test::Warn 0 0.36
configure_requires:
Module Need Have
------------------- -------- --------
Module::Build::Tiny 0.034 0.039
perl 5.008005 5.032001
------------------------------
ENVIRONMENT AND OTHER CONTEXT
------------------------------
Environment variables:
AUTOMATED_TESTING = 1
PATH = /home/goku/perl5/bin:/usr/bin:/bin:/usr/sbin:/sbin:/usr/X11R6/bin:/usr/local/bin:/usr/local/sbin
PERL5LIB = /home/goku/perl5/lib/perl5
PERL5OPT =
PERL5_CPANPLUS_IS_RUNNING = 36932
PERL5_CPAN_IS_RUNNING = 36932
PERL5_CPAN_IS_RUNNING_IN_RECURSION = 40816,36932
PERL_CR_SMOKER_CURRENT = WebService-RESTCountries-0.3
PERL_EXTUTILS_AUTOINSTALL = --defaultdeps
PERL_LOCAL_LIB_ROOT = /home/goku/perl5
PERL_MB_OPT = --install_base "/home/goku/perl5"
PERL_MM_OPT = INSTALL_BASE=/home/goku/perl5
PERL_MM_USE_DEFAULT = 1
PERL_USE_UNSAFE_INC = 1
SHELL = /bin/ksh
TERM = xterm-256color
Perl special variables (and OS-specific diagnostics, for MSWin32):
$^X = /usr/bin/perl
$UID/$EUID = 1001 / 1001
$GID = 1002 1002 1001
$EGID = 1002 1002 1001
Perl module toolchain versions installed:
Module Have
------------------- --------
CPAN 2.33
CPAN::Meta 2.150010
Cwd 3.78
ExtUtils::CBuilder 0.280236
ExtUtils::Command 7.64
ExtUtils::Install 2.20
ExtUtils::MakeMaker 7.64
ExtUtils::Manifest 1.73
ExtUtils::ParseXS 3.44
File::Spec 3.78
JSON 4.05
JSON::PP 4.08
Module::Build 0.4231
Module::Signature n/a
Parse::CPAN::Meta 2.150010
Test::Harness 3.44
Test::More 1.302190
YAML 1.30
YAML::Syck 1.34
version 0.9929
--
Summary of my perl5 (revision 5 version 32 subversion 1) configuration:
Platform:
osname=openbsd
osvers=7.0
archname=amd64-openbsd
uname='openbsd'
config_args='-dse -Dopenbsd_distribution=defined -Dmksymlinks'
hint=recommended
useposix=true
d_sigaction=define
useithreads=undef
usemultiplicity=undef
use64bitint=define
use64bitall=define
uselongdouble=undef
usemymalloc=n
default_inc_excludes_dot=define
bincompat5005=undef
Compiler:
cc='cc'
ccflags ='-DNO_LOCALE_NUMERIC -DNO_LOCALE_COLLATE -fno-strict-aliasing -fno-delete-null-pointer-checks -pipe -fstack-protector-strong -I/usr/local/include'
optimize='-O2'
cppflags='-DBIG_TIME -DNO_LOCALE_NUMERIC -DNO_LOCALE_COLLATE -fno-strict-aliasing -fno-delete-null-pointer-checks -pipe -fstack-protector-strong -I/usr/local/include'
ccversion=''
gccversion='OpenBSD Clang 11.1.0'
gccosandvers=''
intsize=4
longsize=8
ptrsize=8
doublesize=8
byteorder=12345678
doublekind=3
d_longlong=define
longlongsize=8
d_longdbl=define
longdblsize=16
longdblkind=3
ivtype='long'
ivsize=8
nvtype='double'
nvsize=8
Off_t='off_t'
lseeksize=8
alignbytes=8
prototype=define
Linker and Libraries:
ld='cc'
ldflags ='-Wl,-E -fstack-protector-strong -L/usr/local/lib'
libpth=/usr/lib /usr/local/lib
libs=-lm -lc
perllibs=-lm -lc
libc=/usr/lib/libc.so.96.1
so=so
useshrplib=true
libperl=libperl.so.22.0
gnulibc_version=''
Dynamic Linking:
dlsrc=dl_dlopen.xs
dlext=so
d_dlsymun=undef
ccdlflags='-Wl,-R/usr/libdata/perl5/amd64-openbsd/CORE'
cccdlflags='-DPIC -fpic '
lddlflags='-shared -fpic -fstack-protector-strong -L/usr/local/lib'
Characteristics of this binary (from libperl):
Compile-time options:
HAS_TIMES
PERLIO_LAYERS
PERL_COPY_ON_WRITE
PERL_DONT_CREATE_GVSV
PERL_MALLOC_WRAP
PERL_OP_PARENT
PERL_PRESERVE_IVUV
USE_64_BIT_ALL
USE_64_BIT_INT
USE_LARGE_FILES
USE_LOCALE
USE_LOCALE_CTYPE
USE_LOCALE_TIME
USE_PERLIO
USE_PERL_ATOF
Built under openbsd
%ENV:
PERL5LIB="/home/goku/perl5/lib/perl5"
PERL5OPT=""
PERL5_CPANPLUS_IS_RUNNING="36932"
PERL5_CPAN_IS_RUNNING="36932"
PERL5_CPAN_IS_RUNNING_IN_RECURSION="40816,36932"
PERL_CR_SMOKER_CURRENT="WebService-RESTCountries-0.3"
PERL_EXTUTILS_AUTOINSTALL="--defaultdeps"
PERL_LOCAL_LIB_ROOT="/home/goku/perl5"
PERL_MB_OPT="--install_base "/home/goku/perl5""
PERL_MM_OPT="INSTALL_BASE=/home/goku/perl5"
PERL_MM_USE_DEFAULT="1"
PERL_USE_UNSAFE_INC="1"
@INC:
/home/goku/perl5/lib/perl5/amd64-openbsd
/home/goku/perl5/lib/perl5
/usr/local/libdata/perl5/site_perl/amd64-openbsd
/usr/local/libdata/perl5/site_perl
/usr/libdata/perl5/amd64-openbsd
/usr/libdata/perl5
.