GOBO v0.01 Perl 5 v5.24.3 OpenBSD.amd64-openbsd-thread-multi-ld

Status
Fail
From
Alceu Rodrigues de Freitas Junior
Dist
GOBO v0.01
Platform
Perl 5 v5.24.3 OpenBSD.amd64-openbsd-thread-multi-ld
Date
2018-03-24 14:15:56
ID
de92dafa-2f6d-11e8-b499-9b17ca2e601c
This distribution has been tested as part of the CPAN Testers
project, supporting the Perl programming language.  See
http://wiki.cpantesters.org/ for more information or email
questions to cpan-testers-discuss@perl.org


--
Dear Chris Mungall,

This is a computer-generated report for GOBO-0.01
on perl 5.24.3, created by CPAN-Reporter-1.2018.

Thank you for uploading your work to CPAN.  However, there was a problem
testing your distribution.

If you think this report is invalid, please consult the CPAN Testers Wiki
for suggestions on how to avoid getting FAIL reports for missing library
or binary dependencies, unsupported operating systems, and so on:

http://wiki.cpantesters.org/wiki/CPANAuthorNotes

Sections of this report:

    * Tester comments
    * Program output
    * Prerequisites
    * Environment and other context

------------------------------
TESTER COMMENTS
------------------------------

Additional comments from tester:

this report is from an automated smoke testing program
and was not reviewed by a human for accuracy

------------------------------
PROGRAM OUTPUT
------------------------------

Output from '/usr/bin/make test':

PERL_DL_NONLAZY=1 "/home/goku/perl5/perlbrew/perls/perl-5.24.3/bin/perl" "-MExtUtils::Command::MM" "-MTest::Harness" "-e" "undef *Test::Harness::Switches; test_harness(0, 'blib/lib', 'blib/arch')" t/*.t
You cannot coerce an attribute (source) unless its type (GOBO::Node) has a coercion at /home/goku/perl5/perlbrew/perls/perl-5.24.3/lib/site_perl/5.24.3/OpenBSD.amd64-openbsd-thread-multi-ld/Moose/Exporter.pm line 419
	Moose::with('GOBO::Attributed') called at /mnt/cpan_build_dir/goku/GOBO-0.01-0/blib/lib/GOBO/Formula.pm line 4
	require GOBO/Formula.pm at /mnt/cpan_build_dir/goku/GOBO-0.01-0/blib/lib/GOBO/Graph.pm line 56
	GOBO::Graph::BEGIN at /mnt/cpan_build_dir/goku/GOBO-0.01-0/blib/lib/GOBO/Formula.pm line 0
	eval {...} at /mnt/cpan_build_dir/goku/GOBO-0.01-0/blib/lib/GOBO/Formula.pm line 0
	require GOBO/Graph.pm at t/analysis_test.t line 4
	main::BEGIN at /mnt/cpan_build_dir/goku/GOBO-0.01-0/blib/lib/GOBO/Formula.pm line 0
	eval {...} at /mnt/cpan_build_dir/goku/GOBO-0.01-0/blib/lib/GOBO/Formula.pm line 0
Compilation failed in require at /mnt/cpan_build_dir/goku/GOBO-0.01-0/blib/lib/GOBO/Graph.pm line 56.
BEGIN failed--compilation aborted at /mnt/cpan_build_dir/goku/GOBO-0.01-0/blib/lib/GOBO/Graph.pm line 56.
Compilation failed in require at t/analysis_test.t line 4.
BEGIN failed--compilation aborted at t/analysis_test.t line 4.
t/analysis_test.t ............ 
Dubious, test returned 255 (wstat 65280, 0xff00)
No subtests run 
Found unknown argument 'where' in the has declaration for 'strict' in class GOBO::Base at /home/goku/perl5/perlbrew/perls/perl-5.24.3/lib/site_perl/5.24.3/OpenBSD.amd64-openbsd-thread-multi-ld/Moose/Meta/Attribute.pm line 87.
	Moose::Meta::Attribute::new("Moose::Meta::Attribute", "strict", "is", "rw", "where", CODE(0xb2cac3f4bb0), "isa", "Int", ...) called at /home/goku/perl5/perlbrew/perls/perl-5.24.3/lib/site_perl/5.24.3/OpenBSD.amd64-openbsd-thread-multi-ld/Moose/Meta/Attribute.pm line 105
	Moose::Meta::Attribute::interpolate_class_and_new("Moose::Meta::Attribute", "strict", "definition_context", HASH(0xb2c668bc2b0), "is", "rw", "isa", "Int", ...) called at /home/goku/perl5/perlbrew/perls/perl-5.24.3/lib/site_perl/5.24.3/OpenBSD.amd64-openbsd-thread-multi-ld/Moose/Meta/Class.pm line 724
	Moose::Meta::Class::_process_new_attribute(Moose::Meta::Class=HASH(0xb2bde7a2e98), "strict", "definition_context", HASH(0xb2c668bc2b0), "is", "rw", "isa", "Int", ...) called at /home/goku/perl5/perlbrew/perls/perl-5.24.3/lib/site_perl/5.24.3/OpenBSD.amd64-openbsd-thread-multi-ld/Moose/Meta/Class.pm line 717
	Moose::Meta::Class::_process_attribute(Moose::Meta::Class=HASH(0xb2bde7a2e98), "strict", "definition_context", HASH(0xb2c668bc2b0), "is", "rw", "isa", "Int", ...) called at /home/goku/perl5/perlbrew/perls/perl-5.24.3/lib/site_perl/5.24.3/OpenBSD.amd64-openbsd-thread-multi-ld/Moose/Meta/Class.pm line 581
	Moose::Meta::Class::add_attribute(Moose::Meta::Class=HASH(0xb2bde7a2e98), "strict", "definition_context", HASH(0xb2c668bc2b0), "is", "rw", "isa", "Int", ...) called at /home/goku/perl5/perlbrew/perls/perl-5.24.3/lib/site_perl/5.24.3/OpenBSD.amd64-openbsd-thread-multi-ld/Moose.pm line 74
	Moose::has(Moose::Meta::Class=HASH(0xb2bde7a2e98), "strict", "is", "rw", "isa", "Int", "where", CODE(0xb2cac3f4bb0), ...) called at /home/goku/perl5/perlbrew/perls/perl-5.24.3/lib/site_perl/5.24.3/OpenBSD.amd64-openbsd-thread-multi-ld/Moose/Exporter.pm line 419
	Moose::has("strict", "is", "rw", "isa", "Int", "where", CODE(0xb2cac3f4bb0), "default", ...) called at /mnt/cpan_build_dir/goku/GOBO-0.01-0/blib/lib/GOBO/Base.pm line 18
	require GOBO/Base.pm called at /home/goku/perl5/perlbrew/perls/perl-5.24.3/lib/site_perl/5.24.3/Module/Runtime.pm line 314
	Module::Runtime::require_module("GOBO::Base") called at /home/goku/perl5/perlbrew/perls/perl-5.24.3/lib/site_perl/5.24.3/Module/Runtime.pm line 391
	eval {...} called at /home/goku/perl5/perlbrew/perls/perl-5.24.3/lib/site_perl/5.24.3/Module/Runtime.pm line 391
	Module::Runtime::use_package_optimistically("GOBO::Base") called at /home/goku/perl5/perlbrew/perls/perl-5.24.3/lib/site_perl/5.24.3/OpenBSD.amd64-openbsd-thread-multi-ld/Moose/Util.pm line 352
	Moose::Util::_load_user_class("GOBO::Base", undef) called at /home/goku/perl5/perlbrew/perls/perl-5.24.3/lib/site_perl/5.24.3/OpenBSD.amd64-openbsd-thread-multi-ld/Moose/Meta/Class.pm line 569
	Moose::Meta::Class::superclasses(undef, "GOBO::Base") called at /home/goku/perl5/perlbrew/perls/perl-5.24.3/lib/site_perl/5.24.3/OpenBSD.amd64-openbsd-thread-multi-ld/Moose.pm line 53
	Moose::extends(Moose::Meta::Class=HASH(0xb2c4b4ea370), "GOBO::Base") called at /home/goku/perl5/perlbrew/perls/perl-5.24.3/lib/site_perl/5.24.3/OpenBSD.amd64-openbsd-thread-multi-ld/Moose/Exporter.pm line 419
	Moose::extends("GOBO::Base") called at /mnt/cpan_build_dir/goku/GOBO-0.01-0/blib/lib/GOBO/Node.pm line 4
	require GOBO/Node.pm called at /mnt/cpan_build_dir/goku/GOBO-0.01-0/blib/lib/GOBO/Statement.pm line 7
	GOBO::Statement::BEGIN() called at /mnt/cpan_build_dir/goku/GOBO-0.01-0/blib/lib/GOBO/Base.pm line 0
	eval {...} called at /mnt/cpan_build_dir/goku/GOBO-0.01-0/blib/lib/GOBO/Base.pm line 0
	require GOBO/Statement.pm called at /mnt/cpan_build_dir/goku/GOBO-0.01-0/blib/lib/GOBO/ClassExpression/RelationalExpression.pm line 5
	GOBO::ClassExpression::RelationalExpression::BEGIN() called at /mnt/cpan_build_dir/goku/GOBO-0.01-0/blib/lib/GOBO/Base.pm line 0
	eval {...} called at /mnt/cpan_build_dir/goku/GOBO-0.01-0/blib/lib/GOBO/Base.pm line 0
	require GOBO/ClassExpression/RelationalExpression.pm called at /mnt/cpan_build_dir/goku/GOBO-0.01-0/blib/lib/GOBO/ClassExpression.pm line 80
	GOBO::ClassExpression::BEGIN() called at /mnt/cpan_build_dir/goku/GOBO-0.01-0/blib/lib/GOBO/Base.pm line 0
	eval {...} called at /mnt/cpan_build_dir/goku/GOBO-0.01-0/blib/lib/GOBO/Base.pm line 0
	require GOBO/ClassExpression.pm called at t/classexpr.t line 3
	main::BEGIN() called at /mnt/cpan_build_dir/goku/GOBO-0.01-0/blib/lib/GOBO/Base.pm line 0
	eval {...} called at /mnt/cpan_build_dir/goku/GOBO-0.01-0/blib/lib/GOBO/Base.pm line 0
You cannot coerce an attribute (source) unless its type (GOBO::Node) has a coercion at /home/goku/perl5/perlbrew/perls/perl-5.24.3/lib/site_perl/5.24.3/OpenBSD.amd64-openbsd-thread-multi-ld/Moose/Exporter.pm line 419
	Moose::with('GOBO::Attributed') called at /mnt/cpan_build_dir/goku/GOBO-0.01-0/blib/lib/GOBO/Synonym.pm line 17
	require GOBO/Synonym.pm at /mnt/cpan_build_dir/goku/GOBO-0.01-0/blib/lib/GOBO/Labeled.pm line 23
	GOBO::Labeled::BEGIN at /mnt/cpan_build_dir/goku/GOBO-0.01-0/blib/lib/GOBO/Synonym.pm line 0
	eval {...} at /mnt/cpan_build_dir/goku/GOBO-0.01-0/blib/lib/GOBO/Synonym.pm line 0
	require GOBO/Labeled.pm at /home/goku/perl5/perlbrew/perls/perl-5.24.3/lib/site_perl/5.24.3/Module/Runtime.pm line 314
	Module::Runtime::require_module('GOBO::Labeled') called at /home/goku/perl5/perlbrew/perls/perl-5.24.3/lib/site_perl/5.24.3/Module/Runtime.pm line 391
	eval {...} at /home/goku/perl5/perlbrew/perls/perl-5.24.3/lib/site_perl/5.24.3/Module/Runtime.pm line 391
	Module::Runtime::use_package_optimistically('GOBO::Labeled') called at /home/goku/perl5/perlbrew/perls/perl-5.24.3/lib/site_perl/5.24.3/OpenBSD.amd64-openbsd-thread-multi-ld/Moose/Util.pm line 352
	Moose::Util::_load_user_class('GOBO::Labeled', undef) called at /home/goku/perl5/perlbrew/perls/perl-5.24.3/lib/site_perl/5.24.3/OpenBSD.amd64-openbsd-thread-multi-ld/Moose/Util.pm line 147
	Moose::Util::_apply_all_roles('Moose::Meta::Class=HASH(0xb2c4b4ea370)', undef, 'GOBO::Labeled') called at /home/goku/perl5/perlbrew/perls/perl-5.24.3/lib/site_perl/5.24.3/OpenBSD.amd64-openbsd-thread-multi-ld/Moose/Util.pm line 114
	Moose::Util::apply_all_roles('Moose::Meta::Class=HASH(0xb2c4b4ea370)', 'GOBO::Labeled') called at /home/goku/perl5/perlbrew/perls/perl-5.24.3/lib/site_perl/5.24.3/OpenBSD.amd64-openbsd-thread-multi-ld/Moose.pm line 57
	Moose::with('Moose::Meta::Class=HASH(0xb2c4b4ea370)', 'GOBO::Labeled') called at /home/goku/perl5/perlbrew/perls/perl-5.24.3/lib/site_perl/5.24.3/OpenBSD.amd64-openbsd-thread-multi-ld/Moose/Exporter.pm line 419
	Moose::with('GOBO::Labeled') called at /mnt/cpan_build_dir/goku/GOBO-0.01-0/blib/lib/GOBO/Node.pm line 6
	require GOBO/Node.pm at /mnt/cpan_build_dir/goku/GOBO-0.01-0/blib/lib/GOBO/Statement.pm line 7
	GOBO::Statement::BEGIN at /mnt/cpan_build_dir/goku/GOBO-0.01-0/blib/lib/GOBO/Synonym.pm line 0
	eval {...} at /mnt/cpan_build_dir/goku/GOBO-0.01-0/blib/lib/GOBO/Synonym.pm line 0
	require GOBO/Statement.pm at /mnt/cpan_build_dir/goku/GOBO-0.01-0/blib/lib/GOBO/ClassExpression/RelationalExpression.pm line 5
	GOBO::ClassExpression::RelationalExpression::BEGIN at /mnt/cpan_build_dir/goku/GOBO-0.01-0/blib/lib/GOBO/Synonym.pm line 0
	eval {...} at /mnt/cpan_build_dir/goku/GOBO-0.01-0/blib/lib/GOBO/Synonym.pm line 0
	require GOBO/ClassExpression/RelationalExpression.pm at /mnt/cpan_build_dir/goku/GOBO-0.01-0/blib/lib/GOBO/ClassExpression.pm line 80
	GOBO::ClassExpression::BEGIN at /mnt/cpan_build_dir/goku/GOBO-0.01-0/blib/lib/GOBO/Synonym.pm line 0
	eval {...} at /mnt/cpan_build_dir/goku/GOBO-0.01-0/blib/lib/GOBO/Synonym.pm line 0
	require GOBO/ClassExpression.pm at t/classexpr.t line 3
	main::BEGIN at /mnt/cpan_build_dir/goku/GOBO-0.01-0/blib/lib/GOBO/Synonym.pm line 0
	eval {...} at /mnt/cpan_build_dir/goku/GOBO-0.01-0/blib/lib/GOBO/Synonym.pm line 0
Compilation failed in require at /mnt/cpan_build_dir/goku/GOBO-0.01-0/blib/lib/GOBO/Labeled.pm line 23.
BEGIN failed--compilation aborted at /mnt/cpan_build_dir/goku/GOBO-0.01-0/blib/lib/GOBO/Labeled.pm line 23.
Compilation failed in require at /home/goku/perl5/perlbrew/perls/perl-5.24.3/lib/site_perl/5.24.3/Module/Runtime.pm line 314.
Compilation failed in require at /mnt/cpan_build_dir/goku/GOBO-0.01-0/blib/lib/GOBO/Statement.pm line 7.
BEGIN failed--compilation aborted at /mnt/cpan_build_dir/goku/GOBO-0.01-0/blib/lib/GOBO/Statement.pm line 7.
Compilation failed in require at /mnt/cpan_build_dir/goku/GOBO-0.01-0/blib/lib/GOBO/ClassExpression/RelationalExpression.pm line 5.
BEGIN failed--compilation aborted at /mnt/cpan_build_dir/goku/GOBO-0.01-0/blib/lib/GOBO/ClassExpression/RelationalExpression.pm line 5.
Compilation failed in require at /mnt/cpan_build_dir/goku/GOBO-0.01-0/blib/lib/GOBO/ClassExpression.pm line 80.
BEGIN failed--compilation aborted at /mnt/cpan_build_dir/goku/GOBO-0.01-0/blib/lib/GOBO/ClassExpression.pm line 80.
Compilation failed in require at t/classexpr.t line 3.
BEGIN failed--compilation aborted at t/classexpr.t line 3.
t/classexpr.t ................ 
Dubious, test returned 255 (wstat 65280, 0xff00)
No subtests run 
You cannot coerce an attribute (provenance) unless its type (GOBO::Node) has a coercion at /home/goku/perl5/perlbrew/perls/perl-5.24.3/lib/site_perl/5.24.3/OpenBSD.amd64-openbsd-thread-multi-ld/Moose/Exporter.pm line 419
	Moose::with('GOBO::Attributed') called at /mnt/cpan_build_dir/goku/GOBO-0.01-0/blib/lib/GOBO/Formula.pm line 4
	require GOBO/Formula.pm at /mnt/cpan_build_dir/goku/GOBO-0.01-0/blib/lib/GOBO/Graph.pm line 56
	GOBO::Graph::BEGIN at /mnt/cpan_build_dir/goku/GOBO-0.01-0/blib/lib/GOBO/Formula.pm line 0
	eval {...} at /mnt/cpan_build_dir/goku/GOBO-0.01-0/blib/lib/GOBO/Formula.pm line 0
	require GOBO/Graph.pm at t/dbconnect.t line 4
	main::BEGIN at /mnt/cpan_build_dir/goku/GOBO-0.01-0/blib/lib/GOBO/Formula.pm line 0
	eval {...} at /mnt/cpan_build_dir/goku/GOBO-0.01-0/blib/lib/GOBO/Formula.pm line 0
Compilation failed in require at /mnt/cpan_build_dir/goku/GOBO-0.01-0/blib/lib/GOBO/Graph.pm line 56.
BEGIN failed--compilation aborted at /mnt/cpan_build_dir/goku/GOBO-0.01-0/blib/lib/GOBO/Graph.pm line 56.
Compilation failed in require at t/dbconnect.t line 4.
BEGIN failed--compilation aborted at t/dbconnect.t line 4.
t/dbconnect.t ................ 
Dubious, test returned 255 (wstat 65280, 0xff00)
No subtests run 
You cannot coerce an attribute (provenance) unless its type (GOBO::Node) has a coercion at /home/goku/perl5/perlbrew/perls/perl-5.24.3/lib/site_perl/5.24.3/OpenBSD.amd64-openbsd-thread-multi-ld/Moose/Exporter.pm line 419
	Moose::with('GOBO::Attributed') called at /mnt/cpan_build_dir/goku/GOBO-0.01-0/blib/lib/GOBO/Formula.pm line 4
	require GOBO/Formula.pm at /mnt/cpan_build_dir/goku/GOBO-0.01-0/blib/lib/GOBO/Graph.pm line 56
	GOBO::Graph::BEGIN at /mnt/cpan_build_dir/goku/GOBO-0.01-0/blib/lib/GOBO/Formula.pm line 0
	eval {...} at /mnt/cpan_build_dir/goku/GOBO-0.01-0/blib/lib/GOBO/Formula.pm line 0
	require GOBO/Graph.pm at t/gaf_inference_test.t line 4
	main::BEGIN at /mnt/cpan_build_dir/goku/GOBO-0.01-0/blib/lib/GOBO/Formula.pm line 0
	eval {...} at /mnt/cpan_build_dir/goku/GOBO-0.01-0/blib/lib/GOBO/Formula.pm line 0
Compilation failed in require at /mnt/cpan_build_dir/goku/GOBO-0.01-0/blib/lib/GOBO/Graph.pm line 56.
BEGIN failed--compilation aborted at /mnt/cpan_build_dir/goku/GOBO-0.01-0/blib/lib/GOBO/Graph.pm line 56.
Compilation failed in require at t/gaf_inference_test.t line 4.
BEGIN failed--compilation aborted at t/gaf_inference_test.t line 4.
t/gaf_inference_test.t ....... 
Dubious, test returned 255 (wstat 65280, 0xff00)
No subtests run 
You cannot coerce an attribute (provenance) unless its type (GOBO::Node) has a coercion at /home/goku/perl5/perlbrew/perls/perl-5.24.3/lib/site_perl/5.24.3/OpenBSD.amd64-openbsd-thread-multi-ld/Moose/Exporter.pm line 419
	Moose::with('GOBO::Attributed') called at /mnt/cpan_build_dir/goku/GOBO-0.01-0/blib/lib/GOBO/Formula.pm line 4
	require GOBO/Formula.pm at /mnt/cpan_build_dir/goku/GOBO-0.01-0/blib/lib/GOBO/Graph.pm line 56
	GOBO::Graph::BEGIN at /mnt/cpan_build_dir/goku/GOBO-0.01-0/blib/lib/GOBO/Formula.pm line 0
	eval {...} at /mnt/cpan_build_dir/goku/GOBO-0.01-0/blib/lib/GOBO/Formula.pm line 0
	require GOBO/Graph.pm at t/gaftest.t line 3
	main::BEGIN at /mnt/cpan_build_dir/goku/GOBO-0.01-0/blib/lib/GOBO/Formula.pm line 0
	eval {...} at /mnt/cpan_build_dir/goku/GOBO-0.01-0/blib/lib/GOBO/Formula.pm line 0
Compilation failed in require at /mnt/cpan_build_dir/goku/GOBO-0.01-0/blib/lib/GOBO/Graph.pm line 56.
BEGIN failed--compilation aborted at /mnt/cpan_build_dir/goku/GOBO-0.01-0/blib/lib/GOBO/Graph.pm line 56.
Compilation failed in require at t/gaftest.t line 3.
BEGIN failed--compilation aborted at t/gaftest.t line 3.
t/gaftest.t .................. 
Dubious, test returned 255 (wstat 65280, 0xff00)
No subtests run 
You cannot coerce an attribute (provenance) unless its type (GOBO::Node) has a coercion at /home/goku/perl5/perlbrew/perls/perl-5.24.3/lib/site_perl/5.24.3/OpenBSD.amd64-openbsd-thread-multi-ld/Moose/Exporter.pm line 419
	Moose::with('GOBO::Attributed') called at /mnt/cpan_build_dir/goku/GOBO-0.01-0/blib/lib/GOBO/Formula.pm line 4
	require GOBO/Formula.pm at /mnt/cpan_build_dir/goku/GOBO-0.01-0/blib/lib/GOBO/Graph.pm line 56
	GOBO::Graph::BEGIN at /mnt/cpan_build_dir/goku/GOBO-0.01-0/blib/lib/GOBO/Formula.pm line 0
	eval {...} at /mnt/cpan_build_dir/goku/GOBO-0.01-0/blib/lib/GOBO/Formula.pm line 0
	require GOBO/Graph.pm at t/gaftest_chunked.t line 3
	main::BEGIN at /mnt/cpan_build_dir/goku/GOBO-0.01-0/blib/lib/GOBO/Formula.pm line 0
	eval {...} at /mnt/cpan_build_dir/goku/GOBO-0.01-0/blib/lib/GOBO/Formula.pm line 0
Compilation failed in require at /mnt/cpan_build_dir/goku/GOBO-0.01-0/blib/lib/GOBO/Graph.pm line 56.
BEGIN failed--compilation aborted at /mnt/cpan_build_dir/goku/GOBO-0.01-0/blib/lib/GOBO/Graph.pm line 56.
Compilation failed in require at t/gaftest_chunked.t line 3.
BEGIN failed--compilation aborted at t/gaftest_chunked.t line 3.
t/gaftest_chunked.t .......... 
Dubious, test returned 255 (wstat 65280, 0xff00)
No subtests run 
You cannot coerce an attribute (source) unless its type (GOBO::Node) has a coercion at /home/goku/perl5/perlbrew/perls/perl-5.24.3/lib/site_perl/5.24.3/OpenBSD.amd64-openbsd-thread-multi-ld/Moose/Exporter.pm line 419
	Moose::with('GOBO::Attributed') called at /mnt/cpan_build_dir/goku/GOBO-0.01-0/blib/lib/GOBO/Formula.pm line 4
	require GOBO/Formula.pm at /mnt/cpan_build_dir/goku/GOBO-0.01-0/blib/lib/GOBO/Graph.pm line 56
	GOBO::Graph::BEGIN at /mnt/cpan_build_dir/goku/GOBO-0.01-0/blib/lib/GOBO/Formula.pm line 0
	eval {...} at /mnt/cpan_build_dir/goku/GOBO-0.01-0/blib/lib/GOBO/Formula.pm line 0
	require GOBO/Graph.pm at t/graph_creation.t line 11
	main::BEGIN at /mnt/cpan_build_dir/goku/GOBO-0.01-0/blib/lib/GOBO/Formula.pm line 0
	eval {...} at /mnt/cpan_build_dir/goku/GOBO-0.01-0/blib/lib/GOBO/Formula.pm line 0
Compilation failed in require at /mnt/cpan_build_dir/goku/GOBO-0.01-0/blib/lib/GOBO/Graph.pm line 56.
BEGIN failed--compilation aborted at /mnt/cpan_build_dir/goku/GOBO-0.01-0/blib/lib/GOBO/Graph.pm line 56.
Compilation failed in require at t/graph_creation.t line 11.
BEGIN failed--compilation aborted at t/graph_creation.t line 11.
t/graph_creation.t ........... 
Dubious, test returned 255 (wstat 65280, 0xff00)
No subtests run 
You cannot coerce an attribute (provenance) unless its type (GOBO::Node) has a coercion at /home/goku/perl5/perlbrew/perls/perl-5.24.3/lib/site_perl/5.24.3/OpenBSD.amd64-openbsd-thread-multi-ld/Moose/Exporter.pm line 419
	Moose::with('GOBO::Attributed') called at /mnt/cpan_build_dir/goku/GOBO-0.01-0/blib/lib/GOBO/Formula.pm line 4
	require GOBO/Formula.pm at /mnt/cpan_build_dir/goku/GOBO-0.01-0/blib/lib/GOBO/Graph.pm line 56
	GOBO::Graph::BEGIN at /mnt/cpan_build_dir/goku/GOBO-0.01-0/blib/lib/GOBO/Formula.pm line 0
	eval {...} at /mnt/cpan_build_dir/goku/GOBO-0.01-0/blib/lib/GOBO/Formula.pm line 0
	require GOBO/Graph.pm at t/inference_engine_test.t line 4
	main::BEGIN at /mnt/cpan_build_dir/goku/GOBO-0.01-0/blib/lib/GOBO/Formula.pm line 0
	eval {...} at /mnt/cpan_build_dir/goku/GOBO-0.01-0/blib/lib/GOBO/Formula.pm line 0
Compilation failed in require at /mnt/cpan_build_dir/goku/GOBO-0.01-0/blib/lib/GOBO/Graph.pm line 56.
BEGIN failed--compilation aborted at /mnt/cpan_build_dir/goku/GOBO-0.01-0/blib/lib/GOBO/Graph.pm line 56.
Compilation failed in require at t/inference_engine_test.t line 4.
BEGIN failed--compilation aborted at t/inference_engine_test.t line 4.
t/inference_engine_test.t .... 
Dubious, test returned 255 (wstat 65280, 0xff00)
No subtests run 
You cannot coerce an attribute (provenance) unless its type (GOBO::Node) has a coercion at /home/goku/perl5/perlbrew/perls/perl-5.24.3/lib/site_perl/5.24.3/OpenBSD.amd64-openbsd-thread-multi-ld/Moose/Exporter.pm line 419
	Moose::with('GOBO::Attributed') called at /mnt/cpan_build_dir/goku/GOBO-0.01-0/blib/lib/GOBO/Formula.pm line 4
	require GOBO/Formula.pm at /mnt/cpan_build_dir/goku/GOBO-0.01-0/blib/lib/GOBO/Graph.pm line 56
	GOBO::Graph::BEGIN at /mnt/cpan_build_dir/goku/GOBO-0.01-0/blib/lib/GOBO/Formula.pm line 0
	eval {...} at /mnt/cpan_build_dir/goku/GOBO-0.01-0/blib/lib/GOBO/Formula.pm line 0
	require GOBO/Graph.pm at t/logical_definition_test.t line 4
	main::BEGIN at /mnt/cpan_build_dir/goku/GOBO-0.01-0/blib/lib/GOBO/Formula.pm line 0
	eval {...} at /mnt/cpan_build_dir/goku/GOBO-0.01-0/blib/lib/GOBO/Formula.pm line 0
Compilation failed in require at /mnt/cpan_build_dir/goku/GOBO-0.01-0/blib/lib/GOBO/Graph.pm line 56.
BEGIN failed--compilation aborted at /mnt/cpan_build_dir/goku/GOBO-0.01-0/blib/lib/GOBO/Graph.pm line 56.
Compilation failed in require at t/logical_definition_test.t line 4.
BEGIN failed--compilation aborted at t/logical_definition_test.t line 4.
t/logical_definition_test.t .. 
Dubious, test returned 255 (wstat 65280, 0xff00)
No subtests run 
You cannot coerce an attribute (provenance) unless its type (GOBO::Node) has a coercion at /home/goku/perl5/perlbrew/perls/perl-5.24.3/lib/site_perl/5.24.3/OpenBSD.amd64-openbsd-thread-multi-ld/Moose/Exporter.pm line 419
	Moose::with('GOBO::Attributed') called at /mnt/cpan_build_dir/goku/GOBO-0.01-0/blib/lib/GOBO/Formula.pm line 4
	require GOBO/Formula.pm at /mnt/cpan_build_dir/goku/GOBO-0.01-0/blib/lib/GOBO/Graph.pm line 56
	GOBO::Graph::BEGIN at /mnt/cpan_build_dir/goku/GOBO-0.01-0/blib/lib/GOBO/Formula.pm line 0
	eval {...} at /mnt/cpan_build_dir/goku/GOBO-0.01-0/blib/lib/GOBO/Formula.pm line 0
	require GOBO/Graph.pm at t/node_removal.t line 8
	main::BEGIN at /mnt/cpan_build_dir/goku/GOBO-0.01-0/blib/lib/GOBO/Formula.pm line 0
	eval {...} at /mnt/cpan_build_dir/goku/GOBO-0.01-0/blib/lib/GOBO/Formula.pm line 0
Compilation failed in require at /mnt/cpan_build_dir/goku/GOBO-0.01-0/blib/lib/GOBO/Graph.pm line 56.
BEGIN failed--compilation aborted at /mnt/cpan_build_dir/goku/GOBO-0.01-0/blib/lib/GOBO/Graph.pm line 56.
Compilation failed in require at t/node_removal.t line 8.
BEGIN failed--compilation aborted at t/node_removal.t line 8.
t/node_removal.t ............. 
Dubious, test returned 255 (wstat 65280, 0xff00)
No subtests run 
You cannot coerce an attribute (provenance) unless its type (GOBO::Node) has a coercion at /home/goku/perl5/perlbrew/perls/perl-5.24.3/lib/site_perl/5.24.3/OpenBSD.amd64-openbsd-thread-multi-ld/Moose/Exporter.pm line 419
	Moose::with('GOBO::Attributed') called at /mnt/cpan_build_dir/goku/GOBO-0.01-0/blib/lib/GOBO/Formula.pm line 4
	require GOBO/Formula.pm at /mnt/cpan_build_dir/goku/GOBO-0.01-0/blib/lib/GOBO/Graph.pm line 56
	GOBO::Graph::BEGIN at /mnt/cpan_build_dir/goku/GOBO-0.01-0/blib/lib/GOBO/Formula.pm line 0
	eval {...} at /mnt/cpan_build_dir/goku/GOBO-0.01-0/blib/lib/GOBO/Formula.pm line 0
	require GOBO/Graph.pm at t/oboparsertest.t line 6
	main::BEGIN at /mnt/cpan_build_dir/goku/GOBO-0.01-0/blib/lib/GOBO/Formula.pm line 0
	eval {...} at /mnt/cpan_build_dir/goku/GOBO-0.01-0/blib/lib/GOBO/Formula.pm line 0
Compilation failed in require at /mnt/cpan_build_dir/goku/GOBO-0.01-0/blib/lib/GOBO/Graph.pm line 56.
BEGIN failed--compilation aborted at /mnt/cpan_build_dir/goku/GOBO-0.01-0/blib/lib/GOBO/Graph.pm line 56.
Compilation failed in require at t/oboparsertest.t line 6.
BEGIN failed--compilation aborted at t/oboparsertest.t line 6.
t/oboparsertest.t ............ 
Dubious, test returned 255 (wstat 65280, 0xff00)
No subtests run 
You cannot coerce an attribute (provenance) unless its type (GOBO::Node) has a coercion at /home/goku/perl5/perlbrew/perls/perl-5.24.3/lib/site_perl/5.24.3/OpenBSD.amd64-openbsd-thread-multi-ld/Moose/Exporter.pm line 419
	Moose::with('GOBO::Attributed') called at /mnt/cpan_build_dir/goku/GOBO-0.01-0/blib/lib/GOBO/Formula.pm line 4
	require GOBO/Formula.pm at /mnt/cpan_build_dir/goku/GOBO-0.01-0/blib/lib/GOBO/Graph.pm line 56
	GOBO::Graph::BEGIN at /mnt/cpan_build_dir/goku/GOBO-0.01-0/blib/lib/GOBO/Formula.pm line 0
	eval {...} at /mnt/cpan_build_dir/goku/GOBO-0.01-0/blib/lib/GOBO/Formula.pm line 0
	require GOBO/Graph.pm at t/parsetest.t line 3
	main::BEGIN at /mnt/cpan_build_dir/goku/GOBO-0.01-0/blib/lib/GOBO/Formula.pm line 0
	eval {...} at /mnt/cpan_build_dir/goku/GOBO-0.01-0/blib/lib/GOBO/Formula.pm line 0
Compilation failed in require at /mnt/cpan_build_dir/goku/GOBO-0.01-0/blib/lib/GOBO/Graph.pm line 56.
BEGIN failed--compilation aborted at /mnt/cpan_build_dir/goku/GOBO-0.01-0/blib/lib/GOBO/Graph.pm line 56.
Compilation failed in require at t/parsetest.t line 3.
BEGIN failed--compilation aborted at t/parsetest.t line 3.
t/parsetest.t ................ 
Dubious, test returned 255 (wstat 65280, 0xff00)
No subtests run 
You cannot coerce an attribute (source) unless its type (GOBO::Node) has a coercion at /home/goku/perl5/perlbrew/perls/perl-5.24.3/lib/site_perl/5.24.3/OpenBSD.amd64-openbsd-thread-multi-ld/Moose/Exporter.pm line 419
	Moose::with('GOBO::Attributed') called at /mnt/cpan_build_dir/goku/GOBO-0.01-0/blib/lib/GOBO/Formula.pm line 4
	require GOBO/Formula.pm at /mnt/cpan_build_dir/goku/GOBO-0.01-0/blib/lib/GOBO/Graph.pm line 56
	GOBO::Graph::BEGIN at /mnt/cpan_build_dir/goku/GOBO-0.01-0/blib/lib/GOBO/Formula.pm line 0
	eval {...} at /mnt/cpan_build_dir/goku/GOBO-0.01-0/blib/lib/GOBO/Formula.pm line 0
	require GOBO/Graph.pm at t/relation_removal.t line 10
	main::BEGIN at /mnt/cpan_build_dir/goku/GOBO-0.01-0/blib/lib/GOBO/Formula.pm line 0
	eval {...} at /mnt/cpan_build_dir/goku/GOBO-0.01-0/blib/lib/GOBO/Formula.pm line 0
Compilation failed in require at /mnt/cpan_build_dir/goku/GOBO-0.01-0/blib/lib/GOBO/Graph.pm line 56.
BEGIN failed--compilation aborted at /mnt/cpan_build_dir/goku/GOBO-0.01-0/blib/lib/GOBO/Graph.pm line 56.
Compilation failed in require at t/relation_removal.t line 10.
BEGIN failed--compilation aborted at t/relation_removal.t line 10.
t/relation_removal.t ......... 
Dubious, test returned 255 (wstat 65280, 0xff00)
No subtests run 
You cannot coerce an attribute (provenance) unless its type (GOBO::Node) has a coercion at /home/goku/perl5/perlbrew/perls/perl-5.24.3/lib/site_perl/5.24.3/OpenBSD.amd64-openbsd-thread-multi-ld/Moose/Exporter.pm line 419
	Moose::with('GOBO::Attributed') called at /mnt/cpan_build_dir/goku/GOBO-0.01-0/blib/lib/GOBO/Formula.pm line 4
	require GOBO/Formula.pm at /mnt/cpan_build_dir/goku/GOBO-0.01-0/blib/lib/GOBO/Graph.pm line 56
	GOBO::Graph::BEGIN at /mnt/cpan_build_dir/goku/GOBO-0.01-0/blib/lib/GOBO/Formula.pm line 0
	eval {...} at /mnt/cpan_build_dir/goku/GOBO-0.01-0/blib/lib/GOBO/Formula.pm line 0
	require GOBO/Graph.pm at t/relation_test.t line 3
	main::BEGIN at /mnt/cpan_build_dir/goku/GOBO-0.01-0/blib/lib/GOBO/Formula.pm line 0
	eval {...} at /mnt/cpan_build_dir/goku/GOBO-0.01-0/blib/lib/GOBO/Formula.pm line 0
Compilation failed in require at /mnt/cpan_build_dir/goku/GOBO-0.01-0/blib/lib/GOBO/Graph.pm line 56.
BEGIN failed--compilation aborted at /mnt/cpan_build_dir/goku/GOBO-0.01-0/blib/lib/GOBO/Graph.pm line 56.
Compilation failed in require at t/relation_test.t line 3.
BEGIN failed--compilation aborted at t/relation_test.t line 3.
# Looks like your test exited with 255 before it could output anything.
t/relation_test.t ............ 
Dubious, test returned 255 (wstat 65280, 0xff00)
Failed 29/29 subtests 
You cannot coerce an attribute (provenance) unless its type (GOBO::Node) has a coercion at /home/goku/perl5/perlbrew/perls/perl-5.24.3/lib/site_perl/5.24.3/OpenBSD.amd64-openbsd-thread-multi-ld/Moose/Exporter.pm line 419
	Moose::with('GOBO::Attributed') called at /mnt/cpan_build_dir/goku/GOBO-0.01-0/blib/lib/GOBO/Formula.pm line 4
	require GOBO/Formula.pm at /mnt/cpan_build_dir/goku/GOBO-0.01-0/blib/lib/GOBO/Graph.pm line 56
	GOBO::Graph::BEGIN at /mnt/cpan_build_dir/goku/GOBO-0.01-0/blib/lib/GOBO/Formula.pm line 0
	eval {...} at /mnt/cpan_build_dir/goku/GOBO-0.01-0/blib/lib/GOBO/Formula.pm line 0
	require GOBO/Graph.pm at t/roundtrip.t line 6
	main::BEGIN at /mnt/cpan_build_dir/goku/GOBO-0.01-0/blib/lib/GOBO/Formula.pm line 0
	eval {...} at /mnt/cpan_build_dir/goku/GOBO-0.01-0/blib/lib/GOBO/Formula.pm line 0
Compilation failed in require at /mnt/cpan_build_dir/goku/GOBO-0.01-0/blib/lib/GOBO/Graph.pm line 56.
BEGIN failed--compilation aborted at /mnt/cpan_build_dir/goku/GOBO-0.01-0/blib/lib/GOBO/Graph.pm line 56.
Compilation failed in require at t/roundtrip.t line 6.
BEGIN failed--compilation aborted at t/roundtrip.t line 6.
t/roundtrip.t ................ 
Dubious, test returned 255 (wstat 65280, 0xff00)
No subtests run 
You cannot coerce an attribute (provenance) unless its type (GOBO::Node) has a coercion at /home/goku/perl5/perlbrew/perls/perl-5.24.3/lib/site_perl/5.24.3/OpenBSD.amd64-openbsd-thread-multi-ld/Moose/Exporter.pm line 419
	Moose::with('GOBO::Attributed') called at /mnt/cpan_build_dir/goku/GOBO-0.01-0/blib/lib/GOBO/Formula.pm line 4
	require GOBO/Formula.pm at /mnt/cpan_build_dir/goku/GOBO-0.01-0/blib/lib/GOBO/Graph.pm line 56
	GOBO::Graph::BEGIN at /mnt/cpan_build_dir/goku/GOBO-0.01-0/blib/lib/GOBO/Formula.pm line 0
	eval {...} at /mnt/cpan_build_dir/goku/GOBO-0.01-0/blib/lib/GOBO/Formula.pm line 0
	require GOBO/Graph.pm at t/union_inference_test.t line 4
	main::BEGIN at /mnt/cpan_build_dir/goku/GOBO-0.01-0/blib/lib/GOBO/Formula.pm line 0
	eval {...} at /mnt/cpan_build_dir/goku/GOBO-0.01-0/blib/lib/GOBO/Formula.pm line 0
Compilation failed in require at /mnt/cpan_build_dir/goku/GOBO-0.01-0/blib/lib/GOBO/Graph.pm line 56.
BEGIN failed--compilation aborted at /mnt/cpan_build_dir/goku/GOBO-0.01-0/blib/lib/GOBO/Graph.pm line 56.
Compilation failed in require at t/union_inference_test.t line 4.
BEGIN failed--compilation aborted at t/union_inference_test.t line 4.
t/union_inference_test.t ..... 
Dubious, test returned 255 (wstat 65280, 0xff00)
No subtests run 

Test Summary Report
-------------------
t/analysis_test.t          (Wstat: 65280 Tests: 0 Failed: 0)
  Non-zero exit status: 255
  Parse errors: No plan found in TAP output
t/classexpr.t              (Wstat: 65280 Tests: 0 Failed: 0)
  Non-zero exit status: 255
  Parse errors: No plan found in TAP output
t/dbconnect.t              (Wstat: 65280 Tests: 0 Failed: 0)
  Non-zero exit status: 255
  Parse errors: No plan found in TAP output
t/gaf_inference_test.t     (Wstat: 65280 Tests: 0 Failed: 0)
  Non-zero exit status: 255
  Parse errors: No plan found in TAP output
t/gaftest.t                (Wstat: 65280 Tests: 0 Failed: 0)
  Non-zero exit status: 255
  Parse errors: No plan found in TAP output
t/gaftest_chunked.t        (Wstat: 65280 Tests: 0 Failed: 0)
  Non-zero exit status: 255
  Parse errors: No plan found in TAP output
t/graph_creation.t         (Wstat: 65280 Tests: 0 Failed: 0)
  Non-zero exit status: 255
  Parse errors: No plan found in TAP output
t/inference_engine_test.t  (Wstat: 65280 Tests: 0 Failed: 0)
  Non-zero exit status: 255
  Parse errors: No plan found in TAP output
t/logical_definition_test.t (Wstat: 65280 Tests: 0 Failed: 0)
  Non-zero exit status: 255
  Parse errors: No plan found in TAP output
t/node_removal.t           (Wstat: 65280 Tests: 0 Failed: 0)
  Non-zero exit status: 255
  Parse errors: No plan found in TAP output
t/oboparsertest.t          (Wstat: 65280 Tests: 0 Failed: 0)
  Non-zero exit status: 255
  Parse errors: No plan found in TAP output
t/parsetest.t              (Wstat: 65280 Tests: 0 Failed: 0)
  Non-zero exit status: 255
  Parse errors: No plan found in TAP output
t/relation_removal.t       (Wstat: 65280 Tests: 0 Failed: 0)
  Non-zero exit status: 255
  Parse errors: No plan found in TAP output
t/relation_test.t          (Wstat: 65280 Tests: 0 Failed: 0)
  Non-zero exit status: 255
  Parse errors: Bad plan.  You planned 29 tests but ran 0.
t/roundtrip.t              (Wstat: 65280 Tests: 0 Failed: 0)
  Non-zero exit status: 255
  Parse errors: No plan found in TAP output
t/union_inference_test.t   (Wstat: 65280 Tests: 0 Failed: 0)
  Non-zero exit status: 255
  Parse errors: No plan found in TAP output
Files=16, Tests=0, 13 wallclock secs ( 0.08 usr  0.10 sys +  9.17 cusr  2.42 csys = 11.77 CPU)
Result: FAIL
Failed 16/16 test programs. 0/0 subtests failed.
*** Error 255 in /mnt/cpan_build_dir/goku/GOBO-0.01-0 (Makefile:953 'test_dynamic')

------------------------------
PREREQUISITES
------------------------------

Prerequisite modules loaded:

requires:

    Module                    Need Have  
    ------------------------- ---- ------
    DateTime::Format::ISO8601 0    0.08  
    Moose                     0    2.2010

build_requires:

    Module                    Need Have  
    ------------------------- ---- ------
    ExtUtils::MakeMaker       0    7.34  

configure_requires:

    Module                    Need Have  
    ------------------------- ---- ------
    ExtUtils::MakeMaker       0    7.34  


------------------------------
ENVIRONMENT AND OTHER CONTEXT
------------------------------

Environment variables:

    AUTOMATED_TESTING = 1
    DBD_MYSQL_TESTDB = test
    DBD_MYSQL_TESTHOST = localhost
    DBD_MYSQL_TESTPASSWORD = 
    DBD_MYSQL_TESTPORT = 3306
    DBD_MYSQL_TESTUSER = goku
    EXTENDED_TESTING = 1
    PATH = /home/goku/perl5/perlbrew/bin:/home/goku/perl5/perlbrew/perls/perl-5.24.3/bin:/home/goku/bin:/usr/bin:/bin:/usr/sbin:/sbin:/usr/X11R6/bin:/usr/local/bin:/usr/local/sbin
    PERL5LIB = 
    PERL5OPT = 
    PERL5_CPANPLUS_IS_RUNNING = 91857
    PERL5_CPAN_IS_RUNNING = 91857
    PERL5_CPAN_IS_RUNNING_IN_RECURSION = 83787,91857
    PERLBREW_HOME = /home/goku/.perlbrew
    PERLBREW_MANPATH = /home/goku/perl5/perlbrew/perls/perl-5.24.3/man
    PERLBREW_PATH = /home/goku/perl5/perlbrew/bin:/home/goku/perl5/perlbrew/perls/perl-5.24.3/bin
    PERLBREW_PERL = perl-5.24.3
    PERLBREW_ROOT = /home/goku/perl5/perlbrew
    PERLBREW_SHELLRC_VERSION = 0.82
    PERLBREW_VERSION = 0.82
    PERL_CR_SMOKER_CURRENT = GOBO-0.01
    PERL_EXTUTILS_AUTOINSTALL = --defaultdeps
    PERL_MM_USE_DEFAULT = 1
    PERL_USE_UNSAFE_INC = 1
    SHELL = /usr/local/bin/bash
    TERM = xterm

Perl special variables (and OS-specific diagnostics, for MSWin32):

    $^X = /home/goku/perl5/perlbrew/perls/perl-5.24.3/bin/perl
    $UID/$EUID = 1001 / 1001
    $GID = 998 998 1001
    $EGID = 998 998 1001

Perl module toolchain versions installed:

    Module              Have    
    ------------------- --------
    CPAN                2.20    
    CPAN::Meta          2.150010
    Cwd                 3.74    
    ExtUtils::CBuilder  0.280230
    ExtUtils::Command   7.34    
    ExtUtils::Install   2.14    
    ExtUtils::MakeMaker 7.34    
    ExtUtils::Manifest  1.70    
    ExtUtils::ParseXS   3.35    
    File::Spec          3.74    
    JSON                2.90    
    JSON::PP            2.97001 
    Module::Build       0.4224  
    Module::Signature   n/a     
    Parse::CPAN::Meta   2.150010
    Test::Harness       3.42    
    Test::More          1.302134
    YAML                1.24    
    YAML::Syck          1.30    
    version             0.9918  


--

Summary of my perl5 (revision 5 version 24 subversion 3) configuration:
   
  Platform:
    osname=openbsd, osvers=6.2, archname=OpenBSD.amd64-openbsd-thread-multi-ld
    uname='openbsd cpan-smoker-openbsd 6.2 generic.mp#134 amd64 '
    config_args='-de -Dprefix=/home/goku/perl5/perlbrew/perls/perl-5.24.3 -Dman1dir=none -Dman3dir=none -Dusemultiplicity -Duselongdouble -Dusethreads -Duse64bitall -Duse64bitint -Aeval:scriptdir=/home/goku/perl5/perlbrew/perls/perl-5.24.3/bin'
    hint=recommended, useposix=true, d_sigaction=define
    useithreads=define, usemultiplicity=define
    use64bitint=define, use64bitall=define, uselongdouble=define
    usemymalloc=n, bincompat5005=undef
  Compiler:
    cc='cc', ccflags ='-pthread -fno-strict-aliasing -pipe -fstack-protector-strong -I/usr/local/include -D_FORTIFY_SOURCE=2',
    optimize='-O2',
    cppflags='-pthread -fno-strict-aliasing -pipe -fstack-protector-strong -I/usr/local/include'
    ccversion='', gccversion='4.2.1 Compatible OpenBSD Clang 4.0.0 (tags/RELEASE_400/final)', gccosandvers=''
    intsize=4, longsize=8, ptrsize=8, doublesize=8, byteorder=12345678, doublekind=3
    d_longlong=define, longlongsize=8, d_longdbl=define, longdblsize=16, longdblkind=3
    ivtype='long', ivsize=8, nvtype='long double', nvsize=16, Off_t='off_t', lseeksize=8
    alignbytes=16, prototype=define
  Linker and Libraries:
    ld='cc', ldflags ='-pthread -Wl,-E  -fstack-protector-strong -L/usr/local/lib'
    libpth=/usr/lib /usr/local/lib
    libs=-lpthread -lm -lutil -lc
    perllibs=-lpthread -lm -lutil -lc
    libc=/usr/lib/libc.so.90.0, so=so, useshrplib=false, libperl=libperl.a
    gnulibc_version=''
  Dynamic Linking:
    dlsrc=dl_dlopen.xs, dlext=so, d_dlsymun=undef, ccdlflags=' '
    cccdlflags='-DPIC -fPIC ', lddlflags='-shared -fPIC  -L/usr/local/lib -fstack-protector-strong'


Characteristics of this binary (from libperl): 
  Compile-time options: HAS_TIMES MULTIPLICITY PERLIO_LAYERS
                        PERL_COPY_ON_WRITE PERL_DONT_CREATE_GVSV
                        PERL_HASH_FUNC_ONE_AT_A_TIME_HARD
                        PERL_IMPLICIT_CONTEXT PERL_MALLOC_WRAP
                        PERL_PRESERVE_IVUV USE_64_BIT_ALL USE_64_BIT_INT
                        USE_ITHREADS USE_LARGE_FILES USE_LOCALE
                        USE_LOCALE_COLLATE USE_LOCALE_CTYPE
                        USE_LOCALE_NUMERIC USE_LOCALE_TIME USE_LONG_DOUBLE
                        USE_PERLIO USE_PERL_ATOF USE_REENTRANT_API
  Locally applied patches:
	Devel::PatchPerl 1.48
  Built under openbsd
  Compiled at Mar  6 2018 14:59:03
  %ENV:
    PERL5LIB=""
    PERL5OPT=""
    PERL5_CPANPLUS_IS_RUNNING="91857"
    PERL5_CPAN_IS_RUNNING="91857"
    PERL5_CPAN_IS_RUNNING_IN_RECURSION="83787,91857"
    PERLBREW_HOME="/home/goku/.perlbrew"
    PERLBREW_MANPATH="/home/goku/perl5/perlbrew/perls/perl-5.24.3/man"
    PERLBREW_PATH="/home/goku/perl5/perlbrew/bin:/home/goku/perl5/perlbrew/perls/perl-5.24.3/bin"
    PERLBREW_PERL="perl-5.24.3"
    PERLBREW_ROOT="/home/goku/perl5/perlbrew"
    PERLBREW_SHELLRC_VERSION="0.82"
    PERLBREW_VERSION="0.82"
    PERL_CR_SMOKER_CURRENT="GOBO-0.01"
    PERL_EXTUTILS_AUTOINSTALL="--defaultdeps"
    PERL_MM_USE_DEFAULT="1"
    PERL_USE_UNSAFE_INC="1"
  @INC:
    /home/goku/perl5/perlbrew/perls/perl-5.24.3/lib/site_perl/5.24.3/OpenBSD.amd64-openbsd-thread-multi-ld
    /home/goku/perl5/perlbrew/perls/perl-5.24.3/lib/site_perl/5.24.3
    /home/goku/perl5/perlbrew/perls/perl-5.24.3/lib/5.24.3/OpenBSD.amd64-openbsd-thread-multi-ld
    /home/goku/perl5/perlbrew/perls/perl-5.24.3/lib/5.24.3
    .