POE-Component-SSLify v1.012 Perl 5 v5.32.0 darwin-2level
- Status
- Fail
- From
- Nigel Horne
- Dist
-
POE-Component-SSLify v1.012
- Platform
- Perl 5 v5.32.0 darwin-2level
- Date
- 2020-11-14 16:45:57
- ID
- de93f26c-2698-11eb-b9db-b6c7a8faccfa
This distribution has been tested as part of the CPAN Testers
project, supporting the Perl programming language. See
http://wiki.cpantesters.org/ for more information or email
questions to cpan-testers-discuss@perl.org
--
Dear Apocalypse,
This is a computer-generated report for POE-Component-SSLify-1.012
on perl 5.32.0, created by CPAN-Reporter-1.2018.
Thank you for uploading your work to CPAN. However, there was a problem
testing your distribution.
If you think this report is invalid, please consult the CPAN Testers Wiki
for suggestions on how to avoid getting FAIL reports for missing library
or binary dependencies, unsupported operating systems, and so on:
http://wiki.cpantesters.org/wiki/CPANAuthorNotes
Sections of this report:
* Tester comments
* Program output
* Prerequisites
* Environment and other context
------------------------------
TESTER COMMENTS
------------------------------
Additional comments from tester:
none provided
------------------------------
PROGRAM OUTPUT
------------------------------
Output from './Build test':
#
# Versions for all modules listed in MYMETA.json (including optional ones):
#
# === Configure Requires ===
#
# Module Want Have
# ------------------- ----- -----
# ExtUtils::MakeMaker any 7.52
# Module::Build::Tiny 0.039 0.039
#
# === Test Requires ===
#
# Module Want Have
# --------------------------- -------- --------
# ExtUtils::MakeMaker any 7.52
# File::Spec any 3.78
# File::Temp any 0.2311
# IO::Handle 1.28 1.42
# IPC::Open3 any 1.21
# POE 1.267 1.368
# POE::Component::Client::TCP any 1.368
# POE::Component::Server::TCP any 1.368
# POE::Filter::Stream any 1.368
# Socket any 2.030
# Test::FailWarnings any 0.008
# Test::More 1.001002 1.302183
#
# === Test Recommends ===
#
# Module Want Have
# ---------- -------- --------
# CPAN::Meta 2.120900 2.150010
#
# === Runtime Requires ===
#
# Module Want Have
# ------------ ----- -----
# Exporter any 5.74
# IO::Handle 1.28 1.42
# Net::SSLeay 1.36 1.88
# POE 1.267 1.368
# Scalar::Util any 1.55
# Symbol any 1.08
# Task::Weaken 1.03 1.06
# parent any 0.238
# strict any 1.11
# warnings any 1.47
#
t/00-report-prereqs.t ......... ok
t/00-compile.t ................ ok
t/99_mire_test.t .............. skipped: AUTHOR TEST
#
# Net::SSLeay::ver_number is 0x1010108f
# OpenSSL 1.1.1h 22 Sep 2020
# built on: Sun Sep 27 11:57:41 2020 UTC
# platform: darwin64-x86_64-cc
# OPENSSLDIR: "/opt/local/etc/openssl"
t/apocalypse.t ................ skipped: Test::Apocalypse required for validating the distribution
# pogomips: 40127607
t/00-ssleay-info.t ............ ok
# Failed test 'Got SERVER read error 54: Connection reset by peer'
# at t/connect_hook_nodata.t line 84.
# Looks like you failed 1 test of 17.
t/connect_hook_nodata.t .......
Dubious, test returned 1 (wstat 256, 0x100)
Failed 1/17 subtests
t/connect_hook.t .............. ok
t/connfail_client.t ........... ok
t/connfail_server.t ........... ok
# Failed test 'SERVER: SSLify_Options Can't locate auto/Net/SSLeay/CTX_v3_new.al in @INC (@INC contains: /Users/njh/.cpan/build/POE-Component-SSLify-1.012-0/blib/arch /Users/njh/.cpan/build/POE-Component-SSLify-1.012-0/blib/lib /Users/njh/.cpan/build/POE-Component-SSLify-1.012-0/blib/arch /Users/njh/.cpan/build/POE-Component-SSLify-1.012-0/blib/lib /Users/njh/perl5/perlbrew/perls/perl-5.32.0/lib/site_perl/5.32.0/darwin-2level /Users/njh/perl5/perlbrew/perls/perl-5.32.0/lib/site_perl/5.32.0 /Users/njh/perl5/perlbrew/perls/perl-5.32.0/lib/5.32.0/darwin-2level /Users/njh/perl5/perlbrew/perls/perl-5.32.0/lib/5.32.0 .) at /Users/njh/.cpan/build/POE-Component-SSLify-1.012-0/blib/lib/POE/Component/SSLify.pm line 362.
# '
# at t/renegotiate_client.t line 55.
# Failed test 'SERVER: Server_SSLify Please do SSLify_Options() first ( or pass in a $ctx object ) at /Users/njh/.cpan/build/POE-Component-SSLify-1.012-0/blib/lib/POE/Component/SSLify.pm line 247.
# '
# at t/renegotiate_client.t line 58.
# Failed test 'CLIENT: SSLify_ContextCreate Can't locate auto/Net/SSLeay/CTX_v3_new.al in @INC (@INC contains: /Users/njh/.cpan/build/POE-Component-SSLify-1.012-0/blib/arch /Users/njh/.cpan/build/POE-Component-SSLify-1.012-0/blib/lib /Users/njh/.cpan/build/POE-Component-SSLify-1.012-0/blib/arch /Users/njh/.cpan/build/POE-Component-SSLify-1.012-0/blib/lib /Users/njh/perl5/perlbrew/perls/perl-5.32.0/lib/site_perl/5.32.0/darwin-2level /Users/njh/perl5/perlbrew/perls/perl-5.32.0/lib/site_perl/5.32.0 /Users/njh/perl5/perlbrew/perls/perl-5.32.0/lib/5.32.0/darwin-2level /Users/njh/perl5/perlbrew/perls/perl-5.32.0/lib/5.32.0 .) at /Users/njh/.cpan/build/POE-Component-SSLify-1.012-0/blib/lib/POE/Component/SSLify.pm line 362.
# '
# at t/renegotiate_client.t line 117.
Can't use an undefined value as a symbol reference at /Users/njh/.cpan/build/POE-Component-SSLify-1.012-0/blib/lib/POE/Component/SSLify.pm line 446.
# Tests were run but no plan was declared and done_testing() was not seen.
# Looks like your test exited with 22 just after 7.
t/renegotiate_client.t ........
Dubious, test returned 22 (wstat 5632, 0x1600)
Failed 3/7 subtests
# Failed test 'SERVER: SSLify_Options Can't locate auto/Net/SSLeay/CTX_v3_new.al in @INC (@INC contains: /Users/njh/.cpan/build/POE-Component-SSLify-1.012-0/blib/arch /Users/njh/.cpan/build/POE-Component-SSLify-1.012-0/blib/lib /Users/njh/perl5/perlbrew/perls/perl-5.32.0/lib/site_perl/5.32.0/darwin-2level /Users/njh/perl5/perlbrew/perls/perl-5.32.0/lib/site_perl/5.32.0 /Users/njh/perl5/perlbrew/perls/perl-5.32.0/lib/5.32.0/darwin-2level /Users/njh/perl5/perlbrew/perls/perl-5.32.0/lib/5.32.0 .) at /Users/njh/.cpan/build/POE-Component-SSLify-1.012-0/blib/lib/POE/Component/SSLify.pm line 362.
# '
# at t/renegotiate_client_pings.t line 57.
# Failed test 'SERVER: Server_SSLify Please do SSLify_Options() first ( or pass in a $ctx object ) at /Users/njh/.cpan/build/POE-Component-SSLify-1.012-0/blib/lib/POE/Component/SSLify.pm line 247.
# '
# at t/renegotiate_client_pings.t line 60.
# Failed test 'CLIENT: SSLify_ContextCreate Can't locate auto/Net/SSLeay/CTX_v3_new.al in @INC (@INC contains: /Users/njh/.cpan/build/POE-Component-SSLify-1.012-0/blib/arch /Users/njh/.cpan/build/POE-Component-SSLify-1.012-0/blib/lib /Users/njh/perl5/perlbrew/perls/perl-5.32.0/lib/site_perl/5.32.0/darwin-2level /Users/njh/perl5/perlbrew/perls/perl-5.32.0/lib/site_perl/5.32.0 /Users/njh/perl5/perlbrew/perls/perl-5.32.0/lib/5.32.0/darwin-2level /Users/njh/perl5/perlbrew/perls/perl-5.32.0/lib/5.32.0 .) at /Users/njh/.cpan/build/POE-Component-SSLify-1.012-0/blib/lib/POE/Component/SSLify.pm line 362.
# '
# at t/renegotiate_client_pings.t line 120.
Can't use an undefined value as a symbol reference at /Users/njh/.cpan/build/POE-Component-SSLify-1.012-0/blib/lib/POE/Component/SSLify.pm line 446.
# Tests were run but no plan was declared and done_testing() was not seen.
# Looks like your test exited with 22 just after 7.
t/renegotiate_client_pings.t ..
Dubious, test returned 22 (wstat 5632, 0x1600)
Failed 3/7 subtests
# Failed test 'SERVER: SSLify_Options Can't locate auto/Net/SSLeay/CTX_v3_new.al in @INC (@INC contains: /Users/njh/.cpan/build/POE-Component-SSLify-1.012-0/blib/arch /Users/njh/.cpan/build/POE-Component-SSLify-1.012-0/blib/lib /Users/njh/.cpan/build/POE-Component-SSLify-1.012-0/blib/arch /Users/njh/.cpan/build/POE-Component-SSLify-1.012-0/blib/lib /Users/njh/perl5/perlbrew/perls/perl-5.32.0/lib/site_perl/5.32.0/darwin-2level /Users/njh/perl5/perlbrew/perls/perl-5.32.0/lib/site_perl/5.32.0 /Users/njh/perl5/perlbrew/perls/perl-5.32.0/lib/5.32.0/darwin-2level /Users/njh/perl5/perlbrew/perls/perl-5.32.0/lib/5.32.0 .) at /Users/njh/.cpan/build/POE-Component-SSLify-1.012-0/blib/lib/POE/Component/SSLify.pm line 362.
# '
# at t/renegotiate_server.t line 55.
# Failed test 'SERVER: Server_SSLify Please do SSLify_Options() first ( or pass in a $ctx object ) at /Users/njh/.cpan/build/POE-Component-SSLify-1.012-0/blib/lib/POE/Component/SSLify.pm line 247.
# '
# at t/renegotiate_server.t line 58.
# Failed test 'CLIENT: SSLify_ContextCreate Can't locate auto/Net/SSLeay/CTX_v3_new.al in @INC (@INC contains: /Users/njh/.cpan/build/POE-Component-SSLify-1.012-0/blib/arch /Users/njh/.cpan/build/POE-Component-SSLify-1.012-0/blib/lib /Users/njh/.cpan/build/POE-Component-SSLify-1.012-0/blib/arch /Users/njh/.cpan/build/POE-Component-SSLify-1.012-0/blib/lib /Users/njh/perl5/perlbrew/perls/perl-5.32.0/lib/site_perl/5.32.0/darwin-2level /Users/njh/perl5/perlbrew/perls/perl-5.32.0/lib/site_perl/5.32.0 /Users/njh/perl5/perlbrew/perls/perl-5.32.0/lib/5.32.0/darwin-2level /Users/njh/perl5/perlbrew/perls/perl-5.32.0/lib/5.32.0 .) at /Users/njh/.cpan/build/POE-Component-SSLify-1.012-0/blib/lib/POE/Component/SSLify.pm line 362.
# '
# at t/renegotiate_server.t line 117.
# Failed test 'SERVER: SSLify_Options Can't locate auto/Net/SSLeay/CTX_v3_new.al in @INC (@INC contains: /Users/njh/.cpan/build/POE-Component-SSLify-1.012-0/blib/arch /Users/njh/.cpan/build/POE-Component-SSLify-1.012-0/blib/lib /Users/njh/perl5/perlbrew/perls/perl-5.32.0/lib/site_perl/5.32.0/darwin-2level /Users/njh/perl5/perlbrew/perls/perl-5.32.0/lib/site_perl/5.32.0 /Users/njh/perl5/perlbrew/perls/perl-5.32.0/lib/5.32.0/darwin-2level /Users/njh/perl5/perlbrew/perls/perl-5.32.0/lib/5.32.0 .) at /Users/njh/.cpan/build/POE-Component-SSLify-1.012-0/blib/lib/POE/Component/SSLify.pm line 362.
# '
# at t/simple.t line 52.
# Failed test 'SERVER: Server_SSLify Please do SSLify_Options() first ( or pass in a $ctx object ) at /Users/njh/.cpan/build/POE-Component-SSLify-1.012-0/blib/lib/POE/Component/SSLify.pm line 247.
# '
# at t/simple.t line 55.
# Failed test 'CLIENT: SSLify_ContextCreate Can't locate auto/Net/SSLeay/CTX_v3_new.al in @INC (@INC contains: /Users/njh/.cpan/build/POE-Component-SSLify-1.012-0/blib/arch /Users/njh/.cpan/build/POE-Component-SSLify-1.012-0/blib/lib /Users/njh/perl5/perlbrew/perls/perl-5.32.0/lib/site_perl/5.32.0/darwin-2level /Users/njh/perl5/perlbrew/perls/perl-5.32.0/lib/site_perl/5.32.0 /Users/njh/perl5/perlbrew/perls/perl-5.32.0/lib/5.32.0/darwin-2level /Users/njh/perl5/perlbrew/perls/perl-5.32.0/lib/5.32.0 .) at /Users/njh/.cpan/build/POE-Component-SSLify-1.012-0/blib/lib/POE/Component/SSLify.pm line 362.
# '
# at t/simple.t line 111.
Can't use an undefined value as a symbol reference at /Users/njh/.cpan/build/POE-Component-SSLify-1.012-0/blib/lib/POE/Component/SSLify.pm line 446.
# Tests were run but no plan was declared and done_testing() was not seen.
# Looks like your test exited with 22 just after 7.
t/renegotiate_server.t ........
Dubious, test returned 22 (wstat 5632, 0x1600)
Failed 3/7 subtests
Can't use an undefined value as a symbol reference at /Users/njh/.cpan/build/POE-Component-SSLify-1.012-0/blib/lib/POE/Component/SSLify.pm line 446.
# Tests were run but no plan was declared and done_testing() was not seen.
# Looks like your test exited with 22 just after 7.
t/simple.t ....................
Dubious, test returned 22 (wstat 5632, 0x1600)
Failed 3/7 subtests
# Failed test 'SERVER: SSLify_Options Can't locate auto/Net/SSLeay/CTX_v3_new.al in @INC (@INC contains: /Users/njh/.cpan/build/POE-Component-SSLify-1.012-0/blib/arch /Users/njh/.cpan/build/POE-Component-SSLify-1.012-0/blib/lib /Users/njh/perl5/perlbrew/perls/perl-5.32.0/lib/site_perl/5.32.0/darwin-2level /Users/njh/perl5/perlbrew/perls/perl-5.32.0/lib/site_perl/5.32.0 /Users/njh/perl5/perlbrew/perls/perl-5.32.0/lib/5.32.0/darwin-2level /Users/njh/perl5/perlbrew/perls/perl-5.32.0/lib/5.32.0 .) at /Users/njh/.cpan/build/POE-Component-SSLify-1.012-0/blib/lib/POE/Component/SSLify.pm line 362.
# '
# at t/simple_parallel.t line 52.
# Failed test 'SERVER: Server_SSLify Please do SSLify_Options() first ( or pass in a $ctx object ) at /Users/njh/.cpan/build/POE-Component-SSLify-1.012-0/blib/lib/POE/Component/SSLify.pm line 247.
# '
# at t/simple_parallel.t line 55.
# Failed test 'CLIENT: SSLify_ContextCreate Can't locate auto/Net/SSLeay/CTX_v3_new.al in @INC (@INC contains: /Users/njh/.cpan/build/POE-Component-SSLify-1.012-0/blib/arch /Users/njh/.cpan/build/POE-Component-SSLify-1.012-0/blib/lib /Users/njh/perl5/perlbrew/perls/perl-5.32.0/lib/site_perl/5.32.0/darwin-2level /Users/njh/perl5/perlbrew/perls/perl-5.32.0/lib/site_perl/5.32.0 /Users/njh/perl5/perlbrew/perls/perl-5.32.0/lib/5.32.0/darwin-2level /Users/njh/perl5/perlbrew/perls/perl-5.32.0/lib/5.32.0 .) at /Users/njh/.cpan/build/POE-Component-SSLify-1.012-0/blib/lib/POE/Component/SSLify.pm line 362.
# '
# at t/simple_parallel.t line 111.
# Failed test 'CLIENT: SSLify_ContextCreate Can't locate auto/Net/SSLeay/CTX_v3_new.al in @INC (@INC contains: /Users/njh/.cpan/build/POE-Component-SSLify-1.012-0/blib/arch /Users/njh/.cpan/build/POE-Component-SSLify-1.012-0/blib/lib /Users/njh/perl5/perlbrew/perls/perl-5.32.0/lib/site_perl/5.32.0/darwin-2level /Users/njh/perl5/perlbrew/perls/perl-5.32.0/lib/site_perl/5.32.0 /Users/njh/perl5/perlbrew/perls/perl-5.32.0/lib/5.32.0/darwin-2level /Users/njh/perl5/perlbrew/perls/perl-5.32.0/lib/5.32.0 .) at /Users/njh/.cpan/build/POE-Component-SSLify-1.012-0/blib/lib/POE/Component/SSLify.pm line 362.
# '
# at t/simple_parallel.t line 111.
# Failed test 'CLIENT: SSLify_ContextCreate Can't locate auto/Net/SSLeay/CTX_v3_new.al in @INC (@INC contains: /Users/njh/.cpan/build/POE-Component-SSLify-1.012-0/blib/arch /Users/njh/.cpan/build/POE-Component-SSLify-1.012-0/blib/lib /Users/njh/perl5/perlbrew/perls/perl-5.32.0/lib/site_perl/5.32.0/darwin-2level /Users/njh/perl5/perlbrew/perls/perl-5.32.0/lib/site_perl/5.32.0 /Users/njh/perl5/perlbrew/perls/perl-5.32.0/lib/5.32.0/darwin-2level /Users/njh/perl5/perlbrew/perls/perl-5.32.0/lib/5.32.0 .) at /Users/njh/.cpan/build/POE-Component-SSLify-1.012-0/blib/lib/POE/Component/SSLify.pm line 362.
# '
# at t/simple_parallel.t line 111.
# Failed test 'CLIENT: SSLify_ContextCreate Can't locate auto/Net/SSLeay/CTX_v3_new.al in @INC (@INC contains: /Users/njh/.cpan/build/POE-Component-SSLify-1.012-0/blib/arch /Users/njh/.cpan/build/POE-Component-SSLify-1.012-0/blib/lib /Users/njh/perl5/perlbrew/perls/perl-5.32.0/lib/site_perl/5.32.0/darwin-2level /Users/njh/perl5/perlbrew/perls/perl-5.32.0/lib/site_perl/5.32.0 /Users/njh/perl5/perlbrew/perls/perl-5.32.0/lib/5.32.0/darwin-2level /Users/njh/perl5/perlbrew/perls/perl-5.32.0/lib/5.32.0 .) at /Users/njh/.cpan/build/POE-Component-SSLify-1.012-0/blib/lib/POE/Component/SSLify.pm line 362.
# '
# at t/simple_parallel.t line 111.
# Failed test 'CLIENT: SSLify_ContextCreate Can't locate auto/Net/SSLeay/CTX_v3_new.al in @INC (@INC contains: /Users/njh/.cpan/build/POE-Component-SSLify-1.012-0/blib/arch /Users/njh/.cpan/build/POE-Component-SSLify-1.012-0/blib/lib /Users/njh/perl5/perlbrew/perls/perl-5.32.0/lib/site_perl/5.32.0/darwin-2level /Users/njh/perl5/perlbrew/perls/perl-5.32.0/lib/site_perl/5.32.0 /Users/njh/perl5/perlbrew/perls/perl-5.32.0/lib/5.32.0/darwin-2level /Users/njh/perl5/perlbrew/perls/perl-5.32.0/lib/5.32.0 .) at /Users/njh/.cpan/build/POE-Component-SSLify-1.012-0/blib/lib/POE/Component/SSLify.pm line 362.
# '
# at t/simple_parallel.t line 111.
# Failed test 'CLIENT: SSLify_ContextCreate Can't locate auto/Net/SSLeay/CTX_v3_new.al in @INC (@INC contains: /Users/njh/.cpan/build/POE-Component-SSLify-1.012-0/blib/arch /Users/njh/.cpan/build/POE-Component-SSLify-1.012-0/blib/lib /Users/njh/perl5/perlbrew/perls/perl-5.32.0/lib/site_perl/5.32.0/darwin-2level /Users/njh/perl5/perlbrew/perls/perl-5.32.0/lib/site_perl/5.32.0 /Users/njh/perl5/perlbrew/perls/perl-5.32.0/lib/5.32.0/darwin-2level /Users/njh/perl5/perlbrew/perls/perl-5.32.0/lib/5.32.0 .) at /Users/njh/.cpan/build/POE-Component-SSLify-1.012-0/blib/lib/POE/Component/SSLify.pm line 362.
# '
# at t/simple_parallel.t line 111.
# Failed test 'CLIENT: SSLify_ContextCreate Can't locate auto/Net/SSLeay/CTX_v3_new.al in @INC (@INC contains: /Users/njh/.cpan/build/POE-Component-SSLify-1.012-0/blib/arch /Users/njh/.cpan/build/POE-Component-SSLify-1.012-0/blib/lib /Users/njh/perl5/perlbrew/perls/perl-5.32.0/lib/site_perl/5.32.0/darwin-2level /Users/njh/perl5/perlbrew/perls/perl-5.32.0/lib/site_perl/5.32.0 /Users/njh/perl5/perlbrew/perls/perl-5.32.0/lib/5.32.0/darwin-2level /Users/njh/perl5/perlbrew/perls/perl-5.32.0/lib/5.32.0 .) at /Users/njh/.cpan/build/POE-Component-SSLify-1.012-0/blib/lib/POE/Component/SSLify.pm line 362.
# '
# at t/simple_parallel.t line 111.
# Failed test 'CLIENT: SSLify_ContextCreate Can't locate auto/Net/SSLeay/CTX_v3_new.al in @INC (@INC contains: /Users/njh/.cpan/build/POE-Component-SSLify-1.012-0/blib/arch /Users/njh/.cpan/build/POE-Component-SSLify-1.012-0/blib/lib /Users/njh/perl5/perlbrew/perls/perl-5.32.0/lib/site_perl/5.32.0/darwin-2level /Users/njh/perl5/perlbrew/perls/perl-5.32.0/lib/site_perl/5.32.0 /Users/njh/perl5/perlbrew/perls/perl-5.32.0/lib/5.32.0/darwin-2level /Users/njh/perl5/perlbrew/perls/perl-5.32.0/lib/5.32.0 .) at /Users/njh/.cpan/build/POE-Component-SSLify-1.012-0/blib/lib/POE/Component/SSLify.pm line 362.
# '
# at t/simple_parallel.t line 111.
# Failed test 'CLIENT: SSLify_ContextCreate Can't locate auto/Net/SSLeay/CTX_v3_new.al in @INC (@INC contains: /Users/njh/.cpan/build/POE-Component-SSLify-1.012-0/blib/arch /Users/njh/.cpan/build/POE-Component-SSLify-1.012-0/blib/lib /Users/njh/perl5/perlbrew/perls/perl-5.32.0/lib/site_perl/5.32.0/darwin-2level /Users/njh/perl5/perlbrew/perls/perl-5.32.0/lib/site_perl/5.32.0 /Users/njh/perl5/perlbrew/perls/perl-5.32.0/lib/5.32.0/darwin-2level /Users/njh/perl5/perlbrew/perls/perl-5.32.0/lib/5.32.0 .) at /Users/njh/.cpan/build/POE-Component-SSLify-1.012-0/blib/lib/POE/Component/SSLify.pm line 362.
# '
# at t/simple_parallel.t line 111.
# Failed test 'CLIENT: SSLify_ContextCreate Can't locate auto/Net/SSLeay/CTX_v3_new.al in @INC (@INC contains: /Users/njh/.cpan/build/POE-Component-SSLify-1.012-0/blib/arch /Users/njh/.cpan/build/POE-Component-SSLify-1.012-0/blib/lib /Users/njh/perl5/perlbrew/perls/perl-5.32.0/lib/site_perl/5.32.0/darwin-2level /Users/njh/perl5/perlbrew/perls/perl-5.32.0/lib/site_perl/5.32.0 /Users/njh/perl5/perlbrew/perls/perl-5.32.0/lib/5.32.0/darwin-2level /Users/njh/perl5/perlbrew/perls/perl-5.32.0/lib/5.32.0 .) at /Users/njh/.cpan/build/POE-Component-SSLify-1.012-0/blib/lib/POE/Component/SSLify.pm line 362.
# '
# at t/simple_parallel.t line 111.
# Failed test 'SERVER: SSLify_Options Can't locate auto/Net/SSLeay/CTX_v3_new.al in @INC (@INC contains: /Users/njh/.cpan/build/POE-Component-SSLify-1.012-0/blib/arch /Users/njh/.cpan/build/POE-Component-SSLify-1.012-0/blib/lib /Users/njh/.cpan/build/POE-Component-SSLify-1.012-0/blib/arch /Users/njh/.cpan/build/POE-Component-SSLify-1.012-0/blib/lib /Users/njh/perl5/perlbrew/perls/perl-5.32.0/lib/site_perl/5.32.0/darwin-2level /Users/njh/perl5/perlbrew/perls/perl-5.32.0/lib/site_perl/5.32.0 /Users/njh/perl5/perlbrew/perls/perl-5.32.0/lib/5.32.0/darwin-2level /Users/njh/perl5/perlbrew/perls/perl-5.32.0/lib/5.32.0 .) at /Users/njh/.cpan/build/POE-Component-SSLify-1.012-0/blib/lib/POE/Component/SSLify.pm line 362.
# '
# at t/simple_large.t line 54.
# Failed test 'SERVER: Server_SSLify Please do SSLify_Options() first ( or pass in a $ctx object ) at /Users/njh/.cpan/build/POE-Component-SSLify-1.012-0/blib/lib/POE/Component/SSLify.pm line 247.
# '
# at t/simple_large.t line 57.
# Failed test 'CLIENT: SSLify_ContextCreate Can't locate auto/Net/SSLeay/CTX_v3_new.al in @INC (@INC contains: /Users/njh/.cpan/build/POE-Component-SSLify-1.012-0/blib/arch /Users/njh/.cpan/build/POE-Component-SSLify-1.012-0/blib/lib /Users/njh/.cpan/build/POE-Component-SSLify-1.012-0/blib/arch /Users/njh/.cpan/build/POE-Component-SSLify-1.012-0/blib/lib /Users/njh/perl5/perlbrew/perls/perl-5.32.0/lib/site_perl/5.32.0/darwin-2level /Users/njh/perl5/perlbrew/perls/perl-5.32.0/lib/site_perl/5.32.0 /Users/njh/perl5/perlbrew/perls/perl-5.32.0/lib/5.32.0/darwin-2level /Users/njh/perl5/perlbrew/perls/perl-5.32.0/lib/5.32.0 .) at /Users/njh/.cpan/build/POE-Component-SSLify-1.012-0/blib/lib/POE/Component/SSLify.pm line 362.
# '
# at t/simple_large.t line 113.
Can't use an undefined value as a symbol reference at /Users/njh/.cpan/build/POE-Component-SSLify-1.012-0/blib/lib/POE/Component/SSLify.pm line 446.
# Tests were run but no plan was declared and done_testing() was not seen.
# Looks like your test exited with 22 just after 52.
t/simple_parallel.t ...........
Dubious, test returned 22 (wstat 5632, 0x1600)
Failed 12/52 subtests
Can't use an undefined value as a symbol reference at /Users/njh/.cpan/build/POE-Component-SSLify-1.012-0/blib/lib/POE/Component/SSLify.pm line 446.
# Tests were run but no plan was declared and done_testing() was not seen.
# Looks like your test exited with 22 just after 6.
t/simple_large.t ..............
Dubious, test returned 22 (wstat 5632, 0x1600)
Failed 3/6 subtests
t/simple_parallel_superbig.t .. skipped: AUTHOR TEST: NO at (eval 7) line 1.
t/simple_superbig.t ........... skipped: AUTHOR TEST: NO at (eval 7) line 1.
# Failed test 'SERVER: SSLify_Options Can't locate auto/Net/SSLeay/CTX_v3_new.al in @INC (@INC contains: /Users/njh/.cpan/build/POE-Component-SSLify-1.012-0/blib/arch /Users/njh/.cpan/build/POE-Component-SSLify-1.012-0/blib/lib /Users/njh/perl5/perlbrew/perls/perl-5.32.0/lib/site_perl/5.32.0/darwin-2level /Users/njh/perl5/perlbrew/perls/perl-5.32.0/lib/site_perl/5.32.0 /Users/njh/perl5/perlbrew/perls/perl-5.32.0/lib/5.32.0/darwin-2level /Users/njh/perl5/perlbrew/perls/perl-5.32.0/lib/5.32.0 .) at /Users/njh/.cpan/build/POE-Component-SSLify-1.012-0/blib/lib/POE/Component/SSLify.pm line 362.
# '
# at t/simple_parallel_large.t line 54.
# Failed test 'SERVER: Server_SSLify Please do SSLify_Options() first ( or pass in a $ctx object ) at /Users/njh/.cpan/build/POE-Component-SSLify-1.012-0/blib/lib/POE/Component/SSLify.pm line 247.
# '
# at t/simple_parallel_large.t line 57.
# Failed test 'CLIENT: SSLify_ContextCreate Can't locate auto/Net/SSLeay/CTX_v3_new.al in @INC (@INC contains: /Users/njh/.cpan/build/POE-Component-SSLify-1.012-0/blib/arch /Users/njh/.cpan/build/POE-Component-SSLify-1.012-0/blib/lib /Users/njh/perl5/perlbrew/perls/perl-5.32.0/lib/site_perl/5.32.0/darwin-2level /Users/njh/perl5/perlbrew/perls/perl-5.32.0/lib/site_perl/5.32.0 /Users/njh/perl5/perlbrew/perls/perl-5.32.0/lib/5.32.0/darwin-2level /Users/njh/perl5/perlbrew/perls/perl-5.32.0/lib/5.32.0 .) at /Users/njh/.cpan/build/POE-Component-SSLify-1.012-0/blib/lib/POE/Component/SSLify.pm line 362.
# '
# at t/simple_parallel_large.t line 111.
# Failed test 'CLIENT: SSLify_ContextCreate Can't locate auto/Net/SSLeay/CTX_v3_new.al in @INC (@INC contains: /Users/njh/.cpan/build/POE-Component-SSLify-1.012-0/blib/arch /Users/njh/.cpan/build/POE-Component-SSLify-1.012-0/blib/lib /Users/njh/perl5/perlbrew/perls/perl-5.32.0/lib/site_perl/5.32.0/darwin-2level /Users/njh/perl5/perlbrew/perls/perl-5.32.0/lib/site_perl/5.32.0 /Users/njh/perl5/perlbrew/perls/perl-5.32.0/lib/5.32.0/darwin-2level /Users/njh/perl5/perlbrew/perls/perl-5.32.0/lib/5.32.0 .) at /Users/njh/.cpan/build/POE-Component-SSLify-1.012-0/blib/lib/POE/Component/SSLify.pm line 362.
# '
# at t/simple_parallel_large.t line 111.
# Failed test 'CLIENT: SSLify_ContextCreate Can't locate auto/Net/SSLeay/CTX_v3_new.al in @INC (@INC contains: /Users/njh/.cpan/build/POE-Component-SSLify-1.012-0/blib/arch /Users/njh/.cpan/build/POE-Component-SSLify-1.012-0/blib/lib /Users/njh/perl5/perlbrew/perls/perl-5.32.0/lib/site_perl/5.32.0/darwin-2level /Users/njh/perl5/perlbrew/perls/perl-5.32.0/lib/site_perl/5.32.0 /Users/njh/perl5/perlbrew/perls/perl-5.32.0/lib/5.32.0/darwin-2level /Users/njh/perl5/perlbrew/perls/perl-5.32.0/lib/5.32.0 .) at /Users/njh/.cpan/build/POE-Component-SSLify-1.012-0/blib/lib/POE/Component/SSLify.pm line 362.
# '
# at t/simple_parallel_large.t line 111.
# Failed test 'CLIENT: SSLify_ContextCreate Can't locate auto/Net/SSLeay/CTX_v3_new.al in @INC (@INC contains: /Users/njh/.cpan/build/POE-Component-SSLify-1.012-0/blib/arch /Users/njh/.cpan/build/POE-Component-SSLify-1.012-0/blib/lib /Users/njh/perl5/perlbrew/perls/perl-5.32.0/lib/site_perl/5.32.0/darwin-2level /Users/njh/perl5/perlbrew/perls/perl-5.32.0/lib/site_perl/5.32.0 /Users/njh/perl5/perlbrew/perls/perl-5.32.0/lib/5.32.0/darwin-2level /Users/njh/perl5/perlbrew/perls/perl-5.32.0/lib/5.32.0 .) at /Users/njh/.cpan/build/POE-Component-SSLify-1.012-0/blib/lib/POE/Component/SSLify.pm line 362.
# '
# at t/simple_parallel_large.t line 111.
# Failed test 'CLIENT: SSLify_ContextCreate Can't locate auto/Net/SSLeay/CTX_v3_new.al in @INC (@INC contains: /Users/njh/.cpan/build/POE-Component-SSLify-1.012-0/blib/arch /Users/njh/.cpan/build/POE-Component-SSLify-1.012-0/blib/lib /Users/njh/perl5/perlbrew/perls/perl-5.32.0/lib/site_perl/5.32.0/darwin-2level /Users/njh/perl5/perlbrew/perls/perl-5.32.0/lib/site_perl/5.32.0 /Users/njh/perl5/perlbrew/perls/perl-5.32.0/lib/5.32.0/darwin-2level /Users/njh/perl5/perlbrew/perls/perl-5.32.0/lib/5.32.0 .) at /Users/njh/.cpan/build/POE-Component-SSLify-1.012-0/blib/lib/POE/Component/SSLify.pm line 362.
# '
# at t/simple_parallel_large.t line 111.
# Failed test 'CLIENT: SSLify_ContextCreate Can't locate auto/Net/SSLeay/CTX_v3_new.al in @INC (@INC contains: /Users/njh/.cpan/build/POE-Component-SSLify-1.012-0/blib/arch /Users/njh/.cpan/build/POE-Component-SSLify-1.012-0/blib/lib /Users/njh/perl5/perlbrew/perls/perl-5.32.0/lib/site_perl/5.32.0/darwin-2level /Users/njh/perl5/perlbrew/perls/perl-5.32.0/lib/site_perl/5.32.0 /Users/njh/perl5/perlbrew/perls/perl-5.32.0/lib/5.32.0/darwin-2level /Users/njh/perl5/perlbrew/perls/perl-5.32.0/lib/5.32.0 .) at /Users/njh/.cpan/build/POE-Component-SSLify-1.012-0/blib/lib/POE/Component/SSLify.pm line 362.
# '
# at t/simple_parallel_large.t line 111.
# Failed test 'CLIENT: SSLify_ContextCreate Can't locate auto/Net/SSLeay/CTX_v3_new.al in @INC (@INC contains: /Users/njh/.cpan/build/POE-Component-SSLify-1.012-0/blib/arch /Users/njh/.cpan/build/POE-Component-SSLify-1.012-0/blib/lib /Users/njh/perl5/perlbrew/perls/perl-5.32.0/lib/site_perl/5.32.0/darwin-2level /Users/njh/perl5/perlbrew/perls/perl-5.32.0/lib/site_perl/5.32.0 /Users/njh/perl5/perlbrew/perls/perl-5.32.0/lib/5.32.0/darwin-2level /Users/njh/perl5/perlbrew/perls/perl-5.32.0/lib/5.32.0 .) at /Users/njh/.cpan/build/POE-Component-SSLify-1.012-0/blib/lib/POE/Component/SSLify.pm line 362.
# '
# at t/simple_parallel_large.t line 111.
# Failed test 'CLIENT: SSLify_ContextCreate Can't locate auto/Net/SSLeay/CTX_v3_new.al in @INC (@INC contains: /Users/njh/.cpan/build/POE-Component-SSLify-1.012-0/blib/arch /Users/njh/.cpan/build/POE-Component-SSLify-1.012-0/blib/lib /Users/njh/perl5/perlbrew/perls/perl-5.32.0/lib/site_perl/5.32.0/darwin-2level /Users/njh/perl5/perlbrew/perls/perl-5.32.0/lib/site_perl/5.32.0 /Users/njh/perl5/perlbrew/perls/perl-5.32.0/lib/5.32.0/darwin-2level /Users/njh/perl5/perlbrew/perls/perl-5.32.0/lib/5.32.0 .) at /Users/njh/.cpan/build/POE-Component-SSLify-1.012-0/blib/lib/POE/Component/SSLify.pm line 362.
# '
# at t/simple_parallel_large.t line 111.
# Failed test 'CLIENT: SSLify_ContextCreate Can't locate auto/Net/SSLeay/CTX_v3_new.al in @INC (@INC contains: /Users/njh/.cpan/build/POE-Component-SSLify-1.012-0/blib/arch /Users/njh/.cpan/build/POE-Component-SSLify-1.012-0/blib/lib /Users/njh/perl5/perlbrew/perls/perl-5.32.0/lib/site_perl/5.32.0/darwin-2level /Users/njh/perl5/perlbrew/perls/perl-5.32.0/lib/site_perl/5.32.0 /Users/njh/perl5/perlbrew/perls/perl-5.32.0/lib/5.32.0/darwin-2level /Users/njh/perl5/perlbrew/perls/perl-5.32.0/lib/5.32.0 .) at /Users/njh/.cpan/build/POE-Component-SSLify-1.012-0/blib/lib/POE/Component/SSLify.pm line 362.
# '
# at t/simple_parallel_large.t line 111.
# Failed test 'CLIENT: SSLify_ContextCreate Can't locate auto/Net/SSLeay/CTX_v3_new.al in @INC (@INC contains: /Users/njh/.cpan/build/POE-Component-SSLify-1.012-0/blib/arch /Users/njh/.cpan/build/POE-Component-SSLify-1.012-0/blib/lib /Users/njh/perl5/perlbrew/perls/perl-5.32.0/lib/site_perl/5.32.0/darwin-2level /Users/njh/perl5/perlbrew/perls/perl-5.32.0/lib/site_perl/5.32.0 /Users/njh/perl5/perlbrew/perls/perl-5.32.0/lib/5.32.0/darwin-2level /Users/njh/perl5/perlbrew/perls/perl-5.32.0/lib/5.32.0 .) at /Users/njh/.cpan/build/POE-Component-SSLify-1.012-0/blib/lib/POE/Component/SSLify.pm line 362.
# '
# at t/simple_parallel_large.t line 111.
Can't use an undefined value as a symbol reference at /Users/njh/.cpan/build/POE-Component-SSLify-1.012-0/blib/lib/POE/Component/SSLify.pm line 446.
# Tests were run but no plan was declared and done_testing() was not seen.
# Looks like your test exited with 22 just after 42.
t/simple_parallel_large.t .....
Dubious, test returned 22 (wstat 5632, 0x1600)
Failed 12/42 subtests
# Failed test 'SERVER: SSLify_Options Can't locate auto/Net/SSLeay/CTX_v3_new.al in @INC (@INC contains: /Users/njh/.cpan/build/POE-Component-SSLify-1.012-0/blib/arch /Users/njh/.cpan/build/POE-Component-SSLify-1.012-0/blib/lib /Users/njh/.cpan/build/POE-Component-SSLify-1.012-0/blib/arch /Users/njh/.cpan/build/POE-Component-SSLify-1.012-0/blib/lib /Users/njh/perl5/perlbrew/perls/perl-5.32.0/lib/site_perl/5.32.0/darwin-2level /Users/njh/perl5/perlbrew/perls/perl-5.32.0/lib/site_perl/5.32.0 /Users/njh/perl5/perlbrew/perls/perl-5.32.0/lib/5.32.0/darwin-2level /Users/njh/perl5/perlbrew/perls/perl-5.32.0/lib/5.32.0 .) at /Users/njh/.cpan/build/POE-Component-SSLify-1.012-0/blib/lib/POE/Component/SSLify.pm line 362.
# '
# at t/upgrade.t line 59.
# Failed test 'SERVER: Server_SSLify Please do SSLify_Options() first ( or pass in a $ctx object ) at /Users/njh/.cpan/build/POE-Component-SSLify-1.012-0/blib/lib/POE/Component/SSLify.pm line 247.
# '
# at t/upgrade.t line 61.
Can't use an undefined value as a symbol reference at /Users/njh/.cpan/build/POE-Component-SSLify-1.012-0/blib/lib/POE/Component/SSLify.pm line 446.
# Tests were run but no plan was declared and done_testing() was not seen.
# Looks like your test exited with 22 just after 5.
t/upgrade.t ...................
Dubious, test returned 22 (wstat 5632, 0x1600)
Failed 2/5 subtests
Test Summary Report
-------------------
t/connect_hook_nodata.t (Wstat: 256 Tests: 17 Failed: 1)
Failed test: 16
Non-zero exit status: 1
t/renegotiate_client.t (Wstat: 5632 Tests: 7 Failed: 3)
Failed tests: 1-3
Non-zero exit status: 22
Parse errors: No plan found in TAP output
t/renegotiate_client_pings.t (Wstat: 5632 Tests: 7 Failed: 3)
Failed tests: 1-3
Non-zero exit status: 22
Parse errors: No plan found in TAP output
t/renegotiate_server.t (Wstat: 5632 Tests: 7 Failed: 3)
Failed tests: 1-3
Non-zero exit status: 22
Parse errors: No plan found in TAP output
t/simple.t (Wstat: 5632 Tests: 7 Failed: 3)
Failed tests: 1-3
Non-zero exit status: 22
Parse errors: No plan found in TAP output
t/simple_parallel.t (Wstat: 5632 Tests: 52 Failed: 12)
Failed tests: 1-3, 8, 13, 18, 23, 28, 33, 38, 43, 48
Non-zero exit status: 22
Parse errors: No plan found in TAP output
t/simple_large.t (Wstat: 5632 Tests: 6 Failed: 3)
Failed tests: 1-3
Non-zero exit status: 22
Parse errors: No plan found in TAP output
t/simple_parallel_large.t (Wstat: 5632 Tests: 42 Failed: 12)
Failed tests: 1-3, 7, 11, 15, 19, 23, 27, 31, 35, 39
Non-zero exit status: 22
Parse errors: No plan found in TAP output
t/upgrade.t (Wstat: 5632 Tests: 5 Failed: 2)
Failed tests: 4-5
Non-zero exit status: 22
Parse errors: No plan found in TAP output
Files=19, Tests=188, 3 wallclock secs ( 0.08 usr 0.05 sys + 3.51 cusr 0.45 csys = 4.09 CPU)
Result: FAIL
------------------------------
PREREQUISITES
------------------------------
Prerequisite modules loaded:
requires:
Module Need Have
--------------------------- -------- --------
Exporter 0 5.74
IO::Handle 1.28 1.42
Net::SSLeay 1.36 1.88
parent 0 0.238
perl 5.006 5.032000
POE 1.267 1.368
Scalar::Util 0 1.55
strict 0 1.11
Symbol 0 1.08
Task::Weaken 1.03 1.06
warnings 0 1.47
build_requires:
Module Need Have
--------------------------- -------- --------
ExtUtils::MakeMaker 0 7.52
File::Spec 0 3.78
File::Temp 0 0.2311
IO::Handle 1.28 1.42
IPC::Open3 0 1.21
perl 5.006 5.032000
POE 1.267 1.368
POE::Component::Client::TCP 0 1.368
POE::Component::Server::TCP 0 1.368
POE::Filter::Stream 0 1.368
Socket 0 2.030
Test::FailWarnings 0 0.008
Test::More 1.001002 1.302183
configure_requires:
Module Need Have
--------------------------- -------- --------
ExtUtils::MakeMaker 0 7.52
Module::Build::Tiny 0.039 0.039
perl 5.006 5.032000
------------------------------
ENVIRONMENT AND OTHER CONTEXT
------------------------------
Environment variables:
HARNESS_OPTIONS = c:j2
LANG = en_US.UTF-8
NONINTERACTIVE_TESTING = 1
PATH = /Users/njh/perl5/perlbrew/bin:/Users/njh/perl5/perlbrew/perls/perl-5.32.0/bin:/Users/njh/perl5/perlbrew/bin:/opt/local/bin:/opt/local/sbin:/usr/local/bin:/usr/bin:/bin:/usr/sbin:/sbin:/opt/X11/bin:/Library/Apple/usr/bin:/Users/njh/bin
PERL5LIB =
PERL5OPT =
PERL5_CPANPLUS_IS_RUNNING = 42105
PERL5_CPAN_IS_RUNNING = 42105
PERLBREW_HOME = /Users/njh/.perlbrew
PERLBREW_LIB =
PERLBREW_MANPATH = /Users/njh/perl5/perlbrew/perls/perl-5.32.0/man
PERLBREW_PATH = /Users/njh/perl5/perlbrew/bin:/Users/njh/perl5/perlbrew/perls/perl-5.32.0/bin
PERLBREW_PERL = perl-5.32.0
PERLBREW_ROOT = /Users/njh/perl5/perlbrew
PERLBREW_SHELLRC_VERSION = 0.87
PERLBREW_VERSION = 0.87
PERL_LOCAL_LIB_ROOT =
PERL_MM_USE_DEFAULT = 1
PERL_USE_UNSAFE_INC = 1
SHELL = /bin/bash
TERM = xterm-256color
TMPDIR = /var/folders/8v/329gghld15g2ls572lrpg_yw0000gn/T/
VERSIONER_PERL_VERSION = 5.18
Perl special variables (and OS-specific diagnostics, for MSWin32):
$^X = /Users/njh/perl5/perlbrew/perls/perl-5.32.0/bin/perl
$UID/$EUID = 501 / 501
$GID = 20 20 12 61 401 102 402 100
$EGID = 20 20 12 61 401 102 402 100
Perl module toolchain versions installed:
Module Have
------------------- --------
CPAN 2.28
CPAN::Meta 2.150010
Cwd 3.78
ExtUtils::CBuilder 0.280235
ExtUtils::Command 7.52
ExtUtils::Install 2.18
ExtUtils::MakeMaker 7.52
ExtUtils::Manifest 1.72
ExtUtils::ParseXS 3.40
File::Spec 3.78
JSON 4.02
JSON::PP 4.05
Module::Build 0.4231
Module::Signature n/a
Parse::CPAN::Meta 2.150010
Test::Harness 3.42
Test::More 1.302183
YAML 1.30
YAML::Syck 1.34
version 0.9928
--
Summary of my perl5 (revision 5 version 32 subversion 0) configuration:
Platform:
osname=darwin
osvers=19.5.0
archname=darwin-2level
uname='darwin mac.bandsman.co.uk 19.5.0 darwin kernel version 19.5.0: tue may 26 20:41:44 pdt 2020; root:xnu-6153.121.2~2release_x86_64 x86_64 '
config_args='-de -Dprefix=/Users/njh/perl5/perlbrew/perls/perl-5.32.0 -Aeval:scriptdir=/Users/njh/perl5/perlbrew/perls/perl-5.32.0/bin'
hint=recommended
useposix=true
d_sigaction=define
useithreads=undef
usemultiplicity=undef
use64bitint=define
use64bitall=define
uselongdouble=undef
usemymalloc=n
default_inc_excludes_dot=define
bincompat5005=undef
Compiler:
cc='cc'
ccflags ='-fno-common -DPERL_DARWIN -fno-strict-aliasing -pipe -fstack-protector-strong -I/usr/local/include -I/opt/local/include'
optimize='-O3'
cppflags='-fno-common -DPERL_DARWIN -fno-strict-aliasing -pipe -fstack-protector-strong -I/usr/local/include -I/opt/local/include'
ccversion=''
gccversion='4.2.1 Compatible Apple LLVM 11.0.3 (clang-1103.0.32.62)'
gccosandvers=''
intsize=4
longsize=8
ptrsize=8
doublesize=8
byteorder=12345678
doublekind=3
d_longlong=define
longlongsize=8
d_longdbl=define
longdblsize=16
longdblkind=3
ivtype='long'
ivsize=8
nvtype='double'
nvsize=8
Off_t='off_t'
lseeksize=8
alignbytes=8
prototype=define
Linker and Libraries:
ld='env MACOSX_DEPLOYMENT_TARGET=10.3 cc'
ldflags =' -fstack-protector-strong -L/usr/local/lib -L/opt/local/lib'
libpth=/usr/local/lib /Applications/Xcode.app/Contents/Developer/Toolchains/XcodeDefault.xctoolchain/usr/lib/clang/11.0.3/lib /Applications/Xcode.app/Contents/Developer/Platforms/MacOSX.platform/Developer/SDKs/MacOSX.sdk/usr/lib /Applications/Xcode.app/Contents/Developer/Toolchains/XcodeDefault.xctoolchain/usr/lib /opt/local/lib /usr/lib
libs=-lpthread -lgdbm -ldbm -ldl -lm -lutil -lc
perllibs=-lpthread -ldl -lm -lutil -lc
libc=
so=dylib
useshrplib=false
libperl=libperl.a
gnulibc_version=''
Dynamic Linking:
dlsrc=dl_dlopen.xs
dlext=bundle
d_dlsymun=undef
ccdlflags=' '
cccdlflags=' '
lddlflags=' -bundle -undefined dynamic_lookup -L/usr/local/lib -L/opt/local/lib -fstack-protector-strong'
Characteristics of this binary (from libperl):
Compile-time options:
HAS_TIMES
PERLIO_LAYERS
PERL_COPY_ON_WRITE
PERL_DONT_CREATE_GVSV
PERL_MALLOC_WRAP
PERL_OP_PARENT
PERL_PRESERVE_IVUV
USE_64_BIT_ALL
USE_64_BIT_INT
USE_LARGE_FILES
USE_LOCALE
USE_LOCALE_COLLATE
USE_LOCALE_CTYPE
USE_LOCALE_NUMERIC
USE_LOCALE_TIME
USE_PERLIO
USE_PERL_ATOF
Built under darwin
Compiled at Jun 29 2020 09:54:29
%ENV:
PERL5LIB=""
PERL5OPT=""
PERL5_CPANPLUS_IS_RUNNING="42105"
PERL5_CPAN_IS_RUNNING="42105"
PERLBREW_HOME="/Users/njh/.perlbrew"
PERLBREW_LIB=""
PERLBREW_MANPATH="/Users/njh/perl5/perlbrew/perls/perl-5.32.0/man"
PERLBREW_PATH="/Users/njh/perl5/perlbrew/bin:/Users/njh/perl5/perlbrew/perls/perl-5.32.0/bin"
PERLBREW_PERL="perl-5.32.0"
PERLBREW_ROOT="/Users/njh/perl5/perlbrew"
PERLBREW_SHELLRC_VERSION="0.87"
PERLBREW_VERSION="0.87"
PERL_LOCAL_LIB_ROOT=""
PERL_MM_USE_DEFAULT="1"
PERL_USE_UNSAFE_INC="1"
@INC:
/Users/njh/perl5/perlbrew/perls/perl-5.32.0/lib/site_perl/5.32.0/darwin-2level
/Users/njh/perl5/perlbrew/perls/perl-5.32.0/lib/site_perl/5.32.0
/Users/njh/perl5/perlbrew/perls/perl-5.32.0/lib/5.32.0/darwin-2level
/Users/njh/perl5/perlbrew/perls/perl-5.32.0/lib/5.32.0
.