Syntax-Operator-Equ v0.07 Perl 5 v5.18.1 x86_64-linux
- Status
- Fail
- From
- Slaven Rezić
- Dist
-
Syntax-Operator-Equ v0.07
- Platform
- Perl 5 v5.18.1 x86_64-linux
- Date
- 2023-12-29 20:57:25
- ID
- dea8eae2-a68c-11ee-99a4-d03c6e8775ea
This distribution has been tested as part of the CPAN Testers
project, supporting the Perl programming language. See
http://wiki.cpantesters.org/ for more information or email
questions to cpan-testers-discuss@perl.org
--
Dear Paul Evans,
This is a computer-generated report for Syntax-Operator-Equ-0.07
on perl 5.18.1, created by CPAN-Reporter-1.2018.
Thank you for uploading your work to CPAN. However, there was a problem
testing your distribution.
If you think this report is invalid, please consult the CPAN Testers Wiki
for suggestions on how to avoid getting FAIL reports for missing library
or binary dependencies, unsupported operating systems, and so on:
http://wiki.cpantesters.org/wiki/CPANAuthorNotes
Sections of this report:
* Tester comments
* Program output
* Prerequisites
* Environment and other context
------------------------------
TESTER COMMENTS
------------------------------
Additional comments from tester:
none provided
------------------------------
PROGRAM OUTPUT
------------------------------
Output from './Build test':
t/00use.t .......... ok
t/01equ-stringy.t .. skipped: No PL_infix_plugin
t/02equ-numeric.t .. skipped: No PL_infix_plugin
t/03eqr.t .......... skipped: No PL_infix_plugin
t/10getmagic.t ..... skipped: No PL_infix_plugin
Undefined subroutine &meta::get_package called at /home/cpansand/.cpan/build/2023122920/Syntax-Operator-Equ-0.07-2/blib/lib/Syntax/Operator/Equ.pm line 111.
BEGIN failed--compilation aborted at t/11func.t line 8.
t/11func.t .........
Dubious, test returned 255 (wstat 65280, 0xff00)
No subtests run
Undefined subroutine &meta::get_package called at /home/cpansand/.cpan/build/2023122920/Syntax-Operator-Equ-0.07-2/blib/lib/Syntax/Operator/Equ.pm line 111.
BEGIN failed--compilation aborted at t/12deparse.t line 8.
t/12deparse.t ......
Dubious, test returned 255 (wstat 65280, 0xff00)
No subtests run
t/80in+equ.t ....... skipped: Syntax::Operator::In >= 0.03 is not available
t/80match-eqr.t .... skipped: Syntax::Keyword::Match >= 0.08 is not available
t/80match-equ.t .... skipped: Syntax::Keyword::Match >= 0.08 is not available
t/99pod.t .......... ok
Test Summary Report
-------------------
t/11func.t (Wstat: 65280 Tests: 0 Failed: 0)
Non-zero exit status: 255
Parse errors: No plan found in TAP output
t/12deparse.t (Wstat: 65280 Tests: 0 Failed: 0)
Non-zero exit status: 255
Parse errors: No plan found in TAP output
Files=11, Tests=3, 2 wallclock secs ( 0.01 usr 0.02 sys + 0.73 cusr 0.12 csys = 0.88 CPU)
Result: FAIL
Failed 2/11 test programs. 0/3 subtests failed.
------------------------------
PREREQUISITES
------------------------------
Prerequisite modules loaded:
requires:
Module Need Have
------------------------- ------ --------
meta 0 0.001
perl 5.014 5.018001
XS::Parse::Infix 0.26 0.39
build_requires:
Module Need Have
------------------------- ------ --------
ExtUtils::CBuilder 0 0.280210
Test2::V0 0 0.000159
configure_requires:
Module Need Have
------------------------- ------ --------
Module::Build 0.4004 0.4220
XS::Parse::Infix::Builder 0.26 0.39
------------------------------
ENVIRONMENT AND OTHER CONTEXT
------------------------------
Environment variables:
LANG = en_US.UTF-8
LANGUAGE = en_US:en
PATH = /usr/local/bin:/usr/bin:/bin:/usr/local/sbin:/usr/sbin:/sbin:/home/cpansand/bin/linux-gnu:/home/cpansand/bin/sh:/home/cpansand/bin:/usr/games:/home/cpansand/devel:/home/eserte/src/srezic-misc/scripts
PERL5LIB = /home/cpansand/.cpan/build/2023122920/meta-0.001-6/blib/arch:/home/cpansand/.cpan/build/2023122920/meta-0.001-6/blib/lib:/home/cpansand/.cpan/build/2023122920/XS-Parse-Keyword-0.39-6/blib/arch:/home/cpansand/.cpan/build/2023122920/XS-Parse-Keyword-0.39-6/blib/lib:/home/cpansand/.cpan/build/2023122920/Test2-Suite-0.000159-6/blib/arch:/home/cpansand/.cpan/build/2023122920/Test2-Suite-0.000159-6/blib/lib:/home/cpansand/.cpan/build/2023122920/Test-Simple-1.302198-7/blib/arch:/home/cpansand/.cpan/build/2023122920/Test-Simple-1.302198-7/blib/lib:/home/cpansand/.cpan/build/2023122920/Term-Table-0.018-6/blib/arch:/home/cpansand/.cpan/build/2023122920/Term-Table-0.018-6/blib/lib:/home/cpansand/.cpan/build/2023122920/ExtUtils-CChecker-0.11-6/blib/arch:/home/cpansand/.cpan/build/2023122920/ExtUtils-CChecker-0.11-6/blib/lib
PERL5OPT =
PERL5_CPANPLUS_IS_RUNNING = 13937
PERL5_CPAN_IS_RUNNING = 13937
PERL5_CPAN_IS_RUNNING_IN_RECURSION = 5746,13937
PERLDOC = -MPod::Perldoc::ToTextOverstrike
PERL_BATCH = yes
PERL_CANARY_STABILITY_NOPROMPT = 1
PERL_CPAN_REPORTER_CONFIG = /var/tmp/cpansmoker-1023/2023122920/cpanreporter_000_config.ini
PERL_EXTUTILS_AUTOINSTALL = --defaultdeps
SHELL = /bin/zsh
TERM = screen
TMPDIR = /var/tmp/cpansmoker-1023/2023122920
Perl special variables (and OS-specific diagnostics, for MSWin32):
$^X = /opt/perl-5.18.1d/bin/perl5.18.1
$UID/$EUID = 1023 / 1023
$GID = 1023 1023
$EGID = 1023 1023
Perl module toolchain versions installed:
Module Have
------------------- --------
CPAN 2.14
CPAN::Meta 2.150010
Cwd 3.40
ExtUtils::CBuilder 0.280210
ExtUtils::Command 7.24
ExtUtils::Install 1.59
ExtUtils::MakeMaker 7.24
ExtUtils::Manifest 1.70
ExtUtils::ParseXS 3.18
File::Spec 3.40
JSON n/a
JSON::PP 2.27400
Module::Build 0.4220
Module::Signature n/a
Parse::CPAN::Meta 2.150010
Test::Harness 3.36
Test::More 1.302198
YAML 0.84
YAML::Syck 1.27
version 0.9902
--
Summary of my perl5 (revision 5 version 18 subversion 1) configuration:
Platform:
osname=linux, osvers=3.2.0-4-amd64, archname=x86_64-linux
uname='linux cvrsnica-wheezy 3.2.0-4-amd64 #1 smp debian 3.2.41-2+deb7u2 x86_64 gnulinux '
config_args='-ds -e -Dprefix=/opt/perl-5.18.1d -DDEBUGGING'
hint=recommended, useposix=true, d_sigaction=define
useithreads=undef, usemultiplicity=undef
useperlio=define, d_sfio=undef, uselargefiles=define, usesocks=undef
use64bitint=define, use64bitall=define, uselongdouble=undef
usemymalloc=n, bincompat5005=undef
Compiler:
cc='cc', ccflags ='-DDEBUGGING -fno-strict-aliasing -pipe -fstack-protector -I/usr/local/include -D_LARGEFILE_SOURCE -D_FILE_OFFSET_BITS=64',
optimize='-O2 -g',
cppflags='-DDEBUGGING -fno-strict-aliasing -pipe -fstack-protector -I/usr/local/include'
ccversion='', gccversion='4.7.2', gccosandvers=''
intsize=4, longsize=8, ptrsize=8, doublesize=8, byteorder=12345678
d_longlong=define, longlongsize=8, d_longdbl=define, longdblsize=16
ivtype='long', ivsize=8, nvtype='double', nvsize=8, Off_t='off_t', lseeksize=8
alignbytes=8, prototype=define
Linker and Libraries:
ld='cc', ldflags =' -fstack-protector -L/usr/local/lib'
libpth=/usr/local/lib /lib/x86_64-linux-gnu /lib/../lib /usr/lib/x86_64-linux-gnu /usr/lib/../lib /lib /usr/lib
libs=-lnsl -ldl -lm -lcrypt -lutil -lc
perllibs=-lnsl -ldl -lm -lcrypt -lutil -lc
libc=, so=so, useshrplib=false, libperl=libperl.a
gnulibc_version='2.13'
Dynamic Linking:
dlsrc=dl_dlopen.xs, dlext=so, d_dlsymun=undef, ccdlflags='-Wl,-E'
cccdlflags='-fPIC', lddlflags='-shared -O2 -g -L/usr/local/lib -fstack-protector'
Characteristics of this binary (from libperl):
Compile-time options: DEBUGGING HAS_TIMES PERLIO_LAYERS
PERL_DONT_CREATE_GVSV
PERL_HASH_FUNC_ONE_AT_A_TIME_HARD PERL_MALLOC_WRAP
PERL_PRESERVE_IVUV PERL_SAWAMPERSAND USE_64_BIT_ALL
USE_64_BIT_INT USE_LARGE_FILES USE_LOCALE
USE_LOCALE_COLLATE USE_LOCALE_CTYPE
USE_LOCALE_NUMERIC USE_PERLIO USE_PERL_ATOF
Built under linux
Compiled at Nov 7 2013 09:38:13
%ENV:
PERL5LIB="/home/cpansand/.cpan/build/2023122920/meta-0.001-6/blib/arch:/home/cpansand/.cpan/build/2023122920/meta-0.001-6/blib/lib:/home/cpansand/.cpan/build/2023122920/XS-Parse-Keyword-0.39-6/blib/arch:/home/cpansand/.cpan/build/2023122920/XS-Parse-Keyword-0.39-6/blib/lib:/home/cpansand/.cpan/build/2023122920/Test2-Suite-0.000159-6/blib/arch:/home/cpansand/.cpan/build/2023122920/Test2-Suite-0.000159-6/blib/lib:/home/cpansand/.cpan/build/2023122920/Test-Simple-1.302198-7/blib/arch:/home/cpansand/.cpan/build/2023122920/Test-Simple-1.302198-7/blib/lib:/home/cpansand/.cpan/build/2023122920/Term-Table-0.018-6/blib/arch:/home/cpansand/.cpan/build/2023122920/Term-Table-0.018-6/blib/lib:/home/cpansand/.cpan/build/2023122920/ExtUtils-CChecker-0.11-6/blib/arch:/home/cpansand/.cpan/build/2023122920/ExtUtils-CChecker-0.11-6/blib/lib"
PERL5OPT=""
PERL5_CPANPLUS_IS_RUNNING="13937"
PERL5_CPAN_IS_RUNNING="13937"
PERL5_CPAN_IS_RUNNING_IN_RECURSION="5746,13937"
PERLDOC="-MPod::Perldoc::ToTextOverstrike"
PERL_BATCH="yes"
PERL_CANARY_STABILITY_NOPROMPT="1"
PERL_CPAN_REPORTER_CONFIG="/var/tmp/cpansmoker-1023/2023122920/cpanreporter_000_config.ini"
PERL_EXTUTILS_AUTOINSTALL="--defaultdeps"
@INC:
/home/cpansand/.cpan/build/2023122920/meta-0.001-6/blib/arch
/home/cpansand/.cpan/build/2023122920/meta-0.001-6/blib/lib
/home/cpansand/.cpan/build/2023122920/XS-Parse-Keyword-0.39-6/blib/arch
/home/cpansand/.cpan/build/2023122920/XS-Parse-Keyword-0.39-6/blib/lib
/home/cpansand/.cpan/build/2023122920/Test2-Suite-0.000159-6/blib/arch
/home/cpansand/.cpan/build/2023122920/Test2-Suite-0.000159-6/blib/lib
/home/cpansand/.cpan/build/2023122920/Test-Simple-1.302198-7/blib/arch
/home/cpansand/.cpan/build/2023122920/Test-Simple-1.302198-7/blib/lib
/home/cpansand/.cpan/build/2023122920/Term-Table-0.018-6/blib/arch
/home/cpansand/.cpan/build/2023122920/Term-Table-0.018-6/blib/lib
/home/cpansand/.cpan/build/2023122920/ExtUtils-CChecker-0.11-6/blib/arch
/home/cpansand/.cpan/build/2023122920/ExtUtils-CChecker-0.11-6/blib/lib
/opt/perl-5.18.1d/lib/site_perl/5.18.1/x86_64-linux
/opt/perl-5.18.1d/lib/site_perl/5.18.1
/opt/perl-5.18.1d/lib/5.18.1/x86_64-linux
/opt/perl-5.18.1d/lib/5.18.1
.