Back
From: metabase:user:d2c9f356-b46f-11df-9a90-20a83c0b7757
Subject: FAIL MyLibrary-3.0.4 v5.15.4 SunOS/Solaris
Date: 2011-11-19T05:03:50Z
This distribution has been tested as part of the CPAN Testers
project, supporting the Perl programming language. See
http://wiki.cpantesters.org/ for more information or email
questions to cpan-testers-discuss@perl.org
--
Dear Eric Lease Morgan,
This is a computer-generated report for MyLibrary-3.0.4
on perl 5.15.4, created by CPAN-Reporter-1.2002.
Thank you for uploading your work to CPAN. However, there was a problem
testing your distribution.
If you think this report is invalid, please consult the CPAN Testers Wiki
for suggestions on how to avoid getting FAIL reports for missing library
or binary dependencies, unsupported operating systems, and so on:
http://wiki.cpantesters.org/wiki/CPANAuthorNotes
Sections of this report:
* Tester comments
* Program output
* Prerequisites
* Environment and other context
------------------------------
TESTER COMMENTS
------------------------------
Additional comments from tester:
this report is from an automated smoke testing program
and was not reviewed by a human for accuracy
------------------------------
PROGRAM OUTPUT
------------------------------
Output from '/usr/local/bin/make test':
PERL_DL_NONLAZY=1 /export/home/cpant4/perl5/bin/perl5.15.4 "-MExtUtils::Command::MM" "-e" "test_harness(0, 'blib/lib', 'blib/arch')" t/*.t
Can't locate Test/LongString.pm in @INC (@INC contains: /export/home/cpant4/.cpan/build/MyLibrary-3.0.4-OOzD3d/blib/lib /export/home/cpant4/.cpan/build/MyLibrary-3.0.4-OOzD3d/blib/arch /export/home/cpant4/.cpan/build/CGI-Session-4.48-fskLIU/blib/arch /export/home/cpant4/.cpan/build/CGI-Session-4.48-fskLIU/blib/lib /export/home/cpant4/.cpan/build/CGI-Session-4.48-fskLIU/blib/arch /export/home/cpant4/.cpan/build/CGI-Session-4.48-fskLIU/blib/lib /export/home/cpant4/perl5/lib/site_perl/5.15.4/i86pc-solaris-64int /export/home/cpant4/perl5/lib/site_perl/5.15.4 /export/home/cpant4/perl5/lib/5.15.4/i86pc-solaris-64int /export/home/cpant4/perl5/lib/5.15.4 /export/home/cpant4/perl5/lib/site_perl .) at t/Auth_Basic.t line 2.
BEGIN failed--compilation aborted at t/Auth_Basic.t line 2.
# Looks like your test exited with 2 before it could output anything.
t/Auth_Basic.t .....
Dubious, test returned 2 (wstat 512, 0x200)
Failed 10/10 subtests
t/Config.t ......... ok
install_driver(mysql) failed: Can't locate DBD/mysql.pm in @INC (@INC contains: /export/home/cpant4/.cpan/build/MyLibrary-3.0.4-OOzD3d/blib/lib /export/home/cpant4/.cpan/build/MyLibrary-3.0.4-OOzD3d/blib/arch /export/home/cpant4/.cpan/build/CGI-Session-4.48-fskLIU/blib/arch /export/home/cpant4/.cpan/build/CGI-Session-4.48-fskLIU/blib/lib /export/home/cpant4/.cpan/build/CGI-Session-4.48-fskLIU/blib/arch /export/home/cpant4/.cpan/build/CGI-Session-4.48-fskLIU/blib/lib /export/home/cpant4/perl5/lib/site_perl/5.15.4/i86pc-solaris-64int /export/home/cpant4/perl5/lib/site_perl/5.15.4 /export/home/cpant4/perl5/lib/5.15.4/i86pc-solaris-64int /export/home/cpant4/perl5/lib/5.15.4 /export/home/cpant4/perl5/lib/site_perl .) at (eval 7) line 3.
Perhaps the DBD::mysql perl module hasn't been fully installed,
or perhaps the capitalisation of 'mysql' isn't right.
Available drivers: DBM, ExampleP, File, Gofer, Proxy, SQLite, Sponge.
at /export/home/cpant4/.cpan/build/MyLibrary-3.0.4-OOzD3d/blib/lib/MyLibrary/DB.pm line 42
# Looks like you planned 3 tests but ran 1.
# Looks like your test exited with 2 just after 1.
t/DB.t .............
Dubious, test returned 2 (wstat 512, 0x200)
Failed 2/3 subtests
install_driver(mysql) failed: Can't locate DBD/mysql.pm in @INC (@INC contains: /export/home/cpant4/.cpan/build/MyLibrary-3.0.4-OOzD3d/blib/lib /export/home/cpant4/.cpan/build/MyLibrary-3.0.4-OOzD3d/blib/arch /export/home/cpant4/.cpan/build/CGI-Session-4.48-fskLIU/blib/arch /export/home/cpant4/.cpan/build/CGI-Session-4.48-fskLIU/blib/lib /export/home/cpant4/.cpan/build/CGI-Session-4.48-fskLIU/blib/arch /export/home/cpant4/.cpan/build/CGI-Session-4.48-fskLIU/blib/lib /export/home/cpant4/perl5/lib/site_perl/5.15.4/i86pc-solaris-64int /export/home/cpant4/perl5/lib/site_perl/5.15.4 /export/home/cpant4/perl5/lib/5.15.4/i86pc-solaris-64int /export/home/cpant4/perl5/lib/5.15.4 /export/home/cpant4/perl5/lib/site_perl .) at (eval 9) line 3.
Perhaps the DBD::mysql perl module hasn't been fully installed,
or perhaps the capitalisation of 'mysql' isn't right.
Available drivers: DBM, ExampleP, File, Gofer, Proxy, SQLite, Sponge.
at /export/home/cpant4/.cpan/build/MyLibrary-3.0.4-OOzD3d/blib/lib/MyLibrary/DB.pm line 42
# Looks like you planned 31 tests but ran 4.
# Looks like your test exited with 2 just after 4.
t/Facet.t ..........
Dubious, test returned 2 (wstat 512, 0x200)
Failed 27/31 subtests
install_driver(mysql) failed: Can't locate DBD/mysql.pm in @INC (@INC contains: /export/home/cpant4/.cpan/build/MyLibrary-3.0.4-OOzD3d/blib/lib /export/home/cpant4/.cpan/build/MyLibrary-3.0.4-OOzD3d/blib/arch /export/home/cpant4/.cpan/build/CGI-Session-4.48-fskLIU/blib/arch /export/home/cpant4/.cpan/build/CGI-Session-4.48-fskLIU/blib/lib /export/home/cpant4/.cpan/build/CGI-Session-4.48-fskLIU/blib/arch /export/home/cpant4/.cpan/build/CGI-Session-4.48-fskLIU/blib/lib /export/home/cpant4/perl5/lib/site_perl/5.15.4/i86pc-solaris-64int /export/home/cpant4/perl5/lib/site_perl/5.15.4 /export/home/cpant4/perl5/lib/5.15.4/i86pc-solaris-64int /export/home/cpant4/perl5/lib/5.15.4 /export/home/cpant4/perl5/lib/site_perl .) at (eval 12) line 3.
Perhaps the DBD::mysql perl module hasn't been fully installed,
or perhaps the capitalisation of 'mysql' isn't right.
Available drivers: DBM, ExampleP, File, Gofer, Proxy, SQLite, Sponge.
at /export/home/cpant4/.cpan/build/MyLibrary-3.0.4-OOzD3d/blib/lib/MyLibrary/DB.pm line 42
# Looks like you planned 17 tests but ran 7.
# Looks like your test exited with 2 just after 7.
t/Librarian.t ......
Dubious, test returned 2 (wstat 512, 0x200)
Failed 10/17 subtests
install_driver(mysql) failed: Can't locate DBD/mysql.pm in @INC (@INC contains: /export/home/cpant4/.cpan/build/MyLibrary-3.0.4-OOzD3d/blib/lib /export/home/cpant4/.cpan/build/MyLibrary-3.0.4-OOzD3d/blib/arch /export/home/cpant4/.cpan/build/CGI-Session-4.48-fskLIU/blib/arch /export/home/cpant4/.cpan/build/CGI-Session-4.48-fskLIU/blib/lib /export/home/cpant4/.cpan/build/CGI-Session-4.48-fskLIU/blib/arch /export/home/cpant4/.cpan/build/CGI-Session-4.48-fskLIU/blib/lib /export/home/cpant4/perl5/lib/site_perl/5.15.4/i86pc-solaris-64int /export/home/cpant4/perl5/lib/site_perl/5.15.4 /export/home/cpant4/perl5/lib/5.15.4/i86pc-solaris-64int /export/home/cpant4/perl5/lib/5.15.4 /export/home/cpant4/perl5/lib/site_perl .) at (eval 7) line 3.
Perhaps the DBD::mysql perl module hasn't been fully installed,
or perhaps the capitalisation of 'mysql' isn't right.
Available drivers: DBM, ExampleP, File, Gofer, Proxy, SQLite, Sponge.
at /export/home/cpant4/.cpan/build/MyLibrary-3.0.4-OOzD3d/blib/lib/MyLibrary/DB.pm line 42
# Looks like you planned 23 tests but ran 1.
# Looks like your test exited with 2 just after 1.
t/Location.t .......
Dubious, test returned 2 (wstat 512, 0x200)
Failed 22/23 subtests
install_driver(mysql) failed: Can't locate DBD/mysql.pm in @INC (@INC contains: /export/home/cpant4/.cpan/build/MyLibrary-3.0.4-OOzD3d/blib/lib /export/home/cpant4/.cpan/build/MyLibrary-3.0.4-OOzD3d/blib/arch /export/home/cpant4/.cpan/build/CGI-Session-4.48-fskLIU/blib/arch /export/home/cpant4/.cpan/build/CGI-Session-4.48-fskLIU/blib/lib /export/home/cpant4/.cpan/build/CGI-Session-4.48-fskLIU/blib/arch /export/home/cpant4/.cpan/build/CGI-Session-4.48-fskLIU/blib/lib /export/home/cpant4/perl5/lib/site_perl/5.15.4/i86pc-solaris-64int /export/home/cpant4/perl5/lib/site_perl/5.15.4 /export/home/cpant4/perl5/lib/5.15.4/i86pc-solaris-64int /export/home/cpant4/perl5/lib/5.15.4 /export/home/cpant4/perl5/lib/site_perl .) at (eval 9) line 3.
Perhaps the DBD::mysql perl module hasn't been fully installed,
or perhaps the capitalisation of 'mysql' isn't right.
Available drivers: DBM, ExampleP, File, Gofer, Proxy, SQLite, Sponge.
at /export/home/cpant4/.cpan/build/MyLibrary-3.0.4-OOzD3d/blib/lib/MyLibrary/DB.pm line 42
# Looks like you planned 7 tests but ran 4.
# Looks like your test exited with 2 just after 4.
t/Location_Type.t ..
Dubious, test returned 2 (wstat 512, 0x200)
Failed 3/7 subtests
install_driver(mysql) failed: Can't locate DBD/mysql.pm in @INC (@INC contains: /export/home/cpant4/.cpan/build/MyLibrary-3.0.4-OOzD3d/blib/lib /export/home/cpant4/.cpan/build/MyLibrary-3.0.4-OOzD3d/blib/arch /export/home/cpant4/.cpan/build/CGI-Session-4.48-fskLIU/blib/arch /export/home/cpant4/.cpan/build/CGI-Session-4.48-fskLIU/blib/lib /export/home/cpant4/.cpan/build/CGI-Session-4.48-fskLIU/blib/arch /export/home/cpant4/.cpan/build/CGI-Session-4.48-fskLIU/blib/lib /export/home/cpant4/perl5/lib/site_perl/5.15.4/i86pc-solaris-64int /export/home/cpant4/perl5/lib/site_perl/5.15.4 /export/home/cpant4/perl5/lib/5.15.4/i86pc-solaris-64int /export/home/cpant4/perl5/lib/5.15.4 /export/home/cpant4/perl5/lib/site_perl .) at (eval 11) line 3.
Perhaps the DBD::mysql perl module hasn't been fully installed,
or perhaps the capitalisation of 'mysql' isn't right.
Available drivers: DBM, ExampleP, File, Gofer, Proxy, SQLite, Sponge.
at /export/home/cpant4/.cpan/build/MyLibrary-3.0.4-OOzD3d/blib/lib/MyLibrary/DB.pm line 42
# Looks like you planned 15 tests but ran 6.
# Looks like your test exited with 2 just after 6.
t/Message.t ........
Dubious, test returned 2 (wstat 512, 0x200)
Failed 9/15 subtests
install_driver(mysql) failed: Can't locate DBD/mysql.pm in @INC (@INC contains: /export/home/cpant4/.cpan/build/MyLibrary-3.0.4-OOzD3d/blib/lib /export/home/cpant4/.cpan/build/MyLibrary-3.0.4-OOzD3d/blib/arch /export/home/cpant4/.cpan/build/CGI-Session-4.48-fskLIU/blib/arch /export/home/cpant4/.cpan/build/CGI-Session-4.48-fskLIU/blib/lib /export/home/cpant4/.cpan/build/CGI-Session-4.48-fskLIU/blib/arch /export/home/cpant4/.cpan/build/CGI-Session-4.48-fskLIU/blib/lib /export/home/cpant4/perl5/lib/site_perl/5.15.4/i86pc-solaris-64int /export/home/cpant4/perl5/lib/site_perl/5.15.4 /export/home/cpant4/perl5/lib/5.15.4/i86pc-solaris-64int /export/home/cpant4/perl5/lib/5.15.4 /export/home/cpant4/perl5/lib/site_perl .) at (eval 25) line 3.
Perhaps the DBD::mysql perl module hasn't been fully installed,
or perhaps the capitalisation of 'mysql' isn't right.
Available drivers: DBM, ExampleP, File, Gofer, Proxy, SQLite, Sponge.
at /export/home/cpant4/.cpan/build/MyLibrary-3.0.4-OOzD3d/blib/lib/MyLibrary/DB.pm line 42
# Looks like you planned 40 tests but ran 20.
# Looks like your test exited with 2 just after 20.
t/Patron.t .........
Dubious, test returned 2 (wstat 512, 0x200)
Failed 20/40 subtests
install_driver(mysql) failed: Can't locate DBD/mysql.pm in @INC (@INC contains: /export/home/cpant4/.cpan/build/MyLibrary-3.0.4-OOzD3d/blib/lib /export/home/cpant4/.cpan/build/MyLibrary-3.0.4-OOzD3d/blib/arch /export/home/cpant4/.cpan/build/CGI-Session-4.48-fskLIU/blib/arch /export/home/cpant4/.cpan/build/CGI-Session-4.48-fskLIU/blib/lib /export/home/cpant4/.cpan/build/CGI-Session-4.48-fskLIU/blib/arch /export/home/cpant4/.cpan/build/CGI-Session-4.48-fskLIU/blib/lib /export/home/cpant4/perl5/lib/site_perl/5.15.4/i86pc-solaris-64int /export/home/cpant4/perl5/lib/site_perl/5.15.4 /export/home/cpant4/perl5/lib/5.15.4/i86pc-solaris-64int /export/home/cpant4/perl5/lib/5.15.4 /export/home/cpant4/perl5/lib/site_perl .) at (eval 7) line 3.
Perhaps the DBD::mysql perl module hasn't been fully installed,
or perhaps the capitalisation of 'mysql' isn't right.
Available drivers: DBM, ExampleP, File, Gofer, Proxy, SQLite, Sponge.
at /export/home/cpant4/.cpan/build/MyLibrary-3.0.4-OOzD3d/blib/lib/MyLibrary/DB.pm line 42
# Looks like you planned 10 tests but ran 1.
# Looks like your test exited with 2 just after 1.
t/Patron_Links.t ...
Dubious, test returned 2 (wstat 512, 0x200)
Failed 9/10 subtests
install_driver(mysql) failed: Can't locate DBD/mysql.pm in @INC (@INC contains: /export/home/cpant4/.cpan/build/MyLibrary-3.0.4-OOzD3d/blib/lib /export/home/cpant4/.cpan/build/MyLibrary-3.0.4-OOzD3d/blib/arch /export/home/cpant4/.cpan/build/CGI-Session-4.48-fskLIU/blib/arch /export/home/cpant4/.cpan/build/CGI-Session-4.48-fskLIU/blib/lib /export/home/cpant4/.cpan/build/CGI-Session-4.48-fskLIU/blib/arch /export/home/cpant4/.cpan/build/CGI-Session-4.48-fskLIU/blib/lib /export/home/cpant4/perl5/lib/site_perl/5.15.4/i86pc-solaris-64int /export/home/cpant4/perl5/lib/site_perl/5.15.4 /export/home/cpant4/perl5/lib/5.15.4/i86pc-solaris-64int /export/home/cpant4/perl5/lib/5.15.4 /export/home/cpant4/perl5/lib/site_perl .) at (eval 31) line 3.
Perhaps the DBD::mysql perl module hasn't been fully installed,
or perhaps the capitalisation of 'mysql' isn't right.
Available drivers: DBM, ExampleP, File, Gofer, Proxy, SQLite, Sponge.
at /export/home/cpant4/.cpan/build/MyLibrary-3.0.4-OOzD3d/blib/lib/MyLibrary/DB.pm line 42
# Looks like you planned 100 tests but ran 26.
# Looks like your test exited with 2 just after 26.
t/Resource.t .......
Dubious, test returned 2 (wstat 512, 0x200)
Failed 74/100 subtests
install_driver(mysql) failed: Can't locate DBD/mysql.pm in @INC (@INC contains: /export/home/cpant4/.cpan/build/MyLibrary-3.0.4-OOzD3d/blib/lib /export/home/cpant4/.cpan/build/MyLibrary-3.0.4-OOzD3d/blib/arch /export/home/cpant4/.cpan/build/CGI-Session-4.48-fskLIU/blib/arch /export/home/cpant4/.cpan/build/CGI-Session-4.48-fskLIU/blib/lib /export/home/cpant4/.cpan/build/CGI-Session-4.48-fskLIU/blib/arch /export/home/cpant4/.cpan/build/CGI-Session-4.48-fskLIU/blib/lib /export/home/cpant4/perl5/lib/site_perl/5.15.4/i86pc-solaris-64int /export/home/cpant4/perl5/lib/site_perl/5.15.4 /export/home/cpant4/perl5/lib/5.15.4/i86pc-solaris-64int /export/home/cpant4/perl5/lib/5.15.4 /export/home/cpant4/perl5/lib/site_perl .) at (eval 13) line 3.
Perhaps the DBD::mysql perl module hasn't been fully installed,
or perhaps the capitalisation of 'mysql' isn't right.
Available drivers: DBM, ExampleP, File, Gofer, Proxy, SQLite, Sponge.
at /export/home/cpant4/.cpan/build/MyLibrary-3.0.4-OOzD3d/blib/lib/MyLibrary/DB.pm line 42
# Looks like you planned 20 tests but ran 8.
# Looks like your test exited with 2 just after 8.
t/Review.t .........
Dubious, test returned 2 (wstat 512, 0x200)
Failed 12/20 subtests
install_driver(mysql) failed: Can't locate DBD/mysql.pm in @INC (@INC contains: /export/home/cpant4/.cpan/build/MyLibrary-3.0.4-OOzD3d/blib/lib /export/home/cpant4/.cpan/build/MyLibrary-3.0.4-OOzD3d/blib/arch /export/home/cpant4/.cpan/build/CGI-Session-4.48-fskLIU/blib/arch /export/home/cpant4/.cpan/build/CGI-Session-4.48-fskLIU/blib/lib /export/home/cpant4/.cpan/build/CGI-Session-4.48-fskLIU/blib/arch /export/home/cpant4/.cpan/build/CGI-Session-4.48-fskLIU/blib/lib /export/home/cpant4/perl5/lib/site_perl/5.15.4/i86pc-solaris-64int /export/home/cpant4/perl5/lib/site_perl/5.15.4 /export/home/cpant4/perl5/lib/5.15.4/i86pc-solaris-64int /export/home/cpant4/perl5/lib/5.15.4 /export/home/cpant4/perl5/lib/site_perl .) at (eval 10) line 3.
Perhaps the DBD::mysql perl module hasn't been fully installed,
or perhaps the capitalisation of 'mysql' isn't right.
Available drivers: DBM, ExampleP, File, Gofer, Proxy, SQLite, Sponge.
at /export/home/cpant4/.cpan/build/MyLibrary-3.0.4-OOzD3d/blib/lib/MyLibrary/DB.pm line 42
# Looks like you planned 12 tests but ran 5.
# Looks like your test exited with 2 just after 5.
t/Stylesheet.t .....
Dubious, test returned 2 (wstat 512, 0x200)
Failed 7/12 subtests
install_driver(mysql) failed: Can't locate DBD/mysql.pm in @INC (@INC contains: /export/home/cpant4/.cpan/build/MyLibrary-3.0.4-OOzD3d/blib/lib /export/home/cpant4/.cpan/build/MyLibrary-3.0.4-OOzD3d/blib/arch /export/home/cpant4/.cpan/build/CGI-Session-4.48-fskLIU/blib/arch /export/home/cpant4/.cpan/build/CGI-Session-4.48-fskLIU/blib/lib /export/home/cpant4/.cpan/build/CGI-Session-4.48-fskLIU/blib/arch /export/home/cpant4/.cpan/build/CGI-Session-4.48-fskLIU/blib/lib /export/home/cpant4/perl5/lib/site_perl/5.15.4/i86pc-solaris-64int /export/home/cpant4/perl5/lib/site_perl/5.15.4 /export/home/cpant4/perl5/lib/5.15.4/i86pc-solaris-64int /export/home/cpant4/perl5/lib/5.15.4 /export/home/cpant4/perl5/lib/site_perl .) at (eval 10) line 3.
Perhaps the DBD::mysql perl module hasn't been fully installed,
or perhaps the capitalisation of 'mysql' isn't right.
Available drivers: DBM, ExampleP, File, Gofer, Proxy, SQLite, Sponge.
at /export/home/cpant4/.cpan/build/MyLibrary-3.0.4-OOzD3d/blib/lib/MyLibrary/DB.pm line 42
# Looks like you planned 48 tests but ran 5.
# Looks like your test exited with 2 just after 5.
t/Term.t ...........
Dubious, test returned 2 (wstat 512, 0x200)
Failed 43/48 subtests
Test Summary Report
-------------------
t/Auth_Basic.t (Wstat: 512 Tests: 0 Failed: 0)
Non-zero exit status: 2
Parse errors: Bad plan. You planned 10 tests but ran 0.
t/DB.t (Wstat: 512 Tests: 1 Failed: 0)
Non-zero exit status: 2
Parse errors: Bad plan. You planned 3 tests but ran 1.
t/Facet.t (Wstat: 512 Tests: 4 Failed: 0)
Non-zero exit status: 2
Parse errors: Bad plan. You planned 31 tests but ran 4.
t/Librarian.t (Wstat: 512 Tests: 7 Failed: 0)
Non-zero exit status: 2
Parse errors: Bad plan. You planned 17 tests but ran 7.
t/Location.t (Wstat: 512 Tests: 1 Failed: 0)
Non-zero exit status: 2
Parse errors: Bad plan. You planned 23 tests but ran 1.
t/Location_Type.t (Wstat: 512 Tests: 4 Failed: 0)
Non-zero exit status: 2
Parse errors: Bad plan. You planned 7 tests but ran 4.
t/Message.t (Wstat: 512 Tests: 6 Failed: 0)
Non-zero exit status: 2
Parse errors: Bad plan. You planned 15 tests but ran 6.
t/Patron.t (Wstat: 512 Tests: 20 Failed: 0)
Non-zero exit status: 2
Parse errors: Bad plan. You planned 40 tests but ran 20.
t/Patron_Links.t (Wstat: 512 Tests: 1 Failed: 0)
Non-zero exit status: 2
Parse errors: Bad plan. You planned 10 tests but ran 1.
t/Resource.t (Wstat: 512 Tests: 26 Failed: 0)
Non-zero exit status: 2
Parse errors: Bad plan. You planned 100 tests but ran 26.
t/Review.t (Wstat: 512 Tests: 8 Failed: 0)
Non-zero exit status: 2
Parse errors: Bad plan. You planned 20 tests but ran 8.
t/Stylesheet.t (Wstat: 512 Tests: 5 Failed: 0)
Non-zero exit status: 2
Parse errors: Bad plan. You planned 12 tests but ran 5.
t/Term.t (Wstat: 512 Tests: 5 Failed: 0)
Non-zero exit status: 2
Parse errors: Bad plan. You planned 48 tests but ran 5.
Files=14, Tests=92, 0 wallclock secs ( 0.06 usr 0.03 sys + 0.56 cusr 0.03 csys = 0.68 CPU)
Result: FAIL
Failed 13/14 test programs. 0/92 subtests failed.
make: *** [test_dynamic] Error 2
------------------------------
PREREQUISITES
------------------------------
Prerequisite modules loaded:
requires:
Module Need Have
------------------- ---- -----
Carp 0 1.23
CGI::Session 0 4.48
DBI 1.43 1.616
Test::More 0 0.98
build_requires:
Module Need Have
------------------- ---- -----
ExtUtils::MakeMaker 0 6.62
------------------------------
ENVIRONMENT AND OTHER CONTEXT
------------------------------
Environment variables:
AUTOMATED_TESTING = 1
LANG = C
LD_LIBRARY_PATH = /usr/local/lib:
PATH = /export/home/cpant4/perl5/bin:/usr/local/bin:/usr/bin
PERL5LIB = /export/home/cpant4/.cpan/build/CGI-Session-4.48-fskLIU/blib/arch:/export/home/cpant4/.cpan/build/CGI-Session-4.48-fskLIU/blib/lib
PERL5OPT =
PERL5_CPANPLUS_IS_RUNNING = 28912
PERL5_CPAN_IS_RUNNING = 28912
PERL5_CPAN_IS_RUNNING_IN_RECURSION = 28098,28912
PERL_CR_SMOKER_CURRENT = MyLibrary-3.0.4
PERL_EXTUTILS_AUTOINSTALL = --defaultdeps
PERL_MM_USE_DEFAULT = 1
SHELL = /bin/bash
TERM = xterm
Perl special variables (and OS-specific diagnostics, for MSWin32):
$^X = /export/home/cpant4/perl5/bin/perl5.15.4
$UID/$EUID = 104 / 104
$GID = 1 1
$EGID = 1 1
Perl module toolchain versions installed:
Module Have
------------------- --------
CPAN 1.9800
CPAN::Meta 2.112621
Cwd 3.37
ExtUtils::CBuilder 0.280204
ExtUtils::Command 1.17
ExtUtils::Install 1.57
ExtUtils::MakeMaker 6.62
ExtUtils::Manifest 1.60
ExtUtils::ParseXS 3.05
File::Spec 3.34
JSON 2.53
JSON::PP 2.27200
Module::Build 0.39_01
Module::Signature n/a
Parse::CPAN::Meta 1.4401
Test::Harness 3.23
Test::More 0.98
YAML 0.77
YAML::Syck n/a
version 0.95
--
Summary of my perl5 (revision 5 version 15 subversion 4) configuration:
Platform:
osname=solaris, osvers=2.10, archname=i86pc-solaris-64int
uname='sunos vmrz0046 5.10 generic_141445-09 i86pc i386 i86pc solaris '
config_args='-Dcc=gcc -Dprefix=~/perl5 -Duse64bitint -Dusedevel -d'
hint=recommended, useposix=true, d_sigaction=define
useithreads=undef, usemultiplicity=undef
useperlio=define, d_sfio=undef, uselargefiles=define, usesocks=undef
use64bitint=define, use64bitall=undef, uselongdouble=undef
usemymalloc=n, bincompat5005=undef
Compiler:
cc='gcc', ccflags ='-DPTR_IS_LONG -fno-strict-aliasing -pipe -I/usr/local/include -D_LARGEFILE_SOURCE -D_FILE_OFFSET_BITS=64 -DPERL_USE_SAFE_PUTENV',
optimize='-O',
cppflags='-DPTR_IS_LONG -fno-strict-aliasing -pipe -I/usr/local/include'
ccversion='', gccversion='3.4.6', gccosandvers='solaris2.10'
intsize=4, longsize=4, ptrsize=4, doublesize=8, byteorder=12345678
d_longlong=define, longlongsize=8, d_longdbl=define, longdblsize=12
ivtype='long long', ivsize=8, nvtype='double', nvsize=8, Off_t='off_t', lseeksize=8
alignbytes=4, prototype=define
Linker and Libraries:
ld='gcc', ldflags =' -L/usr/local/lib '
libpth=/usr/local/lib /usr/lib /usr/ccs/lib
libs=-lsocket -lnsl -lgdbm -ldl -lm -lc
perllibs=-lsocket -lnsl -ldl -lm -lc
libc=/lib/libc.so, so=so, useshrplib=false, libperl=libperl.a
gnulibc_version=''
Dynamic Linking:
dlsrc=dl_dlopen.xs, dlext=so, d_dlsymun=undef, ccdlflags=' '
cccdlflags='-fPIC', lddlflags='-G -L/usr/local/lib'
Characteristics of this binary (from libperl):
Compile-time options: HAS_TIMES PERLIO_LAYERS PERL_DONT_CREATE_GVSV
PERL_MALLOC_WRAP PERL_PRESERVE_IVUV PERL_USE_DEVEL
PERL_USE_SAFE_PUTENV USE_64_BIT_INT USE_LARGE_FILES
USE_LOCALE USE_LOCALE_COLLATE USE_LOCALE_CTYPE
USE_LOCALE_NUMERIC USE_PERLIO USE_PERL_ATOF
Built under solaris
Compiled at Oct 24 2011 11:26:38
%ENV:
PERL5LIB="/export/home/cpant4/.cpan/build/CGI-Session-4.48-fskLIU/blib/arch:/export/home/cpant4/.cpan/build/CGI-Session-4.48-fskLIU/blib/lib"
PERL5OPT=""
PERL5_CPANPLUS_IS_RUNNING="28912"
PERL5_CPAN_IS_RUNNING="28912"
PERL5_CPAN_IS_RUNNING_IN_RECURSION="28098,28912"
PERL_CR_SMOKER_CURRENT="MyLibrary-3.0.4"
PERL_EXTUTILS_AUTOINSTALL="--defaultdeps"
PERL_MM_USE_DEFAULT="1"
@INC:
/export/home/cpant4/.cpan/build/CGI-Session-4.48-fskLIU/blib/arch
/export/home/cpant4/.cpan/build/CGI-Session-4.48-fskLIU/blib/lib
/export/home/cpant4/perl5/lib/site_perl/5.15.4/i86pc-solaris-64int
/export/home/cpant4/perl5/lib/site_perl/5.15.4
/export/home/cpant4/perl5/lib/5.15.4/i86pc-solaris-64int
/export/home/cpant4/perl5/lib/5.15.4
/export/home/cpant4/perl5/lib/site_perl
.