Report for Statistics-MaxEntropy-0.9

Back
From: metabase:user:d2c9f356-b46f-11df-9a90-20a83c0b7757
Subject: FAIL Statistics-MaxEntropy-0.9 v5.15.5 SunOS/Solaris
Date: 2011-12-31T11:16:23Z

This distribution has been tested as part of the CPAN Testers
project, supporting the Perl programming language.  See
http://wiki.cpantesters.org/ for more information or email
questions to cpan-testers-discuss@perl.org


--
Dear Hugo WL ter Doest,

This is a computer-generated report for Statistics-MaxEntropy-0.9
on perl 5.15.5, created by CPAN-Reporter-1.2003.

Thank you for uploading your work to CPAN.  However, there was a problem
testing your distribution.

If you think this report is invalid, please consult the CPAN Testers Wiki
for suggestions on how to avoid getting FAIL reports for missing library
or binary dependencies, unsupported operating systems, and so on:

http://wiki.cpantesters.org/wiki/CPANAuthorNotes

Sections of this report:

    * Tester comments
    * Program output
    * Prerequisites
    * Environment and other context

------------------------------
TESTER COMMENTS
------------------------------

Additional comments from tester:

this report is from an automated smoke testing program
and was not reviewed by a human for accuracy

------------------------------
PROGRAM OUTPUT
------------------------------

Output from '/usr/local/bin/make test':

PERL_DL_NONLAZY=1 /export/home/cpant4/perl5/bin/perl5.15.5 "-MExtUtils::Command::MM" "-e" "test_harness(0, 'blib/lib', 'blib/arch')" t/*.t
DESCRIPTION OF DIAGNOSTICS
    These messages are classified as follows (listed in increasing order of
    desperation):
    
        (W) A warning (optional).
        (D) A deprecation (enabled by default).
        (S) A severe warning (enabled by default).
        (F) A fatal error (trappable).
        (P) An internal error you should never see (trappable).
        (X) A very fatal error (nontrappable).
        (A) An alien error message (not generated by Perl).
    
    The majority of messages from the first three classifications above
    (W, D & S) can be controlled using the warnings pragma.
    
    If a message can be controlled by the warnings pragma, its warning
    category is included with the classification letter in the description
    below.
    
    Severe warnings are always enabled, unless they are explicitly disabled
    with the warnings pragma or the -X switch.
    
    Trappable errors may be trapped using the eval operator.  See
    "eval" in perlfunc.  In almost all cases, warnings may be selectively
    disabled or promoted to fatal errors using the warnings pragma.
    See warnings.
    

Ambiguous call resolved as CORE::log(), qualify as such or use & at
	/export/home/cpant4/.cpan/build/Statistics-MaxEntropy-0.9-LXBEIx/blib/lib/Statistics/MaxEntropy.pm line 754 (#1)
    (W ambiguous) A subroutine you have declared has the same name as a Perl
    keyword, and you have used the name without qualification for calling
    one or the other.  Perl decided to call the builtin because the
    subroutine is not imported.
    
    To force interpretation as a subroutine call, either put an ampersand
    before the subroutine name, or qualify the name with its package.
    Alternatively, you can import the subroutine (or pretend that it's
    imported with the use subs pragma).
    
    To silently interpret it as the Perl operator, use the CORE:: prefix
    on the operator (e.g. CORE::log($x)) or declare the subroutine
    to be an object method (see "Subroutine Attributes" in perlsub or
    attributes).
    
Ambiguous call resolved as CORE::log(), qualify as such or use & at
	/export/home/cpant4/.cpan/build/Statistics-MaxEntropy-0.9-LXBEIx/blib/lib/Statistics/MaxEntropy.pm line 765 (#1)
Ambiguous call resolved as CORE::log(), qualify as such or use & at
	/export/home/cpant4/.cpan/build/Statistics-MaxEntropy-0.9-LXBEIx/blib/lib/Statistics/MaxEntropy.pm line 766 (#1)
Ambiguous call resolved as CORE::log(), qualify as such or use & at
	/export/home/cpant4/.cpan/build/Statistics-MaxEntropy-0.9-LXBEIx/blib/lib/Statistics/MaxEntropy.pm line 767 (#1)
Ambiguous call resolved as CORE::log(), qualify as such or use & at
	/export/home/cpant4/.cpan/build/Statistics-MaxEntropy-0.9-LXBEIx/blib/lib/Statistics/MaxEntropy.pm line 768 (#1)
Ambiguous call resolved as CORE::log(), qualify as such or use & at
	/export/home/cpant4/.cpan/build/Statistics-MaxEntropy-0.9-LXBEIx/blib/lib/Statistics/MaxEntropy.pm line 769 (#1)
Ambiguous call resolved as CORE::log(), qualify as such or use & at
	/export/home/cpant4/.cpan/build/Statistics-MaxEntropy-0.9-LXBEIx/blib/lib/Statistics/MaxEntropy.pm line 1017 (#1)
Ambiguous call resolved as CORE::log(), qualify as such or use & at
	/export/home/cpant4/.cpan/build/Statistics-MaxEntropy-0.9-LXBEIx/blib/lib/Statistics/MaxEntropy.pm line 1028 (#1)
Ambiguous call resolved as CORE::log(), qualify as such or use & at
	/export/home/cpant4/.cpan/build/Statistics-MaxEntropy-0.9-LXBEIx/blib/lib/Statistics/MaxEntropy.pm line 1197 (#1)
Uncaught exception from user code:
	Could not open /tmp/dump.1.txt
 at t/00____scaling.t line 61
 at /export/home/cpant4/.cpan/build/Statistics-MaxEntropy-0.9-LXBEIx/blib/lib/Statistics/MaxEntropy.pm line 512
	Statistics::MaxEntropy::dump('Statistics::MaxEntropy=HASH(0x817821c)', '/tmp/dump.1.txt') called at t/00____scaling.t line 61
t/00____scaling.t .. 
Dubious, test returned 13 (wstat 3328, 0xd00)
Failed 1/7 subtests 
DESCRIPTION OF DIAGNOSTICS
    These messages are classified as follows (listed in increasing order of
    desperation):
    
        (W) A warning (optional).
        (D) A deprecation (enabled by default).
        (S) A severe warning (enabled by default).
        (F) A fatal error (trappable).
        (P) An internal error you should never see (trappable).
        (X) A very fatal error (nontrappable).
        (A) An alien error message (not generated by Perl).
    
    The majority of messages from the first three classifications above
    (W, D & S) can be controlled using the warnings pragma.
    
    If a message can be controlled by the warnings pragma, its warning
    category is included with the classification letter in the description
    below.
    
    Severe warnings are always enabled, unless they are explicitly disabled
    with the warnings pragma or the -X switch.
    
    Trappable errors may be trapped using the eval operator.  See
    "eval" in perlfunc.  In almost all cases, warnings may be selectively
    disabled or promoted to fatal errors using the warnings pragma.
    See warnings.
    

Ambiguous call resolved as CORE::log(), qualify as such or use & at
	/export/home/cpant4/.cpan/build/Statistics-MaxEntropy-0.9-LXBEIx/blib/lib/Statistics/MaxEntropy.pm line 754 (#1)
    (W ambiguous) A subroutine you have declared has the same name as a Perl
    keyword, and you have used the name without qualification for calling
    one or the other.  Perl decided to call the builtin because the
    subroutine is not imported.
    
    To force interpretation as a subroutine call, either put an ampersand
    before the subroutine name, or qualify the name with its package.
    Alternatively, you can import the subroutine (or pretend that it's
    imported with the use subs pragma).
    
    To silently interpret it as the Perl operator, use the CORE:: prefix
    on the operator (e.g. CORE::log($x)) or declare the subroutine
    to be an object method (see "Subroutine Attributes" in perlsub or
    attributes).
    
Ambiguous call resolved as CORE::log(), qualify as such or use & at
	/export/home/cpant4/.cpan/build/Statistics-MaxEntropy-0.9-LXBEIx/blib/lib/Statistics/MaxEntropy.pm line 765 (#1)
Ambiguous call resolved as CORE::log(), qualify as such or use & at
	/export/home/cpant4/.cpan/build/Statistics-MaxEntropy-0.9-LXBEIx/blib/lib/Statistics/MaxEntropy.pm line 766 (#1)
Ambiguous call resolved as CORE::log(), qualify as such or use & at
	/export/home/cpant4/.cpan/build/Statistics-MaxEntropy-0.9-LXBEIx/blib/lib/Statistics/MaxEntropy.pm line 767 (#1)
Ambiguous call resolved as CORE::log(), qualify as such or use & at
	/export/home/cpant4/.cpan/build/Statistics-MaxEntropy-0.9-LXBEIx/blib/lib/Statistics/MaxEntropy.pm line 768 (#1)
Ambiguous call resolved as CORE::log(), qualify as such or use & at
	/export/home/cpant4/.cpan/build/Statistics-MaxEntropy-0.9-LXBEIx/blib/lib/Statistics/MaxEntropy.pm line 769 (#1)
Ambiguous call resolved as CORE::log(), qualify as such or use & at
	/export/home/cpant4/.cpan/build/Statistics-MaxEntropy-0.9-LXBEIx/blib/lib/Statistics/MaxEntropy.pm line 1017 (#1)
Ambiguous call resolved as CORE::log(), qualify as such or use & at
	/export/home/cpant4/.cpan/build/Statistics-MaxEntropy-0.9-LXBEIx/blib/lib/Statistics/MaxEntropy.pm line 1028 (#1)
Ambiguous call resolved as CORE::log(), qualify as such or use & at
	/export/home/cpant4/.cpan/build/Statistics-MaxEntropy-0.9-LXBEIx/blib/lib/Statistics/MaxEntropy.pm line 1197 (#1)

Use of uninitialized value in addition (+) at
	/export/home/cpant4/.cpan/build/Statistics-MaxEntropy-0.9-LXBEIx/blib/lib/Statistics/MaxEntropy.pm line 628 (#2)
    (W uninitialized) An undefined value was used as if it were already
    defined.  It was interpreted as a "" or a 0, but maybe it was a mistake.
    To suppress this warning assign a defined value to your variables.
    
    To help you figure out what was undefined, perl will try to tell you the
    name of the variable (if any) that was undefined. In some cases it cannot
    do this, so it also tells you what operation you used the undefined value
    in.  Note, however, that perl optimizes your program and the operation
    displayed in the warning may not necessarily appear literally in your
    program.  For example, "that $foo" is usually optimized into "that "
    . $foo, and the warning will refer to the concatenation (.) operator,
    even though there is no . in your program.
    
Uncaught exception from user code:
	Could not open /tmp/dump.2.txt
 at t/01__induction.t line 64
 at /export/home/cpant4/.cpan/build/Statistics-MaxEntropy-0.9-LXBEIx/blib/lib/Statistics/MaxEntropy.pm line 512
	Statistics::MaxEntropy::dump('Statistics::MaxEntropy=HASH(0x817821c)', '/tmp/dump.2.txt') called at t/01__induction.t line 64
t/01__induction.t .. 
Dubious, test returned 13 (wstat 3328, 0xd00)
Failed 1/5 subtests 
t/02_____sparse.t .. ok

Test Summary Report
-------------------
t/00____scaling.t (Wstat: 3328 Tests: 6 Failed: 0)
  Non-zero exit status: 13
  Parse errors: Bad plan.  You planned 7 tests but ran 6.
t/01__induction.t (Wstat: 3328 Tests: 4 Failed: 0)
  Non-zero exit status: 13
  Parse errors: Bad plan.  You planned 5 tests but ran 4.
Files=3, Tests=17, 535 wallclock secs ( 0.04 usr  0.01 sys + 226.20 cusr  0.12 csys = 226.37 CPU)
Result: FAIL
Failed 2/3 test programs. 0/17 subtests failed.
make: *** [test_dynamic] Error 255

------------------------------
PREREQUISITES
------------------------------

Prerequisite modules loaded:

requires:

    Module              Need Have   
    ------------------- ---- -------
    Data::Dumper        2.09 2.134  

build_requires:

    Module              Need Have   
    ------------------- ---- -------
    ExtUtils::MakeMaker 0    6.63_02


------------------------------
ENVIRONMENT AND OTHER CONTEXT
------------------------------

Environment variables:

    AUTOMATED_TESTING = 1
    LANG = C
    LD_LIBRARY_PATH = /usr/local/lib:
    PATH = /export/home/cpant4/perl5/bin:/usr/local/bin:/usr/bin
    PERL5LIB = 
    PERL5OPT = 
    PERL5_CPANPLUS_IS_RUNNING = 25337
    PERL5_CPAN_IS_RUNNING = 25337
    PERL5_CPAN_IS_RUNNING_IN_RECURSION = 13482,25337
    PERL_CR_SMOKER_CURRENT = Statistics-MaxEntropy-0.9
    PERL_EXTUTILS_AUTOINSTALL = --defaultdeps
    PERL_MM_USE_DEFAULT = 1
    SHELL = /bin/bash
    TERM = xterm

Perl special variables (and OS-specific diagnostics, for MSWin32):

    $^X = /export/home/cpant4/perl5/bin/perl5.15.5
    $UID/$EUID = 104 / 104
    $GID = 1 1
    $EGID = 1 1

Perl module toolchain versions installed:

    Module              Have    
    ------------------- --------
    CPAN                1.9800  
    CPAN::Meta          2.112621
    Cwd                 3.37    
    ExtUtils::CBuilder  0.280204
    ExtUtils::Command   1.17    
    ExtUtils::Install   1.57    
    ExtUtils::MakeMaker 6.63_02 
    ExtUtils::Manifest  1.60    
    ExtUtils::ParseXS   3.08    
    File::Spec          3.34    
    JSON                2.53    
    JSON::PP            2.27200 
    Module::Build       0.39_01 
    Module::Signature   n/a     
    Parse::CPAN::Meta   1.4401  
    Test::Harness       3.23    
    Test::More          0.98    
    YAML                0.77    
    YAML::Syck          1.19    
    version             0.95    


--

Summary of my perl5 (revision 5 version 15 subversion 5) configuration:
   
  Platform:
    osname=solaris, osvers=2.10, archname=i86pc-solaris-64int
    uname='sunos vmrz0046 5.10 generic_141445-09 i86pc i386 i86pc solaris '
    config_args='-Dcc=gcc -Dprefix=~/perl5 -Duse64bitint -Dusedevel -d'
    hint=recommended, useposix=true, d_sigaction=define
    useithreads=undef, usemultiplicity=undef
    useperlio=define, d_sfio=undef, uselargefiles=define, usesocks=undef
    use64bitint=define, use64bitall=undef, uselongdouble=undef
    usemymalloc=n, bincompat5005=undef
  Compiler:
    cc='gcc', ccflags ='-DPTR_IS_LONG -fno-strict-aliasing -pipe -I/usr/local/include -D_LARGEFILE_SOURCE -D_FILE_OFFSET_BITS=64 -DPERL_USE_SAFE_PUTENV',
    optimize='-O',
    cppflags='-DPTR_IS_LONG -fno-strict-aliasing -pipe -I/usr/local/include'
    ccversion='', gccversion='3.4.6', gccosandvers='solaris2.10'
    intsize=4, longsize=4, ptrsize=4, doublesize=8, byteorder=12345678
    d_longlong=define, longlongsize=8, d_longdbl=define, longdblsize=12
    ivtype='long long', ivsize=8, nvtype='double', nvsize=8, Off_t='off_t', lseeksize=8
    alignbytes=4, prototype=define
  Linker and Libraries:
    ld='gcc', ldflags =' -L/usr/local/lib '
    libpth=/usr/local/lib /usr/lib /usr/ccs/lib
    libs=-lsocket -lnsl -lgdbm -ldl -lm -lc
    perllibs=-lsocket -lnsl -ldl -lm -lc
    libc=/lib/libc.so, so=so, useshrplib=false, libperl=libperl.a
    gnulibc_version=''
  Dynamic Linking:
    dlsrc=dl_dlopen.xs, dlext=so, d_dlsymun=undef, ccdlflags=' '
    cccdlflags='-fPIC', lddlflags='-G -L/usr/local/lib'


Characteristics of this binary (from libperl): 
  Compile-time options: HAS_TIMES PERLIO_LAYERS PERL_DONT_CREATE_GVSV
                        PERL_MALLOC_WRAP PERL_PRESERVE_IVUV PERL_USE_DEVEL
                        PERL_USE_SAFE_PUTENV USE_64_BIT_INT USE_LARGE_FILES
                        USE_LOCALE USE_LOCALE_COLLATE USE_LOCALE_CTYPE
                        USE_LOCALE_NUMERIC USE_PERLIO USE_PERL_ATOF
  Built under solaris
  Compiled at Nov 28 2011 11:34:47
  %ENV:
    PERL5LIB=""
    PERL5OPT=""
    PERL5_CPANPLUS_IS_RUNNING="25337"
    PERL5_CPAN_IS_RUNNING="25337"
    PERL5_CPAN_IS_RUNNING_IN_RECURSION="13482,25337"
    PERL_CR_SMOKER_CURRENT="Statistics-MaxEntropy-0.9"
    PERL_EXTUTILS_AUTOINSTALL="--defaultdeps"
    PERL_MM_USE_DEFAULT="1"
  @INC:
    /export/home/cpant4/perl5/lib/site_perl/5.15.5/i86pc-solaris-64int
    /export/home/cpant4/perl5/lib/site_perl/5.15.5
    /export/home/cpant4/perl5/lib/5.15.5/i86pc-solaris-64int
    /export/home/cpant4/perl5/lib/5.15.5
    /export/home/cpant4/perl5/lib/site_perl
    .