Dist-Zilla-Plugin-ChangelogFromGit-CPAN-Changes v0.230680 Perl 5 v5.36.3 amd64-freebsd-thread-multi

Status
Fail
From
Chris Williams (BINGOS)
Dist
Dist-Zilla-Plugin-ChangelogFromGit-CPAN-Changes v0.230680
Platform
Perl 5 v5.36.3 amd64-freebsd-thread-multi
Date
2025-01-10 18:15:29
ID
dfbe73cc-cf7e-11ef-98b0-b3c3213a625c
This distribution has been tested as part of the CPAN Testers
project, supporting the Perl programming language.  See
http://wiki.cpantesters.org/ for more information or email
questions to cpan-testers-discuss@perl.org


--

Dear Ioan Rogers,

This is a computer-generated error report created automatically by
CPANPLUS, version 0.9914. Testers personal comments may appear
at the end of this report.


Thank you for uploading your work to CPAN.  However, it appears that
there were some problems testing your distribution.

TEST RESULTS:

Below is the error stack from stage 'make test':

t/00-check-deps.t ...... ok
t/00-compile.t ......... ok
# 
# Versions for all modules listed in MYMETA.json (including optional ones):
# 
# === Configure Requires ===
# 
#     Module               Want  Have
#     ------------------- ----- -----
#     Module::Build::Tiny 0.034 0.051
# 
# === Test Requires ===
# 
#     Module                       Want     Have
#     --------------------------- ----- --------
#     Archive::Tar                  any     3.02
#     Dist::Zilla::File::InMemory   any    6.032
#     ExtUtils::MakeMaker           any     7.70
#     File::Spec                    any     3.84
#     File::chdir                   any   0.1011
#     IO::Handle                    any     1.48
#     IPC::Open3                    any     1.22
#     Path::Tiny                    any    0.146
#     Test::CPAN::Changes           any 0.500004
#     Test::CheckDeps             0.010    0.010
#     Test::DZil                    any    6.032
#     Test::More                   0.94 1.302207
#     Test::Roo                     any    1.004
#     Test::Roo::Role               any    1.004
#     Test::TempDir::Tiny           any    0.018
#     lib                           any     0.65
#     strict                        any     1.12
#     warnings                      any     1.58
# 
# === Test Recommends ===
# 
#     Module         Want     Have
#     ---------- -------- --------
#     CPAN::Meta 2.120900 2.150010
# 
# === Runtime Requires ===
# 
#     Module                              Want     Have
#     ------------------------------- -------- --------
#     CPAN::Changes                   0.400002 0.500004
#     CPAN::Changes::Release               any 0.500004
#     Class::Load                          any     0.25
#     DateTime                             any     1.65
#     Dist::Zilla                        6.005    6.032
#     Dist::Zilla::Role::AfterBuild        any    6.032
#     Dist::Zilla::Role::FileGatherer      any    6.032
#     Dist::Zilla::Role::Git::Repo         any    2.051
#     Encode                               any     3.17
#     Git::Wrapper                         any    0.048
#     Moose                                any   2.2207
#     Moose::Util::TypeConstraints         any   2.2207
#     perl                             v5.24.0 5.036003
# 
# === Runtime Recommends ===
# 
#     Module             Want    Have
#     ------------------ ---- -------
#     Proc::InvokeEditor  any missing
# 
t/00-report-prereqs.t .. ok
        # Extracting /home/cpan/pit/thr/conf/perl-5.36.3/.cpanplus/5.36.3/build/Ihqo8QBv7W/Dist-Zilla-Plugin-ChangelogFromGit-CPAN-Changes-0.230680/t/data/repos/test_repo.tar.gz to /home/cpan/pit/thr/conf/perl-5.36.3/.cpanplus/5.36.3/build/Ihqo8QBv7W/Dist-Zilla-Plugin-ChangelogFromGit-CPAN-Changes-0.230680/tmp/t_changes_t/default_1

        #   Failed test '... has only one line...'
        #   at t/changes.t line 14.
        #          got: '2'
        #     expected: '1'
        # Looks like you failed 1 test of 3.

    #   Failed test 'not_releasing_dont_get_changes'
    #   at /home/cpan/pit/jail/fxB0QyLByj/lib/perl5/Test/Roo.pm line 39.
        # Comparing /home/cpan/pit/thr/conf/perl-5.36.3/.cpanplus/5.36.3/build/Ihqo8QBv7W/Dist-Zilla-Plugin-ChangelogFromGit-CPAN-Changes-0.230680/tmp/Kd0gx6zr_f/build/Changes to t/data/changes/v1_defaults

        #   Failed test 'Matched line'
        #   at t/lib/Test/DZP/Changes.pm line 92.
        #          got: ' - No changes found
        # '
        #     expected: ' - add line to file (Example Person)
        # '

        #   Failed test 'Matched line'
        #   at t/lib/Test/DZP/Changes.pm line 92.
Wide character in print at /home/cpan/pit/jail/fxB0QyLByj/lib/perl5/Test2/Formatter/TAP.pm line 125.
        #          got: ' - add line to file (Example Person)
        # '
        #     expected: ' - [FIX] Something fixed by someone else (ꀀꀁꀓꀛꀝꀍꀎꀏꀗꀙ)
        # '

        #   Failed test 'Matched line'
        #   at t/lib/Test/DZP/Changes.pm line 92.
Wide character in print at /home/cpan/pit/jail/fxB0QyLByj/lib/perl5/Test2/Formatter/TAP.pm line 125.
        #          got: ' - [FIX] Something fixed by someone else (ꀀꀁꀓꀛꀝꀍꀎꀏꀗꀙ)
        # '
        #     expected: ' - [ENH] Added important warning (Ioan Rogers)
        # '

        #   Failed test 'Matched line'
        #   at t/lib/Test/DZP/Changes.pm line 92.
        #          got: '
        # '
        #     expected: ' - [FIX] Typo (Ioan Rogers)
        # '

        #   Failed test 'Matched line'
        #   at t/lib/Test/DZP/Changes.pm line 92.
        #          got: '1.000 2014-03-02T03:39:30
        # '
        #     expected: ' - Initial commit (Ioan Rogers)
        # '

        #   Failed test 'Matched line'
        #   at t/lib/Test/DZP/Changes.pm line 92.
        #          got: ' - [ENH] Added important warning (Ioan Rogers)
        # '
        #     expected: '
        # '
        # Looks like you failed 6 tests of 17.

    #   Failed test 'v1_defaults'
    #   at /home/cpan/pit/jail/fxB0QyLByj/lib/perl5/Test/Roo.pm line 39.
        # Comparing /home/cpan/pit/thr/conf/perl-5.36.3/.cpanplus/5.36.3/build/Ihqo8QBv7W/Dist-Zilla-Plugin-ChangelogFromGit-CPAN-Changes-0.230680/tmp/eXAwW3IQZs/build/Changes to t/data/changes/v1_no_author

        #   Failed test 'Matched line'
        #   at t/lib/Test/DZP/Changes.pm line 92.
        #          got: ' - No changes found
        # '
        #     expected: ' - add line to file
        # '

        #   Failed test 'Matched line'
        #   at t/lib/Test/DZP/Changes.pm line 92.
        #          got: ' - add line to file
        # '
        #     expected: ' - [FIX] Something fixed by someone else
        # '

        #   Failed test 'Matched line'
        #   at t/lib/Test/DZP/Changes.pm line 92.
        #          got: ' - [FIX] Something fixed by someone else
        # '
        #     expected: ' - [ENH] Added important warning
        # '

        #   Failed test 'Matched line'
        #   at t/lib/Test/DZP/Changes.pm line 92.
        #          got: '
        # '
        #     expected: ' - [FIX] Typo
        # '

        #   Failed test 'Matched line'
        #   at t/lib/Test/DZP/Changes.pm line 92.
        #          got: '1.000 2014-03-02T03:39:30
        # '
        #     expected: ' - Initial commit
        # '
        # Looks like you failed 5 tests of 16.

    #   Failed test 'v1_no_author'
    #   at /home/cpan/pit/jail/fxB0QyLByj/lib/perl5/Test/Roo.pm line 39.
        # Comparing /home/cpan/pit/thr/conf/perl-5.36.3/.cpanplus/5.36.3/build/Ihqo8QBv7W/Dist-Zilla-Plugin-ChangelogFromGit-CPAN-Changes-0.230680/tmp/nuR2Mz_vNJ/build/Changes to t/data/changes/v1_email

        #   Failed test 'Matched line'
        #   at t/lib/Test/DZP/Changes.pm line 92.
        #          got: ' - No changes found
        # '
        #     expected: ' - add line to file (Example Person <person@example.com>)
        # '

        #   Failed test 'Matched line'
        #   at t/lib/Test/DZP/Changes.pm line 92.
Wide character in print at /home/cpan/pit/jail/fxB0QyLByj/lib/perl5/Test2/Formatter/TAP.pm line 125.
        #          got: ' - add line to file (Example Person <person@example.com>)
        # '
        #     expected: ' - [FIX] Something fixed by someone else (ꀀꀁꀓꀛꀝꀍꀎꀏꀗꀙ <person@example.com>)
        # '

        #   Failed test 'Matched line'
        #   at t/lib/Test/DZP/Changes.pm line 92.
Wide character in print at /home/cpan/pit/jail/fxB0QyLByj/lib/perl5/Test2/Formatter/TAP.pm line 125.
        #          got: ' - [FIX] Something fixed by someone else (ꀀꀁꀓꀛꀝꀍꀎꀏꀗꀙ <person@example.com>)
        # '
        #     expected: ' - [ENH] Added important warning (Ioan Rogers <ioanr@cpan.org>)
        # '

        #   Failed test 'Matched line'
        #   at t/lib/Test/DZP/Changes.pm line 92.
        #          got: '
        # '
        #     expected: ' - [FIX] Typo (Ioan Rogers <ioanr@cpan.org>)
        # '

        #   Failed test 'Matched line'
        #   at t/lib/Test/DZP/Changes.pm line 92.
        #          got: '1.000 2014-03-02T03:39:30
        # '
        #     expected: ' - Initial commit (Ioan Rogers <ioanr@cpan.org>)
        # '
        # Looks like you failed 5 tests of 16.

    #   Failed test 'v1_email'
    #   at /home/cpan/pit/jail/fxB0QyLByj/lib/perl5/Test/Roo.pm line 39.
        # Comparing /home/cpan/pit/thr/conf/perl-5.36.3/.cpanplus/5.36.3/build/Ihqo8QBv7W/Dist-Zilla-Plugin-ChangelogFromGit-CPAN-Changes-0.230680/tmp/pu2eAcIjGh/build/Changes to t/data/changes/v1_group_author

        #   Failed test 'Matched line'
        #   at t/lib/Test/DZP/Changes.pm line 92.
        #          got: ' - No changes found
        # '
        #     expected: ' [Example Person]
        # '

        #   Failed test 'Matched line'
        #   at t/lib/Test/DZP/Changes.pm line 92.
        #          got: '
        # '
        #     expected: ' - add line to file
        # '

        #   Failed test 'Matched line'
        #   at t/lib/Test/DZP/Changes.pm line 92.
        #          got: '1.001_1 2016-01-22T08:20:07
        # '
        #     expected: '
        # '

        #   Failed test 'Matched line'
        #   at t/lib/Test/DZP/Changes.pm line 88.
        #                   ' [Example Person]
        # '
        #     doesn't match '(?^:^\d+\.\d{3}(_\d+)? \d{4}-\d{2}-\d{2}T\d{2}:\d{2}:\d{2}Z?$)'

        #   Failed test 'Matched line'
        #   at t/lib/Test/DZP/Changes.pm line 92.
Wide character in print at /home/cpan/pit/jail/fxB0QyLByj/lib/perl5/Test2/Formatter/TAP.pm line 125.
        #          got: ' - add line to file
        # '
        #     expected: ' [ꀀꀁꀓꀛꀝꀍꀎꀏꀗꀙ]
        # '

        #   Failed test 'Matched line'
        #   at t/lib/Test/DZP/Changes.pm line 92.
        #          got: '
        # '
        #     expected: ' - [FIX] Something fixed by someone else
        # '

        #   Failed test 'Matched line'
        #   at t/lib/Test/DZP/Changes.pm line 92.
        #          got: '1.001 2014-06-13T02:25:00
        # '
        #     expected: '
        # '

        #   Failed test 'Matched line'
        #   at t/lib/Test/DZP/Changes.pm line 88.
Wide character in print at /home/cpan/pit/jail/fxB0QyLByj/lib/perl5/Test2/Formatter/TAP.pm line 125.
        #                   ' [ꀀꀁꀓꀛꀝꀍꀎꀏꀗꀙ]
        # '
        #     doesn't match '(?^:^\d+\.\d{3}(_\d+)? \d{4}-\d{2}-\d{2}T\d{2}:\d{2}:\d{2}Z?$)'

        #   Failed test 'Matched line'
        #   at t/lib/Test/DZP/Changes.pm line 92.
        #          got: ' - [FIX] Something fixed by someone else
        # '
        #     expected: ' [Ioan Rogers]
        # '

        #   Failed test 'Matched line'
        #   at t/lib/Test/DZP/Changes.pm line 92.
        #          got: '
        # '
        #     expected: ' - [ENH] Added important warning
        # '

        #   Failed test 'Matched line'
        #   at t/lib/Test/DZP/Changes.pm line 92.
        #          got: '1.000 2014-03-02T03:39:30
        # '
        #     expected: ' - [FIX] Typo
        # '

        #   Failed test 'Matched line'
        #   at t/lib/Test/DZP/Changes.pm line 92.
        #          got: ' [Ioan Rogers]
        # '
        #     expected: ' - Initial commit
        # '
        # Looks like you failed 12 tests of 19.

    #   Failed test 'v1_group_author'
    #   at /home/cpan/pit/jail/fxB0QyLByj/lib/perl5/Test/Roo.pm line 39.
        # Comparing /home/cpan/pit/thr/conf/perl-5.36.3/.cpanplus/5.36.3/build/Ihqo8QBv7W/Dist-Zilla-Plugin-ChangelogFromGit-CPAN-Changes-0.230680/tmp/i5chvxy6QW/build/Changes to t/data/changes/v1_group_author_email

        #   Failed test 'Matched line'
        #   at t/lib/Test/DZP/Changes.pm line 92.
        #          got: ' - No changes found
        # '
        #     expected: ' [Example Person <person@example.com>]
        # '

        #   Failed test 'Matched line'
        #   at t/lib/Test/DZP/Changes.pm line 92.
        #          got: '
        # '
        #     expected: ' - add line to file
        # '

        #   Failed test 'Matched line'
        #   at t/lib/Test/DZP/Changes.pm line 92.
        #          got: '1.001_1 2016-01-22T08:20:07
        # '
        #     expected: '
        # '

        #   Failed test 'Matched line'
        #   at t/lib/Test/DZP/Changes.pm line 88.
        #                   ' [Example Person <person@example.com>]
        # '
        #     doesn't match '(?^:^\d+\.\d{3}(_\d+)? \d{4}-\d{2}-\d{2}T\d{2}:\d{2}:\d{2}Z?$)'

        #   Failed test 'Matched line'
        #   at t/lib/Test/DZP/Changes.pm line 92.
Wide character in print at /home/cpan/pit/jail/fxB0QyLByj/lib/perl5/Test2/Formatter/TAP.pm line 125.
        #          got: ' - add line to file
        # '
        #     expected: ' [ꀀꀁꀓꀛꀝꀍꀎꀏꀗꀙ <person@example.com>]
        # '

        #   Failed test 'Matched line'
        #   at t/lib/Test/DZP/Changes.pm line 92.
        #          got: '
        # '
        #     expected: ' - [FIX] Something fixed by someone else
        # '

        #   Failed test 'Matched line'
        #   at t/lib/Test/DZP/Changes.pm line 92.
        #          got: '1.001 2014-06-13T02:25:00
        # '
        #     expected: '
        # '

        #   Failed test 'Matched line'
        #   at t/lib/Test/DZP/Changes.pm line 88.
Wide character in print at /home/cpan/pit/jail/fxB0QyLByj/lib/perl5/Test2/Formatter/TAP.pm line 125.
        #                   ' [ꀀꀁꀓꀛꀝꀍꀎꀏꀗꀙ <person@example.com>]
        # '
        #     doesn't match '(?^:^\d+\.\d{3}(_\d+)? \d{4}-\d{2}-\d{2}T\d{2}:\d{2}:\d{2}Z?$)'

        #   Failed test 'Matched line'
        #   at t/lib/Test/DZP/Changes.pm line 92.
        #          got: ' - [FIX] Something fixed by someone else
        # '
        #     expected: ' [Ioan Rogers <ioanr@cpan.org>]
        # '

        #   Failed test 'Matched line'
        #   at t/lib/Test/DZP/Changes.pm line 92.
        #          got: '
        # '
        #     expected: ' - [ENH] Added important warning
        # '

        #   Failed test 'Matched line'
        #   at t/lib/Test/DZP/Changes.pm line 92.
        #          got: '1.000 2014-03-02T03:39:30
        # '
        #     expected: ' - [FIX] Typo
        # '

        #   Failed test 'Matched line'
        #   at t/lib/Test/DZP/Changes.pm line 92.
        #          got: ' [Ioan Rogers <ioanr@cpan.org>]
        # '
        #     expected: ' - Initial commit
        # '
        # Looks like you failed 12 tests of 19.

    #   Failed test 'v1_group_author_email'
    #   at /home/cpan/pit/jail/fxB0QyLByj/lib/perl5/Test/Roo.pm line 39.
    # Looks like you failed 6 tests of 6.

#   Failed test 'testing with main'
#   at /home/cpan/pit/jail/fxB0QyLByj/lib/perl5/Test/Roo/Class.pm line 89.
# Looks like you failed 1 test of 1.
t/changes.t ............ 
Dubious, test returned 1 (wstat 256, 0x100)
Failed 1/1 subtests 
        # Extracting /home/cpan/pit/thr/conf/perl-5.36.3/.cpanplus/5.36.3/build/Ihqo8QBv7W/Dist-Zilla-Plugin-ChangelogFromGit-CPAN-Changes-0.230680/t/data/repos/first_release.tar.gz to /home/cpan/pit/thr/conf/perl-5.36.3/.cpanplus/5.36.3/build/Ihqo8QBv7W/Dist-Zilla-Plugin-ChangelogFromGit-CPAN-Changes-0.230680/tmp/t_first_release_t/default_1
        # Comparing /home/cpan/pit/thr/conf/perl-5.36.3/.cpanplus/5.36.3/build/Ihqo8QBv7W/Dist-Zilla-Plugin-ChangelogFromGit-CPAN-Changes-0.230680/tmp/4jGfeaxDng/build/Changes to t/data/changes/first_release
t/first_release.t ...... ok

Test Summary Report
-------------------
t/changes.t          (Wstat: 256 (exited 1) Tests: 1 Failed: 1)
  Failed test:  1
  Non-zero exit status: 1
Files=5, Tests=36, 15 wallclock secs ( 0.12 usr  0.02 sys +  9.70 cusr  3.96 csys = 13.80 CPU)
Result: FAIL


PREREQUISITES:

Here is a list of prerequisites you specified and versions we
managed to load:

	  Module Name                        Have     Want
	  Archive::Tar                       3.02        0
	  CPAN::Changes                  0.500004 0.400002
	  CPAN::Changes::Release         0.500004        0
	  Class::Load                        0.25        0
	  DateTime                           1.65        0
	  Dist::Zilla                       6.032    6.005
	  Dist::Zilla::File::InMemory       6.032        0
	  Dist::Zilla::Role::AfterBuild     6.032        0
	  Dist::Zilla::Role::FileGatherer    6.032        0
	  Dist::Zilla::Role::Git::Repo      2.051        0
	  Encode                             3.17        0
	  ExtUtils::MakeMaker                7.70        0
	  File::Spec                         3.84        0
	  File::chdir                      0.1011        0
	  Git::Wrapper                      0.048        0
	  IO::Handle                         1.48        0
	  IPC::Open3                         1.22        0
	  Moose                            2.2207        0
	  Moose::Util::TypeConstraints     2.2207        0
	  Path::Tiny                        0.146        0
	  Test::CPAN::Changes            0.500004        0
	  Test::CheckDeps                   0.010    0.010
	  Test::DZil                        6.032        0
	  Test::More                     1.302207     0.94
	  Test::Roo                         1.004        0
	  Test::Roo::Role                   1.004        0
	  Test::TempDir::Tiny               0.018        0
	  lib                                0.65        0
	  strict                             1.12        0
	  warnings                           1.58        0

Perl module toolchain versions installed:
	Module Name                        Have
	CPANPLUS                         0.9914
	CPANPLUS::Dist::Build              0.90
	Cwd                                3.84
	ExtUtils::CBuilder             0.280236
	ExtUtils::Command                  7.70
	ExtUtils::Install                  2.22
	ExtUtils::MakeMaker                7.70
	ExtUtils::Manifest                 1.75
	ExtUtils::ParseXS                  3.51
	File::Spec                         3.84
	Module::Build                    0.4234
	Pod::Parser                           0
	Pod::Simple                        3.43
	Test2                          1.302207
	Test::Harness                      3.48
	Test::More                     1.302207
	version                          0.9932

******************************** NOTE ********************************
The comments above are created mechanically, possibly without manual
checking by the sender.  As there are many people performing automatic
tests on each upload to CPAN, it is likely that you will receive
identical messages about the same problem.

If you believe that the message is mistaken, please reply to the first
one with correction and/or additional informations, and do not take
it personally.  We appreciate your patience. :)
**********************************************************************

Additional comments:


This report was machine-generated by CPANPLUS::Dist::YACSmoke 1.08.
Powered by minismokebox version 0.68

CPANPLUS is prefering Build.PL

------------------------------
ENVIRONMENT AND OTHER CONTEXT
------------------------------

Environment variables:

    AUTOMATED_TESTING = 1
    LANG = C.UTF-8
    NONINTERACTIVE_TESTING = 1
    PATH = /sbin:/bin:/usr/sbin:/usr/bin:/usr/local/sbin:/usr/local/bin:/home/cpan/bin
    PERL5LIB = /home/cpan/pit/jail/fxB0QyLByj/lib/perl5:/home/cpan/pit/thr/conf/perl-5.36.3/.cpanplus/5.36.3/build/Ihqo8QBv7W/Dist-Zilla-Plugin-ChangelogFromGit-CPAN-Changes-0.230680/blib/lib:/home/cpan/pit/thr/conf/perl-5.36.3/.cpanplus/5.36.3/build/Ihqo8QBv7W/Dist-Zilla-Plugin-ChangelogFromGit-CPAN-Changes-0.230680/blib/arch
    PERL5_CPANPLUS_IS_RUNNING = 35603
    PERL5_CPANPLUS_IS_VERSION = 0.9914
    PERL5_MINISMOKEBOX = 0.68
    PERL5_YACSMOKE_BASE = /home/cpan/pit/thr/conf/perl-5.36.3
    PERL_EXTUTILS_AUTOINSTALL = --defaultdeps
    PERL_LOCAL_LIB_ROOT = /home/cpan/pit/jail/fxB0QyLByj
    PERL_MB_OPT = --install_base "/home/cpan/pit/jail/fxB0QyLByj"
    PERL_MM_OPT = INSTALL_BASE=/home/cpan/pit/jail/fxB0QyLByj
    PERL_MM_USE_DEFAULT = 1
    PERL_USE_UNSAFE_INC = 1
    SHELL = /usr/local/bin/bash
    TERM = screen

Perl special variables (and OS-specific diagnostics, for MSWin32):

    Perl: $^X = /home/cpan/pit/thr/perl-5.36.3/bin/perl
    UID:  $<  = 1002
    EUID: $>  = 1002
    GID:  $(  = 1002 1002
    EGID: $)  = 1002 1002


-------------------------------


--

Summary of my perl5 (revision 5 version 36 subversion 3) configuration:
   
  Platform:
    osname=freebsd
    osvers=14.1-release
    archname=amd64-freebsd-thread-multi
    uname='freebsd flitter 14.1-release freebsd 14.1-release releng14.1-n267679-10e31f0946d8 generic amd64 '
    config_args='-des -Dprefix=/home/cpan/pit/thr/perl-5.36.3 -Dusethreads'
    hint=recommended
    useposix=true
    d_sigaction=define
    useithreads=define
    usemultiplicity=define
    use64bitint=define
    use64bitall=define
    uselongdouble=undef
    usemymalloc=n
    default_inc_excludes_dot=define
  Compiler:
    cc='cc'
    ccflags ='-DHAS_FPSETMASK -DHAS_FLOATINGPOINT_H -DNO_POSIX_2008_LOCALE -fno-strict-aliasing -pipe -fstack-protector-strong -I/usr/local/include'
    optimize='-O2'
    cppflags='-DHAS_FPSETMASK -DHAS_FLOATINGPOINT_H -DNO_POSIX_2008_LOCALE -fno-strict-aliasing -pipe -fstack-protector-strong -I/usr/local/include'
    ccversion=''
    gccversion='FreeBSD Clang 18.1.5 (https://github.com/llvm/llvm-project.git llvmorg-18.1.5-0-g617a15a9eac9)'
    gccosandvers=''
    intsize=4
    longsize=8
    ptrsize=8
    doublesize=8
    byteorder=12345678
    doublekind=3
    d_longlong=define
    longlongsize=8
    d_longdbl=define
    longdblsize=16
    longdblkind=3
    ivtype='long'
    ivsize=8
    nvtype='double'
    nvsize=8
    Off_t='off_t'
    lseeksize=8
    alignbytes=8
    prototype=define
  Linker and Libraries:
    ld='cc'
    ldflags ='-pthread -Wl,-E  -fstack-protector-strong -L/usr/local/lib'
    libpth=/usr/lib /usr/local/lib /usr/lib/clang/18/lib
    libs=-lpthread -lgdbm -ldl -lm -lcrypt -lutil
    perllibs=-lpthread -ldl -lm -lcrypt -lutil
    libc=
    so=so
    useshrplib=false
    libperl=libperl.a
    gnulibc_version=''
  Dynamic Linking:
    dlsrc=dl_dlopen.xs
    dlext=so
    d_dlsymun=undef
    ccdlflags=' '
    cccdlflags='-DPIC -fPIC'
    lddlflags='-shared  -L/usr/local/lib -fstack-protector-strong'


Characteristics of this binary (from libperl): 
  Compile-time options:
    HAS_TIMES
    MULTIPLICITY
    PERLIO_LAYERS
    PERL_COPY_ON_WRITE
    PERL_DONT_CREATE_GVSV
    PERL_MALLOC_WRAP
    PERL_OP_PARENT
    PERL_PRESERVE_IVUV
    USE_64_BIT_ALL
    USE_64_BIT_INT
    USE_ITHREADS
    USE_LARGE_FILES
    USE_LOCALE
    USE_LOCALE_COLLATE
    USE_LOCALE_CTYPE
    USE_LOCALE_NUMERIC
    USE_LOCALE_TIME
    USE_PERLIO
    USE_PERL_ATOF
    USE_REENTRANT_API
  Built under freebsd
  Compiled at Jun 17 2024 13:27:46
  %ENV:
    PERL5LIB="/home/cpan/pit/jail/fxB0QyLByj/lib/perl5:/home/cpan/pit/thr/conf/perl-5.36.3/.cpanplus/5.36.3/build/Ihqo8QBv7W/Dist-Zilla-Plugin-ChangelogFromGit-CPAN-Changes-0.230680/blib/lib:/home/cpan/pit/thr/conf/perl-5.36.3/.cpanplus/5.36.3/build/Ihqo8QBv7W/Dist-Zilla-Plugin-ChangelogFromGit-CPAN-Changes-0.230680/blib/arch"
    PERL5_CPANPLUS_IS_RUNNING="35603"
    PERL5_CPANPLUS_IS_VERSION="0.9914"
    PERL5_MINISMOKEBOX="0.68"
    PERL5_YACSMOKE_BASE="/home/cpan/pit/thr/conf/perl-5.36.3"
    PERL_EXTUTILS_AUTOINSTALL="--defaultdeps"
    PERL_LOCAL_LIB_ROOT="/home/cpan/pit/jail/fxB0QyLByj"
    PERL_MB_OPT="--install_base "/home/cpan/pit/jail/fxB0QyLByj""
    PERL_MM_OPT="INSTALL_BASE=/home/cpan/pit/jail/fxB0QyLByj"
    PERL_MM_USE_DEFAULT="1"
    PERL_USE_UNSAFE_INC="1"
  @INC:
    /home/cpan/pit/jail/fxB0QyLByj/lib/perl5/5.36.3/amd64-freebsd-thread-multi
    /home/cpan/pit/jail/fxB0QyLByj/lib/perl5/5.36.3
    /home/cpan/pit/jail/fxB0QyLByj/lib/perl5/amd64-freebsd-thread-multi
    /home/cpan/pit/jail/fxB0QyLByj/lib/perl5
    /home/cpan/pit/thr/conf/perl-5.36.3/.cpanplus/5.36.3/build/Ihqo8QBv7W/Dist-Zilla-Plugin-ChangelogFromGit-CPAN-Changes-0.230680/blib/lib
    /home/cpan/pit/thr/conf/perl-5.36.3/.cpanplus/5.36.3/build/Ihqo8QBv7W/Dist-Zilla-Plugin-ChangelogFromGit-CPAN-Changes-0.230680/blib/arch
    /home/cpan/pit/thr/perl-5.36.3/lib/site_perl/5.36.3/amd64-freebsd-thread-multi
    /home/cpan/pit/thr/perl-5.36.3/lib/site_perl/5.36.3
    /home/cpan/pit/thr/perl-5.36.3/lib/5.36.3/amd64-freebsd-thread-multi
    /home/cpan/pit/thr/perl-5.36.3/lib/5.36.3
    .