Dancer2-Plugin-RPC v2.02 Perl 5 v5.36.0 x86_64-linux-thread-multi

Status
Fail
From
Slaven Rezić
Dist
Dancer2-Plugin-RPC v2.02
Platform
Perl 5 v5.36.0 x86_64-linux-thread-multi
Date
2022-09-29 20:39:55
ID
e033073e-4036-11ed-b94e-b33a6e8775ea
This distribution has been tested as part of the CPAN Testers
project, supporting the Perl programming language.  See
http://wiki.cpantesters.org/ for more information or email
questions to cpan-testers-discuss@perl.org


--
Dear Abe Timmerman,

This is a computer-generated report for Dancer2-Plugin-RPC-2.02
on perl 5.36.0, created by CPAN-Reporter-1.2018.

Thank you for uploading your work to CPAN.  However, there was a problem
testing your distribution.

If you think this report is invalid, please consult the CPAN Testers Wiki
for suggestions on how to avoid getting FAIL reports for missing library
or binary dependencies, unsupported operating systems, and so on:

http://wiki.cpantesters.org/wiki/CPANAuthorNotes

Sections of this report:

    * Tester comments
    * Program output
    * Prerequisites
    * Environment and other context

------------------------------
TESTER COMMENTS
------------------------------

Additional comments from tester:

none provided

------------------------------
PROGRAM OUTPUT
------------------------------

Output from '/usr/bin/make test':

PERL_DL_NONLAZY=1 "/opt/perl-5.36.0t/bin/perl" "-MExtUtils::Command::MM" "-MTest::Harness" "-e" "undef *Test::Harness::Switches; test_harness(0, 'blib/lib', 'blib/arch')" t/*.t
t/010-dispatch-from-config.t ..... ok
t/015-dispatch-from-pod.t ........ ok
t/020-callbackresult.t ........... ok
t/030-dispatchmethodlist.t ....... ok
t/040-flatten-data.t ............. ok
t/050-error-response.t ........... ok
t/060-plugin-names.t ............. ok
Subroutine JSON::PP::Boolean::(0+ redefined at /opt/perl-5.36.0t/lib/5.36.0/overload.pm line 52.
Subroutine JSON::PP::Boolean::(++ redefined at /opt/perl-5.36.0t/lib/5.36.0/overload.pm line 52.
Subroutine JSON::PP::Boolean::(-- redefined at /opt/perl-5.36.0t/lib/5.36.0/overload.pm line 52.

#   Failed test 'no (unexpected) warnings (via done_testing)'
#   at t/070-default-route-no-rpc.t line 228.
# Looks like you failed 1 test of 29.
t/070-default-route-no-rpc.t ..... 
Dubious, test returned 1 (wstat 256, 0x100)
Failed 1/29 subtests 
t/071-default-route-xmlrpc.t ..... ok
Subroutine JSON::PP::Boolean::(-- redefined at /opt/perl-5.36.0t/lib/5.36.0/overload.pm line 52.
Subroutine JSON::PP::Boolean::(++ redefined at /opt/perl-5.36.0t/lib/5.36.0/overload.pm line 52.
Subroutine JSON::PP::Boolean::(0+ redefined at /opt/perl-5.36.0t/lib/5.36.0/overload.pm line 52.

#   Failed test 'no (unexpected) warnings (via done_testing)'
#   at t/072-default-route-jsonrpc.t line 129.
# Looks like you failed 1 test of 13.
t/072-default-route-jsonrpc.t .... 
Dubious, test returned 1 (wstat 256, 0x100)
Failed 1/13 subtests 
Subroutine JSON::PP::Boolean::(++ redefined at /opt/perl-5.36.0t/lib/5.36.0/overload.pm line 52.
Subroutine JSON::PP::Boolean::(-- redefined at /opt/perl-5.36.0t/lib/5.36.0/overload.pm line 52.
Subroutine JSON::PP::Boolean::(0+ redefined at /opt/perl-5.36.0t/lib/5.36.0/overload.pm line 52.

#   Failed test 'no (unexpected) warnings (via done_testing)'
#   at t/073-default-route-restrpc.t line 120.
# Looks like you failed 1 test of 12.
t/073-default-route-restrpc.t .... 
Dubious, test returned 1 (wstat 256, 0x100)
Failed 1/12 subtests 
t/090-rpcplugin-role.t ........... ok
t/100-xmlrpc.t ................... ok
t/110-xmlrpc-callbackfail.t ...... ok
t/115-xmlrpc-callback-die.t ...... ok
t/120-xmlrpc-codewrapper-die.t ... ok
Subroutine JSON::PP::Boolean::(++ redefined at /opt/perl-5.36.0t/lib/5.36.0/overload.pm line 52.
Subroutine JSON::PP::Boolean::(0+ redefined at /opt/perl-5.36.0t/lib/5.36.0/overload.pm line 52.
Subroutine JSON::PP::Boolean::(-- redefined at /opt/perl-5.36.0t/lib/5.36.0/overload.pm line 52.

#   Failed test 'no (unexpected) warnings (via done_testing)'
#   at t/125-xmlrpc-myapp.t line 125.
# Looks like you failed 1 test of 5.
t/125-xmlrpc-myapp.t ............. 
Dubious, test returned 1 (wstat 256, 0x100)
Failed 1/5 subtests 
t/130-xmlrpc-error_response.t .... ok
Subroutine JSON::PP::Boolean::(0+ redefined at /opt/perl-5.36.0t/lib/5.36.0/overload.pm line 52.
Subroutine JSON::PP::Boolean::(++ redefined at /opt/perl-5.36.0t/lib/5.36.0/overload.pm line 52.
Subroutine JSON::PP::Boolean::(-- redefined at /opt/perl-5.36.0t/lib/5.36.0/overload.pm line 52.

#   Failed test 'no (unexpected) warnings (via done_testing)'
#   at t/200-jsonrpc.t line 111.
# Looks like you failed 1 test of 5.
t/200-jsonrpc.t .................. 
Dubious, test returned 1 (wstat 256, 0x100)
Failed 1/5 subtests 
Subroutine JSON::PP::Boolean::(-- redefined at /opt/perl-5.36.0t/lib/5.36.0/overload.pm line 52.
Subroutine JSON::PP::Boolean::(++ redefined at /opt/perl-5.36.0t/lib/5.36.0/overload.pm line 52.
Subroutine JSON::PP::Boolean::(0+ redefined at /opt/perl-5.36.0t/lib/5.36.0/overload.pm line 52.

#   Failed test 'no (unexpected) warnings (via done_testing)'
#   at t/210-jsonrpc-callbackfail.t line 40.
# Looks like you failed 1 test of 2.
t/210-jsonrpc-callbackfail.t ..... 
Dubious, test returned 1 (wstat 256, 0x100)
Failed 1/2 subtests 
Subroutine JSON::PP::Boolean::(-- redefined at /opt/perl-5.36.0t/lib/5.36.0/overload.pm line 52.
Subroutine JSON::PP::Boolean::(++ redefined at /opt/perl-5.36.0t/lib/5.36.0/overload.pm line 52.
Subroutine JSON::PP::Boolean::(0+ redefined at /opt/perl-5.36.0t/lib/5.36.0/overload.pm line 52.

#   Failed test 'no (unexpected) warnings (via done_testing)'
#   at t/215-jsonrpc-callback-die.t line 40.
# Looks like you failed 1 test of 2.
t/215-jsonrpc-callback-die.t ..... 
Dubious, test returned 1 (wstat 256, 0x100)
Failed 1/2 subtests 
Subroutine JSON::PP::Boolean::(-- redefined at /opt/perl-5.36.0t/lib/5.36.0/overload.pm line 52.
Subroutine JSON::PP::Boolean::(0+ redefined at /opt/perl-5.36.0t/lib/5.36.0/overload.pm line 52.
Subroutine JSON::PP::Boolean::(++ redefined at /opt/perl-5.36.0t/lib/5.36.0/overload.pm line 52.

#   Failed test 'no (unexpected) warnings (via done_testing)'
#   at t/220-jsonrpc-codewrapper-die.t line 40.
# Looks like you failed 1 test of 2.
t/220-jsonrpc-codewrapper-die.t .. 
Dubious, test returned 1 (wstat 256, 0x100)
Failed 1/2 subtests 
Subroutine JSON::PP::Boolean::(0+ redefined at /opt/perl-5.36.0t/lib/5.36.0/overload.pm line 52.
Subroutine JSON::PP::Boolean::(++ redefined at /opt/perl-5.36.0t/lib/5.36.0/overload.pm line 52.
Subroutine JSON::PP::Boolean::(-- redefined at /opt/perl-5.36.0t/lib/5.36.0/overload.pm line 52.

#   Failed test 'no (unexpected) warnings (via done_testing)'
#   at t/225-jsonrpc-myapp.t line 115.
# Looks like you failed 1 test of 5.
t/225-jsonrpc-myapp.t ............ 
Dubious, test returned 1 (wstat 256, 0x100)
Failed 1/5 subtests 
Subroutine JSON::PP::Boolean::(-- redefined at /opt/perl-5.36.0t/lib/5.36.0/overload.pm line 52.
Subroutine JSON::PP::Boolean::(++ redefined at /opt/perl-5.36.0t/lib/5.36.0/overload.pm line 52.
Subroutine JSON::PP::Boolean::(0+ redefined at /opt/perl-5.36.0t/lib/5.36.0/overload.pm line 52.

#   Failed test 'no (unexpected) warnings (via done_testing)'
#   at t/230-jsonrpc-error_response.t line 62.
# Looks like you failed 1 test of 3.
t/230-jsonrpc-error_response.t ... 
Dubious, test returned 1 (wstat 256, 0x100)
Failed 1/3 subtests 
Subroutine JSON::PP::Boolean::(++ redefined at /opt/perl-5.36.0t/lib/5.36.0/overload.pm line 52.
Subroutine JSON::PP::Boolean::(-- redefined at /opt/perl-5.36.0t/lib/5.36.0/overload.pm line 52.
Subroutine JSON::PP::Boolean::(0+ redefined at /opt/perl-5.36.0t/lib/5.36.0/overload.pm line 52.

#   Failed test 'no (unexpected) warnings (via done_testing)'
#   at t/240-jsonrpc-quirks.t line 89.
# Looks like you failed 1 test of 4.
t/240-jsonrpc-quirks.t ........... 
Dubious, test returned 1 (wstat 256, 0x100)
Failed 1/4 subtests 
Subroutine JSON::PP::Boolean::(0+ redefined at /opt/perl-5.36.0t/lib/5.36.0/overload.pm line 52.
Subroutine JSON::PP::Boolean::(-- redefined at /opt/perl-5.36.0t/lib/5.36.0/overload.pm line 52.
Subroutine JSON::PP::Boolean::(++ redefined at /opt/perl-5.36.0t/lib/5.36.0/overload.pm line 52.

#   Failed test 'no (unexpected) warnings (via done_testing)'
#   at t/300-restrpc.t line 81.
# Looks like you failed 1 test of 5.
t/300-restrpc.t .................. 
Dubious, test returned 1 (wstat 256, 0x100)
Failed 1/5 subtests 
Subroutine JSON::PP::Boolean::(++ redefined at /opt/perl-5.36.0t/lib/5.36.0/overload.pm line 52.
Subroutine JSON::PP::Boolean::(0+ redefined at /opt/perl-5.36.0t/lib/5.36.0/overload.pm line 52.
Subroutine JSON::PP::Boolean::(-- redefined at /opt/perl-5.36.0t/lib/5.36.0/overload.pm line 52.

#   Failed test 'no (unexpected) warnings (via done_testing)'
#   at t/310-restrpc-callbackfail.t line 33.
# Looks like you failed 1 test of 2.
t/310-restrpc-callbackfail.t ..... 
Dubious, test returned 1 (wstat 256, 0x100)
Failed 1/2 subtests 
Subroutine JSON::PP::Boolean::(++ redefined at /opt/perl-5.36.0t/lib/5.36.0/overload.pm line 52.
Subroutine JSON::PP::Boolean::(0+ redefined at /opt/perl-5.36.0t/lib/5.36.0/overload.pm line 52.
Subroutine JSON::PP::Boolean::(-- redefined at /opt/perl-5.36.0t/lib/5.36.0/overload.pm line 52.

#   Failed test 'no (unexpected) warnings (via done_testing)'
#   at t/315-restrpc-callback-die.t line 32.
# Looks like you failed 1 test of 2.
t/315-restrpc-callback-die.t ..... 
Dubious, test returned 1 (wstat 256, 0x100)
Failed 1/2 subtests 
Subroutine JSON::PP::Boolean::(-- redefined at /opt/perl-5.36.0t/lib/5.36.0/overload.pm line 52.
Subroutine JSON::PP::Boolean::(0+ redefined at /opt/perl-5.36.0t/lib/5.36.0/overload.pm line 52.
Subroutine JSON::PP::Boolean::(++ redefined at /opt/perl-5.36.0t/lib/5.36.0/overload.pm line 52.

#   Failed test 'no (unexpected) warnings (via done_testing)'
#   at t/320-restrpc-codewrapper-die.t line 32.
# Looks like you failed 1 test of 2.
t/320-restrpc-codewrapper-die.t .. 
Dubious, test returned 1 (wstat 256, 0x100)
Failed 1/2 subtests 
Subroutine JSON::PP::Boolean::(0+ redefined at /opt/perl-5.36.0t/lib/5.36.0/overload.pm line 52.
Subroutine JSON::PP::Boolean::(++ redefined at /opt/perl-5.36.0t/lib/5.36.0/overload.pm line 52.
Subroutine JSON::PP::Boolean::(-- redefined at /opt/perl-5.36.0t/lib/5.36.0/overload.pm line 52.

#   Failed test 'no (unexpected) warnings (via done_testing)'
#   at t/325-restrpc-myapp.t line 93.
# Looks like you failed 1 test of 5.
t/325-restrpc-myapp.t ............ 
Dubious, test returned 1 (wstat 256, 0x100)
Failed 1/5 subtests 
Subroutine JSON::PP::Boolean::(++ redefined at /opt/perl-5.36.0t/lib/5.36.0/overload.pm line 52.
Subroutine JSON::PP::Boolean::(0+ redefined at /opt/perl-5.36.0t/lib/5.36.0/overload.pm line 52.
Subroutine JSON::PP::Boolean::(-- redefined at /opt/perl-5.36.0t/lib/5.36.0/overload.pm line 52.

#   Failed test 'no (unexpected) warnings (via done_testing)'
#   at t/340-restrpc-quirks.t line 58.
# Looks like you failed 1 test of 3.
t/340-restrpc-quirks.t ........... 
Dubious, test returned 1 (wstat 256, 0x100)
Failed 1/3 subtests 

Test Summary Report
-------------------
t/070-default-route-no-rpc.t   (Wstat: 256 (exited 1) Tests: 29 Failed: 1)
  Failed test:  29
  Non-zero exit status: 1
t/072-default-route-jsonrpc.t  (Wstat: 256 (exited 1) Tests: 13 Failed: 1)
  Failed test:  13
  Non-zero exit status: 1
t/073-default-route-restrpc.t  (Wstat: 256 (exited 1) Tests: 12 Failed: 1)
  Failed test:  12
  Non-zero exit status: 1
t/125-xmlrpc-myapp.t           (Wstat: 256 (exited 1) Tests: 5 Failed: 1)
  Failed test:  5
  Non-zero exit status: 1
t/200-jsonrpc.t                (Wstat: 256 (exited 1) Tests: 5 Failed: 1)
  Failed test:  5
  Non-zero exit status: 1
t/210-jsonrpc-callbackfail.t   (Wstat: 256 (exited 1) Tests: 2 Failed: 1)
  Failed test:  2
  Non-zero exit status: 1
t/215-jsonrpc-callback-die.t   (Wstat: 256 (exited 1) Tests: 2 Failed: 1)
  Failed test:  2
  Non-zero exit status: 1
t/220-jsonrpc-codewrapper-die.t (Wstat: 256 (exited 1) Tests: 2 Failed: 1)
  Failed test:  2
  Non-zero exit status: 1
t/225-jsonrpc-myapp.t          (Wstat: 256 (exited 1) Tests: 5 Failed: 1)
  Failed test:  5
  Non-zero exit status: 1
t/230-jsonrpc-error_response.t (Wstat: 256 (exited 1) Tests: 3 Failed: 1)
  Failed test:  3
  Non-zero exit status: 1
t/240-jsonrpc-quirks.t         (Wstat: 256 (exited 1) Tests: 4 Failed: 1)
  Failed test:  4
  Non-zero exit status: 1
t/300-restrpc.t                (Wstat: 256 (exited 1) Tests: 5 Failed: 1)
  Failed test:  5
  Non-zero exit status: 1
t/310-restrpc-callbackfail.t   (Wstat: 256 (exited 1) Tests: 2 Failed: 1)
  Failed test:  2
  Non-zero exit status: 1
t/315-restrpc-callback-die.t   (Wstat: 256 (exited 1) Tests: 2 Failed: 1)
  Failed test:  2
  Non-zero exit status: 1
t/320-restrpc-codewrapper-die.t (Wstat: 256 (exited 1) Tests: 2 Failed: 1)
  Failed test:  2
  Non-zero exit status: 1
t/325-restrpc-myapp.t          (Wstat: 256 (exited 1) Tests: 5 Failed: 1)
  Failed test:  5
  Non-zero exit status: 1
t/340-restrpc-quirks.t         (Wstat: 256 (exited 1) Tests: 3 Failed: 1)
  Failed test:  3
  Non-zero exit status: 1
Files=31, Tests=197, 10 wallclock secs ( 0.13 usr  0.05 sys +  8.56 cusr  1.35 csys = 10.09 CPU)
Result: FAIL
Failed 17/31 test programs. 17/197 subtests failed.
make: *** [Makefile:945: test_dynamic] Error 1

------------------------------
PREREQUISITES
------------------------------

Prerequisite modules loaded:

requires:

    Module                           Need     Have      
    -------------------------------- -------- ----------
    Cpanel::JSON::XS                 4.29     4.29      
    Dancer2                          0.20     0.400000  
    JSON                             2.0      4.06      
    JSON::PP                         4.09     4.11      
    MooX::Params::CompiledValidators 0.05     0.05      
    namespace::autoclean             0.16     0.29      
    perl                             5.010001 5.036000  
    RPC::XML                         0.56     1.61      
    Type::Tiny                       1.01     1.012004  

build_requires:

    Module                           Need     Have      
    -------------------------------- -------- ----------
    Test::Fatal                      0.01     0.016     
    Test::MockObject                 1.20     1.20200122
    Test::Simple                     0.88     1.302190  
    Test::Warnings                   0.030    0.031     

configure_requires:

    Module                           Need     Have      
    -------------------------------- -------- ----------
    ExtUtils::MakeMaker              6.55_02  7.64      


------------------------------
ENVIRONMENT AND OTHER CONTEXT
------------------------------

Environment variables:

    LANG = C
    PATH = /usr/local/bin:/usr/bin:/bin:/usr/local/sbin:/usr/sbin:/sbin:/home/cpansand/bin/linux-gnu:/home/cpansand/bin/sh:/home/cpansand/bin:/usr/games:/home/cpansand/devel:/home/eserte/src/srezic-misc/scripts
    PERL5LIB = /home/cpansand/.cpan/build/2022092812/RPC-XML-0.82-0/blib/arch:/home/cpansand/.cpan/build/2022092812/RPC-XML-0.82-0/blib/lib:/home/cpansand/.cpan/build/2022092812/MooX-Params-CompiledValidators-0.05-0/blib/arch:/home/cpansand/.cpan/build/2022092812/MooX-Params-CompiledValidators-0.05-0/blib/lib:/home/cpansand/.cpan/build/2022092812/Regexp-Util-0.005-0/blib/arch:/home/cpansand/.cpan/build/2022092812/Regexp-Util-0.005-0/blib/lib:/home/cpansand/.cpan/build/2022092812/JSON-PP-4.11-0/blib/arch:/home/cpansand/.cpan/build/2022092812/JSON-PP-4.11-0/blib/lib
    PERL5OPT = 
    PERL5_CPANPLUS_IS_RUNNING = 2353282
    PERL5_CPAN_IS_RUNNING = 2353282
    PERL5_CPAN_IS_RUNNING_IN_RECURSION = 2352970,2353282
    PERLDOC = -MPod::Perldoc::ToTextOverstrike
    PERL_BATCH = yes
    PERL_CANARY_STABILITY_NOPROMPT = 1
    PERL_CPAN_REPORTER_CONFIG = /var/tmp/cpansmoker-1023/2022092812/cpanreporter_000_config.ini
    PERL_EXTUTILS_AUTOINSTALL = --defaultdeps
    PERL_USE_UNSAFE_INC = 1
    SHELL = /usr/bin/zsh
    TERM = screen
    TMPDIR = /var/tmp/cpansmoker-1023/2022092812

Perl special variables (and OS-specific diagnostics, for MSWin32):

    $^X = /opt/perl-5.36.0t/bin/perl
    $UID/$EUID = 1023 / 1023
    $GID = 1023 1023
    $EGID = 1023 1023

Perl module toolchain versions installed:

    Module              Have    
    ------------------- --------
    CPAN                2.33    
    CPAN::Meta          2.150010
    Cwd                 3.84    
    ExtUtils::CBuilder  0.280236
    ExtUtils::Command   7.64    
    ExtUtils::Install   2.20    
    ExtUtils::MakeMaker 7.64    
    ExtUtils::Manifest  1.73    
    ExtUtils::ParseXS   3.45    
    File::Spec          3.84    
    JSON                4.06    
    JSON::PP            4.11    
    Module::Build       0.4231  
    Module::Signature   n/a     
    Parse::CPAN::Meta   2.150010
    Test::Harness       3.44    
    Test::More          1.302190
    YAML                1.30    
    YAML::Syck          1.34    
    version             0.9929  


--

Summary of my perl5 (revision 5 version 36 subversion 0) configuration:
   
  Platform:
    osname=linux
    osvers=5.10.0-13-amd64
    archname=x86_64-linux-thread-multi
    uname='linux eserte 5.10.0-13-amd64 #1 smp debian 5.10.106-1 (2022-03-17) x86_64 gnulinux '
    config_args='-ds -e -Dprefix=/opt/perl-5.36.0t -Dusethreads -Dcf_email=srezic@cpan.org'
    hint=recommended
    useposix=true
    d_sigaction=define
    useithreads=define
    usemultiplicity=define
    use64bitint=define
    use64bitall=define
    uselongdouble=undef
    usemymalloc=n
    default_inc_excludes_dot=define
  Compiler:
    cc='cc'
    ccflags ='-D_REENTRANT -D_GNU_SOURCE -fwrapv -fno-strict-aliasing -pipe -fstack-protector-strong -I/usr/local/include -D_LARGEFILE_SOURCE -D_FILE_OFFSET_BITS=64 -D_FORTIFY_SOURCE=2'
    optimize='-O2'
    cppflags='-D_REENTRANT -D_GNU_SOURCE -fwrapv -fno-strict-aliasing -pipe -fstack-protector-strong -I/usr/local/include'
    ccversion=''
    gccversion='10.2.1 20210110'
    gccosandvers=''
    intsize=4
    longsize=8
    ptrsize=8
    doublesize=8
    byteorder=12345678
    doublekind=3
    d_longlong=define
    longlongsize=8
    d_longdbl=define
    longdblsize=16
    longdblkind=3
    ivtype='long'
    ivsize=8
    nvtype='double'
    nvsize=8
    Off_t='off_t'
    lseeksize=8
    alignbytes=8
    prototype=define
  Linker and Libraries:
    ld='cc'
    ldflags =' -fstack-protector-strong -L/usr/local/lib'
    libpth=/usr/local/lib /usr/lib/x86_64-linux-gnu /usr/lib /lib/x86_64-linux-gnu /lib
    libs=-lpthread -lnsl -lgdbm -ldb -ldl -lm -lcrypt -lutil -lc
    perllibs=-lpthread -lnsl -ldl -lm -lcrypt -lutil -lc
    libc=libc-2.31.so
    so=so
    useshrplib=false
    libperl=libperl.a
    gnulibc_version='2.31'
  Dynamic Linking:
    dlsrc=dl_dlopen.xs
    dlext=so
    d_dlsymun=undef
    ccdlflags='-Wl,-E'
    cccdlflags='-fPIC'
    lddlflags='-shared -O2 -L/usr/local/lib -fstack-protector-strong'


Characteristics of this binary (from libperl): 
  Compile-time options:
    HAS_TIMES
    MULTIPLICITY
    PERLIO_LAYERS
    PERL_COPY_ON_WRITE
    PERL_DONT_CREATE_GVSV
    PERL_MALLOC_WRAP
    PERL_OP_PARENT
    PERL_PRESERVE_IVUV
    USE_64_BIT_ALL
    USE_64_BIT_INT
    USE_ITHREADS
    USE_LARGE_FILES
    USE_LOCALE
    USE_LOCALE_COLLATE
    USE_LOCALE_CTYPE
    USE_LOCALE_NUMERIC
    USE_LOCALE_TIME
    USE_PERLIO
    USE_PERL_ATOF
    USE_REENTRANT_API
    USE_THREAD_SAFE_LOCALE
  Built under linux
  Compiled at May 30 2022 19:18:45
  %ENV:
    PERL5LIB="/home/cpansand/.cpan/build/2022092812/RPC-XML-0.82-0/blib/arch:/home/cpansand/.cpan/build/2022092812/RPC-XML-0.82-0/blib/lib:/home/cpansand/.cpan/build/2022092812/MooX-Params-CompiledValidators-0.05-0/blib/arch:/home/cpansand/.cpan/build/2022092812/MooX-Params-CompiledValidators-0.05-0/blib/lib:/home/cpansand/.cpan/build/2022092812/Regexp-Util-0.005-0/blib/arch:/home/cpansand/.cpan/build/2022092812/Regexp-Util-0.005-0/blib/lib:/home/cpansand/.cpan/build/2022092812/JSON-PP-4.11-0/blib/arch:/home/cpansand/.cpan/build/2022092812/JSON-PP-4.11-0/blib/lib"
    PERL5OPT=""
    PERL5_CPANPLUS_IS_RUNNING="2353282"
    PERL5_CPAN_IS_RUNNING="2353282"
    PERL5_CPAN_IS_RUNNING_IN_RECURSION="2352970,2353282"
    PERLDOC="-MPod::Perldoc::ToTextOverstrike"
    PERL_BATCH="yes"
    PERL_CANARY_STABILITY_NOPROMPT="1"
    PERL_CPAN_REPORTER_CONFIG="/var/tmp/cpansmoker-1023/2022092812/cpanreporter_000_config.ini"
    PERL_EXTUTILS_AUTOINSTALL="--defaultdeps"
    PERL_USE_UNSAFE_INC="1"
  @INC:
    /home/cpansand/.cpan/build/2022092812/RPC-XML-0.82-0/blib/arch
    /home/cpansand/.cpan/build/2022092812/RPC-XML-0.82-0/blib/lib
    /home/cpansand/.cpan/build/2022092812/MooX-Params-CompiledValidators-0.05-0/blib/arch
    /home/cpansand/.cpan/build/2022092812/MooX-Params-CompiledValidators-0.05-0/blib/lib
    /home/cpansand/.cpan/build/2022092812/Regexp-Util-0.005-0/blib/arch
    /home/cpansand/.cpan/build/2022092812/Regexp-Util-0.005-0/blib/lib
    /home/cpansand/.cpan/build/2022092812/JSON-PP-4.11-0/blib/arch
    /home/cpansand/.cpan/build/2022092812/JSON-PP-4.11-0/blib/lib
    /opt/perl-5.36.0t/lib/site_perl/5.36.0/x86_64-linux-thread-multi
    /opt/perl-5.36.0t/lib/site_perl/5.36.0
    /opt/perl-5.36.0t/lib/5.36.0/x86_64-linux-thread-multi
    /opt/perl-5.36.0t/lib/5.36.0
    .