Report for PerlIO-via-Rotate-0.06

Back
From: metabase:user:30f0bd62-2aae-11df-837a-5e0a49663a4f
Subject: FAIL PerlIO-via-Rotate-0.06 v5.14.1 NetBSD
Date: 2011-08-15T05:03:12Z

This distribution has been tested as part of the CPAN Testers
project, supporting the Perl programming language.  See
http://wiki.cpantesters.org/ for more information or email
questions to cpan-testers-discuss@perl.org


--
Dear Elizabeth Mattijsen,

This is a computer-generated report for PerlIO-via-Rotate-0.06
on perl 5.14.1, created by CPAN-Reporter-1.2002.

Thank you for uploading your work to CPAN.  However, there was a problem
testing your distribution.

If you think this report is invalid, please consult the CPAN Testers Wiki
for suggestions on how to avoid getting FAIL reports for missing library
or binary dependencies, unsupported operating systems, and so on:

http://wiki.cpantesters.org/wiki/CPANAuthorNotes

Sections of this report:

    * Tester comments
    * Program output
    * Prerequisites
    * Environment and other context

------------------------------
TESTER COMMENTS
------------------------------

Additional comments from tester:

this report is from an automated smoke testing program
and was not reviewed by a human for accuracy

------------------------------
PROGRAM OUTPUT
------------------------------

Output from '/usr/bin/make test':

PERL_DL_NONLAZY=1 /home/sts/cpansmoke/perl-5.14.1/bin/perl "-MExtUtils::Command::MM" "-e" "test_harness(0, 'blib/lib', 'blib/arch')" t/*.t
t/Rotate1.t .. ok

#   Failed test 'use PerlIO::via::Rotate;'
#   at t/Rotate2.t line 19.
#     Tried to use 'PerlIO::via::Rotate'.
#     Error:  PerlIO::via::Rotate version 13 required--this is only version 0.06 at (eval 4) line 2.
# BEGIN failed--compilation aborted at (eval 4) line 2.
Cannot find package 'PerlIO::via::rot13' at t/Rotate2.t line 47.

#   Failed test 'opening 'test.rot13' for writing'
#   at t/Rotate2.t line 47.
print() on closed filehandle $out at t/Rotate2.t line 52.

#   Failed test 'print to file'
#   at t/Rotate2.t line 52.

#   Failed test 'closing encoding handle'
#   at t/Rotate2.t line 53.

#   Failed test 'opening without layer'
#   at t/Rotate2.t line 59.
readline() on closed filehandle $test at t/Rotate2.t line 60.

#   Failed test 'check encoded content'
#   at t/Rotate2.t line 60.
#          got: undef
#     expected: 'Guvf vf n grfg sbe ebgngrq grkg gung unf uneqyl nal fcrpvny punenpgref va vg
# ohg juvpu vf abarguryrff na vaqvpngvba bs gur erny jbeyq.
# 
# Jvgu ybat yvarf naq cnentencuf naq nyy gung fbeg bs guvatf.
# 
# Naq fb ba naq fb ba.
# -- 
# Naq n fvtangher
# '

#   Failed test 'close test handle'
#   at t/Rotate2.t line 61.
Cannot find package 'rot13' at t/Rotate2.t line 67.

#   Failed test 'opening 'test.rot13' for reading'
#   at t/Rotate2.t line 67.
readline() on closed filehandle $in at t/Rotate2.t line 70.

#   Failed test 'check decoding'
#   at t/Rotate2.t line 70.
#          got: ''
#     expected: 'This is a test for rotated text that has hardly any special characters in it
# but which is nonetheless an indication of the real world.
# 
# With long lines and paragraphs and all that sort of things.
# 
# And so on and so on.
# -- 
# And a signature
# '

#   Failed test 'close decoding handle'
#   at t/Rotate2.t line 71.

#   Failed test 'remove test file 'test.rot13''
#   at t/Rotate2.t line 75.
# Looks like you failed 11 tests of 11.
t/Rotate2.t .. 
Dubious, test returned 11 (wstat 2816, 0xb00)
Failed 11/11 subtests 
t/Rotate3.t .. ok

#   Failed test 'use PerlIO::via::Rotate;'
#   at t/Rotate4.t line 19.
#     Tried to use 'PerlIO::via::Rotate'.
#     Error:  PerlIO::via::Rotate version 1 required--this is only version 0.06 at (eval 4) line 2.
# BEGIN failed--compilation aborted at (eval 4) line 2.
# Looks like you failed 1 test of 12.
t/Rotate4.t .. 
Dubious, test returned 1 (wstat 256, 0x100)
Failed 1/12 subtests 

Test Summary Report
-------------------
t/Rotate2.t (Wstat: 2816 Tests: 11 Failed: 11)
  Failed tests:  1-11
  Non-zero exit status: 11
t/Rotate4.t (Wstat: 256 Tests: 12 Failed: 1)
  Failed test:  1
  Non-zero exit status: 1
Files=4, Tests=45,  1 wallclock secs ( 0.06 usr  0.02 sys +  0.19 cusr  0.08 csys =  0.35 CPU)
Result: FAIL
Failed 2/4 test programs. 12/45 subtests failed.
*** Error code 1

Stop.
make: stopped in /home/sts/cpansmoke/perl-5.14.1/cpan/build/PerlIO-via-Rotate-0.06-72Cats

------------------------------
PREREQUISITES
------------------------------

Prerequisite modules loaded:

build_requires:

    Module              Need Have
    ------------------- ---- ----
    ExtUtils::MakeMaker 0    6.58


------------------------------
ENVIRONMENT AND OTHER CONTEXT
------------------------------

Environment variables:

    AUTOMATED_TESTING = 1
    PATH = /home/sts/bin:/bin:/sbin:/usr/bin:/usr/sbin:/usr/X11R7/bin:/usr/X11R6/bin:/usr/pkg/bin:/usr/pkg/sbin:/usr/games:/usr/local/bin:/usr/local/sbin
    PERL5LIB = 
    PERL5OPT = 
    PERL5_CPANPLUS_IS_RUNNING = 7870
    PERL5_CPAN_IS_RUNNING = 7870
    PERL5_CPAN_IS_RUNNING_IN_RECURSION = 2517,7870
    PERL_CR_SMOKER_CURRENT = PerlIO-via-Rotate-0.06
    PERL_EXTUTILS_AUTOINSTALL = --defaultdeps
    PERL_MM_USE_DEFAULT = 1
    SHELL = /usr/pkg/bin/bash
    TERM = screen
    TMPDIR = /home/sts/cpansmoke/tmp

Perl special variables (and OS-specific diagnostics, for MSWin32):

    $^X = /home/sts/cpansmoke/perl-5.14.1/bin/perl
    $UID/$EUID = 1000 / 1000
    $GID = 100 100 0
    $EGID = 100 100 0

Perl module toolchain versions installed:

    Module              Have       
    ------------------- -----------
    CPAN                1.9800     
    CPAN::Meta          2.110930001
    Cwd                 3.36       
    ExtUtils::CBuilder  0.280203   
    ExtUtils::Command   1.17       
    ExtUtils::Install   1.56       
    ExtUtils::MakeMaker 6.58       
    ExtUtils::Manifest  1.58       
    ExtUtils::ParseXS   2.2210     
    File::Spec          3.33       
    JSON                n/a        
    JSON::PP            2.27105    
    Module::Build       0.3800     
    Module::Signature   n/a        
    Parse::CPAN::Meta   1.4401     
    Test::Harness       3.23       
    Test::More          0.98       
    YAML                0.73       
    YAML::Syck          n/a        
    version             0.88       


--

Summary of my perl5 (revision 5 version 14 subversion 1) configuration:
   
  Platform:
    osname=netbsd, osvers=5.1, archname=i386-netbsd-thread-multi
    uname='netbsd cpansmoke2 5.1 netbsd 5.1 (xen3_domu) #0: sun nov 7 14:54:55 utc 2010 builds@b6.netbsd.org:homebuildsabnetbsd-5-1-releasei386201011061943z-objhomebuildsabnetbsd-5-1-releasesrcsysarchi386compilexen3_domu i386 '
    config_args='-des -Dusethreads -Dprefix=/home/sts/cpansmoke/perl-5.14.1'
    hint=recommended, useposix=true, d_sigaction=define
    useithreads=define, usemultiplicity=define
    useperlio=define, d_sfio=undef, uselargefiles=define, usesocks=undef
    use64bitint=undef, use64bitall=undef, uselongdouble=undef
    usemymalloc=n, bincompat5005=undef
  Compiler:
    cc='cc', ccflags ='-fno-strict-aliasing -pipe -fstack-protector -I/usr/pkg/include',
    optimize='-O',
    cppflags='-fno-strict-aliasing -pipe -fstack-protector -I/usr/pkg/include'
    ccversion='', gccversion='4.1.3 20080704 prerelease (NetBSD nb2 20081120)', gccosandvers=''
    intsize=4, longsize=4, ptrsize=4, doublesize=8, byteorder=1234
    d_longlong=define, longlongsize=8, d_longdbl=define, longdblsize=12
    ivtype='long', ivsize=4, nvtype='double', nvsize=8, Off_t='off_t', lseeksize=8
    alignbytes=4, prototype=define
  Linker and Libraries:
    ld='cc', ldflags =' -Wl,-rpath,/usr/pkg/lib -Wl,-rpath,/usr/local/lib -fstack-protector -L/usr/pkg/lib'
    libpth=/usr/pkg/lib /lib /usr/lib
    libs=-lm -lcrypt -lutil -lc -lposix -lpthread
    perllibs=-lm -lcrypt -lutil -lc -lposix -lpthread
    libc=/lib/libc.so, so=so, useshrplib=false, libperl=libperl.a
    gnulibc_version=''
  Dynamic Linking:
    dlsrc=dl_dlopen.xs, dlext=so, d_dlsymun=undef, ccdlflags='-Wl,-E '
    cccdlflags='-DPIC -fPIC ', lddlflags='--whole-archive -shared  -L/usr/pkg/lib -fstack-protector'


Characteristics of this binary (from libperl): 
  Compile-time options: MULTIPLICITY PERL_DONT_CREATE_GVSV
                        PERL_IMPLICIT_CONTEXT PERL_MALLOC_WRAP
                        PERL_PRESERVE_IVUV USE_ITHREADS USE_LARGE_FILES
                        USE_PERLIO USE_PERL_ATOF USE_REENTRANT_API
  Built under netbsd
  Compiled at Jul 18 2011 20:42:57
  %ENV:
    PERL5LIB=""
    PERL5OPT=""
    PERL5_CPANPLUS_IS_RUNNING="7870"
    PERL5_CPAN_IS_RUNNING="7870"
    PERL5_CPAN_IS_RUNNING_IN_RECURSION="2517,7870"
    PERL_CR_SMOKER_CURRENT="PerlIO-via-Rotate-0.06"
    PERL_EXTUTILS_AUTOINSTALL="--defaultdeps"
    PERL_MM_USE_DEFAULT="1"
  @INC:
    /home/sts/cpansmoke/perl-5.14.1/lib/site_perl/5.14.1/i386-netbsd-thread-multi
    /home/sts/cpansmoke/perl-5.14.1/lib/site_perl/5.14.1
    /home/sts/cpansmoke/perl-5.14.1/lib/5.14.1/i386-netbsd-thread-multi
    /home/sts/cpansmoke/perl-5.14.1/lib/5.14.1
    .