Report for MooseX-Types-Structured-0.36

Back
From: metabase:user:30f4dfbe-2aae-11df-837a-5e0a49663a4f
Subject: FAIL MooseX-Types-Structured-0.36 v5.8.6 GNU/Linux
Date: 2017-08-10T07:23:58Z

This distribution has been tested as part of the CPAN Testers
project, supporting the Perl programming language.  See
http://wiki.cpantesters.org/ for more information or email
questions to cpan-testers-discuss@perl.org


--
Dear Karen Etheridge,

This is a computer-generated report for MooseX-Types-Structured-0.36
on perl 5.8.6, created by CPAN-Reporter-1.2018.

Thank you for uploading your work to CPAN.  However, there was a problem
testing your distribution.

If you think this report is invalid, please consult the CPAN Testers Wiki
for suggestions on how to avoid getting FAIL reports for missing library
or binary dependencies, unsupported operating systems, and so on:

http://wiki.cpantesters.org/wiki/CPANAuthorNotes

Sections of this report:

    * Tester comments
    * Program output
    * Prerequisites
    * Environment and other context

------------------------------
TESTER COMMENTS
------------------------------

Additional comments from tester:

this report is from an automated smoke testing program
and was not reviewed by a human for accuracy

------------------------------
PROGRAM OUTPUT
------------------------------

Output from './Build test':

t/00-load.t .................... ok
# 
# Versions for all modules listed in MYMETA.json (including optional ones):
# 
# === Configure Requires ===
# 
#     Module               Want  Have
#     ------------------- ----- -----
#     Module::Build::Tiny 0.034 0.039
# 
# === Configure Suggests ===
# 
#     Module      Want    Have
#     -------- ------- -------
#     JSON::PP 2.27300 2.27400
# 
# === Test Requires ===
# 
#     Module               Want     Have
#     -------------------- ---- --------
#     Data::Dumper          any    2.145
#     DateTime              any     1.01
#     File::Spec            any     3.40
#     Module::Metadata      any 1.000033
#     MooseX::Types::Moose  any     0.44
#     Test::Fatal           any    0.013
#     Test::More           0.88 1.302086
#     Test::Needs           any 0.002005
#     strict                any     1.03
#     warnings              any     1.03
# 
# === Test Recommends ===
# 
#     Module         Want     Have
#     ---------- -------- --------
#     CPAN::Meta 2.120900 2.150005
# 
# === Test Suggests ===
# 
#     Module                  Want    Have
#     ----------------------- ---- -------
#     MooseX::Types::DateTime  any missing
# 
# === Runtime Requires ===
# 
#     Module                                        Want   Have
#     -------------------------------------------- ----- ------
#     Devel::PartialDump                            0.13   0.20
#     Moose                                          any 2.0801
#     Moose::Meta::TypeCoercion                      any 2.0801
#     Moose::Meta::TypeConstraint                    any 2.0801
#     Moose::Meta::TypeConstraint::Parameterizable   any 2.0801
#     Moose::Util::TypeConstraints                  1.06 2.0801
#     MooseX::Types                                 0.22   0.44
#     Scalar::Util                                   any   1.47
#     Sub::Exporter                                0.982  0.985
#     if                                             any   0.03
#     namespace::clean                              0.19   0.24
#     overload                                       any   1.02
# 
# === Other Modules ===
# 
#     Module                  Have
#     -------------------- -------
#     Dist::CheckConflicts    0.02
#     JSON::PP             2.27400
#     Sub::Name               0.05
#     YAML                 missing
#     autodie                 2.29
# 
t/00-report-prereqs.t .......... ok
t/01-basic.t ................... ok
t/02-tuple.t ................... ok
t/03-dict.t .................... ok
t/04-combined.t ................ ok
t/04-map.t ..................... ok
t/05-advanced.t ................ ok
t/06-api.t ..................... ok
t/07-coerce.t .................. ok
t/08-examples.t ................ skipped: Need MooseX::Types::DateTime
t/09-optional.t ................ ok
t/10-recursion.t ............... ok
"slurpy" is not exported by the MooseX::Types::Structured module at /home/njh/perl5/perlbrew/perls/perl-5.8.6/lib/site_perl/5.8.6/MooseX/Types/Base.pm line 120.
BEGIN failed--compilation aborted at t/11-overflow.t line 5.
# Looks like your test exited with 255 before it could output anything.
t/11-overflow.t ................ 
Dubious, test returned 255 (wstat 65280, 0xff00)
Failed 14/14 subtests 
t/12-error.t ................... ok
t/13-deeper_error.t ............ ok

#   Failed test 'type is available as a fully-qualified name'
#   at t/14-fully-qualified.t line 12.
# Looks like you failed 1 test of 2.
t/14-fully-qualified.t ......... 
Dubious, test returned 1 (wstat 256, 0x100)
Failed 1/2 subtests 
t/bug-incorrect-message.t ...... ok
t/bug-is-subtype.t ............. ok
t/bug-mixed-stringy.t .......... ok
t/bug-optional.t ............... ok
t/regressions/01-is_type_of.t .. ok
t/zzz-check-breaks.t ........... ok

Test Summary Report
-------------------
t/11-overflow.t              (Wstat: 65280 Tests: 0 Failed: 0)
  Non-zero exit status: 255
  Parse errors: Bad plan.  You planned 14 tests but ran 0.
t/14-fully-qualified.t       (Wstat: 256 Tests: 2 Failed: 1)
  Failed test:  2
  Non-zero exit status: 1
Files=23, Tests=338,  8 wallclock secs ( 0.08 usr  0.04 sys +  7.95 cusr  0.56 csys =  8.63 CPU)
Result: FAIL

------------------------------
PREREQUISITES
------------------------------

Prerequisite modules loaded:

requires:

    Module                                       Need  Have    
    -------------------------------------------- ----- --------
    Devel::PartialDump                           0.13  0.20    
    if                                           0     0.03    
    Moose                                        0     2.0801  
    Moose::Meta::TypeCoercion                    0     2.0801  
    Moose::Meta::TypeConstraint                  0     2.0801  
    Moose::Meta::TypeConstraint::Parameterizable 0     2.0801  
    Moose::Util::TypeConstraints                 1.06  2.0801  
    MooseX::Types                                0.22  0.44    
    namespace::clean                             0.19  0.24    
    overload                                     0     1.02    
    perl                                         5.008 5.008006
    Scalar::Util                                 0     1.47    
    Sub::Exporter                                0.982 0.985   

build_requires:

    Module                                       Need  Have    
    -------------------------------------------- ----- --------
    Data::Dumper                                 0     2.145   
    DateTime                                     0     1.01    
    File::Spec                                   0     3.40    
    Module::Metadata                             0     1.000033
    MooseX::Types::Moose                         0     0.44    
    perl                                         5.008 5.008006
    strict                                       0     1.03    
    Test::Fatal                                  0     0.013   
    Test::More                                   0.88  1.302086
    Test::Needs                                  0     0.002005
    warnings                                     0     1.03    

configure_requires:

    Module                                       Need  Have    
    -------------------------------------------- ----- --------
    Module::Build::Tiny                          0.034 0.039   
    perl                                         5.008 5.008006


------------------------------
ENVIRONMENT AND OTHER CONTEXT
------------------------------

Environment variables:

    AUTOMATED_TESTING = 1
    LANG = en_GB.UTF-8
    LANGUAGE = en_GB:en
    PATH = /home/njh/perl5/perlbrew/bin:/home/njh/perl5/perlbrew/perls/perl-5.8.6/bin:/home/njh/perl5/perlbrew/bin:/usr/bin:/bin
    PERL5LIB = /home/njh/.cpan/build/Devel-PartialDump-0.20-8/blib/arch:/home/njh/.cpan/build/Devel-PartialDump-0.20-8/blib/lib:/home/njh/.cpan/build/Class-Tiny-1.006-4/blib/arch:/home/njh/.cpan/build/Class-Tiny-1.006-4/blib/lib:/home/njh/.cpan/build/MooseX-Meta-TypeConstraint-ForceCoercion-0.01-8/blib/arch:/home/njh/.cpan/build/MooseX-Meta-TypeConstraint-ForceCoercion-0.01-8/blib/lib:/home/njh/.cpan/build/MooseX-LazyRequire-0.11-26/blib/arch:/home/njh/.cpan/build/MooseX-LazyRequire-0.11-26/blib/lib:/home/njh/.cpan/build/aliased-0.34-22/blib/arch:/home/njh/.cpan/build/aliased-0.34-22/blib/lib:/home/njh/.cpan/build/Module-Build-Tiny-0.039-12/blib/arch:/home/njh/.cpan/build/Module-Build-Tiny-0.039-12/blib/lib:/home/njh/.cpan/build/Devel-Declare-0.006019-26/blib/arch:/home/njh/.cpan/build/Devel-Declare-0.006019-26/blib/lib:/home/njh/.cpan/build/B-Hooks-OP-Check-0.22-19/blib/arch:/home/njh/.cpan/build/B-Hooks-OP-Check-0.22-19/blib/lib:/home/njh/.cpan/build/ExtUtils-Depends-0.405-19/blib/arch:/home/njh/.cpan/build/ExtUtils-Depends-0.405-19/blib/lib:/home/njh/.cpan/build/Context-Preserve-0.02-27/blib/arch:/home/njh/.cpan/build/Context-Preserve-0.02-27/blib/lib:/home/njh/.cpan/build/MooseX-Log-Log4perl-0.47-27/blib/arch:/home/njh/.cpan/build/MooseX-Log-Log4perl-0.47-27/blib/lib:/home/njh/.cpan/build/MooseX-ClassAttribute-0.29-27/blib/arch:/home/njh/.cpan/build/MooseX-ClassAttribute-0.29-27/blib/lib
    PERL5OPT = 
    PERL5_CPANPLUS_IS_RUNNING = 4648
    PERL5_CPAN_IS_RUNNING = 4648
    PERL5_MINISMOKEBOX = 0.58
    PERLBREW_BASHRC_VERSION = 0.73
    PERLBREW_LIB = 
    PERLBREW_MANPATH = /home/njh/perl5/perlbrew/perls/perl-5.8.6/man
    PERLBREW_PATH = /home/njh/perl5/perlbrew/bin:/home/njh/perl5/perlbrew/perls/perl-5.8.6/bin
    PERLBREW_PERL = perl-5.8.6
    PERLBREW_ROOT = /home/njh/perl5/perlbrew
    PERLBREW_VERSION = 0.73
    PERL_EXTUTILS_AUTOINSTALL = --defaultdeps
    PERL_LOCAL_LIB_ROOT = 
    PERL_MM_USE_DEFAULT = 1
    SHELL = /bin/sh

Perl special variables (and OS-specific diagnostics, for MSWin32):

    $^X = /home/njh/perl5/perlbrew/perls/perl-5.8.6/bin/perl
    $UID/$EUID = 1000 / 1000
    $GID = 1000 1000 112 108 46 44 30 29 25 24 4
    $EGID = 1000 1000 112 108 46 44 30 29 25 24 4

Perl module toolchain versions installed:

    Module              Have    
    ------------------- --------
    CPAN                2.16    
    CPAN::Meta          2.150005
    Cwd                 3.40    
    ExtUtils::CBuilder  0.280216
    ExtUtils::Command   7.24    
    ExtUtils::Install   1.54    
    ExtUtils::MakeMaker 7.24    
    ExtUtils::Manifest  1.70    
    ExtUtils::ParseXS   3.30    
    File::Spec          3.40    
    JSON                2.93    
    JSON::PP            2.27400 
    Module::Build       0.4210  
    Module::Signature   n/a     
    Parse::CPAN::Meta   1.4422  
    Test::Harness       3.36    
    Test::More          1.302086
    YAML                n/a     
    YAML::Syck          1.30    
    version             0.88    


--

Summary of my perl5 (revision 5 version 8 subversion 6) configuration:
  Platform:
    osname=linux, osvers=3.2.0-4-amd64, archname=x86_64-linux-thread-multi
    uname='linux nigelhorne.force9.co.uk 3.2.0-4-amd64 #1 smp debian 3.2.32-1 x86_64 gnulinux '
    config_args='-de -Dprefix=/home/njh/perl5/perlbrew/perls/perl-5.8.6 -Duseithreads -Dusemultiplicity -Accflags=-O2 -W -Wformat=2 -Wswitch -Wshadow -Wwrite-strings -Wuninitialized -Wall -pipe -mtune=native -march=native -fomit-frame-pointer -mfpmath=sse -pedantic -D_FORTIFY_SOURCE=2 -Wpointer-arith -Wstrict-prototypes -fstack-protector -Wstack-protector -Wextra -Wbad-function-cast -Wcast-align -Wcast-qual -Wdisabled-optimization -Wendif-labels -Wfloat-equal -Wformat-nonliteral -Winline -Wmissing-declarations -Wmissing-prototypes -Wnested-externs -Wpointer-arith -Wundef -Wformat-security -Aeval:scriptdir=/home/njh/perl5/perlbrew/perls/perl-5.8.6/bin'
    hint=recommended, useposix=true, d_sigaction=define
    usethreads=define use5005threads=undef useithreads=define usemultiplicity=define
    useperlio=define d_sfio=undef uselargefiles=define usesocks=undef
    use64bitint=define use64bitall=define uselongdouble=undef
    usemymalloc=n, bincompat5005=undef
  Compiler:
    cc='cc', ccflags ='-D_REENTRANT -D_GNU_SOURCE -O2 -W -Wformat=2 -Wswitch -Wshadow -Wwrite-strings -Wuninitialized -Wall -pipe -mtune=native -march=native -fomit-frame-pointer -mfpmath=sse -pedantic -D_FORTIFY_SOURCE=2 -Wpointer-arith -Wstrict-prototypes -fstack-protector -Wstack-protector -Wextra -Wbad-function-cast -Wcast-align -Wcast-qual -Wdisabled-optimization -Wendif-labels -Wfloat-equal -Wformat-nonliteral -Winline -Wmissing-declarations -Wmissing-prototypes -Wnested-externs -Wpointer-arith -Wundef -Wformat-security -fno-strict-aliasing -I/usr/local/include -D_LARGEFILE_SOURCE -D_FILE_OFFSET_BITS=64',
    optimize='-O2',
    cppflags='-D_REENTRANT -D_GNU_SOURCE -O2 -W -Wformat=2 -Wswitch -Wshadow -Wwrite-strings -Wuninitialized -Wall -pipe -mtune=native -march=native -fomit-frame-pointer -mfpmath=sse -pedantic -D_FORTIFY_SOURCE=2 -Wpointer-arith -Wstrict-prototypes -fstack-protector -Wstack-protector -Wextra -Wbad-function-cast -Wcast-align -Wcast-qual -Wdisabled-optimization -Wendif-labels -Wfloat-equal -Wformat-nonliteral -Winline -Wmissing-declarations -Wmissing-prototypes -Wnested-externs -Wpointer-arith -Wundef -Wformat-security -fno-strict-aliasing -I/usr/local/include'
    ccversion='', gccversion='4.7.2', gccosandvers=''
    intsize=4, longsize=8, ptrsize=8, doublesize=8, byteorder=12345678
    d_longlong=define, longlongsize=8, d_longdbl=define, longdblsize=16
    ivtype='long', ivsize=8, nvtype='double', nvsize=8, Off_t='off_t', lseeksize=8
    alignbytes=8, prototype=define
  Linker and Libraries:
    ld='cc', ldflags =' -L/usr/local/lib'
    libpth=/usr/local/lib /lib/x86_64-linux-gnu /lib/../lib /usr/lib/x86_64-linux-gnu /usr/lib/../lib /lib /usr/lib
    libs=-lnsl -lgdbm -ldb -ldl -lm -lcrypt -lutil -lpthread -lc -lgdbm_compat
    perllibs=-lnsl -ldl -lm -lcrypt -lutil -lpthread -lc -lgdbm_compat
    libc=, so=so, useshrplib=false, libperl=libperl.a
    gnulibc_version='2.13'
  Dynamic Linking:
    dlsrc=dl_dlopen.xs, dlext=so, d_dlsymun=undef, ccdlflags='-Wl,-E'
    cccdlflags='-fpic', lddlflags='-shared -L/usr/local/lib'


Characteristics of this binary (from libperl): 
  Compile-time options: MULTIPLICITY USE_ITHREADS USE_64_BIT_INT USE_64_BIT_ALL USE_LARGE_FILES PERL_IMPLICIT_CONTEXT
  Built under linux
  Compiled at Mar  5 2013 01:10:40
  %ENV:
    PERL5LIB="/home/njh/.cpan/build/Devel-PartialDump-0.20-8/blib/arch:/home/njh/.cpan/build/Devel-PartialDump-0.20-8/blib/lib:/home/njh/.cpan/build/Class-Tiny-1.006-4/blib/arch:/home/njh/.cpan/build/Class-Tiny-1.006-4/blib/lib:/home/njh/.cpan/build/MooseX-Meta-TypeConstraint-ForceCoercion-0.01-8/blib/arch:/home/njh/.cpan/build/MooseX-Meta-TypeConstraint-ForceCoercion-0.01-8/blib/lib:/home/njh/.cpan/build/MooseX-LazyRequire-0.11-26/blib/arch:/home/njh/.cpan/build/MooseX-LazyRequire-0.11-26/blib/lib:/home/njh/.cpan/build/aliased-0.34-22/blib/arch:/home/njh/.cpan/build/aliased-0.34-22/blib/lib:/home/njh/.cpan/build/Module-Build-Tiny-0.039-12/blib/arch:/home/njh/.cpan/build/Module-Build-Tiny-0.039-12/blib/lib:/home/njh/.cpan/build/Devel-Declare-0.006019-26/blib/arch:/home/njh/.cpan/build/Devel-Declare-0.006019-26/blib/lib:/home/njh/.cpan/build/B-Hooks-OP-Check-0.22-19/blib/arch:/home/njh/.cpan/build/B-Hooks-OP-Check-0.22-19/blib/lib:/home/njh/.cpan/build/ExtUtils-Depends-0.405-19/blib/arch:/home/njh/.cpan/build/ExtUtils-Depends-0.405-19/blib/lib:/home/njh/.cpan/build/Context-Preserve-0.02-27/blib/arch:/home/njh/.cpan/build/Context-Preserve-0.02-27/blib/lib:/home/njh/.cpan/build/MooseX-Log-Log4perl-0.47-27/blib/arch:/home/njh/.cpan/build/MooseX-Log-Log4perl-0.47-27/blib/lib:/home/njh/.cpan/build/MooseX-ClassAttribute-0.29-27/blib/arch:/home/njh/.cpan/build/MooseX-ClassAttribute-0.29-27/blib/lib"
    PERL5OPT=""
    PERL5_CPANPLUS_IS_RUNNING="4648"
    PERL5_CPAN_IS_RUNNING="4648"
    PERL5_MINISMOKEBOX="0.58"
    PERLBREW_BASHRC_VERSION="0.73"
    PERLBREW_LIB=""
    PERLBREW_MANPATH="/home/njh/perl5/perlbrew/perls/perl-5.8.6/man"
    PERLBREW_PATH="/home/njh/perl5/perlbrew/bin:/home/njh/perl5/perlbrew/perls/perl-5.8.6/bin"
    PERLBREW_PERL="perl-5.8.6"
    PERLBREW_ROOT="/home/njh/perl5/perlbrew"
    PERLBREW_VERSION="0.73"
    PERL_EXTUTILS_AUTOINSTALL="--defaultdeps"
    PERL_LOCAL_LIB_ROOT=""
    PERL_MM_USE_DEFAULT="1"
  @INC:
    /home/njh/.cpan/build/Devel-PartialDump-0.20-8/blib/arch
    /home/njh/.cpan/build/Devel-PartialDump-0.20-8/blib/lib
    /home/njh/.cpan/build/Class-Tiny-1.006-4/blib/arch
    /home/njh/.cpan/build/Class-Tiny-1.006-4/blib/lib
    /home/njh/.cpan/build/MooseX-Meta-TypeConstraint-ForceCoercion-0.01-8/blib/arch
    /home/njh/.cpan/build/MooseX-Meta-TypeConstraint-ForceCoercion-0.01-8/blib/lib
    /home/njh/.cpan/build/MooseX-LazyRequire-0.11-26/blib/arch
    /home/njh/.cpan/build/MooseX-LazyRequire-0.11-26/blib/lib
    /home/njh/.cpan/build/aliased-0.34-22/blib/arch
    /home/njh/.cpan/build/aliased-0.34-22/blib/lib
    /home/njh/.cpan/build/Module-Build-Tiny-0.039-12/blib/arch
    /home/njh/.cpan/build/Module-Build-Tiny-0.039-12/blib/lib
    /home/njh/.cpan/build/Devel-Declare-0.006019-26/blib/arch
    /home/njh/.cpan/build/Devel-Declare-0.006019-26/blib/lib
    /home/njh/.cpan/build/B-Hooks-OP-Check-0.22-19/blib/arch
    /home/njh/.cpan/build/B-Hooks-OP-Check-0.22-19/blib/lib
    /home/njh/.cpan/build/ExtUtils-Depends-0.405-19/blib/arch
    /home/njh/.cpan/build/ExtUtils-Depends-0.405-19/blib/lib
    /home/njh/.cpan/build/Context-Preserve-0.02-27/blib/arch
    /home/njh/.cpan/build/Context-Preserve-0.02-27/blib/lib
    /home/njh/.cpan/build/MooseX-Log-Log4perl-0.47-27/blib/arch
    /home/njh/.cpan/build/MooseX-Log-Log4perl-0.47-27/blib/lib
    /home/njh/.cpan/build/MooseX-ClassAttribute-0.29-27/blib/arch
    /home/njh/.cpan/build/MooseX-ClassAttribute-0.29-27/blib/lib
    /home/njh/perl5/perlbrew/perls/perl-5.8.6/lib/5.8.6/x86_64-linux-thread-multi
    /home/njh/perl5/perlbrew/perls/perl-5.8.6/lib/5.8.6
    /home/njh/perl5/perlbrew/perls/perl-5.8.6/lib/site_perl/5.8.6/x86_64-linux-thread-multi
    /home/njh/perl5/perlbrew/perls/perl-5.8.6/lib/site_perl/5.8.6
    /home/njh/perl5/perlbrew/perls/perl-5.8.6/lib/site_perl
    .