Weather-NHC-TropicalCyclone v0.20 Perl 5 v5.8.9 amd64-freebsd

Status
Fail
From
Slaven Rezić (SREZIC)
Dist
Weather-NHC-TropicalCyclone v0.20
Platform
Perl 5 v5.8.9 amd64-freebsd
Date
2020-09-28 05:24:27
ID
e07ac632-014a-11eb-94cc-57851f24ea8f
This distribution has been tested as part of the CPAN Testers
project, supporting the Perl programming language.  See
http://wiki.cpantesters.org/ for more information or email
questions to cpan-testers-discuss@perl.org


--
Dear Danny Frankle,

This is a computer-generated report for Weather-NHC-TropicalCyclone-0.20
on perl 5.8.9, created by CPAN-Reporter-1.2018.

Thank you for uploading your work to CPAN.  However, there was a problem
testing your distribution.

If you think this report is invalid, please consult the CPAN Testers Wiki
for suggestions on how to avoid getting FAIL reports for missing library
or binary dependencies, unsupported operating systems, and so on:

http://wiki.cpantesters.org/wiki/CPANAuthorNotes

Sections of this report:

    * Tester comments
    * Program output
    * Prerequisites
    * Environment and other context

------------------------------
TESTER COMMENTS
------------------------------

Additional comments from tester:

none provided

------------------------------
PROGRAM OUTPUT
------------------------------

Output from '/usr/bin/make test':

PERL_DL_NONLAZY=1 "/usr/perl5.8.9/bin/perl" "-MExtUtils::Command::MM" "-MTest::Harness" "-e" "undef *Test::Harness::Switches; test_harness(0, 'blib/lib', 'blib/arch')" t/*.t t/unit/lib-Weather-NHC-TropicalCyclone-ForecastAdvisory/*.t t/unit/lib-Weather-NHC-TropicalCyclone-Storm/*.t t/unit/lib-Weather-NHC-TropicalCyclone-StormHistory/*.t t/unit/lib-Weather-NHC-TropicalCyclone/*.t
t/release-kwalitee.t ................................................ skipped: these tests are for release candidate testing
t/unit/lib-Weather-NHC-TropicalCyclone-ForecastAdvisory/01-basic.t .. ok
Variable "$http" will not stay shared at /usr/home/cpansand/.cpan/build/2020092804/Weather-NHC-TropicalCyclone-0.20-5/blib/lib/Weather/NHC/TropicalCyclone/Storm.pm line 327.
Variable "$response" will not stay shared at /usr/home/cpansand/.cpan/build/2020092804/Weather-NHC-TropicalCyclone-0.20-5/blib/lib/Weather/NHC/TropicalCyclone/Storm.pm line 327.
Variable "$status" will not stay shared at /usr/home/cpansand/.cpan/build/2020092804/Weather-NHC-TropicalCyclone-0.20-5/blib/lib/Weather/NHC/TropicalCyclone/Storm.pm line 327.

#   Failed test 'use Weather::NHC::TropicalCyclone;'
#   at t/unit/lib-Weather-NHC-TropicalCyclone-Storm/01-basic.t line 8.
#     Tried to use 'Weather::NHC::TropicalCyclone'.
#     Error:  Global symbol "$status" requires explicit package name at /usr/home/cpansand/.cpan/build/2020092804/Weather-NHC-TropicalCyclone-0.20-5/blib/lib/Weather/NHC/TropicalCyclone/Storm.pm line 311.
# syntax error at /usr/home/cpansand/.cpan/build/2020092804/Weather-NHC-TropicalCyclone-0.20-5/blib/lib/Weather/NHC/TropicalCyclone/Storm.pm line 316, near "q{N/A} )"
# Compilation failed in require at /usr/home/cpansand/.cpan/build/2020092804/Weather-NHC-TropicalCyclone-0.20-5/blib/lib/Weather/NHC/TropicalCyclone.pm line 8.
# BEGIN failed--compilation aborted at /usr/home/cpansand/.cpan/build/2020092804/Weather-NHC-TropicalCyclone-0.20-5/blib/lib/Weather/NHC/TropicalCyclone.pm line 8.
# Compilation failed in require at t/unit/lib-Weather-NHC-TropicalCyclone-Storm/01-basic.t line 8.
# BEGIN failed--compilation aborted at t/unit/lib-Weather-NHC-TropicalCyclone-Storm/01-basic.t line 8.
Can't locate object method "new" via package "Weather::NHC::TropicalCyclone" at t/unit/lib-Weather-NHC-TropicalCyclone-Storm/01-basic.t line 21, <$dh> chunk 1.
# Tests were run but no plan was declared and done_testing() was not seen.
# Looks like your test exited with 255 just after 2.
t/unit/lib-Weather-NHC-TropicalCyclone-Storm/01-basic.t ............. 
Dubious, test returned 255 (wstat 65280, 0xff00)
Failed 1/2 subtests 
Bareword found where operator expected at /usr/home/cpansand/.cpan/build/2020092804/Weather-NHC-TropicalCyclone-0.20-5/blib/lib/Weather/NHC/TropicalCyclone/StormTable.pm line 207, near "return qq/UNNAMED"
  (Might be a runaway multi-line // string starting on line 200)
	(Do you need to predeclare return?)

#   Failed test 'use Weather::NHC::TropicalCyclone::StormTable;'
#   at t/unit/lib-Weather-NHC-TropicalCyclone-StormHistory/01-basic.t line 5.
#     Tried to use 'Weather::NHC::TropicalCyclone::StormTable'.
#     Error:  Global symbol "$storms_arrayref" requires explicit package name at /usr/home/cpansand/.cpan/build/2020092804/Weather-NHC-TropicalCyclone-0.20-5/blib/lib/Weather/NHC/TropicalCyclone/StormTable.pm line 151.
# Global symbol "$name" requires explicit package name at /usr/home/cpansand/.cpan/build/2020092804/Weather-NHC-TropicalCyclone-0.20-5/blib/lib/Weather/NHC/TropicalCyclone/StormTable.pm line 151.
# Global symbol "$storms_arrayref" requires explicit package name at /usr/home/cpansand/.cpan/build/2020092804/Weather-NHC-TropicalCyclone-0.20-5/blib/lib/Weather/NHC/TropicalCyclone/StormTable.pm line 151.
# Global symbol "$name" requires explicit package name at /usr/home/cpansand/.cpan/build/2020092804/Weather-NHC-TropicalCyclone-0.20-5/blib/lib/Weather/NHC/TropicalCyclone/StormTable.pm line 151.
# Global symbol "$storms_arrayref" requires explicit package name at /usr/home/cpansand/.cpan/build/2020092804/Weather-NHC-TropicalCyclone-0.20-5/blib/lib/Weather/NHC/TropicalCyclone/StormTable.pm line 176.
# Global symbol "$nhc_designation" requires explicit package name at /usr/home/cpansand/.cpan/build/2020092804/Weather-NHC-TropicalCyclone-0.20-5/blib/lib/Weather/NHC/TropicalCyclone/StormTable.pm line 176.
# Global symbol "$storms_arrayref" requires explicit package name at /usr/home/cpansand/.cpan/build/2020092804/Weather-NHC-TropicalCyclone-0.20-5/blib/lib/Weather/NHC/TropicalCyclone/StormTable.pm line 176.
# Global symbol "$nhc_designation" requires explicit package name at /usr/home/cpansand/.cpan/build/2020092804/Weather-NHC-TropicalCyclone-0.20-5/blib/lib/Weather/NHC/TropicalCyclone/StormTable.pm line 176.
# Global symbol "$storms_arrayref" requires explicit package name at /usr/home/cpansand/.cpan/build/2020092804/Weather-NHC-TropicalCyclone-0.20-5/blib/lib/Weather/NHC/TropicalCyclone/StormTable.pm line 200.
# syntax error at /usr/home/cpansand/.cpan/build/2020092804/Weather-NHC-TropicalCyclone-0.20-5/blib/lib/Weather/NHC/TropicalCyclone/StormTable.pm line 207, near "return qq/UNNAMED"
# /usr/home/cpansand/.cpan/build/2020092804/Weather-NHC-TropicalCyclone-0.20-5/blib/lib/Weather/NHC/TropicalCyclone/StormTable.pm has too many errors.
# Compilation failed in require at t/unit/lib-Weather-NHC-TropicalCyclone-StormHistory/01-basic.t line 5.
# BEGIN failed--compilation aborted at t/unit/lib-Weather-NHC-TropicalCyclone-StormHistory/01-basic.t line 5.
Can't locate object method "_data" via package "Weather::NHC::TropicalCyclone::StormTable" at /usr/home/cpansand/.cpan/build/2020092804/Weather-NHC-TropicalCyclone-0.20-5/blib/lib/Weather/NHC/TropicalCyclone/StormTable.pm line 17.
# Tests were run but no plan was declared and done_testing() was not seen.
# Looks like your test exited with 255 just after 1.
t/unit/lib-Weather-NHC-TropicalCyclone-StormHistory/01-basic.t ...... 
Dubious, test returned 255 (wstat 65280, 0xff00)
Failed 1/1 subtests 
Variable "$http" will not stay shared at /usr/home/cpansand/.cpan/build/2020092804/Weather-NHC-TropicalCyclone-0.20-5/blib/lib/Weather/NHC/TropicalCyclone/Storm.pm line 327.
Variable "$response" will not stay shared at /usr/home/cpansand/.cpan/build/2020092804/Weather-NHC-TropicalCyclone-0.20-5/blib/lib/Weather/NHC/TropicalCyclone/Storm.pm line 327.
Variable "$status" will not stay shared at /usr/home/cpansand/.cpan/build/2020092804/Weather-NHC-TropicalCyclone-0.20-5/blib/lib/Weather/NHC/TropicalCyclone/Storm.pm line 327.

#   Failed test 'use Weather::NHC::TropicalCyclone;'
#   at t/unit/lib-Weather-NHC-TropicalCyclone/01-basic.t line 11.
#     Tried to use 'Weather::NHC::TropicalCyclone'.
#     Error:  Global symbol "$status" requires explicit package name at /usr/home/cpansand/.cpan/build/2020092804/Weather-NHC-TropicalCyclone-0.20-5/blib/lib/Weather/NHC/TropicalCyclone/Storm.pm line 311.
# syntax error at /usr/home/cpansand/.cpan/build/2020092804/Weather-NHC-TropicalCyclone-0.20-5/blib/lib/Weather/NHC/TropicalCyclone/Storm.pm line 316, near "q{N/A} )"
# Compilation failed in require at /usr/home/cpansand/.cpan/build/2020092804/Weather-NHC-TropicalCyclone-0.20-5/blib/lib/Weather/NHC/TropicalCyclone.pm line 8.
# BEGIN failed--compilation aborted at /usr/home/cpansand/.cpan/build/2020092804/Weather-NHC-TropicalCyclone-0.20-5/blib/lib/Weather/NHC/TropicalCyclone.pm line 8.
# Compilation failed in require at t/unit/lib-Weather-NHC-TropicalCyclone/01-basic.t line 11.
# BEGIN failed--compilation aborted at t/unit/lib-Weather-NHC-TropicalCyclone/01-basic.t line 11.
Can't locate object method "new" via package "Weather::NHC::TropicalCyclone" at t/unit/lib-Weather-NHC-TropicalCyclone/01-basic.t line 13.
# Tests were run but no plan was declared and done_testing() was not seen.
# Looks like your test exited with 255 just after 1.
t/unit/lib-Weather-NHC-TropicalCyclone/01-basic.t ................... 
Dubious, test returned 255 (wstat 65280, 0xff00)
Failed 1/1 subtests 

Test Summary Report
-------------------
t/unit/lib-Weather-NHC-TropicalCyclone-Storm/01-basic.t           (Wstat: 65280 Tests: 2 Failed: 1)
  Failed test:  1
  Non-zero exit status: 255
  Parse errors: No plan found in TAP output
t/unit/lib-Weather-NHC-TropicalCyclone-StormHistory/01-basic.t    (Wstat: 65280 Tests: 1 Failed: 1)
  Failed test:  1
  Non-zero exit status: 255
  Parse errors: No plan found in TAP output
t/unit/lib-Weather-NHC-TropicalCyclone/01-basic.t                 (Wstat: 65280 Tests: 1 Failed: 1)
  Failed test:  1
  Non-zero exit status: 255
  Parse errors: No plan found in TAP output
Files=5, Tests=27,  0 wallclock secs ( 0.02 usr  0.03 sys +  0.37 cusr  0.06 csys =  0.48 CPU)
Result: FAIL
Failed 3/5 test programs. 3/27 subtests failed.
*** [test_dynamic] Error code 255

Stop in /usr/home/cpansand/.cpan/build/2020092804/Weather-NHC-TropicalCyclone-0.20-5.

------------------------------
PREREQUISITES
------------------------------

Prerequisite modules loaded:

requires:

    Module              Need Have    
    ------------------- ---- --------
    Date::Calc          0    6.4     
    File::Temp          0    0.2310  
    HTML::TreeBuilder   0    5.07    
    HTTP::Status        0    6.26    
    HTTP::Tiny          0    0.076   
    IO::Socket::SSL     0    2.068   
    JSON::XS            0    4.02    
    Object::Tiny        0    1.09    
    Validate::Tiny      0    1.6     

build_requires:

    Module              Need Have    
    ------------------- ---- --------
    ExtUtils::MakeMaker 0    7.44    
    File::Temp          0    0.2310  
    Net::Ping           0    2.67    
    Test::Exception     0    0.43    
    Test::More          0    1.302181

configure_requires:

    Module              Need Have    
    ------------------- ---- --------
    ExtUtils::MakeMaker 0    7.44    


------------------------------
ENVIRONMENT AND OTHER CONTEXT
------------------------------

Environment variables:

    LC_ALL = de_DE.ISO8859-1
    PATH = /usr/local/bin:/usr/bin:/bin:/usr/local/sbin:/usr/sbin:/sbin:/home/cpansand/bin/freebsd9.3:/home/cpansand/bin/sh:/home/cpansand/bin:/usr/games:/home/cpansand/devel:/usr/home/eserte/src/srezic-misc/scripts
    PERL5LIB = 
    PERL5OPT = 
    PERL5_CPANPLUS_IS_RUNNING = 4474
    PERL5_CPAN_IS_RUNNING = 4474
    PERL5_CPAN_IS_RUNNING_IN_RECURSION = 3602,4474
    PERLDOC = -MPod::Perldoc::ToTextOverstrike
    PERL_BATCH = yes
    PERL_CANARY_STABILITY_NOPROMPT = 1
    PERL_CPAN_REPORTER_CONFIG = /var/tmp/cpansmoker-1023/2020092804/cpanreporter_000_config.ini
    PERL_EXTUTILS_AUTOINSTALL = --defaultdeps
    PERL_USE_UNSAFE_INC = 1
    SHELL = /usr/local/bin/zsh
    TERM = screen
    TMPDIR = /var/tmp/cpansmoker-1023/2020092804

Perl special variables (and OS-specific diagnostics, for MSWin32):

    $^X = /usr/perl5.8.9/bin/perl
    $UID/$EUID = 1023 / 1023
    $GID = 1023 1023
    $EGID = 1023 1023

Perl module toolchain versions installed:

    Module              Have    
    ------------------- --------
    CPAN                2.27    
    CPAN::Meta          2.150010
    Cwd                 3.75    
    ExtUtils::CBuilder  0.280231
    ExtUtils::Command   7.44    
    ExtUtils::Install   2.18    
    ExtUtils::MakeMaker 7.44    
    ExtUtils::Manifest  1.72    
    ExtUtils::ParseXS   3.35    
    File::Spec          3.75    
    JSON                4.02    
    JSON::PP            4.05    
    Module::Build       0.4229  
    Module::Signature   0.86    
    Parse::CPAN::Meta   2.150010
    Test::Harness       3.42    
    Test::More          1.302181
    YAML                1.30    
    YAML::Syck          1.32    
    version             0.9924  


--

Summary of my perl5 (revision 5 version 8 subversion 9) configuration:
  Platform:
    osname=freebsd, osvers=9.2-release-p4, archname=amd64-freebsd
    uname='freebsd cvrsnica-freebsd-92 9.2-release-p4 freebsd 9.2-release-p4 #0: tue apr 8 18:08:22 utc 2014 root@amd64-builder.daemonology.net:usrobjusrsrcsysgeneric amd64 '
    config_args='-ds -e -Dprefix=/usr/perl5.8.9'
    hint=recommended, useposix=true, d_sigaction=define
    usethreads=undef use5005threads=undef useithreads=undef usemultiplicity=undef
    useperlio=define d_sfio=undef uselargefiles=define usesocks=undef
    use64bitint=define use64bitall=define uselongdouble=undef
    usemymalloc=n, bincompat5005=undef
  Compiler:
    cc='cc', ccflags ='-DHAS_FPSETMASK -DHAS_FLOATINGPOINT_H -fno-strict-aliasing -pipe -I/usr/local/include',
    optimize='-O',
    cppflags='-DHAS_FPSETMASK -DHAS_FLOATINGPOINT_H -fno-strict-aliasing -pipe -I/usr/local/include'
    ccversion='', gccversion='4.2.1 20070831 patched [FreeBSD]', gccosandvers=''
    intsize=4, longsize=8, ptrsize=8, doublesize=8, byteorder=12345678
    d_longlong=define, longlongsize=8, d_longdbl=define, longdblsize=16
    ivtype='long', ivsize=8, nvtype='double', nvsize=8, Off_t='off_t', lseeksize=8
    alignbytes=8, prototype=define
  Linker and Libraries:
    ld='cc', ldflags ='-Wl,-E  -L/usr/local/lib'
    libpth=/usr/lib /usr/local/lib
    libs=-lgdbm -lm -lcrypt -lutil -lc
    perllibs=-lm -lcrypt -lutil -lc
    libc=, so=so, useshrplib=false, libperl=libperl.a
    gnulibc_version=''
  Dynamic Linking:
    dlsrc=dl_dlopen.xs, dlext=so, d_dlsymun=undef, ccdlflags=' '
    cccdlflags='-DPIC -fPIC', lddlflags='-shared  -L/usr/local/lib'


Characteristics of this binary (from libperl): 
  Compile-time options: PERL_MALLOC_WRAP USE_64_BIT_ALL USE_64_BIT_INT
                        USE_FAST_STDIO USE_LARGE_FILES USE_PERLIO
  Built under freebsd
  Compiled at May 15 2014 22:27:57
  %ENV:
    PERL5LIB=""
    PERL5OPT=""
    PERL5_CPANPLUS_IS_RUNNING="4474"
    PERL5_CPAN_IS_RUNNING="4474"
    PERL5_CPAN_IS_RUNNING_IN_RECURSION="3602,4474"
    PERLDOC="-MPod::Perldoc::ToTextOverstrike"
    PERL_BATCH="yes"
    PERL_CANARY_STABILITY_NOPROMPT="1"
    PERL_CPAN_REPORTER_CONFIG="/var/tmp/cpansmoker-1023/2020092804/cpanreporter_000_config.ini"
    PERL_EXTUTILS_AUTOINSTALL="--defaultdeps"
    PERL_USE_UNSAFE_INC="1"
  @INC:
    /usr/perl5.8.9/lib/5.8.9/amd64-freebsd
    /usr/perl5.8.9/lib/5.8.9
    /usr/perl5.8.9/lib/site_perl/5.8.9/amd64-freebsd
    /usr/perl5.8.9/lib/site_perl/5.8.9
    .