Back
From: metabase:user:30977d10-2aae-11df-837a-5e0a49663a4f
Subject: FAIL Apache-Admin-Config-0.94 v5.10.1 GNU/Linux
Date: 2011-07-21T22:07:52Z
This distribution has been tested as part of the CPAN Testers
project, supporting the Perl programming language. See
http://wiki.cpantesters.org/ for more information or email
questions to cpan-testers-discuss@perl.org
--
Dear Olivier Poitrey,
This is a computer-generated report for Apache-Admin-Config-0.94
on perl 5.10.1, created by CPAN-Reporter-1.19_04.
Thank you for uploading your work to CPAN. However, there was a problem
testing your distribution.
If you think this report is invalid, please consult the CPAN Testers Wiki
for suggestions on how to avoid getting FAIL reports for missing library
or binary dependencies, unsupported operating systems, and so on:
http://wiki.cpantesters.org/wiki/CPANAuthorNotes
Sections of this report:
* Tester comments
* Program output
* Prerequisites
* Environment and other context
------------------------------
TESTER COMMENTS
------------------------------
Additional comments from tester:
this report is from an automated smoke testing program
and was not reviewed by a human for accuracy
------------------------------
PROGRAM OUTPUT
------------------------------
Output from '/usr/bin/make test':
PERL_DL_NONLAZY=1 /home/trushel/perl/perl5101/bin/perl "-MExtUtils::Command::MM" "-e" "test_harness(0, 'blib/lib', 'blib/arch')" t/*.t
t/comment.t ........... ok
t/comment_delete.t .... ok
t/comment_insert.t .... ok
t/directive.t ......... ok
t/directive_delete.t .. ok
t/directive_insert.t .. ok
t/handle.t ............ ok
t/isin.t .............. ok
t/save.t .............. ok
t/section.t ........... ok
t/section_delete.t .... ok
t/section_insert.t .... ok
# Failed test 3 in t/value.t at line 15
# t/value.t line 15 is: ok($item eq 'test');
# Failed test 5 in t/value.t at line 18
# t/value.t line 18 is: ok($item == 40);
# Failed test 9 in t/value.t at line 24
# t/value.t line 24 is: ok($item2 eq 'test');
# Failed test 11 in t/value.t at line 27
# t/value.t line 27 is: ok($item2 eq 'test_change');
# Failed test 13 in t/value.t at line 29
# t/value.t line 29 is: ok($item eq 'test_change');
# Failed test 16 in t/value.t at line 15 fail #2
# Failed test 18 in t/value.t at line 18 fail #2
# Failed test 22 in t/value.t at line 24 fail #2
# Failed test 24 in t/value.t at line 27 fail #2
# Failed test 26 in t/value.t at line 29 fail #2
# Failed test 29 in t/value.t at line 15 fail #3
# Failed test 31 in t/value.t at line 18 fail #3
# Failed test 35 in t/value.t at line 24 fail #3
# Failed test 37 in t/value.t at line 27 fail #3
# Failed test 39 in t/value.t at line 29 fail #3
t/value.t .............
Failed 15/40 subtests
Test Summary Report
-------------------
t/value.t (Wstat: 0 Tests: 40 Failed: 15)
Failed tests: 3, 5, 9, 11, 13, 16, 18, 22, 24, 26, 29
31, 35, 37, 39
Files=13, Tests=1042, 1 wallclock secs ( 0.09 usr 0.03 sys + 0.38 cusr 0.16 csys = 0.66 CPU)
Result: FAIL
Failed 1/13 test programs. 15/1042 subtests failed.
make: *** [test_dynamic] Error 255
------------------------------
PREREQUISITES
------------------------------
Prerequisite modules loaded:
requires:
Module Need Have
------------------- ---- ----
FileHandle 2 2.02
build_requires:
Module Need Have
------------------- ---- ----
ExtUtils::MakeMaker 0 6.58
------------------------------
ENVIRONMENT AND OTHER CONTEXT
------------------------------
Environment variables:
AUTOMATED_TESTING = 1
LANG = en_US.UTF-8
LANGUAGE = en
LC_COLLATE = C
LC_MONETARY = C
LC_NUMERIC = C
LC_TIME = C
PATH = /usr/local/sbin:/usr/local/bin:/usr/sbin:/usr/bin:/sbin:/bin
PERL5LIB =
PERL5OPT =
PERL5_CPANPLUS_IS_RUNNING = 21465
PERL5_CPAN_IS_RUNNING = 21465
PERL5_CPAN_IS_RUNNING_IN_RECURSION = 2814,21465
PERL_CR_SMOKER_CURRENT = Apache-Admin-Config-0.94
PERL_EXTUTILS_AUTOINSTALL = --defaultdeps
PERL_MM_USE_DEFAULT = 1
SHELL = /bin/bash
TERM = xterm
Perl special variables (and OS-specific diagnostics, for MSWin32):
$^X = /home/trushel/perl/perl5101/bin/perl
$UID/$EUID = 138375 / 138375
$GID = 5762 4 20 21 24 25 26 30 44 46 104 105 119 122 431 5762
$EGID = 5762 4 20 21 24 25 26 30 44 46 104 105 119 122 431 5762
Perl module toolchain versions installed:
Module Have
------------------- -----------
CPAN 1.97_51
CPAN::Meta 2.110930001
Cwd 3.33
ExtUtils::CBuilder 0.280202
ExtUtils::Command 1.16
ExtUtils::Install 1.54
ExtUtils::MakeMaker 6.58
ExtUtils::Manifest 1.58
ExtUtils::ParseXS 2.2206
File::Spec 3.33
JSON 2.53
JSON::PP 2.27200
Module::Build 0.3800
Module::Signature n/a
Parse::CPAN::Meta 1.4401
Test::Harness 3.23
Test::More 0.98
YAML 0.73
YAML::Syck 1.17
version 0.91
--
Summary of my perl5 (revision 5 version 10 subversion 1) configuration:
Platform:
osname=linux, osvers=2.6.32-33-generic, archname=x86_64-linux
uname='linux trushel-glaptop 2.6.32-33-generic #70-ubuntu smp thu jul 7 21:13:52 utc 2011 x86_64 gnulinux '
config_args=''
hint=recommended, useposix=true, d_sigaction=define
useithreads=undef, usemultiplicity=undef
useperlio=define, d_sfio=undef, uselargefiles=define, usesocks=undef
use64bitint=define, use64bitall=define, uselongdouble=undef
usemymalloc=n, bincompat5005=undef
Compiler:
cc='cc', ccflags ='-fno-strict-aliasing -pipe -fstack-protector -I/usr/local/include -D_LARGEFILE_SOURCE -D_FILE_OFFSET_BITS=64',
optimize='-O2',
cppflags='-fno-strict-aliasing -pipe -fstack-protector -I/usr/local/include'
ccversion='', gccversion='4.4.3', gccosandvers=''
intsize=4, longsize=8, ptrsize=8, doublesize=8, byteorder=12345678
d_longlong=define, longlongsize=8, d_longdbl=define, longdblsize=16
ivtype='long', ivsize=8, nvtype='double', nvsize=8, Off_t='off_t', lseeksize=8
alignbytes=8, prototype=define
Linker and Libraries:
ld='cc', ldflags =' -fstack-protector -L/usr/local/lib'
libpth=/usr/local/lib /lib /usr/lib /lib64 /usr/lib64
libs=-lnsl -ldb -ldl -lm -lcrypt -lutil -lc
perllibs=-lnsl -ldl -lm -lcrypt -lutil -lc
libc=/lib/libc-2.11.1.so, so=so, useshrplib=false, libperl=libperl.a
gnulibc_version='2.11.1'
Dynamic Linking:
dlsrc=dl_dlopen.xs, dlext=so, d_dlsymun=undef, ccdlflags='-Wl,-E'
cccdlflags='-fPIC', lddlflags='-shared -O2 -L/usr/local/lib -fstack-protector'
Characteristics of this binary (from libperl):
Compile-time options: PERL_DONT_CREATE_GVSV PERL_MALLOC_WRAP USE_64_BIT_ALL
USE_64_BIT_INT USE_LARGE_FILES USE_PERLIO
Built under linux
Compiled at Jul 20 2011 06:19:42
%ENV:
PERL5LIB=""
PERL5OPT=""
PERL5_CPANPLUS_IS_RUNNING="21465"
PERL5_CPAN_IS_RUNNING="21465"
PERL5_CPAN_IS_RUNNING_IN_RECURSION="2814,21465"
PERL_CR_SMOKER_CURRENT="Apache-Admin-Config-0.94"
PERL_EXTUTILS_AUTOINSTALL="--defaultdeps"
PERL_MM_USE_DEFAULT="1"
@INC:
/home/trushel/perl/perl5101/lib/5.10.1/x86_64-linux
/home/trushel/perl/perl5101/lib/5.10.1
/home/trushel/perl/perl5101/lib/site_perl/5.10.1/x86_64-linux
/home/trushel/perl/perl5101/lib/site_perl/5.10.1
.