Report for POE-Component-UserBase-0.09

Back
From: metabase:user:30f0bd62-2aae-11df-837a-5e0a49663a4f
Subject: FAIL POE-Component-UserBase-0.09 v5.17.3 OpenBSD
Date: 2012-10-16T23:26:15Z

This distribution has been tested as part of the CPAN Testers
project, supporting the Perl programming language.  See
http://wiki.cpantesters.org/ for more information or email
questions to cpan-testers-discuss@perl.org


--
Dear Jeff Goff,

This is a computer-generated report for POE-Component-UserBase-0.09
on perl 5.17.3, created by CPAN-Reporter-1.2006.

Thank you for uploading your work to CPAN.  However, there was a problem
testing your distribution.

If you think this report is invalid, please consult the CPAN Testers Wiki
for suggestions on how to avoid getting FAIL reports for missing library
or binary dependencies, unsupported operating systems, and so on:

http://wiki.cpantesters.org/wiki/CPANAuthorNotes

Sections of this report:

    * Tester comments
    * Program output
    * Prerequisites
    * Environment and other context

------------------------------
TESTER COMMENTS
------------------------------

Additional comments from tester:

this report is from an automated smoke testing program
and was not reviewed by a human for accuracy

------------------------------
PROGRAM OUTPUT
------------------------------

Output from '/usr/bin/make test':

PERL_DL_NONLAZY=1 /home/sts/cpansmoke/perl-5.17.3/bin/perl5.17.3 "-MExtUtils::Command::MM" "-e" "test_harness(0, 'blib/lib', 'blib/arch')" t/*.t
t/01_basic.t .. ok
=== 17477 === a '_stop' event was sent from /home/sts/cpansmoke/perl-5.17.3/cpan/build/POE-1.354-cXQhT4/blib/lib/POE/Resource/Sessions.pm at 571 to session 1 (file_user_base) but session 1 (file_user_base) has neither a handler for it nor one for _default
t/02_file.t ... ok
Can't locate object method "connect" via package "DBI" (perhaps you forgot to load "DBI"?) at t/03_dbi.t line 46.
t/03_dbi.t .... 
Dubious, test returned 255 (wstat 65280, 0xff00)
Failed 1/1 subtests 

Test Summary Report
-------------------
t/03_dbi.t  (Wstat: 65280 Tests: 0 Failed: 0)
  Non-zero exit status: 255
  Parse errors: Bad plan.  You planned 1 tests but ran 0.
Files=3, Tests=7,  1 wallclock secs ( 0.13 usr  0.03 sys +  0.49 cusr  0.16 csys =  0.81 CPU)
Result: FAIL
Failed 1/3 test programs. 0/7 subtests failed.
*** Error code 255

Stop in /home/sts/cpansmoke/perl-5.17.3/cpan/build/POE-Component-UserBase-0.09-wtladZ (line 824 of Makefile).

------------------------------
PREREQUISITES
------------------------------

Prerequisite modules loaded:

requires:

    Module              Need Have   
    ------------------- ---- -------
    POE                 0.11 1.354  
    Storable            1    2.38   

build_requires:

    Module              Need Have   
    ------------------- ---- -------
    ExtUtils::MakeMaker 0    6.63_02


------------------------------
ENVIRONMENT AND OTHER CONTEXT
------------------------------

Environment variables:

    AUTOMATED_TESTING = 1
    PATH = /home/sts/bin:/bin:/sbin:/usr/bin:/usr/sbin:/usr/X11R6/bin:/usr/local/bin:/usr/local/sbin:/usr/games:.
    PERL5LIB = /home/sts/cpansmoke/perl-5.17.3/cpan/build/POE-1.354-cXQhT4/blib/arch:/home/sts/cpansmoke/perl-5.17.3/cpan/build/POE-1.354-cXQhT4/blib/lib:/home/sts/cpansmoke/perl-5.17.3/cpan/build/IO-Tty-1.10-33O87X/blib/arch:/home/sts/cpansmoke/perl-5.17.3/cpan/build/IO-Tty-1.10-33O87X/blib/lib:/home/sts/cpansmoke/perl-5.17.3/cpan/build/POE-Test-Loops-1.351-uk9bWs/blib/arch:/home/sts/cpansmoke/perl-5.17.3/cpan/build/POE-Test-Loops-1.351-uk9bWs/blib/lib
    PERL5OPT = 
    PERL5_CPANPLUS_IS_RUNNING = 29858
    PERL5_CPAN_IS_RUNNING = 29858
    PERL5_CPAN_IS_RUNNING_IN_RECURSION = 6704,29858
    PERL_CR_SMOKER_CURRENT = POE-Component-UserBase-0.09
    PERL_EXTUTILS_AUTOINSTALL = --defaultdeps
    PERL_MM_USE_DEFAULT = 1
    SHELL = /usr/local/bin/bash
    TERM = screen
    TMPDIR = /home/sts/cpansmoke/tmp

Perl special variables (and OS-specific diagnostics, for MSWin32):

    $^X = /home/sts/cpansmoke/perl-5.17.3/bin/perl5.17.3
    $UID/$EUID = 1000 / 1000
    $GID = 10 10 0
    $EGID = 10 10 0

Perl module toolchain versions installed:

    Module              Have    
    ------------------- --------
    CPAN                1.9800  
    CPAN::Meta          2.120921
    Cwd                 3.39_02 
    ExtUtils::CBuilder  0.280208
    ExtUtils::Command   1.17    
    ExtUtils::Install   1.58    
    ExtUtils::MakeMaker 6.63_02 
    ExtUtils::Manifest  1.61    
    ExtUtils::ParseXS   3.17    
    File::Spec          3.39_02 
    JSON                2.53    
    JSON::PP            2.27200 
    Module::Build       0.4003  
    Module::Signature   n/a     
    Parse::CPAN::Meta   1.4404  
    Test::Harness       3.25_01 
    Test::More          0.98    
    YAML                n/a     
    YAML::Syck          n/a     
    version             0.99    


--

Summary of my perl5 (revision 5 version 17 subversion 3) configuration:
   
  Platform:
    osname=openbsd, osvers=5.1, archname=OpenBSD.i386-openbsd-thread-multi
    uname='openbsd cpansmoke5 5.1 generic.mp#188 i386 '
    config_args='-des -Dusedevel -Dusethreads -Dprefix=/home/sts/cpansmoke/perl-5.17.3'
    hint=recommended, useposix=true, d_sigaction=define
    useithreads=define, usemultiplicity=define
    useperlio=define, d_sfio=undef, uselargefiles=define, usesocks=undef
    use64bitint=undef, use64bitall=undef, uselongdouble=undef
    usemymalloc=y, bincompat5005=undef
  Compiler:
    cc='cc', ccflags ='-pthread -fno-strict-aliasing -pipe -fstack-protector -I/usr/local/include',
    optimize='-O2',
    cppflags='-pthread -fno-strict-aliasing -pipe -fstack-protector -I/usr/local/include'
    ccversion='', gccversion='4.2.1 20070719 ', gccosandvers='openbsd5.1'
    intsize=4, longsize=4, ptrsize=4, doublesize=8, byteorder=1234
    d_longlong=define, longlongsize=8, d_longdbl=define, longdblsize=12
    ivtype='long', ivsize=4, nvtype='double', nvsize=8, Off_t='off_t', lseeksize=8
    alignbytes=4, prototype=define
  Linker and Libraries:
    ld='cc', ldflags ='-pthread -Wl,-E  -fstack-protector -L/usr/local/lib'
    libpth=/usr/local/lib /usr/lib
    libs=-lgdbm -lm -lutil -lc
    perllibs=-lm -lutil -lc
    libc=/usr/lib/libc.so.62.0, so=so, useshrplib=false, libperl=libperl.a
    gnulibc_version=''
  Dynamic Linking:
    dlsrc=dl_dlopen.xs, dlext=so, d_dlsymun=undef, ccdlflags=' '
    cccdlflags='-DPIC -fPIC ', lddlflags='-shared -fPIC  -L/usr/local/lib -fstack-protector'


Characteristics of this binary (from libperl): 
  Compile-time options: HAS_TIMES MULTIPLICITY MYMALLOC PERLIO_LAYERS
                        PERL_DONT_CREATE_GVSV PERL_IMPLICIT_CONTEXT
                        PERL_MALLOC_WRAP PERL_PRESERVE_IVUV PERL_USE_DEVEL
                        USE_ITHREADS USE_LARGE_FILES USE_LOCALE
                        USE_LOCALE_COLLATE USE_LOCALE_CTYPE
                        USE_LOCALE_NUMERIC USE_PERLIO USE_PERL_ATOF
                        USE_REENTRANT_API
  Built under openbsd
  Compiled at Oct  4 2012 17:41:53
  %ENV:
    PERL5LIB="/home/sts/cpansmoke/perl-5.17.3/cpan/build/POE-1.354-cXQhT4/blib/arch:/home/sts/cpansmoke/perl-5.17.3/cpan/build/POE-1.354-cXQhT4/blib/lib:/home/sts/cpansmoke/perl-5.17.3/cpan/build/IO-Tty-1.10-33O87X/blib/arch:/home/sts/cpansmoke/perl-5.17.3/cpan/build/IO-Tty-1.10-33O87X/blib/lib:/home/sts/cpansmoke/perl-5.17.3/cpan/build/POE-Test-Loops-1.351-uk9bWs/blib/arch:/home/sts/cpansmoke/perl-5.17.3/cpan/build/POE-Test-Loops-1.351-uk9bWs/blib/lib"
    PERL5OPT=""
    PERL5_CPANPLUS_IS_RUNNING="29858"
    PERL5_CPAN_IS_RUNNING="29858"
    PERL5_CPAN_IS_RUNNING_IN_RECURSION="6704,29858"
    PERL_CR_SMOKER_CURRENT="POE-Component-UserBase-0.09"
    PERL_EXTUTILS_AUTOINSTALL="--defaultdeps"
    PERL_MM_USE_DEFAULT="1"
  @INC:
    /home/sts/cpansmoke/perl-5.17.3/cpan/build/POE-1.354-cXQhT4/blib/arch
    /home/sts/cpansmoke/perl-5.17.3/cpan/build/POE-1.354-cXQhT4/blib/lib
    /home/sts/cpansmoke/perl-5.17.3/cpan/build/IO-Tty-1.10-33O87X/blib/arch
    /home/sts/cpansmoke/perl-5.17.3/cpan/build/IO-Tty-1.10-33O87X/blib/lib
    /home/sts/cpansmoke/perl-5.17.3/cpan/build/POE-Test-Loops-1.351-uk9bWs/blib/arch
    /home/sts/cpansmoke/perl-5.17.3/cpan/build/POE-Test-Loops-1.351-uk9bWs/blib/lib
    /home/sts/cpansmoke/perl-5.17.3/lib/site_perl/5.17.3/OpenBSD.i386-openbsd-thread-multi
    /home/sts/cpansmoke/perl-5.17.3/lib/site_perl/5.17.3
    /home/sts/cpansmoke/perl-5.17.3/lib/5.17.3/OpenBSD.i386-openbsd-thread-multi
    /home/sts/cpansmoke/perl-5.17.3/lib/5.17.3
    .