Report for DBIx-Class-Result-ColumnData-0.16

Back
From: metabase:user:314402c4-2aae-11df-837a-5e0a49663a4f
Subject: FAIL DBIx-Class-Result-ColumnData-0.16 v5.24.2 RC1 GNU/Linux
Date: 2017-07-08T20:34:46Z

This distribution has been tested as part of the CPAN Testers
project, supporting the Perl programming language.  See
http://wiki.cpantesters.org/ for more information or email
questions to cpan-testers-discuss@perl.org


--
Dear Nicolas Oudard,

This is a computer-generated report for DBIx-Class-Result-ColumnData-0.16
on perl 5.24.2, created by CPAN-Reporter-1.2018.

Thank you for uploading your work to CPAN.  However, there was a problem
testing your distribution.

If you think this report is invalid, please consult the CPAN Testers Wiki
for suggestions on how to avoid getting FAIL reports for missing library
or binary dependencies, unsupported operating systems, and so on:

http://wiki.cpantesters.org/wiki/CPANAuthorNotes

Sections of this report:

    * Tester comments
    * Program output
    * Prerequisites
    * Environment and other context

------------------------------
TESTER COMMENTS
------------------------------

Additional comments from tester:

none provided

------------------------------
PROGRAM OUTPUT
------------------------------

Output from './Build test':

# Testing DBIx::Class::Result::ColumnData 0.16, Perl 5.024002, /bbbike/perl-5.24.2-RC1/bin/perl
t/00-load.t ...................... ok
Smartmatch is experimental at /opt/perl-5.24.2-RC1/lib/site_perl/5.24.2/DBIx/Class/Result/Validation.pm line 305.
columns_data is decrecated, use get_column_data at t/01-columns_data.t line 24.
artist_columns_data is decrecated, use artist_column_data at t/01-columns_data.t line 30.

#   Failed test 'tracks_column data return only the column we give'
#   at t/01-columns_data.t line 43.
#     Structures begin differing at:
#          $got->[0] = 'trackid'
#     $expected->[0] = 'cdid'
tracks_columns_data is decrecated, use tracks_column_data at t/01-columns_data.t line 46.
# Looks like you failed 1 test of 10.
t/01-columns_data.t .............. 
Dubious, test returned 1 (wstat 256, 0x100)
Failed 1/10 subtests 
Smartmatch is experimental at /opt/perl-5.24.2-RC1/lib/site_perl/5.24.2/DBIx/Class/Result/Validation.pm line 305.
t/02-validation_compatibility.t .. ok
Smartmatch is experimental at /opt/perl-5.24.2-RC1/lib/site_perl/5.24.2/DBIx/Class/Result/Validation.pm line 305.
m2martists_columns_data is decrecated, use m2martists_column_data at t/03-introspector_m2m.t line 35.
t/03-introspector_m2m.t .......... ok
t/boilerplate.t .................. ok
t/manifest.t ..................... skipped: Author tests not required for installation
t/pod-coverage.t ................. ok
t/pod.t .......................... ok

Test Summary Report
-------------------
t/01-columns_data.t            (Wstat: 256 Tests: 10 Failed: 1)
  Failed test:  7
  Non-zero exit status: 1
t/boilerplate.t                (Wstat: 0 Tests: 3 Failed: 0)
  TODO passed:   2-3
Files=8, Tests=22,  6 wallclock secs ( 0.02 usr  0.05 sys +  1.63 cusr  0.27 csys =  1.97 CPU)
Result: FAIL
Failed 1/8 test programs. 1/22 subtests failed.

------------------------------
PREREQUISITES
------------------------------

Prerequisite modules loaded:

requires:

    Module                          Need     Have    
    ------------------------------- -------- --------
    Carp                            1.17     1.40    
    DateTime                        0.65     1.43    
    DateTime::Format::SQLite        0.11     0.11    
    DBIx::Class                     0.08127  0.082840
    DBIx::Class::IntrospectableM2M  0.001001 0.001002
    DBIx::Class::Result::Validation 0.05     0.16    
    SQL::Translator                 0.11007  0.11021 
    Test::More                      0        1.302086

build_requires:

    Module                          Need     Have    
    ------------------------------- -------- --------
    Test::More                      0        1.302086

configure_requires:

    Module                          Need     Have    
    ------------------------------- -------- --------
    Module::Build                   0.42     0.4224  


------------------------------
ENVIRONMENT AND OTHER CONTEXT
------------------------------

Environment variables:

    LANG = C
    LC_ALL = de_DE.UTF-8
    PATH = /usr/local/bin:/usr/bin:/bin:/usr/local/sbin:/usr/sbin:/sbin:/home/cpansand/bin/linux-gnu:/home/cpansand/bin/sh:/home/cpansand/bin:/usr/games:/home/cpansand/devel:/home/eserte/src/srezic-misc/scripts
    PERL5LIB = 
    PERL5OPT = 
    PERL5_CPANPLUS_IS_RUNNING = 12078
    PERL5_CPAN_IS_RUNNING = 12078
    PERL5_CPAN_IS_RUNNING_IN_RECURSION = 25420,12078
    PERLDOC = -MPod::Perldoc::ToTextOverstrike
    PERL_BATCH = yes
    PERL_CANARY_STABILITY_NOPROMPT = 1
    PERL_CPAN_REPORTER_CONFIG = /var/tmp/cpansmoker-1023/2017070803/cpanreporter_000_config.ini
    PERL_EXTUTILS_AUTOINSTALL = --defaultdeps
    PERL_PARALLEL_SMOKER = yes
    PERL_USE_UNSAFE_INC = 1
    SHELL = /bin/zsh
    TERM = screen
    TMPDIR = /var/tmp/cpansmoker-1023/2017070803

Perl special variables (and OS-specific diagnostics, for MSWin32):

    $^X = /bbbike/perl-5.24.2-RC1/bin/perl
    $UID/$EUID = 1023 / 1023
    $GID = 1023 1023
    $EGID = 1023 1023

Perl module toolchain versions installed:

    Module              Have      
    ------------------- ----------
    CPAN                2.11_01   
    CPAN::Meta          2.150005  
    Cwd                 3.62      
    ExtUtils::CBuilder  0.280225  
    ExtUtils::Command   7.30      
    ExtUtils::Install   2.14      
    ExtUtils::MakeMaker 7.30      
    ExtUtils::Manifest  1.70      
    ExtUtils::ParseXS   3.31      
    File::Spec          3.62      
    JSON                2.94      
    JSON::PP            2.94      
    Module::Build       0.4224    
    Module::Signature   0.81      
    Parse::CPAN::Meta   1.4417_001
    Test::Harness       3.39      
    Test::More          1.302086  
    YAML                1.23      
    YAML::Syck          1.30      
    version             0.9918    


--

Summary of my perl5 (revision 5 version 24 subversion 2) configuration:
   
  Platform:
    osname=linux, osvers=3.16.0-4-amd64, archname=x86_64-linux
    uname='linux eserte 3.16.0-4-amd64 #1 smp debian 3.16.43-2+deb8u2 (2017-06-26) x86_64 gnulinux '
    config_args='-ds -e -Dprefix=/opt/perl-5.24.2-RC1 -Dcf_email=srezic@cpan.org'
    hint=recommended, useposix=true, d_sigaction=define
    useithreads=undef, usemultiplicity=undef
    use64bitint=define, use64bitall=define, uselongdouble=undef
    usemymalloc=n, bincompat5005=undef
  Compiler:
    cc='cc', ccflags ='-fwrapv -fno-strict-aliasing -pipe -fstack-protector-strong -I/usr/local/include -D_LARGEFILE_SOURCE -D_FILE_OFFSET_BITS=64 -D_FORTIFY_SOURCE=2',
    optimize='-O2',
    cppflags='-fwrapv -fno-strict-aliasing -pipe -fstack-protector-strong -I/usr/local/include'
    ccversion='', gccversion='4.9.2', gccosandvers=''
    intsize=4, longsize=8, ptrsize=8, doublesize=8, byteorder=12345678, doublekind=3
    d_longlong=define, longlongsize=8, d_longdbl=define, longdblsize=16, longdblkind=3
    ivtype='long', ivsize=8, nvtype='double', nvsize=8, Off_t='off_t', lseeksize=8
    alignbytes=8, prototype=define
  Linker and Libraries:
    ld='cc', ldflags =' -fstack-protector-strong -L/usr/local/lib'
    libpth=/usr/local/lib /usr/lib/gcc/x86_64-linux-gnu/4.9/include-fixed /usr/include/x86_64-linux-gnu /usr/lib /lib/x86_64-linux-gnu /lib/../lib /usr/lib/x86_64-linux-gnu /usr/lib/../lib /lib
    libs=-lpthread -lnsl -lgdbm -ldb -ldl -lm -lcrypt -lutil -lc -lgdbm_compat
    perllibs=-lpthread -lnsl -ldl -lm -lcrypt -lutil -lc
    libc=libc-2.19.so, so=so, useshrplib=false, libperl=libperl.a
    gnulibc_version='2.19'
  Dynamic Linking:
    dlsrc=dl_dlopen.xs, dlext=so, d_dlsymun=undef, ccdlflags='-Wl,-E'
    cccdlflags='-fPIC', lddlflags='-shared -O2 -L/usr/local/lib -fstack-protector-strong'


Characteristics of this binary (from libperl): 
  Compile-time options: HAS_TIMES PERLIO_LAYERS PERL_COPY_ON_WRITE
                        PERL_DONT_CREATE_GVSV
                        PERL_HASH_FUNC_ONE_AT_A_TIME_HARD PERL_MALLOC_WRAP
                        PERL_PRESERVE_IVUV USE_64_BIT_ALL USE_64_BIT_INT
                        USE_LARGE_FILES USE_LOCALE USE_LOCALE_COLLATE
                        USE_LOCALE_CTYPE USE_LOCALE_NUMERIC USE_LOCALE_TIME
                        USE_PERLIO USE_PERL_ATOF
  Locally applied patches:
	RC1
  Built under linux
  Compiled at Jul  2 2017 10:52:50
  %ENV:
    PERL5LIB=""
    PERL5OPT=""
    PERL5_CPANPLUS_IS_RUNNING="12078"
    PERL5_CPAN_IS_RUNNING="12078"
    PERL5_CPAN_IS_RUNNING_IN_RECURSION="25420,12078"
    PERLDOC="-MPod::Perldoc::ToTextOverstrike"
    PERL_BATCH="yes"
    PERL_CANARY_STABILITY_NOPROMPT="1"
    PERL_CPAN_REPORTER_CONFIG="/var/tmp/cpansmoker-1023/2017070803/cpanreporter_000_config.ini"
    PERL_EXTUTILS_AUTOINSTALL="--defaultdeps"
    PERL_PARALLEL_SMOKER="yes"
    PERL_USE_UNSAFE_INC="1"
  @INC:
    /opt/perl-5.24.2-RC1/lib/site_perl/5.24.2/x86_64-linux
    /opt/perl-5.24.2-RC1/lib/site_perl/5.24.2
    /opt/perl-5.24.2-RC1/lib/5.24.2/x86_64-linux
    /opt/perl-5.24.2-RC1/lib/5.24.2
    .