Net-HTTP v6.17 Perl 5 v5.16.0 MSWin32-x86-multi-thread

Status
Fail
From
Alexandr Ciornii (CHORNY)
Dist
Net-HTTP v6.17
Platform
Perl 5 v5.16.0 MSWin32-x86-multi-thread
Date
2018-01-19 03:11:06
ID
e1c9024a-6bfa-1014-b68c-dbf76f118833
This distribution has been tested as part of the CPAN Testers
project, supporting the Perl programming language.  See
http://wiki.cpantesters.org/ for more information or email
questions to cpan-testers-discuss@perl.org


--
Dear Olaf Alders,

This is a computer-generated report for Net-HTTP-6.17
on perl 5.16.0, created by CPAN-Reporter-1.2018.

Thank you for uploading your work to CPAN.  However, there was a problem
testing your distribution.

If you think this report is invalid, please consult the CPAN Testers Wiki
for suggestions on how to avoid getting FAIL reports for missing library
or binary dependencies, unsupported operating systems, and so on:

http://wiki.cpantesters.org/wiki/CPANAuthorNotes

Sections of this report:

    * Tester comments
    * Program output
    * Prerequisites
    * Environment and other context

------------------------------
TESTER COMMENTS
------------------------------

Additional comments from tester:

this report is from an automated smoke testing program
and was not reviewed by a human for accuracy

------------------------------
PROGRAM OUTPUT
------------------------------

Output from 'C:\strawberry160\c\bin\dmake.exe test':

C:\strawberry160\perl\bin\perl.exe "-MExtUtils::Command::MM" "-MTest::Harness" "-e" "undef *Test::Harness::Switches; test_harness(0, 'blib\lib', 'blib\arch')" t/*.t
# 
# Versions for all modules listed in MYMETA.json (including optional ones):
# 
# === Configure Requires ===
# 
#     Module              Want Have
#     ------------------- ---- ----
#     ExtUtils::MakeMaker  any 6.84
# 
# === Configure Suggests ===
# 
#     Module      Want    Have
#     -------- ------- -------
#     JSON::PP 2.27300 2.27203
# 
# === Build Requires ===
# 
#     Module              Want Have
#     ------------------- ---- ----
#     ExtUtils::MakeMaker  any 6.84
# 
# === Test Requires ===
# 
#     Module              Want     Have
#     ------------------- ---- --------
#     Data::Dumper         any 2.135_06
#     ExtUtils::MakeMaker  any     6.84
#     File::Spec           any     3.40
#     IO::Select           any     1.21
#     Socket               any    2.013
#     Test::More           any 1.001002
# 
# === Test Recommends ===
# 
#     Module         Want     Have
#     ---------- -------- --------
#     CPAN::Meta 2.120900 2.133380
# 
# === Runtime Requires ===
# 
#     Module                 Want  Have
#     ---------------------- ---- -----
#     Carp                    any  1.26
#     Compress::Raw::Zlib     any 2.054
#     IO::Socket::INET        any  1.33
#     IO::Uncompress::Gunzip  any 2.052
#     URI                     any  1.73
#     base                    any  2.18
#     strict                  any  1.07
#     vars                    any  1.02
#     warnings                any  1.13
# 
# === Runtime Suggests ===
# 
#     Module             Want  Have
#     ----------------- ----- -----
#     IO::Socket          any  1.34
#     IO::Socket::INET6   any  2.71
#     IO::Socket::IP      any  0.24
#     IO::Socket::SSL   2.012 1.962
#     Symbol              any  1.07
# 
t/00-report-prereqs.t .. ok
t/http-nb.t ............ skipped: This test doesn't work on Windows
t/http.t ............... ok
Bad file descriptor at t/live-https.t line 34.
# Looks like your test exited with 9 before it could output anything.
t/live-https.t ......... 
Dubious, test returned 9 (wstat 2304, 0x900)
Failed 6/6 subtests 
t/live.t ............... ok
t/rt-112313.t .......... ok

Test Summary Report
-------------------
t/live-https.t       (Wstat: 2304 Tests: 0 Failed: 0)
  Non-zero exit status: 9
  Parse errors: Bad plan.  You planned 6 tests but ran 0.
Files=6, Tests=84, 30 wallclock secs ( 0.06 usr +  0.02 sys =  0.08 CPU)
Result: FAIL
Failed 1/6 test programs. 0/84 subtests failed.
dmake.exe:  Error code 255, while making 'test_dynamic'

------------------------------
PREREQUISITES
------------------------------

Prerequisite modules loaded:

requires:

    Module                 Need     Have    
    ---------------------- -------- --------
    base                   0        2.18    
    Carp                   0        1.26    
    Compress::Raw::Zlib    0        2.054   
    IO::Socket::INET       0        1.33    
    IO::Uncompress::Gunzip 0        2.052   
    perl                   5.006002 5.016000
    strict                 0        1.07    
    URI                    0        1.73    
    vars                   0        1.02    
    warnings               0        1.13    

build_requires:

    Module                 Need     Have    
    ---------------------- -------- --------
    Data::Dumper           0        2.135_06
    ExtUtils::MakeMaker    0        6.84    
    File::Spec             0        3.40    
    IO::Select             0        1.21    
    Socket                 0        2.013   
    Test::More             0        1.001002

configure_requires:

    Module                 Need     Have    
    ---------------------- -------- --------
    ExtUtils::MakeMaker    0        6.84    


------------------------------
ENVIRONMENT AND OTHER CONTEXT
------------------------------

Environment variables:

    AUTOMATED_TESTING = 1
    COMSPEC = C:\WINDOWS\system32\cmd.exe
    NUMBER_OF_PROCESSORS = 1
    PATH = C:\WINDOWS\system32;C:\WINDOWS;C:\WINDOWS\System32\Wbem;C:\strawberry160\c\bin;C:\strawberry160\perl\site\bin;C:\strawberry160\perl\bin
    PERL5LIB = C:\strawberry160\cpan\build\Test-RequiresInternet-0.05-WtiinL/blib/arch;C:\strawberry160\cpan\build\Test-RequiresInternet-0.05-WtiinL/blib/lib;C:\strawberry160\cpan\build\URI-1.73-wNJobQ/blib/arch;C:\strawberry160\cpan\build\URI-1.73-wNJobQ/blib/lib;C:\strawberry160\cpan\build\Test-Needs-0.002005-n5fyNH/blib/arch;C:\strawberry160\cpan\build\Test-Needs-0.002005-n5fyNH/blib/lib
    PERL5OPT = 
    PERL5_CPANPLUS_IS_RUNNING = 8536
    PERL5_CPAN_IS_RUNNING = 8536
    PERL5_CPAN_IS_RUNNING_IN_RECURSION = 1020,8536
    PERL_CR_SMOKER_CURRENT = Net-Cisco-ISE-0.06
    PERL_CR_SMOKER_RUNONCE = 1
    PERL_EXTUTILS_AUTOINSTALL = --defaultdeps
    PERL_JSON_BACKEND = JSON::XS
    PERL_MM_USE_DEFAULT = 1
    PERL_YAML_BACKEND = YAML
    PROCESSOR_IDENTIFIER = x86 Family 18 Model 1 Stepping 0, AuthenticAMD
    TEMP = C:\DOCUME~1\a\LOCALS~1\Temp
    TERM = dumb

Perl special variables (and OS-specific diagnostics, for MSWin32):

    $^X = C:\strawberry160\perl\bin\perl.exe
    $UID/$EUID = 0 / 0
    $GID = 0
    $EGID = 0
    Win32::GetOSName = WinXP/.Net
    Win32::GetOSVersion = Service Pack 3, 5, 1, 2600, 2, 3, 0, 256, 1
    Win32::FsType = NTFS
    Win32::IsAdminUser = 1

Perl module toolchain versions installed:

    Module              Have    
    ------------------- --------
    CPAN                2.00    
    CPAN::Meta          2.133380
    Cwd                 3.40    
    ExtUtils::CBuilder  0.280206
    ExtUtils::Command   1.17    
    ExtUtils::Install   1.58    
    ExtUtils::MakeMaker 6.84    
    ExtUtils::Manifest  1.61    
    ExtUtils::ParseXS   3.22    
    File::Spec          3.40    
    JSON                2.53    
    JSON::PP            2.27203 
    Module::Build       0.4203  
    Module::Signature   0.68    
    Parse::CPAN::Meta   1.4405  
    Test::Harness       3.30    
    Test::More          1.001002
    YAML                0.88    
    YAML::Syck          1.27    
    version             0.9904  


--

Summary of my perl5 (revision 5 version 16 subversion 0) configuration:
   
  Platform:
    osname=MSWin32, osvers=4.0, archname=MSWin32-x86-multi-thread
    uname='Win32 strawberry-perl 5.16.0.1 #1 Mon May 21 22:07:30 2012 i386'
    config_args='undef'
    hint=recommended, useposix=true, d_sigaction=undef
    useithreads=define, usemultiplicity=define
    useperlio=define, d_sfio=undef, uselargefiles=define, usesocks=undef
    use64bitint=undef, use64bitall=undef, uselongdouble=undef
    usemymalloc=n, bincompat5005=undef
  Compiler:
    cc='gcc', ccflags =' -s -O2 -DWIN32  -DPERL_TEXTMODE_SCRIPTS -DPERL_IMPLICIT_CONTEXT -DPERL_IMPLICIT_SYS -fno-strict-aliasing -mms-bitfields',
    optimize='-s -O2',
    cppflags='-DWIN32'
    ccversion='', gccversion='4.6.3', gccosandvers=''
    intsize=4, longsize=4, ptrsize=4, doublesize=8, byteorder=1234
    d_longlong=undef, longlongsize=8, d_longdbl=define, longdblsize=12
    ivtype='long', ivsize=4, nvtype='double', nvsize=8, Off_t='long long', lseeksize=8
    alignbytes=8, prototype=define
  Linker and Libraries:
    ld='g++', ldflags ='-s -L"C:\strawberry160\perl\lib\CORE" -L"C:\strawberry160\c\lib"'
    libpth=C:\strawberry160\c\lib C:\strawberry160\c\i686-w64-mingw32\lib
    libs=-lmoldname -lkernel32 -luser32 -lgdi32 -lwinspool -lcomdlg32 -ladvapi32 -lshell32 -lole32 -loleaut32 -lnetapi32 -luuid -lws2_32 -lmpr -lwinmm -lversion -lodbc32 -lodbccp32 -lcomctl32
    perllibs=-lmoldname -lkernel32 -luser32 -lgdi32 -lwinspool -lcomdlg32 -ladvapi32 -lshell32 -lole32 -loleaut32 -lnetapi32 -luuid -lws2_32 -lmpr -lwinmm -lversion -lodbc32 -lodbccp32 -lcomctl32
    libc=, so=dll, useshrplib=true, libperl=libperl516.a
    gnulibc_version=''
  Dynamic Linking:
    dlsrc=dl_win32.xs, dlext=dll, d_dlsymun=undef, ccdlflags=' '
    cccdlflags=' ', lddlflags='-mdll -s -L"C:\strawberry160\perl\lib\CORE" -L"C:\strawberry160\c\lib"'


Characteristics of this binary (from libperl): 
  Compile-time options: HAS_TIMES HAVE_INTERP_INTERN MULTIPLICITY
                        PERLIO_LAYERS PERL_DONT_CREATE_GVSV
                        PERL_IMPLICIT_CONTEXT PERL_IMPLICIT_SYS
                        PERL_MALLOC_WRAP PERL_PRESERVE_IVUV PL_OP_SLAB_ALLOC
                        USE_ITHREADS USE_LARGE_FILES USE_LOCALE
                        USE_LOCALE_COLLATE USE_LOCALE_CTYPE
                        USE_LOCALE_NUMERIC USE_PERLIO USE_PERL_ATOF
  Built under MSWin32
  Compiled at May 21 2012 22:15:38
  %ENV:
    PERL5LIB="C:\strawberry160\cpan\build\Test-RequiresInternet-0.05-WtiinL/blib/arch;C:\strawberry160\cpan\build\Test-RequiresInternet-0.05-WtiinL/blib/lib;C:\strawberry160\cpan\build\URI-1.73-wNJobQ/blib/arch;C:\strawberry160\cpan\build\URI-1.73-wNJobQ/blib/lib;C:\strawberry160\cpan\build\Test-Needs-0.002005-n5fyNH/blib/arch;C:\strawberry160\cpan\build\Test-Needs-0.002005-n5fyNH/blib/lib"
    PERL5_CPANPLUS_IS_RUNNING="8536"
    PERL5_CPAN_IS_RUNNING="8536"
    PERL5_CPAN_IS_RUNNING_IN_RECURSION="1020,8536"
    PERL_CR_SMOKER_CURRENT="Net-Cisco-ISE-0.06"
    PERL_CR_SMOKER_RUNONCE="1"
    PERL_EXTUTILS_AUTOINSTALL="--defaultdeps"
    PERL_JSON_BACKEND="JSON::XS"
    PERL_MM_USE_DEFAULT="1"
    PERL_YAML_BACKEND="YAML"
  @INC:
    C:\strawberry160\cpan\build\Test-RequiresInternet-0.05-WtiinL/blib/arch
    C:\strawberry160\cpan\build\Test-RequiresInternet-0.05-WtiinL/blib/lib
    C:\strawberry160\cpan\build\URI-1.73-wNJobQ/blib/arch
    C:\strawberry160\cpan\build\URI-1.73-wNJobQ/blib/lib
    C:\strawberry160\cpan\build\Test-Needs-0.002005-n5fyNH/blib/arch
    C:\strawberry160\cpan\build\Test-Needs-0.002005-n5fyNH/blib/lib
    C:/strawberry160/perl/site/lib/MSWin32-x86-multi-thread
    C:/strawberry160/perl/site/lib
    C:/strawberry160/perl/vendor/lib
    C:/strawberry160/perl/lib
    .