Back
From: metabase:user:9c36dc84-a30f-11e0-a9fc-0a18abbd4f2f
Subject: FAIL Array-GroupBy-v0.0.4 v5.20.2 OpenBSD
Date: 2016-11-15T12:34:42Z
This distribution has been tested as part of the CPAN Testers
project, supporting the Perl programming language. See
http://wiki.cpantesters.org/ for more information or email
questions to cpan-testers-discuss@perl.org
--
Dear Sam Brain,
This is a computer-generated report for Array-GroupBy-v0.0.4
on perl 5.20.2, created by CPAN-Reporter-1.2018.
Thank you for uploading your work to CPAN. However, there was a problem
testing your distribution.
If you think this report is invalid, please consult the CPAN Testers Wiki
for suggestions on how to avoid getting FAIL reports for missing library
or binary dependencies, unsupported operating systems, and so on:
http://wiki.cpantesters.org/wiki/CPANAuthorNotes
Sections of this report:
* Tester comments
* Program output
* Prerequisites
* Environment and other context
------------------------------
TESTER COMMENTS
------------------------------
Additional comments from tester:
this report is from an automated smoke testing program
and was not reviewed by a human for accuracy
------------------------------
PROGRAM OUTPUT
------------------------------
Output from './Build test':
# Testing Array::GroupBy 0.0.4
t/00.load.t ....... ok
t/1.t ............. ok
t/2.t ............. ok
t/3.t ............. ok
t/4.t ............. ok
t/5.t ............. ok
t/6.t ............. ok
t/7.t ............. ok
# Failed test 'Test::Perl::Critic for "blib/lib/Array/GroupBy.pm"'
# at /home/foo/perl5/lib/perl5/Test/Perl/Critic.pm line 104.
#
# Private Member Data shouldn't be accessed directly at line 36, column 23. Accessing an objects data directly breaks encapsulation and should be avoided. Example: $object->{ some_key }. (Severity: 5)
# Private Member Data shouldn't be accessed directly at line 48, column 20. Accessing an objects data directly breaks encapsulation and should be avoided. Example: $object->{ some_key }. (Severity: 5)
# Private Member Data shouldn't be accessed directly at line 82, column 25. Accessing an objects data directly breaks encapsulation and should be avoided. Example: $object->{ some_key }. (Severity: 5)
# Private Member Data shouldn't be accessed directly at line 82, column 49. Accessing an objects data directly breaks encapsulation and should be avoided. Example: $object->{ some_key }. (Severity: 5)
# Private Member Data shouldn't be accessed directly at line 85, column 25. Accessing an objects data directly breaks encapsulation and should be avoided. Example: $object->{ some_key }. (Severity: 5)
# Private Member Data shouldn't be accessed directly at line 85, column 50. Accessing an objects data directly breaks encapsulation and should be avoided. Example: $object->{ some_key }. (Severity: 5)
# Private Member Data shouldn't be accessed directly at line 89, column 33. Accessing an objects data directly breaks encapsulation and should be avoided. Example: $object->{ some_key }. (Severity: 5)
# Private Member Data shouldn't be accessed directly at line 89, column 47. Accessing an objects data directly breaks encapsulation and should be avoided. Example: $object->{ some_key }. (Severity: 5)
t/perlcritic.t ....
Dubious, test returned 1 (wstat 256, 0x100)
Failed 1/1 subtests
t/pod-coverage.t .. ok
t/pod.t ........... ok
Test Summary Report
-------------------
t/perlcritic.t (Wstat: 256 Tests: 1 Failed: 1)
Failed test: 1
Non-zero exit status: 1
Files=11, Tests=59, 3 wallclock secs ( 0.02 usr 0.10 sys + 1.49 cusr 1.27 csys = 2.88 CPU)
Result: FAIL
Failed 1/11 test programs. 1/59 subtests failed.
------------------------------
PREREQUISITES
------------------------------
Prerequisite modules loaded:
requires:
Module Need Have
---------------- ---- --------
Carp 1.25 1.38
List::Util 1.23 1.46
Params::Validate 1 1.26
Test::More 0 1.302062
version 0 0.9917
configure_requires:
Module Need Have
---------------- ---- --------
Module::Build 0.38 0.4220
------------------------------
ENVIRONMENT AND OTHER CONTEXT
------------------------------
Environment variables:
AUTOMATED_TESTING = 1
PATH = /home/foo/bin:/home/foo/perl5/bin:/usr/bin:/bin:/usr/sbin:/sbin:/usr/X11R6/bin:/usr/local/bin:/usr/local/sbin
PERL5LIB = /home/foo/perl5/lib/perl5
PERL5OPT =
PERL5_CPANPLUS_IS_RUNNING = 29441
PERL5_CPAN_IS_RUNNING = 29441
PERL5_CPAN_IS_RUNNING_IN_RECURSION = 16745,29441
PERL_CR_SMOKER_CURRENT = Array-To-Moose-v0.0.9
PERL_EXTUTILS_AUTOINSTALL = --defaultdeps
PERL_LOCAL_LIB_ROOT = /home/foo/perl5
PERL_MB_OPT = --install_base "/home/foo/perl5"
PERL_MM_OPT = INSTALL_BASE=/home/foo/perl5
PERL_MM_USE_DEFAULT = 1
SHELL = /usr/local/bin/bash
TERM = vt220
Perl special variables (and OS-specific diagnostics, for MSWin32):
$^X = /usr/bin/perl
$UID/$EUID = 1001 / 1001
$GID = 1001 1001
$EGID = 1001 1001
Perl module toolchain versions installed:
Module Have
------------------- --------
CPAN 2.14
CPAN::Meta 2.150010
Cwd 3.62
ExtUtils::CBuilder 0.280224
ExtUtils::Command 7.24
ExtUtils::Install 1.67
ExtUtils::MakeMaker 7.24
ExtUtils::Manifest 1.70
ExtUtils::ParseXS 3.30
File::Spec 3.62
JSON 2.90
JSON::PP 2.27400
Module::Build 0.4220
Module::Signature n/a
Parse::CPAN::Meta 2.150010
Test::Harness 3.36
Test::More 1.302062
YAML 1.18
YAML::Syck 1.29
version 0.9917
--
Summary of my perl5 (revision 5 version 20 subversion 2) configuration:
Platform:
osname=openbsd, osvers=5.9, archname=amd64-openbsd
uname='openbsd'
config_args='-dsE -Dopenbsd_distribution=defined -Dccflags=-DNO_LOCALE_NUMERIC -DNO_LOCALE_COLLATE -Dmksymlinks'
hint=recommended, useposix=true, d_sigaction=define
useithreads=undef, usemultiplicity=undef
use64bitint=define, use64bitall=define, uselongdouble=undef
usemymalloc=n, bincompat5005=undef
Compiler:
cc='cc', ccflags ='-DNO_LOCALE_NUMERIC -DNO_LOCALE_COLLATE -fno-strict-aliasing -fno-delete-null-pointer-checks -pipe -fstack-protector -I/usr/local/include',
optimize='-O2',
cppflags='-DNO_LOCALE_NUMERIC -DNO_LOCALE_COLLATE -fno-strict-aliasing -fno-delete-null-pointer-checks -pipe -fstack-protector -I/usr/local/include'
ccversion='', gccversion='4.2.1 20070719 ', gccosandvers='openbsd5.9'
intsize=4, longsize=8, ptrsize=8, doublesize=8, byteorder=12345678
d_longlong=define, longlongsize=8, d_longdbl=define, longdblsize=16
ivtype='long', ivsize=8, nvtype='double', nvsize=8, Off_t='off_t', lseeksize=8
alignbytes=8, prototype=define
Linker and Libraries:
ld='cc', ldflags ='-Wl,-E -fstack-protector -L/usr/local/lib'
libpth=/usr/lib /usr/local/lib
libs=-lm -lutil -lc
perllibs=-lm -lutil -lc
libc=/usr/lib/libc.a, so=so, useshrplib=true, libperl=libperl.so.17.1
gnulibc_version=''
Dynamic Linking:
dlsrc=dl_dlopen.xs, dlext=so, d_dlsymun=undef, ccdlflags='-Wl,-R/usr/libdata/perl5/amd64-openbsd/5.20.2/CORE'
cccdlflags='-DPIC -fPIC ', lddlflags='-shared -fPIC -fstack-protector -L/usr/local/lib'
Characteristics of this binary (from libperl):
Compile-time options: HAS_TIMES PERLIO_LAYERS PERL_DONT_CREATE_GVSV
PERL_HASH_FUNC_ONE_AT_A_TIME_HARD PERL_MALLOC_WRAP
PERL_NEW_COPY_ON_WRITE PERL_PRESERVE_IVUV
USE_64_BIT_ALL USE_64_BIT_INT USE_LARGE_FILES
USE_LOCALE USE_LOCALE_CTYPE USE_PERLIO USE_PERL_ATOF
Built under openbsd
Compiled at Feb 26 2016 01:02:08
%ENV:
PERL5LIB="/home/foo/perl5/lib/perl5"
PERL5OPT=""
PERL5_CPANPLUS_IS_RUNNING="29441"
PERL5_CPAN_IS_RUNNING="29441"
PERL5_CPAN_IS_RUNNING_IN_RECURSION="16745,29441"
PERL_CR_SMOKER_CURRENT="Array-To-Moose-v0.0.9"
PERL_EXTUTILS_AUTOINSTALL="--defaultdeps"
PERL_LOCAL_LIB_ROOT="/home/foo/perl5"
PERL_MB_OPT="--install_base "/home/foo/perl5""
PERL_MM_OPT="INSTALL_BASE=/home/foo/perl5"
PERL_MM_USE_DEFAULT="1"
@INC:
/home/foo/perl5/lib/perl5/5.20.2/amd64-openbsd
/home/foo/perl5/lib/perl5/5.20.2
/home/foo/perl5/lib/perl5/amd64-openbsd
/home/foo/perl5/lib/perl5
/usr/local/libdata/perl5/site_perl/amd64-openbsd
/usr/libdata/perl5/site_perl/amd64-openbsd
/usr/local/libdata/perl5/site_perl
/usr/libdata/perl5/site_perl
/usr/libdata/perl5/amd64-openbsd/5.20.2
/usr/local/libdata/perl5/amd64-openbsd/5.20.2
/usr/libdata/perl5
/usr/local/libdata/perl5
.