Report for Data-YUID-0.06

Back
From: metabase:user:30977d10-2aae-11df-837a-5e0a49663a4f
Subject: FAIL Data-YUID-0.06 v5.15.2 GNU/Linux
Date: 2011-08-29T05:08:08Z

This distribution has been tested as part of the CPAN Testers
project, supporting the Perl programming language.  See
http://wiki.cpantesters.org/ for more information or email
questions to cpan-testers-discuss@perl.org


--
Dear SAY MEDIA,

This is a computer-generated report for Data-YUID-0.06
on perl 5.15.2, created by CPAN-Reporter-1.2002.

Thank you for uploading your work to CPAN.  However, there was a problem
testing your distribution.

If you think this report is invalid, please consult the CPAN Testers Wiki
for suggestions on how to avoid getting FAIL reports for missing library
or binary dependencies, unsupported operating systems, and so on:

http://wiki.cpantesters.org/wiki/CPANAuthorNotes

Sections of this report:

    * Tester comments
    * Program output
    * Prerequisites
    * Environment and other context

------------------------------
TESTER COMMENTS
------------------------------

Additional comments from tester:

this report is from an automated smoke testing program
and was not reviewed by a human for accuracy

------------------------------
PROGRAM OUTPUT
------------------------------

Output from '/usr/bin/make test':

PERL_DL_NONLAZY=1 /home/trushel/perl/perl5152m/bin/perl "-MExtUtils::Command::MM" "-e" "test_harness(0, 'inc', 'blib/lib', 'blib/arch')" t/00-compile.t t/01-generator.t t/10-client.t
t/00-compile.t .... ok
Time::HiRes object version 1.9724 does not match $Time::HiRes::XS_VERSION 1.9719 at /home/trushel/perl/perl5152m/lib/5.15.2/x86_64-linux-multi/DynaLoader.pm line 213.
Compilation failed in require at t/01-generator.t line 7.
BEGIN failed--compilation aborted at t/01-generator.t line 7.
# Looks like your test exited with 2 before it could output anything.
t/01-generator.t .. 
Dubious, test returned 2 (wstat 512, 0x200)
No subtests run 
Time::HiRes object version 1.9724 does not match $Time::HiRes::XS_VERSION 1.9719 at /home/trushel/perl/perl5152m/lib/5.15.2/x86_64-linux-multi/DynaLoader.pm line 213.
Compilation failed in require at /home/trushel/perl/perl5152m/lib/site_perl/5.15.2/Danga/Socket.pm line 98.
BEGIN failed--compilation aborted at /home/trushel/perl/perl5152m/lib/site_perl/5.15.2/Danga/Socket.pm line 98.
Compilation failed in require at /home/trushel/cpan/build/5.15.2-m/Data-YUID-0.06-wq9n6I/t/../bin/yuidd line 5.
BEGIN failed--compilation aborted at /home/trushel/cpan/build/5.15.2-m/Data-YUID-0.06-wq9n6I/t/../bin/yuidd line 5.
Time::HiRes object version 1.9724 does not match $Time::HiRes::XS_VERSION 1.9719 at /home/trushel/perl/perl5152m/lib/5.15.2/x86_64-linux-multi/DynaLoader.pm line 213.
Compilation failed in require at /home/trushel/perl/perl5152m/lib/site_perl/5.15.2/Danga/Socket.pm line 98.
BEGIN failed--compilation aborted at /home/trushel/perl/perl5152m/lib/site_perl/5.15.2/Danga/Socket.pm line 98.
Compilation failed in require at /home/trushel/cpan/build/5.15.2-m/Data-YUID-0.06-wq9n6I/t/../bin/yuidd line 5.
BEGIN failed--compilation aborted at /home/trushel/cpan/build/5.15.2-m/Data-YUID-0.06-wq9n6I/t/../bin/yuidd line 5.
Timeout waiting for port 11000 to startup at t/10-client.t line 75.
# Looks like your test exited with 111 before it could output anything.
t/10-client.t ..... 
Dubious, test returned 111 (wstat 28416, 0x6f00)
Failed 25/25 subtests 

Test Summary Report
-------------------
t/01-generator.t (Wstat: 512 Tests: 0 Failed: 0)
  Non-zero exit status: 2
  Parse errors: No plan found in TAP output
t/10-client.t   (Wstat: 28416 Tests: 0 Failed: 0)
  Non-zero exit status: 111
  Parse errors: Bad plan.  You planned 25 tests but ran 0.
Files=3, Tests=1,  7 wallclock secs ( 0.03 usr  0.00 sys +  0.10 cusr  0.03 csys =  0.16 CPU)
Result: FAIL
Failed 2/3 test programs. 0/1 subtests failed.
make: *** [test_dynamic] Error 111

------------------------------
PREREQUISITES
------------------------------

Prerequisite modules loaded:

requires:

    Module              Need     Have    
    ------------------- -------- --------
    Danga::Socket       0        1.61    
    perl                5.006001 5.015002
    Time::HiRes         0        1.9724  
    URI::Escape         0        3.31    

build_requires:

    Module              Need     Have    
    ------------------- -------- --------
    ExtUtils::MakeMaker 6.42     6.59    
    Time::HiRes         0        1.9724  

configure_requires:

    Module              Need     Have    
    ------------------- -------- --------
    ExtUtils::MakeMaker 6.42     6.59    


------------------------------
ENVIRONMENT AND OTHER CONTEXT
------------------------------

Environment variables:

    AUTOMATED_TESTING = 1
    LANG = en_US.UTF-8
    LANGUAGE = en
    LC_COLLATE = C
    LC_MONETARY = C
    LC_NUMERIC = C
    LC_TIME = C
    PATH = /usr/local/sbin:/usr/local/bin:/usr/sbin:/usr/bin:/sbin:/bin
    PERL5LIB = 
    PERL5OPT = 
    PERL5_CPANPLUS_IS_RUNNING = 19632
    PERL5_CPAN_IS_RUNNING = 19632
    PERL5_CPAN_IS_RUNNING_IN_RECURSION = 18361,19632
    PERL_CR_SMOKER_CURRENT = Data-YUID-0.06
    PERL_EXTUTILS_AUTOINSTALL = --defaultdeps
    PERL_MM_USE_DEFAULT = 1
    SHELL = /bin/bash
    TERM = xterm

Perl special variables (and OS-specific diagnostics, for MSWin32):

    $^X = /home/trushel/perl/perl5152m/bin/perl
    $UID/$EUID = 138375 / 138375
    $GID = 5762 4 20 21 24 25 26 30 44 46 104 105 119 122 431 5762
    $EGID = 5762 4 20 21 24 25 26 30 44 46 104 105 119 122 431 5762

Perl module toolchain versions installed:

    Module              Have    
    ------------------- --------
    CPAN                1.9800  
    CPAN::Meta          2.112150
    Cwd                 3.33    
    ExtUtils::CBuilder  0.280202
    ExtUtils::Command   1.17    
    ExtUtils::Install   1.54    
    ExtUtils::MakeMaker 6.59    
    ExtUtils::Manifest  1.60    
    ExtUtils::ParseXS   3.03_01 
    File::Spec          3.33    
    JSON                2.53    
    JSON::PP            2.27200 
    Module::Build       0.3800  
    Module::Signature   n/a     
    Parse::CPAN::Meta   1.4401  
    Test::Harness       3.23    
    Test::More          0.98    
    YAML                0.73    
    YAML::Syck          n/a     
    version             0.93    


--

Summary of my perl5 (revision 5 version 15 subversion 2) configuration:
   
  Platform:
    osname=linux, osvers=2.6.32-33-generic, archname=x86_64-linux-multi
    uname='linux trushel-glaptop 2.6.32-33-generic #72-ubuntu smp fri jul 29 21:07:13 utc 2011 x86_64 gnulinux '
    config_args=''
    hint=recommended, useposix=true, d_sigaction=define
    useithreads=undef, usemultiplicity=define
    useperlio=define, d_sfio=undef, uselargefiles=define, usesocks=undef
    use64bitint=define, use64bitall=define, uselongdouble=undef
    usemymalloc=n, bincompat5005=undef
  Compiler:
    cc='cc', ccflags ='-fno-strict-aliasing -pipe -fstack-protector -I/usr/local/include -D_LARGEFILE_SOURCE -D_FILE_OFFSET_BITS=64',
    optimize='-O2',
    cppflags='-fno-strict-aliasing -pipe -fstack-protector -I/usr/local/include'
    ccversion='', gccversion='4.4.3', gccosandvers=''
    intsize=4, longsize=8, ptrsize=8, doublesize=8, byteorder=12345678
    d_longlong=define, longlongsize=8, d_longdbl=define, longdblsize=16
    ivtype='long', ivsize=8, nvtype='double', nvsize=8, Off_t='off_t', lseeksize=8
    alignbytes=8, prototype=define
  Linker and Libraries:
    ld='cc', ldflags =' -fstack-protector -L/usr/local/lib'
    libpth=/usr/local/lib /lib/../lib /usr/lib/../lib /lib /usr/lib /usr/lib/x86_64-linux-gnu /lib64 /usr/lib64
    libs=-lnsl -ldb -ldl -lm -lcrypt -lutil -lc
    perllibs=-lnsl -ldl -lm -lcrypt -lutil -lc
    libc=/lib/libc-2.11.1.so, so=so, useshrplib=false, libperl=libperl.a
    gnulibc_version='2.11.1'
  Dynamic Linking:
    dlsrc=dl_dlopen.xs, dlext=so, d_dlsymun=undef, ccdlflags='-Wl,-E'
    cccdlflags='-fPIC', lddlflags='-shared -O2 -L/usr/local/lib -fstack-protector'


Characteristics of this binary (from libperl): 
  Compile-time options: HAS_TIMES MULTIPLICITY PERLIO_LAYERS
                        PERL_DONT_CREATE_GVSV PERL_IMPLICIT_CONTEXT
                        PERL_MALLOC_WRAP PERL_PRESERVE_IVUV USE_64_BIT_ALL
                        USE_64_BIT_INT USE_LARGE_FILES USE_LOCALE
                        USE_LOCALE_COLLATE USE_LOCALE_CTYPE
                        USE_LOCALE_NUMERIC USE_PERLIO USE_PERL_ATOF
  Built under linux
  Compiled at Aug 22 2011 23:17:48
  %ENV:
    PERL5LIB=""
    PERL5OPT=""
    PERL5_CPANPLUS_IS_RUNNING="19632"
    PERL5_CPAN_IS_RUNNING="19632"
    PERL5_CPAN_IS_RUNNING_IN_RECURSION="18361,19632"
    PERL_CR_SMOKER_CURRENT="Data-YUID-0.06"
    PERL_EXTUTILS_AUTOINSTALL="--defaultdeps"
    PERL_MM_USE_DEFAULT="1"
  @INC:
    /home/trushel/perl/perl5152m/lib/site_perl/5.15.2/x86_64-linux-multi
    /home/trushel/perl/perl5152m/lib/site_perl/5.15.2
    /home/trushel/perl/perl5152m/lib/5.15.2/x86_64-linux-multi
    /home/trushel/perl/perl5152m/lib/5.15.2
    .