Report for MogileFS-Server-2.70

Back
From: metabase:user:30f4dfbe-2aae-11df-837a-5e0a49663a4f
Subject: FAIL MogileFS-Server-2.70 v5.10.1 GNU/Linux
Date: 2013-08-20T22:14:30Z

This distribution has been tested as part of the CPAN Testers
project, supporting the Perl programming language.  See
http://wiki.cpantesters.org/ for more information or email
questions to cpan-testers-discuss@perl.org


--
Dear Alan Kasindorf,

This is a computer-generated report for MogileFS-Server-2.70
on perl 5.10.1, created by CPAN-Reporter-1.2010.

Thank you for uploading your work to CPAN.  However, there was a problem
testing your distribution.

If you think this report is invalid, please consult the CPAN Testers Wiki
for suggestions on how to avoid getting FAIL reports for missing library
or binary dependencies, unsupported operating systems, and so on:

http://wiki.cpantesters.org/wiki/CPANAuthorNotes

Sections of this report:

    * Tester comments
    * Program output
    * Prerequisites
    * Environment and other context

------------------------------
TESTER COMMENTS
------------------------------

Additional comments from tester:

this report is from an automated smoke testing program
and was not reviewed by a human for accuracy

------------------------------
PROGRAM OUTPUT
------------------------------

Output from '/usr/bin/make test':

PERL_DL_NONLAZY=1 /home/njh/perl5/perlbrew/perls/perl-5.10.1/bin/perl "-MExtUtils::Command::MM" "-e" "test_harness(0, 'blib/lib', 'blib/arch')" t/*.t
Can't find mogadm utility mogadm executable not found.

t/00-startup.t ................ skipped: Can't find mogadm executable, necessary for testing.
t/01-domain-class.t ........... skipped: Can't create temporary test database: DBD::mysql isn't installed.  Please install it or define MOGTEST_DBTYPE env. variable at /home/njh/.cpan/build/MogileFS-Server-2.70-Gyq9R0/blib/lib/MogileFS/Test.pm line 57.
t/02-host-device.t ............ skipped: Can't create temporary test database: DBD::mysql isn't installed.  Please install it or define MOGTEST_DBTYPE env. variable at /home/njh/.cpan/build/MogileFS-Server-2.70-Gyq9R0/blib/lib/MogileFS/Test.pm line 57.
Can't find mogadm utility mogadm executable not found.

t/10-weighting.t .............. skipped: Can't find mogadm executable, necessary for testing.
Can't find mogadm utility mogadm executable not found.

t/20-filepaths.t .............. skipped: Can't find mogadm executable, necessary for testing.
Can't find mogadm utility mogadm executable not found.

t/30-rebalance.t .............. skipped: Can't find mogadm executable, necessary for testing.
Can't find mogadm utility mogadm executable not found.

t/40-httpfile.t ............... skipped: Can't find mogadm executable, necessary for testing.
Can't find mogadm utility mogadm executable not found.

t/50-checksum.t ............... skipped: Can't find mogadm executable, necessary for testing.
Can't find mogadm utility mogadm executable not found.

t/51-checksum_class_change.t .. skipped: Can't find mogadm executable, necessary for testing.
Can't find mogadm utility mogadm executable not found.

t/60-fsck.t ................... skipped: Can't find mogadm executable, necessary for testing.
Can't find mogadm utility mogadm executable not found.

t/70-reaper.t ................. skipped: Can't find mogadm executable, necessary for testing.
t/80-job_master.t ............. skipped: Can't create temporary test database: DBD::mysql isn't installed.  Please install it or define MOGTEST_DBTYPE env. variable at /home/njh/.cpan/build/MogileFS-Server-2.70-Gyq9R0/blib/lib/MogileFS/Test.pm line 57.
t/checksum.t .................. skipped: Can't create temporary test database: DBD::mysql isn't installed.  Please install it or define MOGTEST_DBTYPE env. variable at /home/njh/.cpan/build/MogileFS-Server-2.70-Gyq9R0/blib/lib/MogileFS/Test.pm line 57.
t/fid-stat.t .................. ok
t/http.t ...................... ok
(Not all processes could be identified, non-owned process info
 will not be shown, you would have to be root to see it all.)

#   Failed test 'started daemonized mogstored'
#   at t/mogstored-shutdown.t line 23.
(Not all processes could be identified, non-owned process info
 will not be shown, you would have to be root to see it all.)
Use of uninitialized value $exist in concatenation (.) or string at t/mogstored-shutdown.t line 28.
exist = 
wasn't able to start up. at t/mogstored-shutdown.t line 33.
# Tests were run but no plan was declared and done_testing() was not seen.
t/mogstored-shutdown.t ........ 
Dubious, test returned 9 (wstat 2304, 0x900)
Failed 1/1 subtests 
t/multiple-devices-replpol.t .. ok
t/multiple-hosts-replpol.t .... ok
t/replpolicy-parsing.t ........ ok
t/replpolicy.t ................ ok
t/store-sqlite.t .............. ok
t/store.t ..................... skipped: Can't create temporary test database: DBD::mysql isn't installed.  Please install it or define MOGTEST_DBTYPE env. variable at /home/njh/.cpan/build/MogileFS-Server-2.70-Gyq9R0/blib/lib/MogileFS/Test.pm line 57.
t/util.t ...................... ok

Test Summary Report
-------------------
t/mogstored-shutdown.t      (Wstat: 2304 Tests: 1 Failed: 1)
  Failed test:  1
  Non-zero exit status: 9
  Parse errors: No plan found in TAP output
Files=23, Tests=213, 20 wallclock secs ( 0.09 usr  0.03 sys +  3.06 cusr  0.36 csys =  3.54 CPU)
Result: FAIL
Failed 1/23 test programs. 1/213 subtests failed.
make: *** [test_dynamic] Error 255

------------------------------
PREREQUISITES
------------------------------

Prerequisite modules loaded:

requires:

    Module              Need Have  
    ------------------- ---- ------
    Danga::Socket       1.56 1.61  
    DBI                 0    1.628 
    fields              0    2.16  
    Getopt::Long        0    2.41  
    IO::AIO             0    4.18  
    MogileFS::Client    0    1.17  
    Net::Netmask        0    1.9016
    Perlbal             1.79 1.80  
    Symbol              0    1.07  
    Sys::Syscall        0.22 0.25  
    Sys::Syslog         0    0.33  
    Test::More          0.88 0.98  

build_requires:

    Module              Need Have  
    ------------------- ---- ------
    ExtUtils::MakeMaker 0    6.72  

configure_requires:

    Module              Need Have  
    ------------------- ---- ------
    ExtUtils::MakeMaker 0    6.72  


------------------------------
ENVIRONMENT AND OTHER CONTEXT
------------------------------

Environment variables:

    AUTOMATED_TESTING = 1
    LANG = en_GB.UTF-8
    LANGUAGE = en_GB:en
    LD_LIBRARY_PATH = /usr/local/lib::
    PATH = /home/njh/perl5/perlbrew/bin:/home/njh/perl5/perlbrew/perls/perl-5.10.1/bin:/home/njh/perl5/perlbrew/bin:/usr/local/bin:/usr/bin:/bin:/usr/local/games:/usr/games:/home/njh/bin:/sbin
    PERL5LIB = /home/njh/.cpan/build/IO-AIO-4.18-3HNTFM/blib/arch:/home/njh/.cpan/build/IO-AIO-4.18-3HNTFM/blib/lib:/home/njh/.cpan/build/Net-Netmask-1.9016-WJljME/blib/arch:/home/njh/.cpan/build/Net-Netmask-1.9016-WJljME/blib/lib:/home/njh/.cpan/build/Perlbal-1.80-zubMGa/blib/arch:/home/njh/.cpan/build/Perlbal-1.80-zubMGa/blib/lib:/home/njh/.cpan/build/Danga-Socket-1.61-pTRfq_/blib/arch:/home/njh/.cpan/build/Danga-Socket-1.61-pTRfq_/blib/lib:/home/njh/.cpan/build/Sys-Syscall-0.25-R48Cf5/blib/arch:/home/njh/.cpan/build/Sys-Syscall-0.25-R48Cf5/blib/lib:/home/njh/.cpan/build/MogileFS-Client-1.17-QRxk0z/blib/arch:/home/njh/.cpan/build/MogileFS-Client-1.17-QRxk0z/blib/lib
    PERL5OPT = 
    PERL5_CPANPLUS_IS_RUNNING = 2763
    PERL5_CPAN_IS_RUNNING = 2763
    PERL5_MINISMOKEBOX = 0.56
    PERLBREW_BASHRC_VERSION = 0.58
    PERLBREW_HOME = /home/njh/.perlbrew
    PERLBREW_MANPATH = /home/njh/perl5/perlbrew/perls/perl-5.10.1/man
    PERLBREW_PATH = /home/njh/perl5/perlbrew/bin:/home/njh/perl5/perlbrew/perls/perl-5.10.1/bin
    PERLBREW_PERL = perl-5.10.1
    PERLBREW_ROOT = /home/njh/perl5/perlbrew
    PERLBREW_VERSION = 0.66
    PERL_EXTUTILS_AUTOINSTALL = --defaultdeps
    PERL_MM_USE_DEFAULT = 1
    SHELL = /bin/bash
    TERM = linux

Perl special variables (and OS-specific diagnostics, for MSWin32):

    $^X = /home/njh/perl5/perlbrew/perls/perl-5.10.1/bin/perl
    $UID/$EUID = 1000 / 1000
    $GID = 1000 24 25 29 30 44 46 108 112 1000
    $EGID = 1000 24 25 29 30 44 46 108 112 1000

Perl module toolchain versions installed:

    Module              Have    
    ------------------- --------
    CPAN                2.00    
    CPAN::Meta          2.132140
    Cwd                 3.40    
    ExtUtils::CBuilder  0.280205
    ExtUtils::Command   1.17    
    ExtUtils::Install   1.54    
    ExtUtils::MakeMaker 6.72    
    ExtUtils::Manifest  1.61    
    ExtUtils::ParseXS   3.18    
    File::Spec          3.40    
    JSON                2.59    
    JSON::PP            2.27202 
    Module::Build       0.4007  
    Module::Signature   0.73    
    Parse::CPAN::Meta   1.4405  
    Test::Harness       3.28    
    Test::More          0.98    
    YAML                0.84    
    YAML::Syck          1.27    
    version             0.9902  


--

Summary of my perl5 (revision 5 version 10 subversion 1) configuration:
   
  Platform:
    osname=linux, osvers=3.2.0-4-amd64, archname=x86_64-linux-thread-multi
    uname='linux nigelhorne.force9.co.uk 3.2.0-4-amd64 #1 smp debian 3.2.32-1 x86_64 gnulinux '
    config_args='-de -Dprefix=/home/njh/perl5/perlbrew/perls/perl-5.10.1 -Duseithreads -Dusemultiplicity -Accflags=-O2 -W -Wformat=2 -Wswitch -Wshadow -Wwrite-strings -Wuninitialized -Wall -pipe -mtune=native -march=native -fomit-frame-pointer -mfpmath=sse -pedantic -D_FORTIFY_SOURCE=2 -Wpointer-arith -Wstrict-prototypes -fstack-protector -Wstack-protector -Wextra -Wbad-function-cast -Wcast-align -Wcast-qual -Wdisabled-optimization -Wendif-labels -Wfloat-equal -Wformat-nonliteral -Winline -Wmissing-declarations -Wmissing-prototypes -Wnested-externs -Wpointer-arith -Wundef -Wformat-security -Aeval:scriptdir=/home/njh/perl5/perlbrew/perls/perl-5.10.1/bin'
    hint=recommended, useposix=true, d_sigaction=define
    useithreads=define, usemultiplicity=define
    useperlio=define, d_sfio=undef, uselargefiles=define, usesocks=undef
    use64bitint=define, use64bitall=define, uselongdouble=undef
    usemymalloc=n, bincompat5005=undef
  Compiler:
    cc='cc', ccflags ='-D_REENTRANT -D_GNU_SOURCE -O2 -W -Wformat=2 -Wswitch -Wshadow -Wwrite-strings -Wuninitialized -Wall -pipe -mtune=native -march=native -fomit-frame-pointer -mfpmath=sse -pedantic -D_FORTIFY_SOURCE=2 -Wpointer-arith -Wstrict-prototypes -fstack-protector -Wstack-protector -Wextra -Wbad-function-cast -Wcast-align -Wcast-qual -Wdisabled-optimization -Wendif-labels -Wfloat-equal -Wformat-nonliteral -Winline -Wmissing-declarations -Wmissing-prototypes -Wnested-externs -Wpointer-arith -Wundef -Wformat-security -fno-strict-aliasing -I/usr/local/include -D_LARGEFILE_SOURCE -D_FILE_OFFSET_BITS=64',
    optimize='-O2',
    cppflags='-D_REENTRANT -D_GNU_SOURCE -O2 -W -Wformat=2 -Wswitch -Wshadow -Wwrite-strings -Wuninitialized -Wall -pipe -mtune=native -march=native -fomit-frame-pointer -mfpmath=sse -pedantic -D_FORTIFY_SOURCE=2 -Wpointer-arith -Wstrict-prototypes -fstack-protector -Wstack-protector -Wextra -Wbad-function-cast -Wcast-align -Wcast-qual -Wdisabled-optimization -Wendif-labels -Wfloat-equal -Wformat-nonliteral -Winline -Wmissing-declarations -Wmissing-prototypes -Wnested-externs -Wpointer-arith -Wundef -Wformat-security -fno-strict-aliasing -I/usr/local/include'
    ccversion='', gccversion='4.7.2', gccosandvers=''
    intsize=4, longsize=8, ptrsize=8, doublesize=8, byteorder=12345678
    d_longlong=define, longlongsize=8, d_longdbl=define, longdblsize=16
    ivtype='long', ivsize=8, nvtype='double', nvsize=8, Off_t='off_t', lseeksize=8
    alignbytes=8, prototype=define
  Linker and Libraries:
    ld='cc', ldflags =' -fstack-protector -L/usr/local/lib'
    libpth=/usr/local/lib /lib/x86_64-linux-gnu /lib/../lib /usr/lib/x86_64-linux-gnu /usr/lib/../lib /lib /usr/lib
    libs=-lnsl -lgdbm -ldb -ldl -lm -lcrypt -lutil -lpthread -lc -lgdbm_compat
    perllibs=-lnsl -ldl -lm -lcrypt -lutil -lpthread -lc
    libc=, so=so, useshrplib=false, libperl=libperl.a
    gnulibc_version='2.13'
  Dynamic Linking:
    dlsrc=dl_dlopen.xs, dlext=so, d_dlsymun=undef, ccdlflags='-Wl,-E'
    cccdlflags='-fPIC', lddlflags='-shared -O2 -L/usr/local/lib -fstack-protector'


Characteristics of this binary (from libperl): 
  Compile-time options: MULTIPLICITY PERL_DONT_CREATE_GVSV
                        PERL_IMPLICIT_CONTEXT PERL_MALLOC_WRAP USE_64_BIT_ALL
                        USE_64_BIT_INT USE_ITHREADS USE_LARGE_FILES
                        USE_PERLIO USE_REENTRANT_API
  Built under linux
  Compiled at Mar  5 2013 01:45:13
  %ENV:
    PERL5LIB="/home/njh/.cpan/build/IO-AIO-4.18-3HNTFM/blib/arch:/home/njh/.cpan/build/IO-AIO-4.18-3HNTFM/blib/lib:/home/njh/.cpan/build/Net-Netmask-1.9016-WJljME/blib/arch:/home/njh/.cpan/build/Net-Netmask-1.9016-WJljME/blib/lib:/home/njh/.cpan/build/Perlbal-1.80-zubMGa/blib/arch:/home/njh/.cpan/build/Perlbal-1.80-zubMGa/blib/lib:/home/njh/.cpan/build/Danga-Socket-1.61-pTRfq_/blib/arch:/home/njh/.cpan/build/Danga-Socket-1.61-pTRfq_/blib/lib:/home/njh/.cpan/build/Sys-Syscall-0.25-R48Cf5/blib/arch:/home/njh/.cpan/build/Sys-Syscall-0.25-R48Cf5/blib/lib:/home/njh/.cpan/build/MogileFS-Client-1.17-QRxk0z/blib/arch:/home/njh/.cpan/build/MogileFS-Client-1.17-QRxk0z/blib/lib"
    PERL5OPT=""
    PERL5_CPANPLUS_IS_RUNNING="2763"
    PERL5_CPAN_IS_RUNNING="2763"
    PERL5_MINISMOKEBOX="0.56"
    PERLBREW_BASHRC_VERSION="0.58"
    PERLBREW_HOME="/home/njh/.perlbrew"
    PERLBREW_MANPATH="/home/njh/perl5/perlbrew/perls/perl-5.10.1/man"
    PERLBREW_PATH="/home/njh/perl5/perlbrew/bin:/home/njh/perl5/perlbrew/perls/perl-5.10.1/bin"
    PERLBREW_PERL="perl-5.10.1"
    PERLBREW_ROOT="/home/njh/perl5/perlbrew"
    PERLBREW_VERSION="0.66"
    PERL_EXTUTILS_AUTOINSTALL="--defaultdeps"
    PERL_MM_USE_DEFAULT="1"
  @INC:
    /home/njh/.cpan/build/IO-AIO-4.18-3HNTFM/blib/arch
    /home/njh/.cpan/build/IO-AIO-4.18-3HNTFM/blib/lib
    /home/njh/.cpan/build/Net-Netmask-1.9016-WJljME/blib/arch
    /home/njh/.cpan/build/Net-Netmask-1.9016-WJljME/blib/lib
    /home/njh/.cpan/build/Perlbal-1.80-zubMGa/blib/arch
    /home/njh/.cpan/build/Perlbal-1.80-zubMGa/blib/lib
    /home/njh/.cpan/build/Danga-Socket-1.61-pTRfq_/blib/arch
    /home/njh/.cpan/build/Danga-Socket-1.61-pTRfq_/blib/lib
    /home/njh/.cpan/build/Sys-Syscall-0.25-R48Cf5/blib/arch
    /home/njh/.cpan/build/Sys-Syscall-0.25-R48Cf5/blib/lib
    /home/njh/.cpan/build/MogileFS-Client-1.17-QRxk0z/blib/arch
    /home/njh/.cpan/build/MogileFS-Client-1.17-QRxk0z/blib/lib
    /home/njh/perl5/perlbrew/perls/perl-5.10.1/lib/5.10.1/x86_64-linux-thread-multi
    /home/njh/perl5/perlbrew/perls/perl-5.10.1/lib/5.10.1
    /home/njh/perl5/perlbrew/perls/perl-5.10.1/lib/site_perl/5.10.1/x86_64-linux-thread-multi
    /home/njh/perl5/perlbrew/perls/perl-5.10.1/lib/site_perl/5.10.1
    .