Back
From: metabase:user:314402c4-2aae-11df-837a-5e0a49663a4f
Subject: FAIL TM-1.56 v5.22.2 FreeBSD
Date: 2016-09-01T20:08:44Z
This distribution has been tested as part of the CPAN Testers
project, supporting the Perl programming language. See
http://wiki.cpantesters.org/ for more information or email
questions to cpan-testers-discuss@perl.org
--
Dear Robert Barta,
This is a computer-generated report for TM-1.56
on perl 5.22.2, created by CPAN-Reporter-1.2018.
Thank you for uploading your work to CPAN. However, there was a problem
testing your distribution.
If you think this report is invalid, please consult the CPAN Testers Wiki
for suggestions on how to avoid getting FAIL reports for missing library
or binary dependencies, unsupported operating systems, and so on:
http://wiki.cpantesters.org/wiki/CPANAuthorNotes
Sections of this report:
* Tester comments
* Program output
* Prerequisites
* Environment and other context
------------------------------
TESTER COMMENTS
------------------------------
Additional comments from tester:
none provided
------------------------------
PROGRAM OUTPUT
------------------------------
Output from '/usr/bin/make test':
PERL_DL_NONLAZY=1 "/usr/perl5.22.2p/bin/perl5.22.2" "-MExtUtils::Command::MM" "-MTest::Harness" "-e" "undef *Test::Harness::Switches; test_harness(0, 'blib/lib', 'blib/arch')" t/*.t
t/00pods.t ............. ok
t/00utils.t ............ ok
t/010infrastructure.t .. ok
t/011manipulate.t ...... ok
t/012analysis.t ........ ok
t/013index.t ........... ok
t/014insane.t .......... ok
given is experimental at /home/cpansand/.cpan/build/2016090118/TM-1.56-2ZGWTX/blib/lib/TM/IndexAble.pm line 246.
when is experimental at /home/cpansand/.cpan/build/2016090118/TM-1.56-2ZGWTX/blib/lib/TM/IndexAble.pm line 247.
when is experimental at /home/cpansand/.cpan/build/2016090118/TM-1.56-2ZGWTX/blib/lib/TM/IndexAble.pm line 250.
when is experimental at /home/cpansand/.cpan/build/2016090118/TM-1.56-2ZGWTX/blib/lib/TM/IndexAble.pm line 253.
# 1measurable speedup (taxo) with lazy index ? (0.0672938823699951 < 0.433232069015503, 6.44)
# 1measurable speedup (taxo) with eager index ? (0.228357076644897 < 2.50834894180298, 10.98)
# 1measurable speedup (char) with lazy index ? (0.0492839813232422 < 0.130985021591187, 2.66)
# no measurable speedup (reify) with lazy index + MLDBM ? (0.322606086730957 < 0.453585147857666, 1.41)
t/015indexable.t ....... ok
t/021ctmdeserialize.t .. ok
t/031synchronize.t ..... ok
Calling POSIX::tmpnam() is deprecated at t/032serialize.t line 39.
t/032serialize.t ....... ok
t/03resource.t ......... ok
Calling POSIX::tmpnam() is deprecated at t/041astmafact.t line 1061.
t/041astmafact.t ....... ok
t/042merge.t ........... ok
# Failed test 'assertions applying to identical topics are found'
# at t/043diff.t line 395.
# Comparing hash keys of $data->{"identities"}
# Extra: 'xtm-psi-occurrence'
# Looks like you failed 1 test of 52.
t/043diff.t ............
Dubious, test returned 1 (wstat 256, 0x100)
Failed 1/52 subtests
t/044merge2.t .......... ok
# Failed test 'Syntax error: Found DOT but expected URI or TILDE or EQUAL or WILDCARD or ID or DATE at yapp/astma2-fact.yp line 693.'
# at t/045astma2fact.t line 1055.
# 'Syntax error: Found DOT but expected URI or TILDE or EQUAL or WILDCARD or ID or DATE at yapp/astma2-fact.yp line 693.
# '
# doesn't match '(?^i:Found DOT but expected ID)'
# Failed test 'Syntax error: Found DOT but expected WILDCARD or DATE or ID or URI or EQUAL or TILDE at yapp/astma2-fact.yp line 693.'
# at t/045astma2fact.t line 1064.
# 'Syntax error: Found DOT but expected WILDCARD or DATE or ID or URI or EQUAL or TILDE at yapp/astma2-fact.yp line 693.
# '
# doesn't match '(?^i:Found DOT but expected ID)'
# Failed test 'Syntax error: Found HAS but expected URI or EQUAL or TILDE or WILDCARD or ID or DATE at yapp/astma2-fact.yp line 693.'
# at t/045astma2fact.t line 1071.
# 'Syntax error: Found HAS but expected URI or EQUAL or TILDE or WILDCARD or ID or DATE at yapp/astma2-fact.yp line 693.
# '
# doesn't match '(?^i:Found HAS but expected ID)'
# Looks like you failed 3 tests of 184.
t/045astma2fact.t ......
Dubious, test returned 3 (wstat 768, 0x300)
Failed 3/184 subtests
t/046astma1serial.t .... ok
t/050astma.t ........... ok
t/051mldbm.t ........... ok
t/052mldbm2.t .......... ok
t/054ltm.t ............. ok
t/055jtm.t ............. ok
Calling POSIX::tmpnam() is deprecated at t/056bdb.t line 14.
# populating map ...
# ...done
t/056bdb.t ............. ok
# no MEMCACHEDS environment variable defined, tests skipped
t/057memcached.t ....... ok
t/061xtmdeserialize.t .. ok
# Failed test 'round tripping'
# at t/061xtmserialize.t line 238.
# got: '<?xml version="1.0" encoding="iso-8859-1"?>
# <topicMap xmlns:xlink="http://www.w3.org/1999/xlink"
# ><topic id="ascope"
# ><instanceOf
# ><topicRef xlink:href="#scope"
# /></instanceOf
# ></topic
# ><topic id="atop"
# ><subjectIdentity
# ><topicRef xlink:href="#a068ce15eb7cf7cc4536d504c73a4c05c"
# /></subjectIdentity
# ><baseName
# ><baseNameString
# >just a topic</baseNameString
# ></baseName
# ></topic
# ><topic id="btop"
# ><instanceOf
# ><topicRef xlink:href="#ctop"
# /></instanceOf
# ><baseName
# ><scope
# ><topicRef xlink:href="#ascope"
# /></scope
# ><baseNameString
# >some other thing</baseNameString
# ></baseName
# ><baseName
# ><baseNameString
# >something</baseNameString
# ></baseName
# ></topic
# ><topic id="ctop"
# ><baseName
# ><baseNameString
# >over the top!</baseNameString
# ></baseName
# ><occurrence
# ><resourceData
# >somemore</resourceData
# ></occurrence
# ><occurrence
# ><instanceOf
# ><topicRef xlink:href="#sometype"
# /></instanceOf
# ><resourceRef xlink:href="http://typedoc"
# /></occurrence
# ><occurrence
# ><instanceOf
# ><topicRef xlink:href="#sometype"
# /></instanceOf
# ><scope
# ><topicRef xlink:href="#ascope"
# /></scope
# ><resourceData
# >also typed</resourceData
# ></occurrence
# ><occurrence
# ><resourceData
# >something</resourceData
# ></occurrence
# ><occurrence
# ><scope
# ><topicRef xlink:href="#ascope"
# /></scope
# ><resourceData
# >scoped</resourceData
# ></occurrence
# ><occurrence
# ><instanceOf
# ><topicRef xlink:href="#sometype"
# /></instanceOf
# ><scope
# ><topicRef xlink:href="#ascope"
# /></scope
# ><resourceRef xlink:href="http://typedandscopedoc"
# /></occurrence
# ><occurrence
# ><resourceRef xlink:href="http://somewhere"
# /></occurrence
# ></topic
# ><topic id="nackertes_topic"
# ></topic
# ><topic id="nobody"
# ></topic
# ><topic id="others"
# ></topic
# ><topic id="sometype"
# ></topic
# ><topic id="sucker"
# ></topic
# ><topic id="sucks-more-than"
# ></topic
# ><topic id="thistop"
# ><subjectIdentity
# ><resourceRef xlink:href="http://rumsti"
# /><subjectIndicatorRef xlink:href="http://nowhere.never.ever"
# /><subjectIndicatorRef xlink:href="http://nowhere.ever.never"
# /></subjectIdentity
# ><baseName
# ><baseNameString
# >reification</baseNameString
# ></baseName
# ><occurrence
# ><resourceData
# >reification</resourceData
# ></occurrence
# ></topic
# ><topic id="winner"
# ></topic
# ><association id="a068ce15eb7cf7cc4536d504c73a4c05c"
# ><instanceOf
# ><topicRef xlink:href="#sucks-more-than"
# /></instanceOf
# ><member
# ><roleSpec
# ><topicRef xlink:href="#sucker"
# /></roleSpec
# ><topicRef xlink:href="#nobody"
# /></member
# ><member
# ><roleSpec
# ><topicRef xlink:href="#winner"
# /></roleSpec
# ><topicRef xlink:href="#nobody"
# /></member
# ></association
# ><association id="a1347a22207f0c6c1c1e638880f656779"
# ><instanceOf
# ><topicRef xlink:href="#sucks-more-than"
# /></instanceOf
# ><scope
# ><topicRef xlink:href="#ascope"
# /></scope
# ><member
# ><roleSpec
# ><topicRef xlink:href="#winner"
# /></roleSpec
# ><topicRef xlink:href="#nobody"
# /></member
# ><member
# ><roleSpec
# ><topicRef xlink:href="#sucker"
# /></roleSpec
# ><topicRef xlink:href="#nobody"
# /></member
# ></association
# ><association id="a40543dbafd5a060415c45edc24fd7310"
# ><instanceOf
# ><topicRef xlink:href="#is-subclass-of"
# /></instanceOf
# ><member
# ><roleSpec
# ><topicRef xlink:href="#subclass"
# /></roleSpec
# ><topicRef xlink:href="#sometype"
# /></member
# ><member
# ><roleSpec
# ><topicRef xlink:href="#superclass"
# /></roleSpec
# ><topicRef xlink:href="#occurrence"
# /></member
# ></association
# ><association id="a4abe49897cefeb950e4affaab0418e4f"
# ><instanceOf
# ><topicRef xlink:href="#sucks-more-than"
# /></instanceOf
# ><member
# ><roleSpec
# ><topicRef xlink:href="#sucker"
# /></roleSpec
# ><topicRef xlink:href="#ctop"
# /></member
# ><member
# ><roleSpec
# ><topicRef xlink:href="#winner"
# /></roleSpec
# ><topicRef xlink:href="#atop"
# /><topicRef xlink:href="#others"
# /></member
# ></association
# ></topicMap
# >
# '
# expected: '<?xml version="1.0" encoding="iso-8859-1"?>
# <topicMap xmlns:xlink="http://www.w3.org/1999/xlink"
# ><topic id="ascope"
# ><instanceOf
# ><topicRef xlink:href="#scope"
# /></instanceOf
# ></topic
# ><topic id="atop"
# ><subjectIdentity
# ><topicRef xlink:href="#a068ce15eb7cf7cc4536d504c73a4c05c"
# /></subjectIdentity
# ><baseName
# ><baseNameString
# >just a topic</baseNameString
# ></baseName
# ></topic
# ><topic id="btop"
# ><instanceOf
# ><topicRef xlink:href="#ctop"
# /></instanceOf
# ><baseName
# ><scope
# ><topicRef xlink:href="#ascope"
# /></scope
# ><baseNameString
# >some other thing</baseNameString
# ></baseName
# ><baseName
# ><baseNameString
# >something</baseNameString
# ></baseName
# ></topic
# ><topic id="ctop"
# ><baseName
# ><baseNameString
# >over the top!</baseNameString
# ></baseName
# ><occurrence
# ><resourceData
# >somemore</resourceData
# ></occurrence
# ><occurrence
# ><instanceOf
# ><topicRef xlink:href="#sometype"
# /></instanceOf
# ><resourceRef xlink:href="http://typedoc"
# /></occurrence
# ><occurrence
# ><instanceOf
# ><topicRef xlink:href="#sometype"
# /></instanceOf
# ><scope
# ><topicRef xlink:href="#ascope"
# /></scope
# ><resourceData
# >also typed</resourceData
# ></occurrence
# ><occurrence
# ><resourceData
# >something</resourceData
# ></occurrence
# ><occurrence
# ><scope
# ><topicRef xlink:href="#ascope"
# /></scope
# ><resourceData
# >scoped</resourceData
# ></occurrence
# ><occurrence
# ><instanceOf
# ><topicRef xlink:href="#sometype"
# /></instanceOf
# ><scope
# ><topicRef xlink:href="#ascope"
# /></scope
# ><resourceRef xlink:href="http://typedandscopedoc"
# /></occurrence
# ><occurrence
# ><resourceRef xlink:href="http://somewhere"
# /></occurrence
# ></topic
# ><topic id="nackertes_topic"
# ></topic
# ><topic id="nobody"
# ></topic
# ><topic id="others"
# ></topic
# ><topic id="sometype"
# ></topic
# ><topic id="sucker"
# ></topic
# ><topic id="sucks-more-than"
# ></topic
# ><topic id="thistop"
# ><subjectIdentity
# ><resourceRef xlink:href="http://rumsti"
# /><subjectIndicatorRef xlink:href="http://nowhere.never.ever"
# /><subjectIndicatorRef xlink:href="http://nowhere.ever.never"
# /></subjectIdentity
# ><baseName
# ><baseNameString
# >reification</baseNameString
# ></baseName
# ><occurrence
# ><resourceData
# >reification</resourceData
# ></occurrence
# ></topic
# ><topic id="winner"
# ></topic
# ><association id="a068ce15eb7cf7cc4536d504c73a4c05c"
# ><instanceOf
# ><topicRef xlink:href="#sucks-more-than"
# /></instanceOf
# ><member
# ><roleSpec
# ><topicRef xlink:href="#sucker"
# /></roleSpec
# ><topicRef xlink:href="#nobody"
# /></member
# ><member
# ><roleSpec
# ><topicRef xlink:href="#winner"
# /></roleSpec
# ><topicRef xlink:href="#nobody"
# /></member
# ></association
# ><association id="a1347a22207f0c6c1c1e638880f656779"
# ><instanceOf
# ><topicRef xlink:href="#sucks-more-than"
# /></instanceOf
# ><scope
# ><topicRef xlink:href="#ascope"
# /></scope
# ><member
# ><roleSpec
# ><topicRef xlink:href="#sucker"
# /></roleSpec
# ><topicRef xlink:href="#nobody"
# /></member
# ><member
# ><roleSpec
# ><topicRef xlink:href="#winner"
# /></roleSpec
# ><topicRef xlink:href="#nobody"
# /></member
# ></association
# ><association id="a40543dbafd5a060415c45edc24fd7310"
# ><instanceOf
# ><topicRef xlink:href="#is-subclass-of"
# /></instanceOf
# ><member
# ><roleSpec
# ><topicRef xlink:href="#superclass"
# /></roleSpec
# ><topicRef xlink:href="#occurrence"
# /></member
# ><member
# ><roleSpec
# ><topicRef xlink:href="#subclass"
# /></roleSpec
# ><topicRef xlink:href="#sometype"
# /></member
# ></association
# ><association id="a4abe49897cefeb950e4affaab0418e4f"
# ><instanceOf
# ><topicRef xlink:href="#sucks-more-than"
# /></instanceOf
# ><member
# ><roleSpec
# ><topicRef xlink:href="#winner"
# /></roleSpec
# ><topicRef xlink:href="#atop"
# /><topicRef xlink:href="#others"
# /></member
# ><member
# ><roleSpec
# ><topicRef xlink:href="#sucker"
# /></roleSpec
# ><topicRef xlink:href="#ctop"
# /></member
# ></association
# ></topicMap
# >
# '
# Looks like you failed 1 test of 25.
t/061xtmserialize.t ....
Dubious, test returned 1 (wstat 256, 0x100)
Failed 1/25 subtests
t/062xtmdeserialize.t .. ok
t/062xtmserialize.t .... ok
t/063xtm.t ............. ok
# Failed test 'round trip'
# at t/064csv.t line 146.
# Failed test 'round trip (auto tid)'
# at t/064csv.t line 149.
# Looks like you failed 2 tests of 28.
t/064csv.t .............
Dubious, test returned 2 (wstat 512, 0x200)
Failed 2/28 subtests
t/072bulk.t ............ ok
t/091taufilter.t ....... ok
t/092taufederate.t ..... ok
Calling POSIX::tmpnam() is deprecated at t/095tau.t line 88.
t/095tau.t ............. ok
Calling POSIX::tmpnam() is deprecated at t/096taumapsphere.t line 76.
Calling POSIX::tmpnam() is deprecated at t/096taumapsphere.t line 77.
t/096taumapsphere.t .... ok
t/100mapsphere.t ....... ok
Calling POSIX::tmpnam() is deprecated at t/101mapsphere.t line 27.
t/101mapsphere.t ....... ok
Calling POSIX::tmpnam() is deprecated at t/102mapsphere.t line 36.
# Failed test 'child map, midlet (eee)'
# at t/102mapsphere.t line 161.
# Looks like you failed 1 test of 41.
t/102mapsphere.t .......
Dubious, test returned 1 (wstat 256, 0x100)
Failed 1/41 subtests
t/103objectable.t ...... ok
# Failed test 'roles all there'
# at t/13tmdm.t line 261.
# Comparing $data as a Set
# Missing: 2 references
# Extra: 2 references
# Looks like you failed 1 test of 39.
t/13tmdm.t .............
Dubious, test returned 1 (wstat 256, 0x100)
Failed 1/39 subtests
Test Summary Report
-------------------
t/043diff.t (Wstat: 256 Tests: 52 Failed: 1)
Failed test: 52
Non-zero exit status: 1
t/045astma2fact.t (Wstat: 768 Tests: 184 Failed: 3)
Failed tests: 161-163
Non-zero exit status: 3
t/061xtmserialize.t (Wstat: 256 Tests: 25 Failed: 1)
Failed test: 23
Non-zero exit status: 1
t/064csv.t (Wstat: 512 Tests: 28 Failed: 2)
Failed tests: 19-20
Non-zero exit status: 2
t/102mapsphere.t (Wstat: 256 Tests: 41 Failed: 1)
Failed test: 25
Non-zero exit status: 1
t/13tmdm.t (Wstat: 256 Tests: 39 Failed: 1)
Failed test: 34
Non-zero exit status: 1
Files=41, Tests=11337, 75 wallclock secs ( 0.36 usr 0.52 sys + 21.60 cusr 3.30 csys = 25.77 CPU)
Result: FAIL
Failed 6/41 test programs. 9/11337 subtests failed.
*** Error code 1
Stop.
make: stopped in /home/cpansand/.cpan/build/2016090118/TM-1.56-2ZGWTX
------------------------------
PREREQUISITES
------------------------------
Prerequisite modules loaded:
requires:
Module Need Have
------------------- ----- ----------
BerkeleyDB 0.26 0.55
Cache::Memcached 0 1.30
Class::Trait 0.22 0.31
Config::General 2.26 2.63
IO::String 1.08 1.08
Log::Log4perl 0.5 1.47
LWP::Simple 1.41 6.15
MLDBM 2.01 2.05
MLDBM::Sync 0.3 0.30
Parse::RecDescent 0 1.967013
Parse::Yapp::Driver 1.05 1.05
Pod::Usage 1.16 1.69
Regexp::Common 0 2016060201
Term::ReadLine 1.01 1.15
Test::Deep 0.093 1.120
Test::More 0.47 1.302052
Test::Pod 1 1.51
Text::CSV 0 1.33
URI 1.35 1.71
XML::LibXML 1.58 2.0126
XML::Simple 2.13 2.22
XML::Writer 0.602 0.625
YAML::Syck 0 1.29
build_requires:
Module Need Have
------------------- ----- ----------
ExtUtils::MakeMaker 0 7.24
configure_requires:
Module Need Have
------------------- ----- ----------
ExtUtils::MakeMaker 0 7.24
------------------------------
ENVIRONMENT AND OTHER CONTEXT
------------------------------
Environment variables:
LC_ALL = de_DE.ISO8859-1
PATH = /usr/local/bin:/usr/bin:/bin:/usr/local/sbin:/usr/sbin:/sbin:/home/cpansand/bin/freebsd10.1:/home/cpansand/bin/sh:/home/cpansand/bin:/usr/games:/home/cpansand/devel:/home/eserte/src/srezic-misc/scripts
PERL5LIB = /home/cpansand/.cpan/build/2016090118/Class-Trait-0.31-UklCM8/blib/arch:/home/cpansand/.cpan/build/2016090118/Class-Trait-0.31-UklCM8/blib/lib
PERL5OPT =
PERL5_CPANPLUS_IS_RUNNING = 89855
PERL5_CPAN_IS_RUNNING = 89855
PERL5_CPAN_IS_RUNNING_IN_RECURSION = 87229,89855
PERLDOC = -MPod::Perldoc::ToTextOverstrike
PERL_BATCH = yes
PERL_CANARY_STABILITY_NOPROMPT = 1
PERL_CPAN_REPORTER_CONFIG = /var/tmp/cpansmoker-1023/2016090118/cpanreporter_003_config.ini
PERL_EXTUTILS_AUTOINSTALL = --defaultdeps
SHELL = /usr/local/bin/zsh
TERM = screen
TMPDIR = /var/tmp/cpansmoker-1023/2016090118
Perl special variables (and OS-specific diagnostics, for MSWin32):
$^X = /usr/perl5.22.2p/bin/perl5.22.2
$UID/$EUID = 1023 / 1023
$GID = 1023 1023
$EGID = 1023 1023
Perl module toolchain versions installed:
Module Have
------------------- --------
CPAN 2.11
CPAN::Meta 2.150010
Cwd 3.62
ExtUtils::CBuilder 0.280221
ExtUtils::Command 7.24
ExtUtils::Install 2.04
ExtUtils::MakeMaker 7.24
ExtUtils::Manifest 1.70
ExtUtils::ParseXS 3.28
File::Spec 3.62
JSON 2.90
JSON::PP 2.27300
Module::Build 0.4220
Module::Signature n/a
Parse::CPAN::Meta 2.150010
Test::Harness 3.35
Test::More 1.302052
YAML 1.15
YAML::Syck 1.29
version 0.9917
--
Summary of my perl5 (revision 5 version 22 subversion 2) configuration:
Platform:
osname=freebsd, osvers=10.1-release, archname=amd64-freebsd
uname='freebsd cvrsnica-freebsd-101.herceg.de 10.1-release freebsd 10.1-release #0 r274401: tue nov 11 21:02:49 utc 2014 root@releng1.nyi.freebsd.org:usrobjusrsrcsysgeneric amd64 '
config_args='-ds -e -Dprefix=/usr/perl5.22.2p -Dcf_email=srezic@cpan.org -Doptimize=-O2 -pipe'
hint=recommended, useposix=true, d_sigaction=define
useithreads=undef, usemultiplicity=undef
use64bitint=define, use64bitall=define, uselongdouble=undef
usemymalloc=n, bincompat5005=undef
Compiler:
cc='cc', ccflags ='-DHAS_FPSETMASK -DHAS_FLOATINGPOINT_H -fno-strict-aliasing -pipe -fstack-protector -I/usr/local/include -D_FORTIFY_SOURCE=2',
optimize='-O2 -pipe',
cppflags='-DHAS_FPSETMASK -DHAS_FLOATINGPOINT_H -fno-strict-aliasing -pipe -fstack-protector -I/usr/local/include'
ccversion='', gccversion='4.2.1 Compatible FreeBSD Clang 3.4.1 (tags/RELEASE_34/dot1-final 208032)', gccosandvers=''
intsize=4, longsize=8, ptrsize=8, doublesize=8, byteorder=12345678, doublekind=3
d_longlong=define, longlongsize=8, d_longdbl=define, longdblsize=16, longdblkind=3
ivtype='long', ivsize=8, nvtype='double', nvsize=8, Off_t='off_t', lseeksize=8
alignbytes=8, prototype=define
Linker and Libraries:
ld='cc', ldflags ='-pthread -Wl,-E -fstack-protector -L/usr/local/lib'
libpth=/usr/lib /usr/local/lib /usr/include/clang/3.4.1 /usr/lib
libs=-lpthread -lgdbm -lm -lcrypt -lutil -lc
perllibs=-lpthread -lm -lcrypt -lutil -lc
libc=, so=so, useshrplib=false, libperl=libperl.a
gnulibc_version=''
Dynamic Linking:
dlsrc=dl_dlopen.xs, dlext=so, d_dlsymun=undef, ccdlflags=' '
cccdlflags='-DPIC -fPIC', lddlflags='-shared -L/usr/local/lib -fstack-protector'
Characteristics of this binary (from libperl):
Compile-time options: HAS_TIMES PERLIO_LAYERS PERL_DONT_CREATE_GVSV
PERL_HASH_FUNC_ONE_AT_A_TIME_HARD PERL_MALLOC_WRAP
PERL_NEW_COPY_ON_WRITE PERL_PRESERVE_IVUV
USE_64_BIT_ALL USE_64_BIT_INT USE_LARGE_FILES
USE_LOCALE USE_LOCALE_COLLATE USE_LOCALE_CTYPE
USE_LOCALE_NUMERIC USE_LOCALE_TIME USE_PERLIO
USE_PERL_ATOF
Built under freebsd
Compiled at May 29 2016 23:34:36
%ENV:
PERL5LIB="/home/cpansand/.cpan/build/2016090118/Class-Trait-0.31-UklCM8/blib/arch:/home/cpansand/.cpan/build/2016090118/Class-Trait-0.31-UklCM8/blib/lib"
PERL5OPT=""
PERL5_CPANPLUS_IS_RUNNING="89855"
PERL5_CPAN_IS_RUNNING="89855"
PERL5_CPAN_IS_RUNNING_IN_RECURSION="87229,89855"
PERLDOC="-MPod::Perldoc::ToTextOverstrike"
PERL_BATCH="yes"
PERL_CANARY_STABILITY_NOPROMPT="1"
PERL_CPAN_REPORTER_CONFIG="/var/tmp/cpansmoker-1023/2016090118/cpanreporter_003_config.ini"
PERL_EXTUTILS_AUTOINSTALL="--defaultdeps"
@INC:
/home/cpansand/.cpan/build/2016090118/Class-Trait-0.31-UklCM8/blib/arch
/home/cpansand/.cpan/build/2016090118/Class-Trait-0.31-UklCM8/blib/lib
/usr/perl5.22.2p/lib/site_perl/5.22.2/amd64-freebsd
/usr/perl5.22.2p/lib/site_perl/5.22.2
/usr/perl5.22.2p/lib/5.22.2/amd64-freebsd
/usr/perl5.22.2p/lib/5.22.2
.