Report for Unix-PID-Tiny-0.91

Back
From: metabase:user:314402c4-2aae-11df-837a-5e0a49663a4f
Subject: FAIL Unix-PID-Tiny-0.91 v5.22.2 GNU/Linux
Date: 2016-06-26T18:57:52Z

This distribution has been tested as part of the CPAN Testers
project, supporting the Perl programming language.  See
http://wiki.cpantesters.org/ for more information or email
questions to cpan-testers-discuss@perl.org


--
Dear Daniel Muey,

This is a computer-generated report for Unix-PID-Tiny-0.91
on perl 5.22.2, created by CPAN-Reporter-1.2018.

Thank you for uploading your work to CPAN.  However, there was a problem
testing your distribution.

If you think this report is invalid, please consult the CPAN Testers Wiki
for suggestions on how to avoid getting FAIL reports for missing library
or binary dependencies, unsupported operating systems, and so on:

http://wiki.cpantesters.org/wiki/CPANAuthorNotes

Sections of this report:

    * Tester comments
    * Program output
    * Prerequisites
    * Environment and other context

------------------------------
TESTER COMMENTS
------------------------------

Additional comments from tester:

none provided

------------------------------
PROGRAM OUTPUT
------------------------------

Output from '/usr/bin/make test':

PERL_DL_NONLAZY=1 "/bbbike/perl-5.22.2t/bin/perl" "-MExtUtils::Command::MM" "-MTest::Harness" "-e" "undef *Test::Harness::Switches; test_harness(0, 'blib/lib', 'blib/arch')" t/*.t
# Testing Unix::PID::Tiny 0.91
t/00.load.t ....... ok
Can't locate File/Slurp.pm in @INC (you may need to install the File::Slurp module) (@INC contains: /tmpfs/.cpan-build-cpansand/2016062612/Unix-PID-Tiny-0.91-QMGLMz/blib/lib /tmpfs/.cpan-build-cpansand/2016062612/Unix-PID-Tiny-0.91-QMGLMz/blib/arch /home/cpansand/.cpan/build/2016062612/Regexp-Debugger-0.001020-UrSuUe/blib/arch /home/cpansand/.cpan/build/2016062612/Regexp-Debugger-0.001020-UrSuUe/blib/lib /home/cpansand/.cpan/build/2016062612/Net-IDN-Encode-2.300-UBTSo3/blib/arch /home/cpansand/.cpan/build/2016062612/Net-IDN-Encode-2.300-UBTSo3/blib/lib /home/cpansand/.cpan/build/2016062612/Module-Want-0.6-RN8ndp/blib/arch /home/cpansand/.cpan/build/2016062612/Module-Want-0.6-RN8ndp/blib/lib /home/cpansand/.cpan/build/2016062612/Test-Carp-0.2-wOy4XH/blib/arch /home/cpansand/.cpan/build/2016062612/Test-Carp-0.2-wOy4XH/blib/lib /home/cpansand/.cpan/build/2016062612/File-Path-Tiny-0.8-BqkmFg/blib/arch /home/cpansand/.cpan/build/2016062612/File-Path-Tiny-0.8-BqkmFg/blib/lib /home/cpansand/.cpan/build/2016062612/Regexp-Debugger-0.001020-UrSuUe/blib/arch /home/cpansand/.cpan/build/2016062612/Regexp-Debugger-0.001020-UrSuUe/blib/lib /home/cpansand/.cpan/build/2016062612/Net-IDN-Encode-2.300-UBTSo3/blib/arch /home/cpansand/.cpan/build/2016062612/Net-IDN-Encode-2.300-UBTSo3/blib/lib /home/cpansand/.cpan/build/2016062612/Module-Want-0.6-RN8ndp/blib/arch /home/cpansand/.cpan/build/2016062612/Module-Want-0.6-RN8ndp/blib/lib /home/cpansand/.cpan/build/2016062612/Test-Carp-0.2-wOy4XH/blib/arch /home/cpansand/.cpan/build/2016062612/Test-Carp-0.2-wOy4XH/blib/lib /home/cpansand/.cpan/build/2016062612/File-Path-Tiny-0.8-BqkmFg/blib/arch /home/cpansand/.cpan/build/2016062612/File-Path-Tiny-0.8-BqkmFg/blib/lib /opt/perl-5.22.2t/lib/site_perl/5.22.2/x86_64-linux-thread-multi /opt/perl-5.22.2t/lib/site_perl/5.22.2 /opt/perl-5.22.2t/lib/5.22.2/x86_64-linux-thread-multi /opt/perl-5.22.2t/lib/5.22.2 .) at t/01.methods.t line 10.
BEGIN failed--compilation aborted at t/01.methods.t line 10.
# Looks like you planned 81 tests but ran 1.
# Looks like your test exited with 2 just after 1.
t/01.methods.t .... 
Dubious, test returned 2 (wstat 512, 0x200)
Failed 80/81 subtests 
t/perlcritic.t .... skipped: Critic tests are only run in RELEASE_TESTING mode.
t/perltidy.t ...... skipped: PerlTidy tests are only run in RELEASE_TESTING mode.
t/pod-coverage.t .. skipped: POD tests are only run in RELEASE_TESTING mode.
t/pod.t ........... skipped: POD tests are only run in RELEASE_TESTING mode.

Test Summary Report
-------------------
t/01.methods.t  (Wstat: 512 Tests: 1 Failed: 0)
  Non-zero exit status: 2
  Parse errors: Bad plan.  You planned 81 tests but ran 1.
Files=6, Tests=2,  0 wallclock secs ( 0.02 usr  0.02 sys +  0.07 cusr  0.03 csys =  0.14 CPU)
Result: FAIL
Failed 1/6 test programs. 0/2 subtests failed.
Makefile:836: recipe for target 'test_dynamic' failed
make: *** [test_dynamic] Error 255

------------------------------
PREREQUISITES
------------------------------

Prerequisite modules loaded:

requires:

    Module              Need Have    
    ------------------- ---- --------
    Test::More          0    1.001014

build_requires:

    Module              Need Have    
    ------------------- ---- --------
    ExtUtils::MakeMaker 0    7.04_01 

configure_requires:

    Module              Need Have    
    ------------------- ---- --------
    ExtUtils::MakeMaker 0    7.04_01 


------------------------------
ENVIRONMENT AND OTHER CONTEXT
------------------------------

Environment variables:

    LANG = C
    PATH = /usr/local/bin:/usr/bin:/bin:/usr/local/sbin:/usr/sbin:/sbin:/home/cpansand/bin/linux-gnu:/home/cpansand/bin/sh:/home/cpansand/bin:/usr/games:/home/cpansand/devel:/home/eserte/src/srezic-misc/scripts
    PERL5LIB = /home/cpansand/.cpan/build/2016062612/Regexp-Debugger-0.001020-UrSuUe/blib/arch:/home/cpansand/.cpan/build/2016062612/Regexp-Debugger-0.001020-UrSuUe/blib/lib:/home/cpansand/.cpan/build/2016062612/Net-IDN-Encode-2.300-UBTSo3/blib/arch:/home/cpansand/.cpan/build/2016062612/Net-IDN-Encode-2.300-UBTSo3/blib/lib:/home/cpansand/.cpan/build/2016062612/Module-Want-0.6-RN8ndp/blib/arch:/home/cpansand/.cpan/build/2016062612/Module-Want-0.6-RN8ndp/blib/lib:/home/cpansand/.cpan/build/2016062612/Test-Carp-0.2-wOy4XH/blib/arch:/home/cpansand/.cpan/build/2016062612/Test-Carp-0.2-wOy4XH/blib/lib:/home/cpansand/.cpan/build/2016062612/File-Path-Tiny-0.8-BqkmFg/blib/arch:/home/cpansand/.cpan/build/2016062612/File-Path-Tiny-0.8-BqkmFg/blib/lib
    PERL5OPT = 
    PERL5_CPANPLUS_IS_RUNNING = 14817
    PERL5_CPAN_IS_RUNNING = 14817
    PERL5_CPAN_IS_RUNNING_IN_RECURSION = 10770,14817
    PERLDOC = -MPod::Perldoc::ToTextOverstrike
    PERL_BATCH = yes
    PERL_CANARY_STABILITY_NOPROMPT = 1
    PERL_CPAN_REPORTER_CONFIG = /run/user/1023/cpansmoker/2016062609/cpanreporter_003_config.ini
    PERL_EXTUTILS_AUTOINSTALL = --defaultdeps
    SHELL = /bin/zsh
    TERM = screen
    TMPDIR = /run/user/1023/cpansmoker/2016062609

Perl special variables (and OS-specific diagnostics, for MSWin32):

    $^X = /bbbike/perl-5.22.2t/bin/perl
    $UID/$EUID = 1023 / 1023
    $GID = 1023 1023
    $EGID = 1023 1023

Perl module toolchain versions installed:

    Module              Have    
    ------------------- --------
    CPAN                2.11    
    CPAN::Meta          2.150001
    Cwd                 3.56_01 
    ExtUtils::CBuilder  0.280221
    ExtUtils::Command   1.20    
    ExtUtils::Install   2.04    
    ExtUtils::MakeMaker 7.04_01 
    ExtUtils::Manifest  1.70    
    ExtUtils::ParseXS   3.28    
    File::Spec          3.56_01 
    JSON                2.90    
    JSON::PP            2.27300 
    Module::Build       0.4218  
    Module::Signature   n/a     
    Parse::CPAN::Meta   1.4414  
    Test::Harness       3.35    
    Test::More          1.001014
    YAML                1.15    
    YAML::Syck          1.29    
    version             0.9909  


--

Summary of my perl5 (revision 5 version 22 subversion 2) configuration:
   
  Platform:
    osname=linux, osvers=3.16.0-4-amd64, archname=x86_64-linux-thread-multi
    uname='linux eserte 3.16.0-4-amd64 #1 smp debian 3.16.7-ckt25-2 (2016-04-08) x86_64 gnulinux '
    config_args='-ds -e -Dprefix=/opt/perl-5.22.2t -Dusethreads -Dcf_email=srezic@cpan.org'
    hint=recommended, useposix=true, d_sigaction=define
    useithreads=define, usemultiplicity=define
    use64bitint=define, use64bitall=define, uselongdouble=undef
    usemymalloc=n, bincompat5005=undef
  Compiler:
    cc='cc', ccflags ='-D_REENTRANT -D_GNU_SOURCE -fwrapv -fno-strict-aliasing -pipe -fstack-protector-strong -I/usr/local/include -D_LARGEFILE_SOURCE -D_FILE_OFFSET_BITS=64 -D_FORTIFY_SOURCE=2',
    optimize='-O2',
    cppflags='-D_REENTRANT -D_GNU_SOURCE -fwrapv -fno-strict-aliasing -pipe -fstack-protector-strong -I/usr/local/include'
    ccversion='', gccversion='4.9.2', gccosandvers=''
    intsize=4, longsize=8, ptrsize=8, doublesize=8, byteorder=12345678, doublekind=3
    d_longlong=define, longlongsize=8, d_longdbl=define, longdblsize=16, longdblkind=3
    ivtype='long', ivsize=8, nvtype='double', nvsize=8, Off_t='off_t', lseeksize=8
    alignbytes=8, prototype=define
  Linker and Libraries:
    ld='cc', ldflags =' -fstack-protector-strong -L/usr/local/lib'
    libpth=/usr/local/lib /usr/lib/gcc/x86_64-linux-gnu/4.9/include-fixed /usr/include/x86_64-linux-gnu /usr/lib /lib/x86_64-linux-gnu /lib/../lib /usr/lib/x86_64-linux-gnu /usr/lib/../lib /lib
    libs=-lpthread -lnsl -lgdbm -ldb -ldl -lm -lcrypt -lutil -lc -lgdbm_compat
    perllibs=-lpthread -lnsl -ldl -lm -lcrypt -lutil -lc
    libc=libc-2.19.so, so=so, useshrplib=false, libperl=libperl.a
    gnulibc_version='2.19'
  Dynamic Linking:
    dlsrc=dl_dlopen.xs, dlext=so, d_dlsymun=undef, ccdlflags='-Wl,-E'
    cccdlflags='-fPIC', lddlflags='-shared -O2 -L/usr/local/lib -fstack-protector-strong'


Characteristics of this binary (from libperl): 
  Compile-time options: HAS_TIMES MULTIPLICITY PERLIO_LAYERS
                        PERL_DONT_CREATE_GVSV
                        PERL_HASH_FUNC_ONE_AT_A_TIME_HARD
                        PERL_IMPLICIT_CONTEXT PERL_MALLOC_WRAP
                        PERL_NEW_COPY_ON_WRITE PERL_PRESERVE_IVUV
                        USE_64_BIT_ALL USE_64_BIT_INT USE_ITHREADS
                        USE_LARGE_FILES USE_LOCALE USE_LOCALE_COLLATE
                        USE_LOCALE_CTYPE USE_LOCALE_NUMERIC USE_LOCALE_TIME
                        USE_PERLIO USE_PERL_ATOF USE_REENTRANT_API
  Built under linux
  Compiled at May  7 2016 14:08:21
  %ENV:
    PERL5LIB="/home/cpansand/.cpan/build/2016062612/Regexp-Debugger-0.001020-UrSuUe/blib/arch:/home/cpansand/.cpan/build/2016062612/Regexp-Debugger-0.001020-UrSuUe/blib/lib:/home/cpansand/.cpan/build/2016062612/Net-IDN-Encode-2.300-UBTSo3/blib/arch:/home/cpansand/.cpan/build/2016062612/Net-IDN-Encode-2.300-UBTSo3/blib/lib:/home/cpansand/.cpan/build/2016062612/Module-Want-0.6-RN8ndp/blib/arch:/home/cpansand/.cpan/build/2016062612/Module-Want-0.6-RN8ndp/blib/lib:/home/cpansand/.cpan/build/2016062612/Test-Carp-0.2-wOy4XH/blib/arch:/home/cpansand/.cpan/build/2016062612/Test-Carp-0.2-wOy4XH/blib/lib:/home/cpansand/.cpan/build/2016062612/File-Path-Tiny-0.8-BqkmFg/blib/arch:/home/cpansand/.cpan/build/2016062612/File-Path-Tiny-0.8-BqkmFg/blib/lib"
    PERL5OPT=""
    PERL5_CPANPLUS_IS_RUNNING="14817"
    PERL5_CPAN_IS_RUNNING="14817"
    PERL5_CPAN_IS_RUNNING_IN_RECURSION="10770,14817"
    PERLDOC="-MPod::Perldoc::ToTextOverstrike"
    PERL_BATCH="yes"
    PERL_CANARY_STABILITY_NOPROMPT="1"
    PERL_CPAN_REPORTER_CONFIG="/run/user/1023/cpansmoker/2016062609/cpanreporter_003_config.ini"
    PERL_EXTUTILS_AUTOINSTALL="--defaultdeps"
  @INC:
    /home/cpansand/.cpan/build/2016062612/Regexp-Debugger-0.001020-UrSuUe/blib/arch
    /home/cpansand/.cpan/build/2016062612/Regexp-Debugger-0.001020-UrSuUe/blib/lib
    /home/cpansand/.cpan/build/2016062612/Net-IDN-Encode-2.300-UBTSo3/blib/arch
    /home/cpansand/.cpan/build/2016062612/Net-IDN-Encode-2.300-UBTSo3/blib/lib
    /home/cpansand/.cpan/build/2016062612/Module-Want-0.6-RN8ndp/blib/arch
    /home/cpansand/.cpan/build/2016062612/Module-Want-0.6-RN8ndp/blib/lib
    /home/cpansand/.cpan/build/2016062612/Test-Carp-0.2-wOy4XH/blib/arch
    /home/cpansand/.cpan/build/2016062612/Test-Carp-0.2-wOy4XH/blib/lib
    /home/cpansand/.cpan/build/2016062612/File-Path-Tiny-0.8-BqkmFg/blib/arch
    /home/cpansand/.cpan/build/2016062612/File-Path-Tiny-0.8-BqkmFg/blib/lib
    /opt/perl-5.22.2t/lib/site_perl/5.22.2/x86_64-linux-thread-multi
    /opt/perl-5.22.2t/lib/site_perl/5.22.2
    /opt/perl-5.22.2t/lib/5.22.2/x86_64-linux-thread-multi
    /opt/perl-5.22.2t/lib/5.22.2
    .