Back
From: metabase:user:320bfe00-2aae-11df-837a-5e0a49663a4f
Subject: FAIL WWW-3Taps-API-0.06 v5.8.3 GNU/Linux
Date: 2016-07-13T10:23:49Z
This distribution has been tested as part of the CPAN Testers
project, supporting the Perl programming language. See
http://wiki.cpantesters.org/ for more information or email
questions to cpan-testers-discuss@perl.org
--
Dear Eden Cardim,
This is a computer-generated report for WWW-3Taps-API-0.06
on perl 5.8.3, created by CPAN-Reporter-1.2018.
Thank you for uploading your work to CPAN. However, there was a problem
testing your distribution.
If you think this report is invalid, please consult the CPAN Testers Wiki
for suggestions on how to avoid getting FAIL reports for missing library
or binary dependencies, unsupported operating systems, and so on:
http://wiki.cpantesters.org/wiki/CPANAuthorNotes
Sections of this report:
* Tester comments
* Program output
* Prerequisites
* Environment and other context
------------------------------
TESTER COMMENTS
------------------------------
Additional comments from tester:
this report is from an automated smoke testing program
and was not reviewed by a human for accuracy
------------------------------
PROGRAM OUTPUT
------------------------------
Output from '/usr/bin/make test':
PERL_DL_NONLAZY=1 "/tmp/basesmoker-reloperl-uSw2/bin/perl" "-MExtUtils::Command::MM" "-MTest::Harness" "-e" "undef *Test::Harness::Switches; test_harness(0, 'blib/lib', 'blib/arch')" t/*.t
# Testing WWW::3Taps::API 0.06, Perl 5.008003, /tmp/basesmoker-reloperl-uSw2/bin/perl
t/00-load.t ...... ok
t/01-types.t ..... ok
t/02-basic.t ..... ok
t/boilerplate.t .. ok
t/manifest.t ..... skipped: Author tests not required for installation
# Failed test 'POD test for blib/lib/WWW/3Taps/API.pm'
# at /home/sand/src/perl/repoperls/installed-perls/host/k93x64sid/perl-5.8.3/fae69/lib/site_perl/5.8.3/Test/Pod.pm line 187.
# blib/lib/WWW/3Taps/API.pm (1659): Non-ASCII character seen before =encoding in 'postingâs'. Assuming UTF-8
# Looks like you failed 1 test of 2.
t/pod.t ..........
Dubious, test returned 1 (wstat 256, 0x100)
Failed 1/2 subtests
Test Summary Report
-------------------
t/boilerplate.t (Wstat: 0 Tests: 3 Failed: 0)
TODO passed: 3
t/pod.t (Wstat: 256 Tests: 2 Failed: 1)
Failed test: 1
Non-zero exit status: 1
Files=6, Tests=128, 2 wallclock secs ( 0.03 usr 0.02 sys + 1.72 cusr 0.18 csys = 1.95 CPU)
Result: FAIL
Failed 1/6 test programs. 1/128 subtests failed.
Makefile:867: recipe for target 'test_dynamic' failed
make: *** [test_dynamic] Error 1
------------------------------
PREREQUISITES
------------------------------
Prerequisite modules loaded:
requires:
Module Need Have
------------------------------- ---- --------
DateTimeX::Easy 0 0.089
JSON::Any 0 1.39
LWP::UserAgent 0 6.15
Moose 0 2.1804
MooseX::Params::Validate 0 0.21
MooseX::Types 0 0.46
MooseX::Types::Locale::Language 0 0.07
MooseX::Types::Moose 0 0.46
MooseX::Types::Structured 0 0.35
Test::Exception 0 0.43
Test::More 0 1.302040
URI 0 1.71
build_requires:
Module Need Have
------------------------------- ---- --------
ExtUtils::MakeMaker 0 7.18
configure_requires:
Module Need Have
------------------------------- ---- --------
ExtUtils::MakeMaker 0 7.18
------------------------------
ENVIRONMENT AND OTHER CONTEXT
------------------------------
Environment variables:
AUTOMATED_TESTING = 1
LANG = C
PATH = /usr/lib/ccache:/home/sand/bin:/usr/local/bin:/usr/lib/ccache:/usr/bin:/bin:/usr/games:/usr/local/perl/bin:/usr/X11/bin:/sbin:/usr/sbin
PERL = /tmp/basesmoker-reloperl-uSw2/bin/perl
PERL5LIB =
PERL5OPT =
PERL5_CPANPLUS_IS_RUNNING = 3225
PERL5_CPAN_IS_RUNNING = 3225
PERL_CANARY_STABILITY_NOPROMPT = 1
PERL_MM_USE_DEFAULT = 1
SHELL = /usr/bin/zsh
TERM = screen
Perl special variables (and OS-specific diagnostics, for MSWin32):
$^X = /tmp/basesmoker-reloperl-uSw2/bin/perl
$UID/$EUID = 1005 / 1005
$GID = 1005 1005
$EGID = 1005 1005
Perl module toolchain versions installed:
Module Have
------------------- --------
CPAN 2.14
CPAN::Meta 2.150005
Cwd 3.62
ExtUtils::CBuilder 0.280224
ExtUtils::Command 7.18
ExtUtils::Install 1.54
ExtUtils::MakeMaker 7.18
ExtUtils::Manifest 1.70
ExtUtils::ParseXS 3.30
File::Spec 3.62
JSON 2.90
JSON::PP 2.27400
Module::Build 0.4218
Module::Signature 0.80
Parse::CPAN::Meta 1.4422
Test::Harness 3.36
Test::More 1.302040
YAML 1.18
YAML::Syck 1.29
version 0.9917
--
Summary of my perl5 (revision 5.0 version 8 subversion 3) configuration:
Platform:
osname=linux, osvers=4.6.0-1-amd64, archname=x86_64-linux-thread-multi
uname='linux k93x64sid 4.6.0-1-amd64 #1 smp debian 4.6.2-2 (2016-06-25) x86_64 gnulinux '
config_args='-Dprefix=/home/sand/src/perl/repoperls/installed-perls/host/k93x64sid/perl-5.8.3/fae69 -Dmyhostname=k93x64sid -Dinstallusrbinperl=n -Uversiononly -Dusedevel -des -Ui_db -Dlibswanted=cl pthread socket inet nsl gdbm dbm malloc dl ld sun m crypt sec util c cposix posix ucb BSD gdbm_compat -Duseithreads -Uuselongdouble'
hint=recommended, useposix=true, d_sigaction=define
usethreads=define use5005threads=undef useithreads=define usemultiplicity=define
useperlio=define d_sfio=undef uselargefiles=define usesocks=undef
use64bitint=define use64bitall=define uselongdouble=undef
usemymalloc=n, bincompat5005=undef
Compiler:
cc='cc', ccflags ='-D_REENTRANT -D_GNU_SOURCE -fno-strict-aliasing -I/usr/local/include -D_LARGEFILE_SOURCE -D_FILE_OFFSET_BITS=64',
optimize='-O2',
cppflags='-D_REENTRANT -D_GNU_SOURCE -fno-strict-aliasing -I/usr/local/include'
ccversion='', gccversion='5.4.0 20160609', gccosandvers=''
intsize=4, longsize=8, ptrsize=8, doublesize=8, byteorder=12345678
d_longlong=define, longlongsize=8, d_longdbl=define, longdblsize=16
ivtype='long', ivsize=8, nvtype='double', nvsize=8, Off_t='off_t', lseeksize=8
alignbytes=8, prototype=define
Linker and Libraries:
ld='cc', ldflags =' -L/usr/local/lib'
libpth=/usr/local/lib /lib/x86_64-linux-gnu /lib/../lib /usr/lib/x86_64-linux-gnu /usr/lib/../lib /lib /usr/lib
libs=-lpthread -lnsl -ldl -lm -lcrypt -lutil -lc
perllibs=-lpthread -lnsl -ldl -lm -lcrypt -lutil -lc
libc=libc-2.23.so, so=so, useshrplib=false, libperl=libperl.a
gnulibc_version='2.23'
Dynamic Linking:
dlsrc=dl_dlopen.xs, dlext=so, d_dlsymun=undef, ccdlflags='-rdynamic'
cccdlflags='-fpic', lddlflags='-shared -L/usr/local/lib'
Characteristics of this binary (from libperl):
Compile-time options: MULTIPLICITY USE_ITHREADS USE_64_BIT_INT USE_64_BIT_ALL USE_LARGE_FILES PERL_IMPLICIT_CONTEXT
Built under linux
Compiled at Jul 12 2016 23:08:07
%ENV:
PERL="/tmp/basesmoker-reloperl-uSw2/bin/perl"
PERL5LIB=""
PERL5OPT=""
PERL5_CPANPLUS_IS_RUNNING="3225"
PERL5_CPAN_IS_RUNNING="3225"
PERL_CANARY_STABILITY_NOPROMPT="1"
PERL_MM_USE_DEFAULT="1"
@INC:
/home/sand/src/perl/repoperls/installed-perls/host/k93x64sid/perl-5.8.3/fae69/lib/5.8.3/x86_64-linux-thread-multi
/home/sand/src/perl/repoperls/installed-perls/host/k93x64sid/perl-5.8.3/fae69/lib/5.8.3
/home/sand/src/perl/repoperls/installed-perls/host/k93x64sid/perl-5.8.3/fae69/lib/site_perl/5.8.3/x86_64-linux-thread-multi
/home/sand/src/perl/repoperls/installed-perls/host/k93x64sid/perl-5.8.3/fae69/lib/site_perl/5.8.3
/home/sand/src/perl/repoperls/installed-perls/host/k93x64sid/perl-5.8.3/fae69/lib/site_perl
.