Test-CGI-Multipart vv0.0.3 Perl 5 v5.22.4 x86_64-linux

Status
Fail
From
Andreas J. König (ANDK)
Dist
Test-CGI-Multipart vv0.0.3
Platform
Perl 5 v5.22.4 x86_64-linux
Date
2017-09-30 21:39:50
ID
e36bc822-a627-11e7-a3dd-1bcc800dac4e
This distribution has been tested as part of the CPAN Testers
project, supporting the Perl programming language.  See
http://wiki.cpantesters.org/ for more information or email
questions to cpan-testers-discuss@perl.org


--
Dear Nicholas Bamber,

This is a computer-generated report for Test-CGI-Multipart-v0.0.3
on perl 5.22.4, created by CPAN-Reporter-1.2018.

Thank you for uploading your work to CPAN.  However, there was a problem
testing your distribution.

If you think this report is invalid, please consult the CPAN Testers Wiki
for suggestions on how to avoid getting FAIL reports for missing library
or binary dependencies, unsupported operating systems, and so on:

http://wiki.cpantesters.org/wiki/CPANAuthorNotes

Sections of this report:

    * Tester comments
    * Program output
    * Prerequisites
    * Environment and other context

------------------------------
TESTER COMMENTS
------------------------------

Additional comments from tester:

this report is from an automated smoke testing program
and was not reviewed by a human for accuracy

------------------------------
PROGRAM OUTPUT
------------------------------

Output from './Build test':

# Testing Test::CGI::Multipart 0.0.3
t/00.load.t ............ ok
# Testing with CGI
# Testing with CGI::Simple
t/01.basic.t ........... ok
# Testing with CGI
# Testing with CGI::Simple
t/01.data_structure.t .. ok
CGI::param called in list context from t/02.param.t line 52, this can lead to vulnerabilities. See the warning in "Fetching the value or values of a single named parameter" at /home/sand/src/perl/repoperls/installed-perls/host/k93msid/v5.22.4/d2d1/lib/site_perl/5.22.4/CGI.pm line 412.
# Testing with CGI
# Testing with CGI::Simple
t/02.param.t ........... ok
CGI::param called in list context from t/03.upload.t line 75, this can lead to vulnerabilities. See the warning in "Fetching the value or values of a single named parameter" at /home/sand/src/perl/repoperls/installed-perls/host/k93msid/v5.22.4/d2d1/lib/site_perl/5.22.4/CGI.pm line 412.
# Testing with CGI
# Testing with CGI::Simple
t/03.upload.t .......... ok

#   Failed test 'files'
#   at t/04.multiple.t line 90.
#     Structures begin differing at:
#          $got->[0]{value} = 'Nah, Nah, Nah,....'
#     $expected->[0]{value} = 'Blah, Blah, Blah,....'
CGI::param called in list context from t/04.multiple.t line 86, this can lead to vulnerabilities. See the warning in "Fetching the value or values of a single named parameter" at /home/sand/src/perl/repoperls/installed-perls/host/k93msid/v5.22.4/d2d1/lib/site_perl/5.22.4/CGI.pm line 412.
# Testing with CGI
# Looks like you failed 1 test of 27.
t/04.multiple.t ........ 
Dubious, test returned 1 (wstat 256, 0x100)
Failed 1/27 subtests 
	(less 5 skipped subtests: 21 okay)
CGI::param called in list context from t/04.separate.t line 80, this can lead to vulnerabilities. See the warning in "Fetching the value or values of a single named parameter" at /home/sand/src/perl/repoperls/installed-perls/host/k93msid/v5.22.4/d2d1/lib/site_perl/5.22.4/CGI.pm line 412.
# Testing with CGI
# Testing with CGI::Simple
t/04.separate.t ........ ok
CGI::param called in list context from t/05.callbacks.t line 79, this can lead to vulnerabilities. See the warning in "Fetching the value or values of a single named parameter" at /home/sand/src/perl/repoperls/installed-perls/host/k93msid/v5.22.4/d2d1/lib/site_perl/5.22.4/CGI.pm line 412.
# Testing with CGI
t/05.callbacks.t ....... ok
t/10.text.t ............ skipped: This test requires Text::Lorem
CGI::param called in list context from t/11.reset.t line 44, this can lead to vulnerabilities. See the warning in "Fetching the value or values of a single named parameter" at /home/sand/src/perl/repoperls/installed-perls/host/k93msid/v5.22.4/d2d1/lib/site_perl/5.22.4/CGI.pm line 412.
# Testing with CGI
# Testing with CGI::Simple
# Testing with CGI
# Testing with CGI::Simple
t/11.reset.t ........... ok
t/20.image.t ........... skipped: This test requires GD::Simple
t/changes.t ............ skipped: Author test.  Set $ENV{TEST_AUTHOR} to a true value to run.
t/manifest.t ........... skipped: Author test.  Set $ENV{TEST_AUTHOR} to a true value to run.
t/perlcritic.t ......... skipped: Author test.  Set $ENV{TEST_AUTHOR} to a true value to run.

#   Failed test 'Pod coverage on Test::CGI::Multipart::Gen::Text'
#   at /home/sand/src/perl/repoperls/installed-perls/host/k93msid/v5.22.4/d2d1/lib/site_perl/5.22.4/Test/Pod/Coverage.pm line 133.
# Test::CGI::Multipart::Gen::Text: requiring 'Test::CGI::Multipart::Gen::Text' failed

#   Failed test 'Pod coverage on Test::CGI::Multipart::Gen::Image'
#   at /home/sand/src/perl/repoperls/installed-perls/host/k93msid/v5.22.4/d2d1/lib/site_perl/5.22.4/Test/Pod/Coverage.pm line 133.
# Test::CGI::Multipart::Gen::Image: requiring 'Test::CGI::Multipart::Gen::Image' failed
# Looks like you failed 2 tests of 3.
t/pod-coverage.t ....... 
Dubious, test returned 2 (wstat 512, 0x200)
Failed 2/3 subtests 
t/pod.t ................ ok
t/podspell.t ........... skipped: Author test.  Set $ENV{TEST_AUTHOR} to a true value to run.
t/prereq.t ............. skipped: Author test.  Set $ENV{TEST_PREREQ} to a true value to run.

Test Summary Report
-------------------
t/04.multiple.t      (Wstat: 256 Tests: 27 Failed: 1)
  Failed test:  15
  Non-zero exit status: 1
t/pod-coverage.t     (Wstat: 512 Tests: 3 Failed: 2)
  Failed tests:  2-3
  Non-zero exit status: 2
Files=18, Tests=171, 10 wallclock secs ( 0.06 usr  0.16 sys +  2.87 cusr  0.50 csys =  3.59 CPU)
Result: FAIL
Failed 2/18 test programs. 3/171 subtests failed.

------------------------------
PREREQUISITES
------------------------------

Prerequisite modules loaded:

requires:

    Module             Need   Have    
    ------------------ ------ --------
    autodie            0      2.26    
    CGI                3.41   4.36    
    MIME::Entity       0      5.509   
    Params::Validate   0      1.29    
    perl               v5.6.1 5.022004
    Readonly           0      2.05    
    UNIVERSAL::require 0      0.18    
    version            0      0.9918  

build_requires:

    Module             Need   Have    
    ------------------ ------ --------
    Perl6::Slurp       0      0.051005
    Test::Exception    0      0.43    
    Test::More         0      1.302096

configure_requires:

    Module             Need   Have    
    ------------------ ------ --------
    Module::Build      0.36   0.4224  


------------------------------
ENVIRONMENT AND OTHER CONTEXT
------------------------------

Environment variables:

    AUTOMATED_TESTING = 1
    LANG = en_US.UTF-8
    PATH = /home/sand/bin:/usr/local/bin:/usr/bin:/bin:/usr/games:/usr/local/perl/bin:/usr/X11/bin:/sbin:/usr/sbin
    PERL5LIB = /tmp/loop_over_bdir-4079-JbHxjH/Perl6-Slurp-0.051005-0/blib/arch:/tmp/loop_over_bdir-4079-JbHxjH/Perl6-Slurp-0.051005-0/blib/lib
    PERL5OPT = 
    PERL5_CPANPLUS_IS_RUNNING = 4082
    PERL5_CPAN_IS_RUNNING = 4082
    PERL5_CPAN_IS_RUNNING_IN_RECURSION = 5668,4082
    PERL_CANARY_STABILITY_NOPROMPT = 1
    PERL_MM_USE_DEFAULT = 1
    PERL_USE_UNSAFE_INC = 1
    SHELL = /usr/bin/zsh
    TERM = screen

Perl special variables (and OS-specific diagnostics, for MSWin32):

    $^X = /home/sand/src/perl/repoperls/installed-perls/host/k93msid/v5.22.4/d2d1/bin/perl
    $UID/$EUID = 1005 / 1005
    $GID = 1005 1005
    $EGID = 1005 1005

Perl module toolchain versions installed:

    Module              Have    
    ------------------- --------
    CPAN                2.18    
    CPAN::Meta          2.150010
    Cwd                 3.62    
    ExtUtils::CBuilder  0.280226
    ExtUtils::Command   7.30    
    ExtUtils::Install   2.06    
    ExtUtils::MakeMaker 7.30    
    ExtUtils::Manifest  1.70    
    ExtUtils::ParseXS   3.35    
    File::Spec          3.62    
    JSON                2.94    
    JSON::PP            2.94    
    Module::Build       0.4224  
    Module::Signature   0.81    
    Parse::CPAN::Meta   2.150010
    Test::Harness       3.39    
    Test::More          1.302096
    YAML                1.23    
    YAML::Syck          1.30    
    version             0.9918  


--

Summary of my perl5 (revision 5 version 22 subversion 4) configuration:
  Derived from: a26666a1317770d8a2228ac3657ba58020c3511f
  Platform:
    osname=linux, osvers=4.9.0-2-amd64, archname=x86_64-linux
    uname='linux k93msid 4.9.0-2-amd64 #1 smp debian 4.9.18-1 (2017-03-30) x86_64 gnulinux '
    config_args='-Dprefix=/home/sand/src/perl/repoperls/installed-perls/host/k93msid/v5.22.4/d2d1 -Dmyhostname=k93msid -Dinstallusrbinperl=n -Uversiononly -Dusedevel -des -Ui_db -Dlibswanted=cl pthread socket inet nsl gdbm dbm malloc dl ld sun m crypt sec util c cposix posix ucb BSD gdbm_compat -Uuseithreads -Uuselongdouble -DDEBUGGING=both'
    hint=recommended, useposix=true, d_sigaction=define
    useithreads=undef, usemultiplicity=undef
    use64bitint=define, use64bitall=define, uselongdouble=undef
    usemymalloc=n, bincompat5005=undef
  Compiler:
    cc='cc', ccflags ='-fwrapv -DDEBUGGING -fno-strict-aliasing -pipe -fstack-protector-strong -I/usr/local/include -D_LARGEFILE_SOURCE -D_FILE_OFFSET_BITS=64',
    optimize='-O2 -g',
    cppflags='-fwrapv -DDEBUGGING -fno-strict-aliasing -pipe -fstack-protector-strong -I/usr/local/include'
    ccversion='', gccversion='6.3.0 20170406', gccosandvers=''
    intsize=4, longsize=8, ptrsize=8, doublesize=8, byteorder=12345678, doublekind=3
    d_longlong=define, longlongsize=8, d_longdbl=define, longdblsize=16, longdblkind=3
    ivtype='long', ivsize=8, nvtype='double', nvsize=8, Off_t='off_t', lseeksize=8
    alignbytes=8, prototype=define
  Linker and Libraries:
    ld='cc', ldflags =' -fstack-protector-strong -L/usr/local/lib'
    libpth=/usr/local/lib /usr/lib/gcc/x86_64-linux-gnu/6/include-fixed /usr/include/x86_64-linux-gnu /usr/lib /lib/x86_64-linux-gnu /lib/../lib /usr/lib/x86_64-linux-gnu /usr/lib/../lib /lib
    libs=-lpthread -lnsl -ldl -lm -lcrypt -lutil -lc
    perllibs=-lpthread -lnsl -ldl -lm -lcrypt -lutil -lc
    libc=libc-2.24.so, so=so, useshrplib=false, libperl=libperl.a
    gnulibc_version='2.24'
  Dynamic Linking:
    dlsrc=dl_dlopen.xs, dlext=so, d_dlsymun=undef, ccdlflags='-Wl,-E'
    cccdlflags='-fPIC', lddlflags='-shared -O2 -g -L/usr/local/lib -fstack-protector-strong'


Characteristics of this binary (from libperl): 
  Compile-time options: DEBUGGING HAS_TIMES PERLIO_LAYERS
                        PERL_DONT_CREATE_GVSV
                        PERL_HASH_FUNC_ONE_AT_A_TIME_HARD PERL_MALLOC_WRAP
                        PERL_NEW_COPY_ON_WRITE PERL_PRESERVE_IVUV
                        PERL_USE_DEVEL USE_64_BIT_ALL USE_64_BIT_INT
                        USE_LARGE_FILES USE_LOCALE USE_LOCALE_COLLATE
                        USE_LOCALE_CTYPE USE_LOCALE_NUMERIC USE_LOCALE_TIME
                        USE_PERLIO USE_PERL_ATOF
  Locally applied patches:
	uncommitted-changes
  Built under linux
  Compiled at Aug 25 2017 18:55:00
  %ENV:
    PERL5LIB="/tmp/loop_over_bdir-4079-JbHxjH/Perl6-Slurp-0.051005-0/blib/arch:/tmp/loop_over_bdir-4079-JbHxjH/Perl6-Slurp-0.051005-0/blib/lib"
    PERL5OPT=""
    PERL5_CPANPLUS_IS_RUNNING="4082"
    PERL5_CPAN_IS_RUNNING="4082"
    PERL5_CPAN_IS_RUNNING_IN_RECURSION="5668,4082"
    PERL_CANARY_STABILITY_NOPROMPT="1"
    PERL_MM_USE_DEFAULT="1"
    PERL_USE_UNSAFE_INC="1"
  @INC:
    /tmp/loop_over_bdir-4079-JbHxjH/Perl6-Slurp-0.051005-0/blib/arch
    /tmp/loop_over_bdir-4079-JbHxjH/Perl6-Slurp-0.051005-0/blib/lib
    /home/sand/src/perl/repoperls/installed-perls/host/k93msid/v5.22.4/d2d1/lib/site_perl/5.22.4/x86_64-linux
    /home/sand/src/perl/repoperls/installed-perls/host/k93msid/v5.22.4/d2d1/lib/site_perl/5.22.4
    /home/sand/src/perl/repoperls/installed-perls/host/k93msid/v5.22.4/d2d1/lib/5.22.4/x86_64-linux
    /home/sand/src/perl/repoperls/installed-perls/host/k93msid/v5.22.4/d2d1/lib/5.22.4
    .