SReview v0.9.0 Perl 5 v5.10.1 amd64-freebsd
- Status
- Na
- From
- Slaven Rezić
- Dist
-
SReview v0.9.0
- Platform
- Perl 5 v5.10.1 amd64-freebsd
- Date
- 2022-12-14 10:05:51
- ID
- e37c198a-7b96-11ed-9629-0a4c6e8775ea
This distribution has been tested as part of the CPAN Testers
project, supporting the Perl programming language. See
http://wiki.cpantesters.org/ for more information or email
questions to cpan-testers-discuss@perl.org
--
Dear Wouter Verhelst,
This is a computer-generated report for SReview-0.9.0
on perl 5.10.1, created by CPAN-Reporter-1.2018.
Thank you for uploading your work to CPAN. While attempting to build or test
this distribution, the distribution signaled that support is not available
either for this operating system or this version of Perl. Nevertheless, any
diagnostic output produced is provided below for reference. If this is not
what you expect, you may wish to consult the CPAN Testers Wiki:
http://wiki.cpantesters.org/wiki/CPANAuthorNotes
Sections of this report:
* Tester comments
* Program output
* Prerequisites
* Environment and other context
------------------------------
TESTER COMMENTS
------------------------------
Additional comments from tester:
none provided
------------------------------
PROGRAM OUTPUT
------------------------------
Output from '/usr/bin/make test':
PERL_DL_NONLAZY=1 "/usr/perl5.10.1/bin/perl" "-MExtUtils::Command::MM" "-MTest::Harness" "-e" "undef *Test::Harness::Switches; test_harness(0, 'blib/lib', 'blib/arch')" t/*.t
t/010-config.t ........... ok
t/040-db.t ............... ok
Can't locate Media/Convert/Asset.pm in @INC (@INC contains: /usr/home/cpansand/.cpan/build/2022121411/SReview-0.9.0-1/blib/lib /usr/home/cpansand/.cpan/build/2022121411/SReview-0.9.0-1/blib/arch /usr/perl5.10.1/lib/5.10.1/amd64-freebsd /usr/perl5.10.1/lib/5.10.1 /usr/perl5.10.1/lib/site_perl/5.10.1/amd64-freebsd /usr/perl5.10.1/lib/site_perl/5.10.1 .) at t/080-runthrough.t line 13.
BEGIN failed--compilation aborted at t/080-runthrough.t line 13.
# Looks like your test exited with 2 before it could output anything.
t/080-runthrough.t .......
Dubious, test returned 2 (wstat 512, 0x200)
Failed 15/15 subtests
Perl v5.28.0 required--this is only v5.10.1, stopped at t/085-schedule-export.t line 3.
BEGIN failed--compilation aborted at t/085-schedule-export.t line 3.
t/085-schedule-export.t ..
Dubious, test returned 9 (wstat 2304, 0x900)
No subtests run
Warning: could not find configuration file /etc/sreview/config.pm, falling back to defaults at /usr/home/cpansand/.cpan/build/2022121411/SReview-0.9.0-1/blib/lib/SReview/Config/Common.pm line 63.
t/090-talk.t ............. ok
Warning: could not find configuration file /etc/sreview/config.pm, falling back to defaults at /usr/home/cpansand/.cpan/build/2022121411/SReview-0.9.0-1/blib/lib/SReview/Config/Common.pm line 63.
t/095-files.t ............ ok
Can't locate Media/Convert/Asset.pm in @INC (@INC contains: /usr/home/cpansand/.cpan/build/2022121411/SReview-0.9.0-1/blib/lib /usr/home/cpansand/.cpan/build/2022121411/SReview-0.9.0-1/blib/arch /usr/perl5.10.1/lib/5.10.1/amd64-freebsd /usr/perl5.10.1/lib/5.10.1 /usr/perl5.10.1/lib/site_perl/5.10.1/amd64-freebsd /usr/perl5.10.1/lib/site_perl/5.10.1 .) at /usr/home/cpansand/.cpan/build/2022121411/SReview-0.9.0-1/blib/lib/SReview/Talk.pm line 5.
BEGIN failed--compilation aborted at /usr/home/cpansand/.cpan/build/2022121411/SReview-0.9.0-1/blib/lib/SReview/Talk.pm line 5.
Compilation failed in require at t/100-mojo.t line 22.
BEGIN failed--compilation aborted at t/100-mojo.t line 22.
# Looks like your test exited with 2 before it could output anything.
t/100-mojo.t .............
Dubious, test returned 2 (wstat 512, 0x200)
Failed 34/34 subtests
Warning: could not find configuration file /etc/sreview/config.pm, falling back to defaults at /usr/home/cpansand/.cpan/build/2022121411/SReview-0.9.0-1/blib/lib/SReview/Config/Common.pm line 63.
t/110-api.t .............. ok
t/120-types.t ............ ok
t/130-schedule.t ......... ok
Test Summary Report
-------------------
t/080-runthrough.t (Wstat: 512 (exited 2) Tests: 0 Failed: 0)
Non-zero exit status: 2
Parse errors: Bad plan. You planned 15 tests but ran 0.
t/085-schedule-export.t (Wstat: 2304 (exited 9) Tests: 0 Failed: 0)
Non-zero exit status: 9
Parse errors: No plan found in TAP output
t/100-mojo.t (Wstat: 512 (exited 2) Tests: 0 Failed: 0)
Non-zero exit status: 2
Parse errors: Bad plan. You planned 34 tests but ran 0.
Files=10, Tests=50, 4 wallclock secs ( 0.02 usr 0.02 sys + 2.32 cusr 0.26 csys = 2.62 CPU)
Result: FAIL
Failed 3/10 test programs. 0/50 subtests failed.
*** [test_dynamic] Error code 255
Stop in /usr/home/cpansand/.cpan/build/2022121411/SReview-0.9.0-1.
------------------------------
PREREQUISITES
------------------------------
Prerequisite modules loaded:
requires:
Module Need Have
---------------------------- ------ --------
Class::Type::Enum 0 0.014
Crypt::PRNG 0 0.076
DateTime 0 1.58
DateTime::Format::ISO8601 0 0.16
DateTime::Format::Pg 0 0.16014
! Media::Convert v1.0.1 n/a
Mojo::JSON 0 0
Mojo::Pg 0 4.18
! Mojolicious::Plugin::OpenAPI 4.03 4.00
Moose 0 2.2201
Net::Amazon::S3 0 0.99
Net::SSH::AuthorizedKeysFile 0 0.17
Text::Format 0 0.62
build_requires:
Module Need Have
---------------------------- ------ --------
ExtUtils::MakeMaker 0 7.64
Test::More 0 1.302191
YAML::XS 0 0.85
configure_requires:
Module Need Have
---------------------------- ------ --------
ExtUtils::Depends 0 0.405
------------------------------
ENVIRONMENT AND OTHER CONTEXT
------------------------------
Environment variables:
LC_ALL = de_DE.ISO8859-1
PATH = /usr/local/bin:/usr/bin:/bin:/usr/local/sbin:/usr/sbin:/sbin:/home/cpansand/bin/freebsd9.3:/home/cpansand/bin/sh:/home/cpansand/bin:/usr/games:/home/cpansand/devel:/usr/home/eserte/src/srezic-misc/scripts
PERL5LIB =
PERL5OPT =
PERL5_CPANPLUS_IS_RUNNING = 79572
PERL5_CPAN_IS_RUNNING = 79572
PERL5_CPAN_IS_RUNNING_IN_RECURSION = 65754,79572
PERLDOC = -MPod::Perldoc::ToTextOverstrike
PERL_BATCH = yes
PERL_CANARY_STABILITY_NOPROMPT = 1
PERL_CPAN_REPORTER_CONFIG = /var/tmp/cpansmoker-1023/2022121409/cpanreporter_000_config.ini
PERL_EXTUTILS_AUTOINSTALL = --defaultdeps
PERL_USE_UNSAFE_INC = 1
SHELL = /usr/local/bin/zsh
TERM = screen
TMPDIR = /var/tmp/cpansmoker-1023/2022121409
Perl special variables (and OS-specific diagnostics, for MSWin32):
$^X = /usr/perl5.10.1/bin/perl
$UID/$EUID = 1023 / 1023
$GID = 1023 1023
$EGID = 1023 1023
Perl module toolchain versions installed:
Module Have
------------------- --------
CPAN 2.34
CPAN::Meta 2.150010
Cwd 3.75
ExtUtils::CBuilder 0.280236
ExtUtils::Command 7.64
ExtUtils::Install 2.20
ExtUtils::MakeMaker 7.64
ExtUtils::Manifest 1.73
ExtUtils::ParseXS 3.35
File::Spec 3.75
JSON 4.10
JSON::PP 4.12
Module::Build 0.4231
Module::Signature 0.88
Parse::CPAN::Meta 2.150010
Test::Harness 3.44
Test::More 1.302191
YAML 1.30
YAML::Syck 1.34
version 0.9929
--
Summary of my perl5 (revision 5 version 10 subversion 1) configuration:
Platform:
osname=freebsd, osvers=9.2-release-p4, archname=amd64-freebsd
uname='freebsd cvrsnica-freebsd-92 9.2-release-p4 freebsd 9.2-release-p4 #0: tue apr 8 18:08:22 utc 2014 root@amd64-builder.daemonology.net:usrobjusrsrcsysgeneric amd64 '
config_args='-ds -e -Dprefix=/usr/perl5.10.1'
hint=recommended, useposix=true, d_sigaction=define
useithreads=undef, usemultiplicity=undef
useperlio=define, d_sfio=undef, uselargefiles=define, usesocks=undef
use64bitint=define, use64bitall=define, uselongdouble=undef
usemymalloc=n, bincompat5005=undef
Compiler:
cc='cc', ccflags ='-DHAS_FPSETMASK -DHAS_FLOATINGPOINT_H -fno-strict-aliasing -pipe -fstack-protector -I/usr/local/include',
optimize='-O',
cppflags='-DHAS_FPSETMASK -DHAS_FLOATINGPOINT_H -fno-strict-aliasing -pipe -fstack-protector -I/usr/local/include'
ccversion='', gccversion='4.2.1 20070831 patched [FreeBSD]', gccosandvers=''
intsize=4, longsize=8, ptrsize=8, doublesize=8, byteorder=12345678
d_longlong=define, longlongsize=8, d_longdbl=define, longdblsize=16
ivtype='long', ivsize=8, nvtype='double', nvsize=8, Off_t='off_t', lseeksize=8
alignbytes=8, prototype=define
Linker and Libraries:
ld='cc', ldflags ='-Wl,-E -fstack-protector -L/usr/local/lib'
libpth=/usr/lib /usr/local/lib
libs=-lgdbm -lm -lcrypt -lutil -lc
perllibs=-lm -lcrypt -lutil -lc
libc=, so=so, useshrplib=false, libperl=libperl.a
gnulibc_version=''
Dynamic Linking:
dlsrc=dl_dlopen.xs, dlext=so, d_dlsymun=undef, ccdlflags=' '
cccdlflags='-DPIC -fPIC', lddlflags='-shared -L/usr/local/lib -fstack-protector'
Characteristics of this binary (from libperl):
Compile-time options: PERL_DONT_CREATE_GVSV PERL_MALLOC_WRAP USE_64_BIT_ALL
USE_64_BIT_INT USE_LARGE_FILES USE_PERLIO
Built under freebsd
Compiled at May 15 2014 23:30:26
%ENV:
PERL5LIB=""
PERL5OPT=""
PERL5_CPANPLUS_IS_RUNNING="79572"
PERL5_CPAN_IS_RUNNING="79572"
PERL5_CPAN_IS_RUNNING_IN_RECURSION="65754,79572"
PERLDOC="-MPod::Perldoc::ToTextOverstrike"
PERL_BATCH="yes"
PERL_CANARY_STABILITY_NOPROMPT="1"
PERL_CPAN_REPORTER_CONFIG="/var/tmp/cpansmoker-1023/2022121409/cpanreporter_000_config.ini"
PERL_EXTUTILS_AUTOINSTALL="--defaultdeps"
PERL_USE_UNSAFE_INC="1"
@INC:
/usr/perl5.10.1/lib/5.10.1/amd64-freebsd
/usr/perl5.10.1/lib/5.10.1
/usr/perl5.10.1/lib/site_perl/5.10.1/amd64-freebsd
/usr/perl5.10.1/lib/site_perl/5.10.1
.