Report for Mail-Transport-Dbx-0.07

Back
From: metabase:user:320bfe00-2aae-11df-837a-5e0a49663a4f
Subject: FAIL Mail-Transport-Dbx-0.07 v5.10.1 GNU/Linux
Date: 2016-08-14T09:02:55Z

This distribution has been tested as part of the CPAN Testers
project, supporting the Perl programming language.  See
http://wiki.cpantesters.org/ for more information or email
questions to cpan-testers-discuss@perl.org


--
Dear Tassilo von Parseval,

This is a computer-generated report for Mail-Transport-Dbx-0.07
on perl 5.10.1, created by CPAN-Reporter-1.2018.

Thank you for uploading your work to CPAN.  However, there was a problem
testing your distribution.

If you think this report is invalid, please consult the CPAN Testers Wiki
for suggestions on how to avoid getting FAIL reports for missing library
or binary dependencies, unsupported operating systems, and so on:

http://wiki.cpantesters.org/wiki/CPANAuthorNotes

Sections of this report:

    * Tester comments
    * Program output
    * Prerequisites
    * Environment and other context

------------------------------
TESTER COMMENTS
------------------------------

Additional comments from tester:

this report is from an automated smoke testing program
and was not reviewed by a human for accuracy

------------------------------
PROGRAM OUTPUT
------------------------------

Output from '/usr/bin/make test':

"/tmp/basesmoker-reloperl-Agh3/bin/perl" -MExtUtils::Command::MM -e 'cp_nonempty' -- Dbx.bs blib/arch/auto/Mail/Transport/Dbx/Dbx.bs 644
make[1]: Entering directory '/tmp/loop_over_bdir-13525-5rK7j3/Mail-Transport-Dbx-0.07-0/libdbx'
make[1]: Nothing to be done for 'all'.
make[1]: Leaving directory '/tmp/loop_over_bdir-13525-5rK7j3/Mail-Transport-Dbx-0.07-0/libdbx'
make[1]: Entering directory '/tmp/loop_over_bdir-13525-5rK7j3/Mail-Transport-Dbx-0.07-0/libdbx'
No tests defined for Mail::Transport::Dbx::libdbx extension.
make[1]: Leaving directory '/tmp/loop_over_bdir-13525-5rK7j3/Mail-Transport-Dbx-0.07-0/libdbx'
PERL_DL_NONLAZY=1 "/tmp/basesmoker-reloperl-Agh3/bin/perl" "-MExtUtils::Command::MM" "-MTest::Harness" "-e" "undef *Test::Harness::Switches; test_harness(0, 'blib/lib', 'blib/arch')" t/*.t

#   Failed test 'POD test for blib/lib/Mail/Transport/Dbx.pm'
#   at /home/sand/src/perl/repoperls/installed-perls/host/k93x64sid/perl-5.10.1/3bd2/lib/site_perl/5.10.1/Test/Pod.pm line 187.
# blib/lib/Mail/Transport/Dbx.pm (450): Non-ASCII character seen before =encoding in 'Ordner/Entwürfe'. Assuming CP1252
# Looks like you failed 1 test of 1.
t/0_pod.t ........... 
Dubious, test returned 1 (wstat 256, 0x100)
Failed 1/1 subtests 
t/0_pod_coverage.t .. ok
t/1.t ............... ok
t/2.t ............... ok
t/3.t ............... ok
t/fixed.t ........... ok

Test Summary Report
-------------------
t/0_pod.t         (Wstat: 256 Tests: 1 Failed: 1)
  Failed test:  1
  Non-zero exit status: 1
Files=6, Tests=60,  0 wallclock secs ( 0.01 usr  0.02 sys +  0.12 cusr  0.02 csys =  0.17 CPU)
Result: FAIL
Failed 1/6 test programs. 1/60 subtests failed.
Makefile:1008: recipe for target 'test_dynamic' failed
make: *** [test_dynamic] Error 255

------------------------------
PREREQUISITES
------------------------------

Prerequisite modules loaded:

build_requires:

    Module              Need Have
    ------------------- ---- ----
    ExtUtils::MakeMaker 0    7.22


------------------------------
ENVIRONMENT AND OTHER CONTEXT
------------------------------

Environment variables:

    AUTOMATED_TESTING = 1
    LANG = C
    PATH = /home/sand/bin:/usr/local/bin:/usr/bin:/bin:/usr/games:/usr/local/perl/bin:/usr/X11/bin:/sbin:/usr/sbin
    PERL5LIB = /tmp/loop_over_bdir-13525-5rK7j3/FusionInventory-Agent-2.3.18-0/blib/arch:/tmp/loop_over_bdir-13525-5rK7j3/FusionInventory-Agent-2.3.18-0/blib/lib
    PERL5OPT = 
    PERL5_CPANPLUS_IS_RUNNING = 16231
    PERL5_CPAN_IS_RUNNING = 16231
    PERL_CANARY_STABILITY_NOPROMPT = 1
    PERL_MM_USE_DEFAULT = 1
    SHELL = /usr/bin/zsh
    TERM = screen

Perl special variables (and OS-specific diagnostics, for MSWin32):

    $^X = /tmp/basesmoker-reloperl-Agh3/bin/perl
    $UID/$EUID = 1005 / 1005
    $GID = 1005 1005
    $EGID = 1005 1005

Perl module toolchain versions installed:

    Module              Have    
    ------------------- --------
    CPAN                2.15    
    CPAN::Meta          2.150005
    Cwd                 3.62    
    ExtUtils::CBuilder  0.280224
    ExtUtils::Command   7.22    
    ExtUtils::Install   2.04    
    ExtUtils::MakeMaker 7.22    
    ExtUtils::Manifest  1.70    
    ExtUtils::ParseXS   3.30    
    File::Spec          3.62    
    JSON                2.90    
    JSON::PP            2.27400 
    Module::Build       0.4218  
    Module::Signature   0.80    
    Parse::CPAN::Meta   1.4422  
    Test::Harness       3.36    
    Test::More          1.302049
    YAML                1.18    
    YAML::Syck          1.29    
    version             0.9917  


--

Summary of my perl5 (revision 5 version 10 subversion 1) configuration:
  Commit id: 5348debf9fd57fc15c26529386769684fab96e57
  Platform:
    osname=linux, osvers=4.6.0-1-amd64, archname=x86_64-linux-ld
    uname='linux k93x64sid 4.6.0-1-amd64 #1 smp debian 4.6.2-2 (2016-06-25) x86_64 gnulinux '
    config_args='-Dprefix=/home/sand/src/perl/repoperls/installed-perls/host/k93x64sid/perl-5.10.1/3bd2 -Dmyhostname=k93x64sid -Dinstallusrbinperl=n -Uversiononly -Dusedevel -des -Ui_db -Dlibswanted=cl pthread socket inet nsl gdbm dbm malloc dl ld sun m crypt sec util c cposix posix ucb BSD gdbm_compat -Uuseithreads -Duselongdouble -DDEBUGGING=-g'
    hint=recommended, useposix=true, d_sigaction=define
    useithreads=undef, usemultiplicity=undef
    useperlio=define, d_sfio=undef, uselargefiles=define, usesocks=undef
    use64bitint=define, use64bitall=define, uselongdouble=define
    usemymalloc=n, bincompat5005=undef
  Compiler:
    cc='cc', ccflags ='-fno-strict-aliasing -pipe -fstack-protector -I/usr/local/include -D_LARGEFILE_SOURCE -D_FILE_OFFSET_BITS=64',
    optimize='-O2 -g',
    cppflags='-fno-strict-aliasing -pipe -fstack-protector -I/usr/local/include'
    ccversion='', gccversion='6.1.1 20160802', gccosandvers=''
    intsize=4, longsize=8, ptrsize=8, doublesize=8, byteorder=12345678
    d_longlong=define, longlongsize=8, d_longdbl=define, longdblsize=16
    ivtype='long', ivsize=8, nvtype='long double', nvsize=16, Off_t='off_t', lseeksize=8
    alignbytes=16, prototype=define
  Linker and Libraries:
    ld='cc', ldflags =' -fstack-protector -L/usr/local/lib'
    libpth=/usr/local/lib /lib/x86_64-linux-gnu /lib/../lib /usr/lib/x86_64-linux-gnu /usr/lib/../lib /lib /usr/lib
    libs=-lpthread -lnsl -ldl -lm -lcrypt -lutil -lc
    perllibs=-lpthread -lnsl -ldl -lm -lcrypt -lutil -lc
    libc=libc-2.23.so, so=so, useshrplib=false, libperl=libperl.a
    gnulibc_version='2.23'
  Dynamic Linking:
    dlsrc=dl_dlopen.xs, dlext=so, d_dlsymun=undef, ccdlflags='-Wl,-E'
    cccdlflags='-fPIC', lddlflags='-shared -O2 -g -L/usr/local/lib -fstack-protector'


Characteristics of this binary (from libperl): 
  Compile-time options: PERL_DONT_CREATE_GVSV PERL_MALLOC_WRAP PERL_USE_DEVEL
                        USE_64_BIT_ALL USE_64_BIT_INT USE_LARGE_FILES
                        USE_LONG_DOUBLE USE_PERLIO
  Built under linux
  Compiled at Aug 13 2016 09:58:37
  %ENV:
    PERL5LIB="/tmp/loop_over_bdir-13525-5rK7j3/FusionInventory-Agent-2.3.18-0/blib/arch:/tmp/loop_over_bdir-13525-5rK7j3/FusionInventory-Agent-2.3.18-0/blib/lib"
    PERL5OPT=""
    PERL5_CPANPLUS_IS_RUNNING="16231"
    PERL5_CPAN_IS_RUNNING="16231"
    PERL_CANARY_STABILITY_NOPROMPT="1"
    PERL_MM_USE_DEFAULT="1"
  @INC:
    /tmp/loop_over_bdir-13525-5rK7j3/FusionInventory-Agent-2.3.18-0/blib/arch
    /tmp/loop_over_bdir-13525-5rK7j3/FusionInventory-Agent-2.3.18-0/blib/lib
    /home/sand/src/perl/repoperls/installed-perls/host/k93x64sid/perl-5.10.1/3bd2/lib/5.10.1/x86_64-linux-ld
    /home/sand/src/perl/repoperls/installed-perls/host/k93x64sid/perl-5.10.1/3bd2/lib/5.10.1
    /home/sand/src/perl/repoperls/installed-perls/host/k93x64sid/perl-5.10.1/3bd2/lib/site_perl/5.10.1/x86_64-linux-ld
    /home/sand/src/perl/repoperls/installed-perls/host/k93x64sid/perl-5.10.1/3bd2/lib/site_perl/5.10.1
    .