Redis-Fast v0.33 Perl 5 v5.35.7 x86_64-linux
- Status
- Fail
- From
- Andreas J. König (ANDK)
- Dist
-
Redis-Fast v0.33
- Platform
- Perl 5 v5.35.7 x86_64-linux
- Date
- 2021-11-24 08:24:06
- ID
- e3ad6dbc-4cff-11ec-a8c4-fd558e33b2bc
This distribution has been tested as part of the CPAN Testers
project, supporting the Perl programming language. See
http://wiki.cpantesters.org/ for more information or email
questions to cpan-testers-discuss@perl.org
--
Dear Shogo Ichinose,
This is a computer-generated report for Redis-Fast-0.33
on perl 5.35.7, created by CPAN-Reporter-1.2018.
Thank you for uploading your work to CPAN. However, there was a problem
testing your distribution.
If you think this report is invalid, please consult the CPAN Testers Wiki
for suggestions on how to avoid getting FAIL reports for missing library
or binary dependencies, unsupported operating systems, and so on:
http://wiki.cpantesters.org/wiki/CPANAuthorNotes
Sections of this report:
* Tester comments
* Program output
* Prerequisites
* Environment and other context
------------------------------
TESTER COMMENTS
------------------------------
Additional comments from tester:
this report is from an automated smoke testing program
and was not reviewed by a human for accuracy
------------------------------
PROGRAM OUTPUT
------------------------------
Output from './Build test':
t/01-basic.t ............... ok
t/02-responses.t ........... ok
# parent waiting for child 1166412...
# child is ready to test, signal parent to kill our server
# parent killed pub/sub redis server, signal child to proceed
# parent waiting for child 1166423...
# now, check wait_for_messages(), should die...
# CHILD: reconnected (with a 10s timeout)
# CHILD: is ready to test, signal parent to restart our server
# PARENT: killed pub/sub redis server, signal child to proceed
# CHILD: launch wait_for_messages(2), with reconnect...
# CHILD: reconnected (with a 10s timeout)
# PARENT: has relaunched the server...
# CHILD: after 2 sec, nothing yet, retrying
# CHILD: launch wait_for_messages(2), with reconnect...
# CHILD: after 2 sec, nothing yet, retrying
# CHILD: launch wait_for_messages(2), with reconnect...
# PARENT: waiting for child 1166428...
# CHILD: child received the message
t/03-pubsub.t .............. ok
# undefServer closed the connection
t/04-pipeline-issue117.t ... ok
t/04-pipeline.t ............ ok
t/05-nonblock.t ............ skipped: not needed, tested by hiredis
t/06-on-connect.t .......... ok
t/07-reconnect-on-error.t .. ok
# Sleeping 11 seconds, waiting for Redis to timeout...
# Sleeping 11 seconds, waiting for Redis to timeout...
# Sleeping 11 seconds, waiting for Redis to timeout...
t/07-reconnect.t ........... ok
t/08-unix-socket.t ......... skipped: Define ENV TEST_REDIS_SERVER_SOCK_PATH to test UNIX socket support
t/09-env-redis-server.t .... ok
t/10-tie-list.t ............ ok
# Failed test 'gave up late enough'
# at t/11-timeout.t line 78.
# Looks like you failed 1 test of 4.
# Failed test 'server doesn't respond at connection with unreachable server (cnx_timeout)'
# at t/11-timeout.t line 81.
# Looks like you failed 1 test of 4.
t/11-timeout.t .............
Dubious, test returned 1 (wstat 256, 0x100)
Failed 1/4 subtests
t/20-tie-hash.t ............ ok
t/30-scripts.t ............. ok
t/42-client_cmds.t ......... ok
t/44-no-unicode-bug.t ...... ok
t/50-fork_safe.t ........... ok
t/51-leak.t ................ ok
t/53-blpop.t ............... ok
t/53-blpop_and_timeout.t ... ok
t/53-deep-recursion.t ...... ok
t/53-fail-to-connect.t ..... ok
t/53-password.t ............ ok
# 3126379.95836862
t/53-signal.t .............. ok
t/53-timeout-length.t ...... ok
# redis address : 127.0.0.1:45493
# sentinel address: 127.0.0.1:39683
# sentinel2 address: 127.0.0.1:35135
# wait 3 sec for the sentinels and the master to gossip
# shutting down sentinel2
# shutting down sentinel
# shutting down redis
t/60-sentinel.t ............ ok
Test Summary Report
-------------------
t/11-timeout.t (Wstat: 256 Tests: 4 Failed: 1)
Failed test: 4
Non-zero exit status: 1
Files=27, Tests=325, 140 wallclock secs ( 0.11 usr 0.16 sys + 4.56 cusr 2.11 csys = 6.94 CPU)
Result: FAIL
Failed 1/27 test programs. 1/325 subtests failed.
------------------------------
PREREQUISITES
------------------------------
Prerequisite modules loaded:
requires:
Module Need Have
--------------------- -------- --------
perl 5.008001 5.035007
Time::HiRes 1.77 1.9769
Try::Tiny 0 0.31
build_requires:
Module Need Have
--------------------- -------- --------
Digest::SHA 0 6.02
ExtUtils::CBuilder 0 0.280236
File::Temp 0 0.2311
Parallel::ForkManager 0 2.02
Test::Deep 0 1.130
Test::Fatal 0 0.016
Test::LeakTrace 0 0.17
Test::More 0.98 1.302188
Test::SharedFork 0 0.35
Test::TCP 0 2.22
Test::UNIXSock 0 0.4
configure_requires:
Module Need Have
--------------------- -------- --------
File::Which 0 1.27
Module::Build 0.4005 0.4231
Module::Build::XSUtil 0.02 0.19
------------------------------
ENVIRONMENT AND OTHER CONTEXT
------------------------------
Environment variables:
AUTOMATED_TESTING = 1
LANG = en_US.UTF-8
PATH = /home/sand/bin:/usr/local/bin:/usr/bin:/bin:/usr/games:/usr/local/perl/bin:/usr/X11/bin:/sbin:/usr/sbin
PERL5LIB =
PERL5OPT =
PERL5_CPANPLUS_IS_RUNNING = 1123073
PERL5_CPAN_IS_RUNNING = 1123073
PERL_CANARY_STABILITY_NOPROMPT = 1
PERL_MM_USE_DEFAULT = 1
PERL_USE_UNSAFE_INC = 1
SHELL = /usr/bin/zsh
TERM = screen
Perl special variables (and OS-specific diagnostics, for MSWin32):
$^X = /tmp/basesmoker-reloperl-h58I/bin/perl
$UID/$EUID = 1005 / 1005
$GID = 1005 1005
$EGID = 1005 1005
Perl module toolchain versions installed:
Module Have
------------------- --------
CPAN 2.29
CPAN::Meta 2.150010
Cwd 3.82
ExtUtils::CBuilder 0.280236
ExtUtils::Command 7.62
ExtUtils::Install 2.20
ExtUtils::MakeMaker 7.62
ExtUtils::Manifest 1.73
ExtUtils::ParseXS 3.44
File::Spec 3.81
JSON 4.03
JSON::PP 4.06
Module::Build 0.4231
Module::Signature 0.87
Parse::CPAN::Meta 2.150010
Test::Harness 3.43
Test::More 1.302188
YAML 1.30
YAML::Syck 1.34
version 0.9929
--
Summary of my perl5 (revision 5 version 35 subversion 7) configuration:
Commit id: 315aa462c3428ddd2c98859439cef0a0a9edbb67
Platform:
osname=linux
osvers=5.14.0-3-amd64
archname=x86_64-linux
uname='linux k93msid 5.14.0-3-amd64 #1 smp debian 5.14.12-1 (2021-10-14) x86_64 gnulinux '
config_args='-Dprefix=/home/sand/src/perl/repoperls/installed-perls/host/k93msid/v5.35.6-9-g315aa462c3/da1c -Dmyhostname=k93msid -Dinstallusrbinperl=n -Uversiononly -Dusedevel -des -Ui_db -Dlibswanted=cl pthread socket inet nsl gdbm dbm malloc dl ld sun m crypt sec util c cposix posix ucb BSD gdbm_compat -Uuseithreads -Uuselongdouble -DEBUGGING=-g'
hint=recommended
useposix=true
d_sigaction=define
useithreads=undef
usemultiplicity=undef
use64bitint=define
use64bitall=define
uselongdouble=undef
usemymalloc=n
default_inc_excludes_dot=define
Compiler:
cc='cc'
ccflags ='-fwrapv -fno-strict-aliasing -pipe -fstack-protector-strong -I/usr/local/include -D_LARGEFILE_SOURCE -D_FILE_OFFSET_BITS=64 -D_FORTIFY_SOURCE=2'
optimize='-O2 -g'
cppflags='-fwrapv -fno-strict-aliasing -pipe -fstack-protector-strong -I/usr/local/include'
ccversion=''
gccversion='11.2.0'
gccosandvers=''
intsize=4
longsize=8
ptrsize=8
doublesize=8
byteorder=12345678
doublekind=3
d_longlong=define
longlongsize=8
d_longdbl=define
longdblsize=16
longdblkind=3
ivtype='long'
ivsize=8
nvtype='double'
nvsize=8
Off_t='off_t'
lseeksize=8
alignbytes=8
prototype=define
Linker and Libraries:
ld='cc'
ldflags =' -fstack-protector-strong -L/usr/local/lib'
libpth=/usr/local/lib /usr/lib/x86_64-linux-gnu /usr/lib /lib/x86_64-linux-gnu /lib
libs=-lpthread -lnsl -ldl -lm -lcrypt -lutil -lc
perllibs=-lpthread -lnsl -ldl -lm -lcrypt -lutil -lc
libc=libc-2.32.so
so=so
useshrplib=false
libperl=libperl.a
gnulibc_version='2.32'
Dynamic Linking:
dlsrc=dl_dlopen.xs
dlext=so
d_dlsymun=undef
ccdlflags='-Wl,-E'
cccdlflags='-fPIC'
lddlflags='-shared -O2 -g -L/usr/local/lib -fstack-protector-strong'
Characteristics of this binary (from libperl):
Compile-time options:
HAS_TIMES
PERLIO_LAYERS
PERL_COPY_ON_WRITE
PERL_DONT_CREATE_GVSV
PERL_MALLOC_WRAP
PERL_OP_PARENT
PERL_PRESERVE_IVUV
PERL_USE_DEVEL
USE_64_BIT_ALL
USE_64_BIT_INT
USE_LARGE_FILES
USE_LOCALE
USE_LOCALE_COLLATE
USE_LOCALE_CTYPE
USE_LOCALE_NUMERIC
USE_LOCALE_TIME
USE_PERLIO
USE_PERL_ATOF
Built under linux
Compiled at Nov 23 2021 18:17:08
%ENV:
PERL5LIB=""
PERL5OPT=""
PERL5_CPANPLUS_IS_RUNNING="1123073"
PERL5_CPAN_IS_RUNNING="1123073"
PERL_CANARY_STABILITY_NOPROMPT="1"
PERL_MM_USE_DEFAULT="1"
PERL_USE_UNSAFE_INC="1"
@INC:
/home/sand/src/perl/repoperls/installed-perls/host/k93msid/v5.35.6-9-g315aa462c3/da1c/lib/site_perl/5.35.7/x86_64-linux
/home/sand/src/perl/repoperls/installed-perls/host/k93msid/v5.35.6-9-g315aa462c3/da1c/lib/site_perl/5.35.7
/home/sand/src/perl/repoperls/installed-perls/host/k93msid/v5.35.6-9-g315aa462c3/da1c/lib/5.35.7/x86_64-linux
/home/sand/src/perl/repoperls/installed-perls/host/k93msid/v5.35.6-9-g315aa462c3/da1c/lib/5.35.7
.