Report for Wiki-Toolkit-0.80

Back
From: metabase:user:320bfe00-2aae-11df-837a-5e0a49663a4f
Subject: FAIL Wiki-Toolkit-0.80 v5.19.1 GNU/Linux
Date: 2013-05-21T08:31:53Z

This distribution has been tested as part of the CPAN Testers
project, supporting the Perl programming language.  See
http://wiki.cpantesters.org/ for more information or email
questions to cpan-testers-discuss@perl.org


--
Dear Dominic Hargreaves,

This is a computer-generated report for Wiki-Toolkit-0.80
on perl 5.19.1, created by CPAN-Reporter-1.2010.

Thank you for uploading your work to CPAN.  However, there was a problem
testing your distribution.

If you think this report is invalid, please consult the CPAN Testers Wiki
for suggestions on how to avoid getting FAIL reports for missing library
or binary dependencies, unsupported operating systems, and so on:

http://wiki.cpantesters.org/wiki/CPANAuthorNotes

Sections of this report:

    * Tester comments
    * Program output
    * Prerequisites
    * Environment and other context

------------------------------
TESTER COMMENTS
------------------------------

Additional comments from tester:

this report is from an automated smoke testing program
and was not reviewed by a human for accuracy

------------------------------
PROGRAM OUTPUT
------------------------------

Output from '/usr/bin/make test':

PERL_DL_NONLAZY=1 /tmp/basesmoker-reloperl-r5af/bin/perl "-MExtUtils::Command::MM" "-e" "test_harness(0, 'blib/lib', 'blib/arch')" t/*.t
t/001_load.t ........................... ok
t/002_datastore_setup.t ................ ok
t/003_instantiate.t .................... ok
t/004_write_and_retrieve.t ............. ok
t/005_delete.t ......................... ok
t/006_list_all.t ....................... ok
t/007_search.t ......................... ok
t/008_write_and_rewrite.t .............. ok
t/009_backlinks.t ...................... ok
t/010_metadata.t ....................... ok
t/011_recent_changes.t ................. ok
t/012_blank_data.t ..................... ok
t/013_fuzzy_title_match.t .............. ok
t/014_advanced_metadata.t .............. ok
t/015_dangling_links.t ................. ok
t/016_recent_changes_between.t ......... ok
Asked to delete non existant version 2 of node 5 (Five Node) at /tmp/loop_over_bdir-8742-MsMw_G/Wiki-Toolkit-0.80-NOGWsf/blib/lib/Wiki/Toolkit/Store/Database.pm line 1053.
t/017_delete_version.t ................. ok
t/018_rc_multiple_metadata_criteria.t .. ok
t/019_recent_changes_case.t ............ ok
t/020_node_exists_case_insensitive.t ... ok
t/021_moderation.t ..................... ok
t/022_list_unmoderated.t ............... ok
t/025_list_node_all_versions.t ......... ok
t/026_schema_current.t ................. ok
t/027_list_last_version_before.t ....... ok
t/040_rename.t ......................... ok
t/050_mysql_store.t .................... ok
t/051_pg_store.t ....................... ok
t/052_sqlite_store.t ................... ok
t/060_recent_changes_new_only.t ........ ok
t/061_list_metadata_by_type.t .......... ok
t/062_recent_changes_metadata_was.t .... ok
t/100_formatting.t ..................... ok
t/101_default_formatter.t .............. ok
t/102_multiple_formatter.t ............. ok
t/150_plugins.t ........................ ok
t/151_plugin_methods.t ................. ok
t/152_pre_plugin_approval.t ............ ok
t/297_feed_rss_recentchanges.t ......... ok
t/298_feed_rss_node_all_versions.t ..... ok
t/299_feed_rss_gen_node_dist_feed.t .... ok
t/300_feed_atom_setup.t ................ ok
t/301_feed_atom_add_test_data.t ........ ok
t/302_feed_atom_recentchanges.t ........ ok
t/303_feed_atom_node_all_versions.t .... ok
t/304_feed_atom_gen_node_dist_feed.t ... ok
t/400_upgrade.t ........................ ok
t/401_null_change.t .................... ok

#   Failed test 'POD test for blib/lib/Wiki/Toolkit/Store/Pg.pm'
#   at /home/src/perl/repoperls/installed-perls/perl/v5.19.0-27-g4572fa3/127e/lib/site_perl/5.19.1/Test/Pod.pm line 186.
# blib/lib/Wiki/Toolkit/Store/Pg.pm (38): =over without closing =back

#   Failed test 'POD test for blib/lib/Wiki/Toolkit/Store/Database.pm'
#   at /home/src/perl/repoperls/installed-perls/perl/v5.19.0-27-g4572fa3/127e/lib/site_perl/5.19.1/Test/Pod.pm line 186.
# blib/lib/Wiki/Toolkit/Store/Database.pm (41): =over without closing =back

#   Failed test 'POD test for blib/lib/Wiki/Toolkit/Store/SQLite.pm'
#   at /home/src/perl/repoperls/installed-perls/perl/v5.19.0-27-g4572fa3/127e/lib/site_perl/5.19.1/Test/Pod.pm line 186.
# blib/lib/Wiki/Toolkit/Store/SQLite.pm (31): =over without closing =back
# blib/lib/Wiki/Toolkit/Store/SQLite.pm (49): =over without closing =back

#   Failed test 'POD test for blib/lib/Wiki/Toolkit/Store/MySQL.pm'
#   at /home/src/perl/repoperls/installed-perls/perl/v5.19.0-27-g4572fa3/127e/lib/site_perl/5.19.1/Test/Pod.pm line 186.
# blib/lib/Wiki/Toolkit/Store/MySQL.pm (38): =over without closing =back
# Looks like you failed 4 tests of 34.
t/500_pod.t ............................ 
Dubious, test returned 4 (wstat 1024, 0x400)
Failed 4/34 subtests 

Test Summary Report
-------------------
t/500_pod.t                          (Wstat: 1024 Tests: 34 Failed: 4)
  Failed tests:  17-20
  Non-zero exit status: 4
Files=49, Tests=944, 63 wallclock secs ( 0.22 usr  0.04 sys +  4.55 cusr  0.52 csys =  5.33 CPU)
Result: FAIL
Failed 1/49 test programs. 4/944 subtests failed.
make: *** [test_dynamic] Error 4

------------------------------
PREREQUISITES
------------------------------

Prerequisite modules loaded:

requires:

    Module              Need Have   
    ------------------- ---- -------
    DBD::SQLite         0.25 1.37   
    DBI                 0    1.627  
    Digest::MD5         0    2.52   
    HTML::PullParser    0    3.57   
    Test::More          0    0.98   
    Text::WikiFormat    0.78 0.80   
    Time::Piece         0    1.20_01

build_requires:

    Module              Need Have   
    ------------------- ---- -------
    ExtUtils::MakeMaker 0    6.66   

configure_requires:

    Module              Need Have   
    ------------------- ---- -------
    ExtUtils::MakeMaker 0    6.66   


------------------------------
ENVIRONMENT AND OTHER CONTEXT
------------------------------

Environment variables:

    AUTOMATED_TESTING = 1
    LANG = en_US.UTF-8
    LANGUAGE = en_US:en
    PATH = /usr/lib/ccache:/home/sand/bin:/usr/local/bin:/usr/bin:/bin:/usr/bin/X11:/usr/games:/usr/local/perl/bin:/usr/X11/bin:/sbin:/usr/sbin
    PERL5LIB = 
    PERL5OPT = 
    PERL5_CPANPLUS_IS_RUNNING = 8753
    PERL5_CPAN_IS_RUNNING = 8753
    PERL_MM_USE_DEFAULT = 1
    SHELL = /usr/bin/zsh
    TERM = screen

Perl special variables (and OS-specific diagnostics, for MSWin32):

    $^X = /tmp/basesmoker-reloperl-r5af/bin/perl
    $UID/$EUID = 1005 / 1005
    $GID = 1005 1005
    $EGID = 1005 1005

Perl module toolchain versions installed:

    Module              Have    
    ------------------- --------
    CPAN                2.00    
    CPAN::Meta          2.120921
    Cwd                 3.40    
    ExtUtils::CBuilder  0.280210
    ExtUtils::Command   1.17    
    ExtUtils::Install   1.59    
    ExtUtils::MakeMaker 6.66    
    ExtUtils::Manifest  1.63    
    ExtUtils::ParseXS   3.18    
    File::Spec          3.40    
    JSON                2.57    
    JSON::PP            2.27202 
    Module::Build       0.4005  
    Module::Signature   0.70    
    Parse::CPAN::Meta   1.4404  
    Test::Harness       3.28    
    Test::More          0.98    
    YAML                0.84    
    YAML::Syck          1.27    
    version             0.9902  


--

Summary of my perl5 (revision 5 version 19 subversion 1) configuration:
  Commit id: 4572fa3eeef0e6fc24d4f16823ed87d5a8e4778b
  Platform:
    osname=linux, osvers=3.8-2-amd64, archname=x86_64-linux-ld
    uname='linux k83 3.8-2-amd64 #1 smp debian 3.8.13-1 x86_64 gnulinux '
    config_args='-Dprefix=/home/src/perl/repoperls/installed-perls/perl/v5.19.0-27-g4572fa3/127e -Dmyhostname=k83 -Dinstallusrbinperl=n -Uversiononly -Dusedevel -des -Ui_db -Uuseithreads -Duselongdouble -DDEBUGGING=-g'
    hint=recommended, useposix=true, d_sigaction=define
    useithreads=undef, usemultiplicity=undef
    useperlio=define, d_sfio=undef, uselargefiles=define, usesocks=undef
    use64bitint=define, use64bitall=define, uselongdouble=define
    usemymalloc=n, bincompat5005=undef
  Compiler:
    cc='cc', ccflags ='-fno-strict-aliasing -pipe -fstack-protector -I/usr/local/include -D_LARGEFILE_SOURCE -D_FILE_OFFSET_BITS=64',
    optimize='-O2 -g',
    cppflags='-fno-strict-aliasing -pipe -fstack-protector -I/usr/local/include'
    ccversion='', gccversion='4.7.3', gccosandvers=''
    intsize=4, longsize=8, ptrsize=8, doublesize=8, byteorder=12345678
    d_longlong=define, longlongsize=8, d_longdbl=define, longdblsize=16
    ivtype='long', ivsize=8, nvtype='long double', nvsize=16, Off_t='off_t', lseeksize=8
    alignbytes=16, prototype=define
  Linker and Libraries:
    ld='cc', ldflags =' -fstack-protector -L/usr/local/lib'
    libpth=/usr/local/lib /lib/x86_64-linux-gnu /lib/../lib /usr/lib/x86_64-linux-gnu /usr/lib/../lib /lib /usr/lib
    libs=-lnsl -lgdbm -ldb -ldl -lm -lcrypt -lutil -lc -lgdbm_compat
    perllibs=-lnsl -ldl -lm -lcrypt -lutil -lc
    libc=, so=so, useshrplib=false, libperl=libperl.a
    gnulibc_version='2.17'
  Dynamic Linking:
    dlsrc=dl_dlopen.xs, dlext=so, d_dlsymun=undef, ccdlflags='-Wl,-E'
    cccdlflags='-fPIC', lddlflags='-shared -O2 -g -L/usr/local/lib -fstack-protector'


Characteristics of this binary (from libperl): 
  Compile-time options: HAS_TIMES PERLIO_LAYERS PERL_DONT_CREATE_GVSV
                        PERL_HASH_FUNC_ONE_AT_A_TIME_HARD PERL_MALLOC_WRAP
                        PERL_PRESERVE_IVUV PERL_SAWAMPERSAND PERL_USE_DEVEL
                        USE_64_BIT_ALL USE_64_BIT_INT USE_LARGE_FILES
                        USE_LOCALE USE_LOCALE_COLLATE USE_LOCALE_CTYPE
                        USE_LOCALE_NUMERIC USE_LONG_DOUBLE USE_PERLIO
                        USE_PERL_ATOF
  Built under linux
  Compiled at May 20 2013 17:47:36
  %ENV:
    PERL5LIB=""
    PERL5OPT=""
    PERL5_CPANPLUS_IS_RUNNING="8753"
    PERL5_CPAN_IS_RUNNING="8753"
    PERL_MM_USE_DEFAULT="1"
  @INC:
    /home/src/perl/repoperls/installed-perls/perl/v5.19.0-27-g4572fa3/127e/lib/site_perl/5.19.1/x86_64-linux-ld
    /home/src/perl/repoperls/installed-perls/perl/v5.19.0-27-g4572fa3/127e/lib/site_perl/5.19.1
    /home/src/perl/repoperls/installed-perls/perl/v5.19.0-27-g4572fa3/127e/lib/5.19.1/x86_64-linux-ld
    /home/src/perl/repoperls/installed-perls/perl/v5.19.0-27-g4572fa3/127e/lib/5.19.1
    .