Report for Net-Statsd-Server-0.17

Back
From: metabase:user:31d414ea-2aae-11df-837a-5e0a49663a4f
Subject: FAIL Net-Statsd-Server-0.17 v5.20.0 GNU/Linux
Date: 2014-06-16T09:59:22Z

This distribution has been tested as part of the CPAN Testers
project, supporting the Perl programming language.  See
http://wiki.cpantesters.org/ for more information or email
questions to cpan-testers-discuss@perl.org


--
Dear Cosimo Streppone,

This is a computer-generated report for Net-Statsd-Server-0.17
on perl 5.20.0, created by CPAN-Reporter-1.2011.

Thank you for uploading your work to CPAN.  However, there was a problem
testing your distribution.

If you think this report is invalid, please consult the CPAN Testers Wiki
for suggestions on how to avoid getting FAIL reports for missing library
or binary dependencies, unsupported operating systems, and so on:

http://wiki.cpantesters.org/wiki/CPANAuthorNotes

Sections of this report:

    * Tester comments
    * Program output
    * Prerequisites
    * Environment and other context

------------------------------
TESTER COMMENTS
------------------------------

Additional comments from tester:

this report is from an automated smoke testing program
and was not reviewed by a human for accuracy

------------------------------
PROGRAM OUTPUT
------------------------------

Output from '/usr/bin/make test':

PERL_DL_NONLAZY=1 /home/david/cpantesting/perl-5.20.0/bin/perl "-MExtUtils::Command::MM" "-MTest::Harness" "-e" "undef *Test::Harness::Switches; test_harness(0, 'blib/lib', 'blib/arch')" t/*.t t/integration-tests/*.t
t/000-sanity.t ............................. ok
t/config.t ................................. ok
t/graphite.t ............................... ok
2014-06-16 10:59:12.000000 +0100 note  Net::Statsd::Server: Initializing Net::Statsd::Server::Backend::Console backend
2014-06-16 10:59:12.000000 +0100 note  Net::Statsd::Server: Initializing Net::Statsd::Server::Backend::Graphite backend
2014-06-16 10:59:12.000000 +0100 info  AnyEvent: Autoloaded model 'AnyEvent::Impl::Perl', using it.
2014-06-16 10:59:12.928433 +0100 note  Net::Statsd::Server: statsd server started on 0.0.0.0:40001 (v0.17)
2014-06-16 10:59:12.933222 +0100 note  Net::Statsd::Server: manager interface started on 0.0.0.0:40002
2014-06-16 10:59:12.933362 +0100 note  Net::Statsd::Server: metrics flush will happen every 1s
2014-06-16 10:59:13.244821 +0100 warn  Net::Statsd::Server: Bad line: 1 in msg "a_bad_test_value|z"
2014-06-16 10:59:13.871638 +0100 warn  Net::Statsd::Server: Bad line: 1 in msg "a_bad_test_value|z"
2014-06-16 10:59:13.914411 +0100 note  Net::Statsd::Server: flushing metrics
Flushing stats at Mon Jun 16 10:59:13 2014
{"sets":null,"gauges":{},"counters":{"statsd.bad_lines_seen":2,"statsd.packets_received":2},"timer_data":{},"pctThreshold":[90],"counter_rates":{"statsd.packets_received":2,"statsd.bad_lines_seen":2},"timers":{}}

#   Failed test 'Backend recognised our bad message bumping 'bad_lines_seen''
#   at t/integration-tests/bad-message.t line 31.
#          got: '2'
#     expected: '1'
# Looks like you failed 1 test of 4.
t/integration-tests/bad-message.t .......... 
Dubious, test returned 1 (wstat 256, 0x100)
Failed 1/4 subtests 
2014-06-16 10:59:14.000000 +0100 note  Net::Statsd::Server: Initializing Net::Statsd::Server::Backend::Console backend
2014-06-16 10:59:14.000000 +0100 note  Net::Statsd::Server: Initializing Net::Statsd::Server::Backend::Graphite backend
2014-06-16 10:59:14.000000 +0100 info  AnyEvent: Autoloaded model 'AnyEvent::Impl::Perl', using it.
bind: Address already in use at /home/david/cpantesting/perl-5.20.0/.cpan/build/Net-Statsd-Server-0.17-nYuNiE/bin/../lib/Net/Statsd/Server.pm line 734.
bind: Address already in use at /home/david/cpantesting/perl-5.20.0/.cpan/build/Net-Statsd-Server-0.17-nYuNiE/blib/lib/Test/Statsd.pm line 72.
# Looks like your test exited with 98 before it could output anything.
t/integration-tests/counts-are-valid.t ..... 
Dubious, test returned 98 (wstat 25088, 0x6200)
Failed 4/4 subtests 
2014-06-16 10:59:14.000000 +0100 note  Net::Statsd::Server: Initializing Net::Statsd::Server::Backend::Graphite backend
2014-06-16 10:59:14.000000 +0100 info  AnyEvent: Autoloaded model 'AnyEvent::Impl::Perl', using it.
bind: Address already in use at /home/david/cpantesting/perl-5.20.0/.cpan/build/Net-Statsd-Server-0.17-nYuNiE/bin/../lib/Net/Statsd/Server.pm line 734.
# First flush. Test gauge should be there.
# Second flush. deleteGauges=false should keep the test gauge.
t/integration-tests/delete-gauges-false.t .. ok
2014-06-16 10:59:18.000000 +0100 note  Net::Statsd::Server: Initializing Net::Statsd::Server::Backend::Graphite backend
2014-06-16 10:59:18.000000 +0100 info  AnyEvent: Autoloaded model 'AnyEvent::Impl::Perl', using it.
bind: Address already in use at /home/david/cpantesting/perl-5.20.0/.cpan/build/Net-Statsd-Server-0.17-nYuNiE/bin/../lib/Net/Statsd/Server.pm line 734.
bind: Address already in use at /home/david/cpantesting/perl-5.20.0/.cpan/build/Net-Statsd-Server-0.17-nYuNiE/blib/lib/Test/Statsd.pm line 72.
# Looks like your test exited with 98 before it could output anything.
t/integration-tests/delete-idle-stats.t .... 
Dubious, test returned 98 (wstat 25088, 0x6200)
Failed 4/4 subtests 
2014-06-16 10:59:18.000000 +0100 note  Net::Statsd::Server: Initializing Net::Statsd::Server::Backend::Graphite backend
2014-06-16 10:59:18.000000 +0100 info  AnyEvent: Autoloaded model 'AnyEvent::Impl::Perl', using it.
bind: Address already in use at /home/david/cpantesting/perl-5.20.0/.cpan/build/Net-Statsd-Server-0.17-nYuNiE/bin/../lib/Net/Statsd/Server.pm line 734.
# Expected mean value is 2128.33
# stats.counters.a_test_value.rate 100.000000 1402912759
# stats.counters.a_test_value.count 100 1402912759
# stats.counters.statsd.packets_received.rate 101.000000 1402912759
# stats.counters.statsd.packets_received.count 101 1402912759
# stats.timers.read_latency.lower 1029.000000 1402912759
# stats.timers.read_latency.sum_squares_90 398319561.000000 1402912759
# stats.timers.read_latency.sum_90 183275.000000 1402912759
# stats.timers.read_latency.count_90 90.000000 1402912759
# stats.timers.read_latency.upper_90 2895.000000 1402912759
# stats.timers.read_latency.std 571.975490 1402912759
# stats.timers.read_latency.count 100.000000 1402912759
# stats.timers.read_latency.median 2157.000000 1402912759
# stats.timers.read_latency.mean 2128.330000 1402912759
# stats.timers.read_latency.mean_90 2036.388889 1402912759
# stats.timers.read_latency.upper 2995.000000 1402912759
# stats.timers.read_latency.count_ps 100.000000 1402912759
# stats.timers.read_latency.sum 212833.000000 1402912759
# stats.timers.read_latency.sum_squares 485694455.000000 1402912759
# stats.gauges.a_test_gauge 100.000000 1402912759
# stats.statsd.numStats 4 1402912759
# stats.statsd.graphiteStats.calculationtime 0.088000 1402912759
# stats.statsd.processing_time 0.216 1402912759
# stats.statsd.graphiteStats.last_exception 27702752 1402912759
# stats.statsd.graphiteStats.last_flush 30369952 1402912759

#   Failed test 'Got the one metric that was fired'
#   at t/integration-tests/percent-threshold.t line 49.
#          got: '4'
#     expected: '3'

#   Failed test 'default percentThreshold of 90 is not there. Config is honoured correctly'
#   at t/integration-tests/percent-threshold.t line 52.
Use of uninitialized value in numeric ge (>=) at t/integration-tests/percent-threshold.t line 56.
Use of uninitialized value in concatenation (.) or string at t/integration-tests/percent-threshold.t line 56.

#   Failed test 'stats.timers.read_latency.mean_95 value was calculated ()'
#   at t/integration-tests/percent-threshold.t line 56.
Use of uninitialized value in numeric ge (>=) at t/integration-tests/percent-threshold.t line 59.
Use of uninitialized value in numeric ge (>=) at t/integration-tests/percent-threshold.t line 59.
Use of uninitialized value in concatenation (.) or string at t/integration-tests/percent-threshold.t line 59.
Use of uninitialized value in numeric ge (>=) at t/integration-tests/percent-threshold.t line 62.
Use of uninitialized value in numeric ge (>=) at t/integration-tests/percent-threshold.t line 62.
Use of uninitialized value in concatenation (.) or string at t/integration-tests/percent-threshold.t line 62.
# Looks like you failed 3 tests of 8.
t/integration-tests/percent-threshold.t .... 
Dubious, test returned 3 (wstat 768, 0x300)
Failed 3/8 subtests 
2014-06-16 10:59:19.000000 +0100 note  Net::Statsd::Server: Initializing Net::Statsd::Server::Backend::Console backend
2014-06-16 10:59:19.000000 +0100 note  Net::Statsd::Server: Initializing Net::Statsd::Server::Backend::Graphite backend
2014-06-16 10:59:19.000000 +0100 info  AnyEvent: Autoloaded model 'AnyEvent::Impl::Perl', using it.
bind: Address already in use at /home/david/cpantesting/perl-5.20.0/.cpan/build/Net-Statsd-Server-0.17-nYuNiE/bin/../lib/Net/Statsd/Server.pm line 734.
bind: Address already in use at /home/david/cpantesting/perl-5.20.0/.cpan/build/Net-Statsd-Server-0.17-nYuNiE/blib/lib/Test/Statsd.pm line 72.
# Looks like your test exited with 98 before it could output anything.
t/integration-tests/timers-are-valid.t ..... 
Dubious, test returned 98 (wstat 25088, 0x6200)
Failed 5/5 subtests 
t/process-metrics.t ........................ ok
t/trim.t ................................... ok

Test Summary Report
-------------------
t/integration-tests/bad-message.t        (Wstat: 256 Tests: 4 Failed: 1)
  Failed test:  4
  Non-zero exit status: 1
t/integration-tests/counts-are-valid.t   (Wstat: 25088 Tests: 0 Failed: 0)
  Non-zero exit status: 98
  Parse errors: Bad plan.  You planned 4 tests but ran 0.
t/integration-tests/delete-idle-stats.t  (Wstat: 25088 Tests: 0 Failed: 0)
  Non-zero exit status: 98
  Parse errors: Bad plan.  You planned 4 tests but ran 0.
t/integration-tests/percent-threshold.t  (Wstat: 768 Tests: 8 Failed: 3)
  Failed tests:  2-4
  Non-zero exit status: 3
t/integration-tests/timers-are-valid.t   (Wstat: 25088 Tests: 0 Failed: 0)
  Non-zero exit status: 98
  Parse errors: Bad plan.  You planned 5 tests but ran 0.
Files=11, Tests=77,  9 wallclock secs ( 0.04 usr  0.05 sys +  0.72 cusr  0.19 csys =  1.00 CPU)
Result: FAIL
Failed 5/11 test programs. 4/77 subtests failed.
make: *** [test_dynamic] Error 255

------------------------------
PREREQUISITES
------------------------------

Prerequisite modules loaded:

requires:

    Module                Need Have    
    --------------------- ---- --------
    AnyEvent::Handle::UDP 0    0.043   
    IO::Socket::INET      0    1.35    
    JSON::XS              0    3.01    

build_requires:

    Module                Need Have    
    --------------------- ---- --------
    Test::More            0    1.001002

configure_requires:

    Module                Need Have    
    --------------------- ---- --------
    ExtUtils::MakeMaker   6.30 6.98    


------------------------------
ENVIRONMENT AND OTHER CONTEXT
------------------------------

Environment variables:

    AUTOMATED_TESTING = 1
    NONINTERACTIVE_TESTING = 1
    PATH = /usr/local/bin:/usr/bin:/bin:/usr/games
    PERL = 5.20.0
    PERL5LIB = 
    PERL5OPT = 
    PERL5_CPANPLUS_IS_RUNNING = 18944
    PERL5_CPAN_IS_RUNNING = 18944
    PERLVER = 5.20.0
    PERL_INLINE_DIRECTORY = /home/david/.Inline-5.20.0
    PERL_MM_USE_DEFAULT = 1
    SHELL = /bin/bash
    TERM = screen

Perl special variables (and OS-specific diagnostics, for MSWin32):

    $^X = /home/david/cpantesting/perl-5.20.0/bin/perl
    $UID/$EUID = 1000 / 1000
    $GID = 1000 1000
    $EGID = 1000 1000

Perl module toolchain versions installed:

    Module              Have    
    ------------------- --------
    CPAN                2.05    
    CPAN::Meta          2.140640
    Cwd                 3.47    
    ExtUtils::CBuilder  0.280216
    ExtUtils::Command   1.18    
    ExtUtils::Install   1.67    
    ExtUtils::MakeMaker 6.98    
    ExtUtils::Manifest  1.63    
    ExtUtils::ParseXS   3.24    
    File::Spec          3.47    
    JSON                2.90    
    JSON::PP            2.27203 
    Module::Build       0.4205  
    Module::Signature   n/a     
    Parse::CPAN::Meta   1.4414  
    Test::Harness       3.30    
    Test::More          1.001002
    YAML                n/a     
    YAML::Syck          n/a     
    version             0.9908  


--

Summary of my perl5 (revision 5 version 20 subversion 0) configuration:
   
  Platform:
    osname=linux, osvers=3.2.0-4-amd64, archname=x86_64-linux-thread-multi
    uname='linux pigsty.barnyard.co.uk 3.2.0-4-amd64 #1 smp debian 3.2.35-2 x86_64 gnulinux '
    config_args='-de -Dprefix=/home/david/cpantesting/perl-5.20.0 -Dusethreads -Duse64bitall'
    hint=recommended, useposix=true, d_sigaction=define
    useithreads=define, usemultiplicity=define
    use64bitint=define, use64bitall=define, uselongdouble=undef
    usemymalloc=n, bincompat5005=undef
  Compiler:
    cc='cc', ccflags ='-D_REENTRANT -D_GNU_SOURCE -fno-strict-aliasing -pipe -fstack-protector -I/usr/local/include -D_LARGEFILE_SOURCE -D_FILE_OFFSET_BITS=64',
    optimize='-O2',
    cppflags='-D_REENTRANT -D_GNU_SOURCE -fno-strict-aliasing -pipe -fstack-protector -I/usr/local/include'
    ccversion='', gccversion='4.1.2 20061115 (prerelease) (Debian 4.1.1-21)', gccosandvers=''
    intsize=4, longsize=8, ptrsize=8, doublesize=8, byteorder=12345678
    d_longlong=define, longlongsize=8, d_longdbl=define, longdblsize=16
    ivtype='long', ivsize=8, nvtype='double', nvsize=8, Off_t='off_t', lseeksize=8
    alignbytes=8, prototype=define
  Linker and Libraries:
    ld='cc', ldflags =' -fstack-protector -L/usr/local/lib'
    libpth=/usr/local/lib /usr/lib /lib /lib64 /usr/lib64
    libs=-lnsl -lgdbm -ldb -ldl -lm -lcrypt -lutil -lpthread -lc -lgdbm_compat
    perllibs=-lnsl -ldl -lm -lcrypt -lutil -lpthread -lc
    libc=libc-2.3.6.so, so=so, useshrplib=false, libperl=libperl.a
    gnulibc_version='2.3.6'
  Dynamic Linking:
    dlsrc=dl_dlopen.xs, dlext=so, d_dlsymun=undef, ccdlflags='-Wl,-E'
    cccdlflags='-fPIC', lddlflags='-shared -O2 -L/usr/local/lib -fstack-protector'


Characteristics of this binary (from libperl): 
  Compile-time options: HAS_TIMES MULTIPLICITY PERLIO_LAYERS
                        PERL_DONT_CREATE_GVSV
                        PERL_HASH_FUNC_ONE_AT_A_TIME_HARD
                        PERL_IMPLICIT_CONTEXT PERL_MALLOC_WRAP
                        PERL_NEW_COPY_ON_WRITE PERL_PRESERVE_IVUV
                        USE_64_BIT_ALL USE_64_BIT_INT USE_ITHREADS
                        USE_LARGE_FILES USE_LOCALE USE_LOCALE_COLLATE
                        USE_LOCALE_CTYPE USE_LOCALE_NUMERIC USE_PERLIO
                        USE_PERL_ATOF USE_REENTRANT_API
  Built under linux
  Compiled at May 27 2014 16:06:22
  %ENV:
    PERL="5.20.0"
    PERL5LIB=""
    PERL5OPT=""
    PERL5_CPANPLUS_IS_RUNNING="18944"
    PERL5_CPAN_IS_RUNNING="18944"
    PERLVER="5.20.0"
    PERL_INLINE_DIRECTORY="/home/david/.Inline-5.20.0"
    PERL_MM_USE_DEFAULT="1"
  @INC:
    /home/david/cpantesting/perl-5.20.0/lib/site_perl/5.20.0/x86_64-linux-thread-multi
    /home/david/cpantesting/perl-5.20.0/lib/site_perl/5.20.0
    /home/david/cpantesting/perl-5.20.0/lib/5.20.0/x86_64-linux-thread-multi
    /home/david/cpantesting/perl-5.20.0/lib/5.20.0
    .