Catalyst-TraitFor-Request-PerLanguageDomains v0.03 Perl 5 v5.33.9 x86_64-linux-ld

Status
Fail
From
Andreas J. König (ANDK)
Dist
Catalyst-TraitFor-Request-PerLanguageDomains v0.03
Platform
Perl 5 v5.33.9 x86_64-linux-ld
Date
2021-04-25 10:56:30
ID
e40ea19c-a5b4-11eb-a1dc-5f9d65d07521
This distribution has been tested as part of the CPAN Testers
project, supporting the Perl programming language.  See
http://wiki.cpantesters.org/ for more information or email
questions to cpan-testers-discuss@perl.org


--
Dear Tomas Doran,

This is a computer-generated report for Catalyst-TraitFor-Request-PerLanguageDomains-0.03
on perl 5.33.9, created by CPAN-Reporter-1.2018.

Thank you for uploading your work to CPAN.  However, there was a problem
testing your distribution.

If you think this report is invalid, please consult the CPAN Testers Wiki
for suggestions on how to avoid getting FAIL reports for missing library
or binary dependencies, unsupported operating systems, and so on:

http://wiki.cpantesters.org/wiki/CPANAuthorNotes

Sections of this report:

    * Tester comments
    * Program output
    * Prerequisites
    * Environment and other context

------------------------------
TESTER COMMENTS
------------------------------

Additional comments from tester:

this report is from an automated smoke testing program
and was not reviewed by a human for accuracy

------------------------------
PROGRAM OUTPUT
------------------------------

Output from '/usr/bin/make test':

PERL_DL_NONLAZY=1 "/tmp/basesmoker-reloperl-U_HS/bin/perl" "-MExtUtils::Command::MM" "-MTest::Harness" "-e" "undef *Test::Harness::Switches; test_harness(0, 'inc', 'blib/lib', 'blib/arch')" t/*.t
t/00-load.t .............. ok
'Catalyst::TraitFor::Request::PerLanguageDomains' requires the method '_context' to be implemented by 'Moose::Meta::Class::__ANON__::SERIAL::8' at /home/sand/src/perl/repoperls/installed-perls/host/k93bionic/v5.33.8-70-g75b7bab3e5/ca05/lib/site_perl/5.33.9/x86_64-linux-ld/Class/MOP/Class.pm line 472
	Class::MOP::Class::create_anon_class('Moose::Meta::Class', 'superclasses', 'ARRAY(0x55cad83cc000)', 'roles', 'ARRAY(0x55cad83caaf8)', 'cache', 1) called at /home/sand/src/perl/repoperls/installed-perls/host/k93bionic/v5.33.8-70-g75b7bab3e5/ca05/lib/site_perl/5.33.9/MooseX/RelatedClassRoles.pm line 42
	MooseX::RelatedClassRoles::__ANON__::SERIAL::1::apply_request_class_roles('TestApp', 'Catalyst::TraitFor::Request::PerLanguageDomains') called at /tmp/loop_over_bdir-18086-oWS0U5/Catalyst-TraitFor-Request-PerLanguageDomains-0.03-0/t/lib/TestApp.pm line 24
	require TestApp.pm at /home/sand/src/perl/repoperls/installed-perls/host/k93bionic/v5.33.8-70-g75b7bab3e5/ca05/lib/site_perl/5.33.9/Module/Runtime.pm line 314
	Module::Runtime::require_module('TestApp') called at /home/sand/src/perl/repoperls/installed-perls/host/k93bionic/v5.33.8-70-g75b7bab3e5/ca05/lib/site_perl/5.33.9/Class/Load.pm line 174
	Class::Load::try {...}  at /home/sand/src/perl/repoperls/installed-perls/host/k93bionic/v5.33.8-70-g75b7bab3e5/ca05/lib/site_perl/5.33.9/Try/Tiny.pm line 98
	eval {...} at /home/sand/src/perl/repoperls/installed-perls/host/k93bionic/v5.33.8-70-g75b7bab3e5/ca05/lib/site_perl/5.33.9/Try/Tiny.pm line 93
	Try::Tiny::try('CODE(0x55cad83689f0)', 'Try::Tiny::Catch=REF(0x55cad80fb690)') called at /home/sand/src/perl/repoperls/installed-perls/host/k93bionic/v5.33.8-70-g75b7bab3e5/ca05/lib/site_perl/5.33.9/Class/Load.pm line 180
	Class::Load::try_load_class('TestApp', undef) called at /home/sand/src/perl/repoperls/installed-perls/host/k93bionic/v5.33.8-70-g75b7bab3e5/ca05/lib/site_perl/5.33.9/Class/Load.pm line 35
	Class::Load::load_class('TestApp') called at /home/sand/src/perl/repoperls/installed-perls/host/k93bionic/v5.33.8-70-g75b7bab3e5/ca05/lib/site_perl/5.33.9/Catalyst/Test.pm line 29
	Catalyst::Test::_build_request_export('Catalyst::Test', 'HASH(0x55cad71be908)') called at /home/sand/src/perl/repoperls/installed-perls/host/k93bionic/v5.33.8-70-g75b7bab3e5/ca05/lib/site_perl/5.33.9/Catalyst/Test.pm line 95
	Catalyst::Test::__ANON__('Catalyst::Test', 'all', 'HASH(0x55cad71be8d8)', 'HASH(0x55cad71e3648)') called at /home/sand/src/perl/repoperls/installed-perls/host/k93bionic/v5.33.8-70-g75b7bab3e5/ca05/lib/site_perl/5.33.9/Sub/Exporter.pm line 108
	Sub::Exporter::_expand_group('Catalyst::Test', 'HASH(0x55cad83b6218)', 'ARRAY(0x55cad73d0350)', 'HASH(0x55cad71e3648)', 'HASH(0x55cad71be938)', 'HASH(0x55cad7360f00)') called at /home/sand/src/perl/repoperls/installed-perls/host/k93bionic/v5.33.8-70-g75b7bab3e5/ca05/lib/site_perl/5.33.9/Sub/Exporter.pm line 39
	Sub::Exporter::_expand_groups('Catalyst::Test', 'HASH(0x55cad83b6218)', 'ARRAY(0x55cad83b6668)', 'HASH(0x55cad71e3648)') called at /home/sand/src/perl/repoperls/installed-perls/host/k93bionic/v5.33.8-70-g75b7bab3e5/ca05/lib/site_perl/5.33.9/Sub/Exporter.pm line 323
	Sub::Exporter::__ANON__('Catalyst::Test', '-all', 'HASH(0x55cad6b05a08)') called at /home/sand/src/perl/repoperls/installed-perls/host/k93bionic/v5.33.8-70-g75b7bab3e5/ca05/lib/site_perl/5.33.9/Catalyst/Test.pm line 155
	Catalyst::Test::import('Catalyst::Test', 'TestApp') called at t/01-live-test.t line 12
	main::BEGIN at /tmp/loop_over_bdir-18086-oWS0U5/Catalyst-TraitFor-Request-PerLanguageDomains-0.03-0/t/lib/TestApp.pm line 0
	eval {...} at /tmp/loop_over_bdir-18086-oWS0U5/Catalyst-TraitFor-Request-PerLanguageDomains-0.03-0/t/lib/TestApp.pm line 0
Compilation failed in require at /home/sand/src/perl/repoperls/installed-perls/host/k93bionic/v5.33.8-70-g75b7bab3e5/ca05/lib/site_perl/5.33.9/Catalyst/Test.pm line 155.
BEGIN failed--compilation aborted at t/01-live-test.t line 12.
# Looks like your test exited with 255 before it could output anything.
t/01-live-test.t ......... 
Dubious, test returned 255 (wstat 65280, 0xff00)
Failed 6/6 subtests 
'Catalyst::TraitFor::Request::PerLanguageDomains' requires the method '_context' to be implemented by 'Moose::Meta::Class::__ANON__::SERIAL::8' at /home/sand/src/perl/repoperls/installed-perls/host/k93bionic/v5.33.8-70-g75b7bab3e5/ca05/lib/site_perl/5.33.9/x86_64-linux-ld/Class/MOP/Class.pm line 472
	Class::MOP::Class::create_anon_class('Moose::Meta::Class', 'superclasses', 'ARRAY(0x555d81dc23e8)', 'roles', 'ARRAY(0x555d81dc3880)', 'cache', 1) called at /home/sand/src/perl/repoperls/installed-perls/host/k93bionic/v5.33.8-70-g75b7bab3e5/ca05/lib/site_perl/5.33.9/MooseX/RelatedClassRoles.pm line 42
	MooseX::RelatedClassRoles::__ANON__::SERIAL::1::apply_request_class_roles('TestApp', 'Catalyst::TraitFor::Request::PerLanguageDomains') called at /tmp/loop_over_bdir-18086-oWS0U5/Catalyst-TraitFor-Request-PerLanguageDomains-0.03-0/t/lib/TestApp.pm line 24
	require TestApp.pm at /home/sand/src/perl/repoperls/installed-perls/host/k93bionic/v5.33.8-70-g75b7bab3e5/ca05/lib/site_perl/5.33.9/Module/Runtime.pm line 314
	Module::Runtime::require_module('TestApp') called at /home/sand/src/perl/repoperls/installed-perls/host/k93bionic/v5.33.8-70-g75b7bab3e5/ca05/lib/site_perl/5.33.9/Class/Load.pm line 174
	Class::Load::try {...}  at /home/sand/src/perl/repoperls/installed-perls/host/k93bionic/v5.33.8-70-g75b7bab3e5/ca05/lib/site_perl/5.33.9/Try/Tiny.pm line 98
	eval {...} at /home/sand/src/perl/repoperls/installed-perls/host/k93bionic/v5.33.8-70-g75b7bab3e5/ca05/lib/site_perl/5.33.9/Try/Tiny.pm line 93
	Try::Tiny::try('CODE(0x555d81d600a0)', 'Try::Tiny::Catch=REF(0x555d81af2e70)') called at /home/sand/src/perl/repoperls/installed-perls/host/k93bionic/v5.33.8-70-g75b7bab3e5/ca05/lib/site_perl/5.33.9/Class/Load.pm line 180
	Class::Load::try_load_class('TestApp', undef) called at /home/sand/src/perl/repoperls/installed-perls/host/k93bionic/v5.33.8-70-g75b7bab3e5/ca05/lib/site_perl/5.33.9/Class/Load.pm line 35
	Class::Load::load_class('TestApp') called at /home/sand/src/perl/repoperls/installed-perls/host/k93bionic/v5.33.8-70-g75b7bab3e5/ca05/lib/site_perl/5.33.9/Catalyst/Test.pm line 29
	Catalyst::Test::_build_request_export('Catalyst::Test', 'HASH(0x555d80bb3018)') called at /home/sand/src/perl/repoperls/installed-perls/host/k93bionic/v5.33.8-70-g75b7bab3e5/ca05/lib/site_perl/5.33.9/Catalyst/Test.pm line 95
	Catalyst::Test::__ANON__('Catalyst::Test', 'all', 'HASH(0x555d80bb2fe8)', 'HASH(0x555d804fca00)') called at /home/sand/src/perl/repoperls/installed-perls/host/k93bionic/v5.33.8-70-g75b7bab3e5/ca05/lib/site_perl/5.33.9/Sub/Exporter.pm line 108
	Sub::Exporter::_expand_group('Catalyst::Test', 'HASH(0x555d81dad998)', 'ARRAY(0x555d80528528)', 'HASH(0x555d804fca00)', 'HASH(0x555d80bb3048)', 'HASH(0x555d80527808)') called at /home/sand/src/perl/repoperls/installed-perls/host/k93bionic/v5.33.8-70-g75b7bab3e5/ca05/lib/site_perl/5.33.9/Sub/Exporter.pm line 39
	Sub::Exporter::_expand_groups('Catalyst::Test', 'HASH(0x555d81dad998)', 'ARRAY(0x555d81dadde8)', 'HASH(0x555d804fca00)') called at /home/sand/src/perl/repoperls/installed-perls/host/k93bionic/v5.33.8-70-g75b7bab3e5/ca05/lib/site_perl/5.33.9/Sub/Exporter.pm line 323
	Sub::Exporter::__ANON__('Catalyst::Test', '-all', 'HASH(0x555d804fc9e8)') called at /home/sand/src/perl/repoperls/installed-perls/host/k93bionic/v5.33.8-70-g75b7bab3e5/ca05/lib/site_perl/5.33.9/Catalyst/Test.pm line 155
	Catalyst::Test::import('Catalyst::Test', 'TestApp') called at t/02-live-test-header.t line 12
	main::BEGIN at /tmp/loop_over_bdir-18086-oWS0U5/Catalyst-TraitFor-Request-PerLanguageDomains-0.03-0/t/lib/TestApp.pm line 0
	eval {...} at /tmp/loop_over_bdir-18086-oWS0U5/Catalyst-TraitFor-Request-PerLanguageDomains-0.03-0/t/lib/TestApp.pm line 0
Compilation failed in require at /home/sand/src/perl/repoperls/installed-perls/host/k93bionic/v5.33.8-70-g75b7bab3e5/ca05/lib/site_perl/5.33.9/Catalyst/Test.pm line 155.
BEGIN failed--compilation aborted at t/02-live-test-header.t line 12.
# Looks like your test exited with 255 before it could output anything.
t/02-live-test-header.t .. 
Dubious, test returned 255 (wstat 65280, 0xff00)
Failed 5/5 subtests 
'Catalyst::TraitFor::Request::PerLanguageDomains' requires the method '_context' to be implemented by 'Moose::Meta::Class::__ANON__::SERIAL::8' at /home/sand/src/perl/repoperls/installed-perls/host/k93bionic/v5.33.8-70-g75b7bab3e5/ca05/lib/site_perl/5.33.9/x86_64-linux-ld/Class/MOP/Class.pm line 472
	Class::MOP::Class::create_anon_class('Moose::Meta::Class', 'superclasses', 'ARRAY(0x55b7ba04cad0)', 'roles', 'ARRAY(0x55b7bb259640)', 'cache', 1) called at /home/sand/src/perl/repoperls/installed-perls/host/k93bionic/v5.33.8-70-g75b7bab3e5/ca05/lib/site_perl/5.33.9/MooseX/RelatedClassRoles.pm line 42
	MooseX::RelatedClassRoles::__ANON__::SERIAL::1::apply_request_class_roles('TestApp', 'Catalyst::TraitFor::Request::PerLanguageDomains') called at /tmp/loop_over_bdir-18086-oWS0U5/Catalyst-TraitFor-Request-PerLanguageDomains-0.03-0/t/lib/TestApp.pm line 24
	require TestApp.pm at /home/sand/src/perl/repoperls/installed-perls/host/k93bionic/v5.33.8-70-g75b7bab3e5/ca05/lib/site_perl/5.33.9/Module/Runtime.pm line 314
	Module::Runtime::require_module('TestApp') called at /home/sand/src/perl/repoperls/installed-perls/host/k93bionic/v5.33.8-70-g75b7bab3e5/ca05/lib/site_perl/5.33.9/Class/Load.pm line 174
	Class::Load::try {...}  at /home/sand/src/perl/repoperls/installed-perls/host/k93bionic/v5.33.8-70-g75b7bab3e5/ca05/lib/site_perl/5.33.9/Try/Tiny.pm line 98
	eval {...} at /home/sand/src/perl/repoperls/installed-perls/host/k93bionic/v5.33.8-70-g75b7bab3e5/ca05/lib/site_perl/5.33.9/Try/Tiny.pm line 93
	Try::Tiny::try('CODE(0x55b7bb1f5fa0)', 'Try::Tiny::Catch=REF(0x55b7baf88f28)') called at /home/sand/src/perl/repoperls/installed-perls/host/k93bionic/v5.33.8-70-g75b7bab3e5/ca05/lib/site_perl/5.33.9/Class/Load.pm line 180
	Class::Load::try_load_class('TestApp', undef) called at /home/sand/src/perl/repoperls/installed-perls/host/k93bionic/v5.33.8-70-g75b7bab3e5/ca05/lib/site_perl/5.33.9/Class/Load.pm line 35
	Class::Load::load_class('TestApp') called at /home/sand/src/perl/repoperls/installed-perls/host/k93bionic/v5.33.8-70-g75b7bab3e5/ca05/lib/site_perl/5.33.9/Catalyst/Test.pm line 29
	Catalyst::Test::_build_request_export('Catalyst::Test', 'HASH(0x55b7ba04b288)') called at /home/sand/src/perl/repoperls/installed-perls/host/k93bionic/v5.33.8-70-g75b7bab3e5/ca05/lib/site_perl/5.33.9/Catalyst/Test.pm line 95
	Catalyst::Test::__ANON__('Catalyst::Test', 'all', 'HASH(0x55b7ba04b258)', 'HASH(0x55b7ba071618)') called at /home/sand/src/perl/repoperls/installed-perls/host/k93bionic/v5.33.8-70-g75b7bab3e5/ca05/lib/site_perl/5.33.9/Sub/Exporter.pm line 108
	Sub::Exporter::_expand_group('Catalyst::Test', 'HASH(0x55b7bb243968)', 'ARRAY(0x55b7ba22c088)', 'HASH(0x55b7ba071618)', 'HASH(0x55b7ba04b2b8)', 'HASH(0x55b7ba00bb30)') called at /home/sand/src/perl/repoperls/installed-perls/host/k93bionic/v5.33.8-70-g75b7bab3e5/ca05/lib/site_perl/5.33.9/Sub/Exporter.pm line 39
	Sub::Exporter::_expand_groups('Catalyst::Test', 'HASH(0x55b7bb243968)', 'ARRAY(0x55b7bb243db8)', 'HASH(0x55b7ba071618)') called at /home/sand/src/perl/repoperls/installed-perls/host/k93bionic/v5.33.8-70-g75b7bab3e5/ca05/lib/site_perl/5.33.9/Sub/Exporter.pm line 323
	Sub::Exporter::__ANON__('Catalyst::Test', '-all', 'HASH(0x55b7b99929e8)') called at /home/sand/src/perl/repoperls/installed-perls/host/k93bionic/v5.33.8-70-g75b7bab3e5/ca05/lib/site_perl/5.33.9/Catalyst/Test.pm line 155
	Catalyst::Test::import('Catalyst::Test', 'TestApp') called at t/03-live-test-domain.t line 12
	main::BEGIN at /tmp/loop_over_bdir-18086-oWS0U5/Catalyst-TraitFor-Request-PerLanguageDomains-0.03-0/t/lib/TestApp.pm line 0
	eval {...} at /tmp/loop_over_bdir-18086-oWS0U5/Catalyst-TraitFor-Request-PerLanguageDomains-0.03-0/t/lib/TestApp.pm line 0
Compilation failed in require at /home/sand/src/perl/repoperls/installed-perls/host/k93bionic/v5.33.8-70-g75b7bab3e5/ca05/lib/site_perl/5.33.9/Catalyst/Test.pm line 155.
BEGIN failed--compilation aborted at t/03-live-test-domain.t line 12.
# Looks like your test exited with 255 before it could output anything.
t/03-live-test-domain.t .. 
Dubious, test returned 255 (wstat 65280, 0xff00)
Failed 3/3 subtests 

Test Summary Report
-------------------
t/01-live-test.t       (Wstat: 65280 Tests: 0 Failed: 0)
  Non-zero exit status: 255
  Parse errors: Bad plan.  You planned 6 tests but ran 0.
t/02-live-test-header.t (Wstat: 65280 Tests: 0 Failed: 0)
  Non-zero exit status: 255
  Parse errors: Bad plan.  You planned 5 tests but ran 0.
t/03-live-test-domain.t (Wstat: 65280 Tests: 0 Failed: 0)
  Non-zero exit status: 255
  Parse errors: Bad plan.  You planned 3 tests but ran 0.
Files=4, Tests=1,  2 wallclock secs ( 0.02 usr  0.01 sys +  1.52 cusr  0.27 csys =  1.82 CPU)
Result: FAIL
Failed 3/4 test programs. 0/1 subtests failed.
Makefile:780: recipe for target 'test_dynamic' failed
make: *** [test_dynamic] Error 255

------------------------------
PREREQUISITES
------------------------------

Prerequisite modules loaded:

requires:

    Module                                   Need     Have    
    ---------------------------------------- -------- --------
    Catalyst                                 5.80     5.90128 
    I18N::AcceptLanguage                     0        1.04    
    Moose                                    0        2.2015  
    Moose::Autobox                           0        0.16    
    MooseX::Types                            0        0.50    
    MooseX::Types::Common::String            0        0.001014
    MooseX::Types::Structured                0        0.36    
    namespace::autoclean                     0        0.29    
    perl                                     5.008005 5.033009

build_requires:

    Module                                   Need     Have    
    ---------------------------------------- -------- --------
    Catalyst::Action::RenderView             0        0.16    
    Catalyst::Plugin::Session                0        0.41    
    Catalyst::Plugin::Session::State::Cookie 0        0.18    
    Catalyst::Plugin::Session::Store::File   0        0.18    
    Catalyst::View::TT                       0        0.45    
    CatalystX::RoleApplicator                0        0.005   
    ExtUtils::MakeMaker                      6.42     7.62    
    HTTP::Request::Common                    0        6.29    
    Test::More                               0        1.302183

configure_requires:

    Module                                   Need     Have    
    ---------------------------------------- -------- --------
    ExtUtils::MakeMaker                      6.42     7.62    


------------------------------
ENVIRONMENT AND OTHER CONTEXT
------------------------------

Environment variables:

    AUTOMATED_TESTING = 1
    LANG = en_US.utf8
    PATH = /home/sand/bin:/usr/local/bin:/usr/local/sbin:/usr/sbin:/usr/bin:/sbin:/bin:/usr/games:/usr/local/games:/snap/bin:/usr/local/perl/bin:/usr/X11/bin
    PERL = /tmp/basesmoker-reloperl-U_HS/bin/perl
    PERL5LIB = /tmp/loop_over_bdir-18086-oWS0U5/Net-ISP-Balance-1.28-0/blib/arch:/tmp/loop_over_bdir-18086-oWS0U5/Net-ISP-Balance-1.28-0/blib/lib:/tmp/loop_over_bdir-18086-oWS0U5/Linux-InitFS-0.2-0/blib/arch:/tmp/loop_over_bdir-18086-oWS0U5/Linux-InitFS-0.2-0/blib/lib:/tmp/loop_over_bdir-18086-oWS0U5/EJBCA-CrlPublish-0.60-0/blib/arch:/tmp/loop_over_bdir-18086-oWS0U5/EJBCA-CrlPublish-0.60-0/blib/lib:/tmp/loop_over_bdir-18086-oWS0U5/Lemonldap-NG-Cli-0.2-0/blib/arch:/tmp/loop_over_bdir-18086-oWS0U5/Lemonldap-NG-Cli-0.2-0/blib/lib:/tmp/loop_over_bdir-18086-oWS0U5/RDF-NLP-SPARQLQuery-0.1-0/blib/arch:/tmp/loop_over_bdir-18086-oWS0U5/RDF-NLP-SPARQLQuery-0.1-0/blib/lib:/tmp/loop_over_bdir-18086-oWS0U5/HTML-Menu-TreeView-1.22-0/blib/arch:/tmp/loop_over_bdir-18086-oWS0U5/HTML-Menu-TreeView-1.22-0/blib/lib:/tmp/loop_over_bdir-18086-oWS0U5/App-rmcd-0.280-0/blib/arch:/tmp/loop_over_bdir-18086-oWS0U5/App-rmcd-0.280-0/blib/lib
    PERL5OPT = 
    PERL5_CPANPLUS_IS_RUNNING = 18094
    PERL5_CPAN_IS_RUNNING = 18094
    PERL_CANARY_STABILITY_NOPROMPT = 1
    PERL_MM_USE_DEFAULT = 1
    PERL_USE_UNSAFE_INC = 1
    SHELL = /usr/bin/zsh
    TERM = screen

Perl special variables (and OS-specific diagnostics, for MSWin32):

    $^X = /tmp/basesmoker-reloperl-U_HS/bin/perl
    $UID/$EUID = 1005 / 1005
    $GID = 1005 1005
    $EGID = 1005 1005

Perl module toolchain versions installed:

    Module              Have    
    ------------------- --------
    CPAN                2.28    
    CPAN::Meta          2.150010
    Cwd                 3.80    
    ExtUtils::CBuilder  0.280236
    ExtUtils::Command   7.62    
    ExtUtils::Install   2.20    
    ExtUtils::MakeMaker 7.62    
    ExtUtils::Manifest  1.73    
    ExtUtils::ParseXS   3.43    
    File::Spec          3.80    
    JSON                4.03    
    JSON::PP            4.06    
    Module::Build       0.4231  
    Module::Signature   0.87    
    Parse::CPAN::Meta   2.150010
    Test::Harness       3.43    
    Test::More          1.302183
    YAML                1.30    
    YAML::Syck          1.34    
    version             0.9929  


--

Summary of my perl5 (revision 5 version 33 subversion 9) configuration:
  Commit id: 75b7bab3e51fb6c7fee979317b53eeb8af5b3206
  Platform:
    osname=linux
    osvers=4.15.0-139-generic
    archname=x86_64-linux-ld
    uname='linux k93bionic 4.15.0-139-generic #143-ubuntu smp tue mar 16 01:30:17 utc 2021 x86_64 x86_64 x86_64 gnulinux '
    config_args='-Dprefix=/home/sand/src/perl/repoperls/installed-perls/host/k93bionic/v5.33.8-70-g75b7bab3e5/ca05 -Dmyhostname=k93bionic -Dinstallusrbinperl=n -Uversiononly -Dusedevel -des -Ui_db -Dlibswanted=cl pthread socket inet nsl gdbm dbm malloc dl ld sun m crypt sec util c cposix posix ucb BSD gdbm_compat -Uuseithreads -Duselongdouble -DEBUGGING=-g'
    hint=recommended
    useposix=true
    d_sigaction=define
    useithreads=undef
    usemultiplicity=undef
    use64bitint=define
    use64bitall=define
    uselongdouble=define
    usemymalloc=n
    default_inc_excludes_dot=define
  Compiler:
    cc='cc'
    ccflags ='-fwrapv -fno-strict-aliasing -pipe -fstack-protector-strong -I/usr/local/include -D_LARGEFILE_SOURCE -D_FILE_OFFSET_BITS=64'
    optimize='-O2 -g'
    cppflags='-fwrapv -fno-strict-aliasing -pipe -fstack-protector-strong -I/usr/local/include'
    ccversion=''
    gccversion='7.5.0'
    gccosandvers=''
    intsize=4
    longsize=8
    ptrsize=8
    doublesize=8
    byteorder=12345678
    doublekind=3
    d_longlong=define
    longlongsize=8
    d_longdbl=define
    longdblsize=16
    longdblkind=3
    ivtype='long'
    ivsize=8
    nvtype='long double'
    nvsize=16
    Off_t='off_t'
    lseeksize=8
    alignbytes=16
    prototype=define
  Linker and Libraries:
    ld='cc'
    ldflags =' -fstack-protector-strong -L/usr/local/lib'
    libpth=/usr/local/lib /usr/lib/x86_64-linux-gnu /usr/lib /lib/x86_64-linux-gnu /lib
    libs=-lpthread -lnsl -ldl -lm -lcrypt -lutil -lc
    perllibs=-lpthread -lnsl -ldl -lm -lcrypt -lutil -lc
    libc=libc-2.27.so
    so=so
    useshrplib=false
    libperl=libperl.a
    gnulibc_version='2.27'
  Dynamic Linking:
    dlsrc=dl_dlopen.xs
    dlext=so
    d_dlsymun=undef
    ccdlflags='-Wl,-E'
    cccdlflags='-fPIC'
    lddlflags='-shared -O2 -g -L/usr/local/lib -fstack-protector-strong'


Characteristics of this binary (from libperl): 
  Compile-time options:
    HAS_TIMES
    PERLIO_LAYERS
    PERL_COPY_ON_WRITE
    PERL_DONT_CREATE_GVSV
    PERL_MALLOC_WRAP
    PERL_OP_PARENT
    PERL_PRESERVE_IVUV
    PERL_USE_DEVEL
    USE_64_BIT_ALL
    USE_64_BIT_INT
    USE_LARGE_FILES
    USE_LOCALE
    USE_LOCALE_COLLATE
    USE_LOCALE_CTYPE
    USE_LOCALE_NUMERIC
    USE_LOCALE_TIME
    USE_LONG_DOUBLE
    USE_PERLIO
    USE_PERL_ATOF
  Built under linux
  Compiled at Apr 21 2021 07:46:06
  %ENV:
    PERL="/tmp/basesmoker-reloperl-U_HS/bin/perl"
    PERL5LIB="/tmp/loop_over_bdir-18086-oWS0U5/Net-ISP-Balance-1.28-0/blib/arch:/tmp/loop_over_bdir-18086-oWS0U5/Net-ISP-Balance-1.28-0/blib/lib:/tmp/loop_over_bdir-18086-oWS0U5/Linux-InitFS-0.2-0/blib/arch:/tmp/loop_over_bdir-18086-oWS0U5/Linux-InitFS-0.2-0/blib/lib:/tmp/loop_over_bdir-18086-oWS0U5/EJBCA-CrlPublish-0.60-0/blib/arch:/tmp/loop_over_bdir-18086-oWS0U5/EJBCA-CrlPublish-0.60-0/blib/lib:/tmp/loop_over_bdir-18086-oWS0U5/Lemonldap-NG-Cli-0.2-0/blib/arch:/tmp/loop_over_bdir-18086-oWS0U5/Lemonldap-NG-Cli-0.2-0/blib/lib:/tmp/loop_over_bdir-18086-oWS0U5/RDF-NLP-SPARQLQuery-0.1-0/blib/arch:/tmp/loop_over_bdir-18086-oWS0U5/RDF-NLP-SPARQLQuery-0.1-0/blib/lib:/tmp/loop_over_bdir-18086-oWS0U5/HTML-Menu-TreeView-1.22-0/blib/arch:/tmp/loop_over_bdir-18086-oWS0U5/HTML-Menu-TreeView-1.22-0/blib/lib:/tmp/loop_over_bdir-18086-oWS0U5/App-rmcd-0.280-0/blib/arch:/tmp/loop_over_bdir-18086-oWS0U5/App-rmcd-0.280-0/blib/lib"
    PERL5OPT=""
    PERL5_CPANPLUS_IS_RUNNING="18094"
    PERL5_CPAN_IS_RUNNING="18094"
    PERL_CANARY_STABILITY_NOPROMPT="1"
    PERL_MM_USE_DEFAULT="1"
    PERL_USE_UNSAFE_INC="1"
  @INC:
    /tmp/loop_over_bdir-18086-oWS0U5/Net-ISP-Balance-1.28-0/blib/arch
    /tmp/loop_over_bdir-18086-oWS0U5/Net-ISP-Balance-1.28-0/blib/lib
    /tmp/loop_over_bdir-18086-oWS0U5/Linux-InitFS-0.2-0/blib/arch
    /tmp/loop_over_bdir-18086-oWS0U5/Linux-InitFS-0.2-0/blib/lib
    /tmp/loop_over_bdir-18086-oWS0U5/EJBCA-CrlPublish-0.60-0/blib/arch
    /tmp/loop_over_bdir-18086-oWS0U5/EJBCA-CrlPublish-0.60-0/blib/lib
    /tmp/loop_over_bdir-18086-oWS0U5/Lemonldap-NG-Cli-0.2-0/blib/arch
    /tmp/loop_over_bdir-18086-oWS0U5/Lemonldap-NG-Cli-0.2-0/blib/lib
    /tmp/loop_over_bdir-18086-oWS0U5/RDF-NLP-SPARQLQuery-0.1-0/blib/arch
    /tmp/loop_over_bdir-18086-oWS0U5/RDF-NLP-SPARQLQuery-0.1-0/blib/lib
    /tmp/loop_over_bdir-18086-oWS0U5/HTML-Menu-TreeView-1.22-0/blib/arch
    /tmp/loop_over_bdir-18086-oWS0U5/HTML-Menu-TreeView-1.22-0/blib/lib
    /tmp/loop_over_bdir-18086-oWS0U5/App-rmcd-0.280-0/blib/arch
    /tmp/loop_over_bdir-18086-oWS0U5/App-rmcd-0.280-0/blib/lib
    /home/sand/src/perl/repoperls/installed-perls/host/k93bionic/v5.33.8-70-g75b7bab3e5/ca05/lib/site_perl/5.33.9/x86_64-linux-ld
    /home/sand/src/perl/repoperls/installed-perls/host/k93bionic/v5.33.8-70-g75b7bab3e5/ca05/lib/site_perl/5.33.9
    /home/sand/src/perl/repoperls/installed-perls/host/k93bionic/v5.33.8-70-g75b7bab3e5/ca05/lib/5.33.9/x86_64-linux-ld
    /home/sand/src/perl/repoperls/installed-perls/host/k93bionic/v5.33.8-70-g75b7bab3e5/ca05/lib/5.33.9
    .