URI-ParseSearchString-More v0.18 Perl 5 v5.16.3 amd64-freebsd-thread-multi

Status
Fail
From
Slaven Rezić
Dist
URI-ParseSearchString-More v0.18
Platform
Perl 5 v5.16.3 amd64-freebsd-thread-multi
Date
2023-12-23 21:40:29
ID
e4866fda-a1db-11ee-9c4e-5c4a6e8775ea
This distribution has been tested as part of the CPAN Testers
project, supporting the Perl programming language.  See
http://wiki.cpantesters.org/ for more information or email
questions to cpan-testers-discuss@perl.org


--
Dear Olaf Alders,

This is a computer-generated report for URI-ParseSearchString-More-0.18
on perl 5.16.3, created by CPAN-Reporter-1.2019.

Thank you for uploading your work to CPAN.  However, there was a problem
testing your distribution.

If you think this report is invalid, please consult the CPAN Testers Wiki
for suggestions on how to avoid getting FAIL reports for missing library
or binary dependencies, unsupported operating systems, and so on:

http://wiki.cpantesters.org/wiki/CPANAuthorNotes

Sections of this report:

    * Tester comments
    * Program output
    * Prerequisites
    * Environment and other context

------------------------------
TESTER COMMENTS
------------------------------

Additional comments from tester:

none provided

------------------------------
PROGRAM OUTPUT
------------------------------

Output from '/usr/bin/make test':

PERL_DL_NONLAZY=1 "/usr/perl5.16.3t/bin/perl" "-MExtUtils::Command::MM" "-MTest::Harness" "-e" "undef *Test::Harness::Switches; test_harness(0, 'blib/lib', 'blib/arch')" t/*.t
# 
# Versions for all modules listed in MYMETA.json (including optional ones):
# 
# === Configure Requires ===
# 
#     Module              Want Have
#     ------------------- ---- ----
#     ExtUtils::MakeMaker  any 7.70
# 
# === Build Requires ===
# 
#     Module              Want Have
#     ------------------- ---- ----
#     ExtUtils::MakeMaker  any 7.70
# 
# === Test Requires ===
# 
#     Module                 Want     Have
#     ---------------------- ---- --------
#     Config::General         any     2.65
#     ExtUtils::MakeMaker     any     7.70
#     File::Spec              any     3.75
#     Test::More              any 1.302198
#     Test::Most              any     0.38
#     Test::RequiresInternet  any     0.05
#     Test::WWW::Mechanize    any     1.60
# 
# === Test Recommends ===
# 
#     Module         Want     Have
#     ---------- -------- --------
#     CPAN::Meta 2.120900 2.150010
# 
# === Runtime Requires ===
# 
#     Module                 Want Have
#     ---------------------- ---- ----
#     LWP::Protocol::https    any 6.10
#     List::Compare           any 0.53
#     Params::Validate        any 1.31
#     Try::Tiny               any 0.31
#     URI                     any 5.21
#     URI::Heuristic          any 5.21
#     URI::ParseSearchString  any 3.51
#     URI::QueryParam         any 5.21
#     WWW::Mechanize::Cached  any 1.56
#     base                    any 2.18
#     strict                  any 1.07
#     warnings                any 1.13
# 
t/00-report-prereqs.t .. ok
# caching is disabled
t/001_load.t ........... ok
Issue with url: http://answers.yahoo.com/question/index;_ylt=Al7fJtDUTm2S69bM0VvjPDIjzKIX?qid=20061214165004AADtB1I at /usr/home/cpansand/.cpan/build/2023122322/URI-ParseSearchString-More-0.18-3/blib/lib/URI/ParseSearchString/More.pm line 168.
Error GETing http://answers.yahoo.com/question/index?qid=20061214165004AADtB1I: Not Found at /usr/home/cpansand/.cpan/build/2023122322/URI-ParseSearchString-More-0.18-3/blib/lib/URI/ParseSearchString/More.pm line 166.
Use of uninitialized value in subroutine entry at /usr/perl5.16.3t/lib/site_perl/5.16.3/WWW/Mechanize.pm line 315.
Use of uninitialized value $terms in concatenation (.) or string at t/005_parse_more.t line 54.

#   Failed test 'got '
#   at t/005_parse_more.t line 54.
#          got: undef
#     expected: 'How can I track the IP address of visitors to my personal site? | Yahoo Answers'

#   Failed test 'parsed by More'
#   at t/005_parse_more.t line 55.
#          got: 'URI::ParseSearchString'
#     expected: 'URI::ParseSearchString::More'
# Looks like you failed 2 tests of 268.
t/005_parse_more.t ..... 
Dubious, test returned 2 (wstat 512, 0x200)
Failed 2/268 subtests 
t/006_extended.t ....... ok
t/007_focus.t .......... ok

Test Summary Report
-------------------
t/005_parse_more.t   (Wstat: 512 (exited 2) Tests: 268 Failed: 2)
  Failed tests:  265-266
  Non-zero exit status: 2
Files=5, Tests=292,  9 wallclock secs ( 0.05 usr  0.02 sys +  1.17 cusr  0.24 csys =  1.48 CPU)
Result: FAIL
Failed 1/5 test programs. 2/292 subtests failed.
*** [test_dynamic] Error code 255

Stop in /usr/home/cpansand/.cpan/build/2023122322/URI-ParseSearchString-More-0.18-3.

------------------------------
PREREQUISITES
------------------------------

Prerequisite modules loaded:

requires:

    Module                 Need     Have    
    ---------------------- -------- --------
    base                   0        2.18    
    List::Compare          0        0.53    
    LWP::Protocol::https   0        6.10    
    Params::Validate       0        1.31    
    perl                   5.010    5.016003
    strict                 0        1.07    
    Try::Tiny              0        0.31    
    URI                    0        5.21    
    URI::Heuristic         0        5.21    
    URI::ParseSearchString 0        3.51    
    URI::QueryParam        0        5.21    
    warnings               0        1.13    
    WWW::Mechanize::Cached 0        1.56    

build_requires:

    Module                 Need     Have    
    ---------------------- -------- --------
    Config::General        0        2.65    
    ExtUtils::MakeMaker    0        7.70    
    File::Spec             0        3.75    
    Test::More             0        1.302198
    Test::Most             0        0.38    
    Test::RequiresInternet 0        0.05    
    Test::WWW::Mechanize   0        1.60    

configure_requires:

    Module                 Need     Have    
    ---------------------- -------- --------
    ExtUtils::MakeMaker    0        7.70    
    perl                   5.006    5.016003

opt_build_requires:

    Module                 Need     Have    
    ---------------------- -------- --------
    CPAN::Meta             2.120900 2.150010


------------------------------
ENVIRONMENT AND OTHER CONTEXT
------------------------------

Environment variables:

    LC_ALL = de_DE.ISO8859-1
    PATH = /usr/local/bin:/usr/bin:/bin:/usr/local/sbin:/usr/sbin:/sbin:/home/cpansand/bin/freebsd9.3:/home/cpansand/bin/sh:/home/cpansand/bin:/usr/games:/home/cpansand/devel:/usr/home/eserte/src/srezic-misc/scripts
    PERL5LIB = 
    PERL5OPT = 
    PERL5_CPANPLUS_IS_RUNNING = 75480
    PERL5_CPAN_IS_RUNNING = 75480
    PERL5_CPAN_IS_RUNNING_IN_RECURSION = 74922,75480
    PERLDOC = -MPod::Perldoc::ToTextOverstrike
    PERL_BATCH = yes
    PERL_CANARY_STABILITY_NOPROMPT = 1
    PERL_CPAN_REPORTER_CONFIG = /var/tmp/cpansmoker-1023/2023122322/cpanreporter_001_config.ini
    PERL_EXTUTILS_AUTOINSTALL = --defaultdeps
    PERL_USE_UNSAFE_INC = 1
    SHELL = /usr/local/bin/zsh
    TERM = screen
    TMPDIR = /var/tmp/cpansmoker-1023/2023122322

Perl special variables (and OS-specific diagnostics, for MSWin32):

    $^X = /usr/perl5.16.3t/bin/perl
    $UID/$EUID = 1023 / 1023
    $GID = 1023 1023
    $EGID = 1023 1023

Perl module toolchain versions installed:

    Module              Have    
    ------------------- --------
    CPAN                2.36    
    CPAN::Meta          2.150010
    Cwd                 3.75    
    ExtUtils::CBuilder  0.280236
    ExtUtils::Command   7.70    
    ExtUtils::Install   2.22    
    ExtUtils::MakeMaker 7.70    
    ExtUtils::Manifest  1.75    
    ExtUtils::ParseXS   3.51    
    File::Spec          3.75    
    JSON                4.10    
    JSON::PP            4.16    
    Module::Build       0.4234  
    Module::Signature   0.88    
    Parse::CPAN::Meta   2.150010
    Test2               1.302198
    Test::Harness       3.47    
    Test::More          1.302198
    YAML                1.30    
    YAML::Syck          1.34    
    version             0.9929  


--

Summary of my perl5 (revision 5 version 16 subversion 3) configuration:
   
  Platform:
    osname=freebsd, osvers=9.2-release-p4, archname=amd64-freebsd-thread-multi
    uname='freebsd cvrsnica-freebsd-92 9.2-release-p4 freebsd 9.2-release-p4 #0: tue apr 8 18:08:22 utc 2014 root@amd64-builder.daemonology.net:usrobjusrsrcsysgeneric amd64 '
    config_args='-ds -e -Dprefix=/usr/perl5.16.3t -Dusethreads'
    hint=recommended, useposix=true, d_sigaction=define
    useithreads=define, usemultiplicity=define
    useperlio=define, d_sfio=undef, uselargefiles=define, usesocks=undef
    use64bitint=define, use64bitall=define, uselongdouble=undef
    usemymalloc=n, bincompat5005=undef
  Compiler:
    cc='cc', ccflags ='-DHAS_FPSETMASK -DHAS_FLOATINGPOINT_H -fno-strict-aliasing -pipe -fstack-protector -I/usr/local/include',
    optimize='-O',
    cppflags='-DHAS_FPSETMASK -DHAS_FLOATINGPOINT_H -fno-strict-aliasing -pipe -fstack-protector -I/usr/local/include'
    ccversion='', gccversion='4.2.1 20070831 patched [FreeBSD]', gccosandvers=''
    intsize=4, longsize=8, ptrsize=8, doublesize=8, byteorder=12345678
    d_longlong=define, longlongsize=8, d_longdbl=define, longdblsize=16
    ivtype='long', ivsize=8, nvtype='double', nvsize=8, Off_t='off_t', lseeksize=8
    alignbytes=8, prototype=define
  Linker and Libraries:
    ld='cc', ldflags ='-pthread -Wl,-E  -fstack-protector -L/usr/local/lib'
    libpth=/usr/lib /usr/local/lib
    libs=-lgdbm -lm -lcrypt
    perllibs=-lm -lcrypt
    libc=, so=so, useshrplib=false, libperl=libperl.a
    gnulibc_version=''
  Dynamic Linking:
    dlsrc=dl_dlopen.xs, dlext=so, d_dlsymun=undef, ccdlflags=' '
    cccdlflags='-DPIC -fPIC', lddlflags='-shared  -L/usr/local/lib -fstack-protector'


Characteristics of this binary (from libperl): 
  Compile-time options: HAS_TIMES MULTIPLICITY PERLIO_LAYERS
                        PERL_DONT_CREATE_GVSV PERL_IMPLICIT_CONTEXT
                        PERL_MALLOC_WRAP PERL_PRESERVE_IVUV USE_64_BIT_ALL
                        USE_64_BIT_INT USE_ITHREADS USE_LARGE_FILES
                        USE_LOCALE USE_LOCALE_COLLATE USE_LOCALE_CTYPE
                        USE_LOCALE_NUMERIC USE_PERLIO USE_PERL_ATOF
                        USE_REENTRANT_API
  Built under freebsd
  Compiled at May 16 2014 07:49:48
  %ENV:
    PERL5LIB=""
    PERL5OPT=""
    PERL5_CPANPLUS_IS_RUNNING="75480"
    PERL5_CPAN_IS_RUNNING="75480"
    PERL5_CPAN_IS_RUNNING_IN_RECURSION="74922,75480"
    PERLDOC="-MPod::Perldoc::ToTextOverstrike"
    PERL_BATCH="yes"
    PERL_CANARY_STABILITY_NOPROMPT="1"
    PERL_CPAN_REPORTER_CONFIG="/var/tmp/cpansmoker-1023/2023122322/cpanreporter_001_config.ini"
    PERL_EXTUTILS_AUTOINSTALL="--defaultdeps"
    PERL_USE_UNSAFE_INC="1"
  @INC:
    /usr/perl5.16.3t/lib/site_perl/5.16.3/amd64-freebsd-thread-multi
    /usr/perl5.16.3t/lib/site_perl/5.16.3
    /usr/perl5.16.3t/lib/5.16.3/amd64-freebsd-thread-multi
    /usr/perl5.16.3t/lib/5.16.3
    .