Report for HTML-Template-Associate-FormField-0.12

Back
From: metabase:user:30ae4450-2aae-11df-837a-5e0a49663a4f
Subject: FAIL HTML-Template-Associate-FormField-0.12 v5.25.10 
Date: 2017-04-28T15:56:21Z

This distribution has been tested as part of the CPAN Testers
project, supporting the Perl programming language.  See
http://wiki.cpantesters.org/ for more information or email
questions to cpan-testers-discuss@perl.org


--
Dear Masatoshi Mizuno,

This is a computer-generated report for HTML-Template-Associate-FormField-0.12
on perl 5.25.10, created by CPAN-Reporter-1.2018.

Thank you for uploading your work to CPAN.  However, there was a problem
testing your distribution.

If you think this report is invalid, please consult the CPAN Testers Wiki
for suggestions on how to avoid getting FAIL reports for missing library
or binary dependencies, unsupported operating systems, and so on:

http://wiki.cpantesters.org/wiki/CPANAuthorNotes

Sections of this report:

    * Tester comments
    * Program output
    * Prerequisites
    * Environment and other context

------------------------------
TESTER COMMENTS
------------------------------

Additional comments from tester:

this report is from an automated smoke testing program
and was not reviewed by a human for accuracy

------------------------------
PROGRAM OUTPUT
------------------------------

Output from 'C:\Strawberry2510\perl\bin\perl.exe ./Build test':


#   Failed test 'use HTML::Template::Associate::FormField;'
#   at t\00_use.t line 3.
#     Tried to use 'HTML::Template::Associate::FormField'.
#     Error:  UNIVERSAL does not export anything at C:\STRAWB~1\cpan\build\HTML-Template-Associate-FormField-0.12-0\blib\lib/HTML/Template/Associate/FormField.pm line 9.
# BEGIN failed--compilation aborted at C:\STRAWB~1\cpan\build\HTML-Template-Associate-FormField-0.12-0\blib\lib/HTML/Template/Associate/FormField.pm line 9.
# Compilation failed in require at t\00_use.t line 3.
# BEGIN failed--compilation aborted at t\00_use.t line 3.
# Looks like you failed 1 test of 1.
t\00_use.t ........... 
Dubious, test returned 1 (wstat 256, 0x100)
Failed 1/1 subtests 
UNIVERSAL does not export anything at C:\STRAWB~1\cpan\build\HTML-Template-Associate-FormField-0.12-0\blib\lib/HTML/Template/Associate/FormField.pm line 9.
BEGIN failed--compilation aborted at C:\STRAWB~1\cpan\build\HTML-Template-Associate-FormField-0.12-0\blib\lib/HTML/Template/Associate/FormField.pm line 9.
Compilation failed in require at t\01_param.t line 4.
BEGIN failed--compilation aborted at t\01_param.t line 4.
t\01_param.t ......... 
Dubious, test returned 255 (wstat 65280, 0xff00)
Failed 4/4 subtests 
UNIVERSAL does not export anything at C:\STRAWB~1\cpan\build\HTML-Template-Associate-FormField-0.12-0\blib\lib/HTML/Template/Associate/FormField.pm line 9.
BEGIN failed--compilation aborted at C:\STRAWB~1\cpan\build\HTML-Template-Associate-FormField-0.12-0\blib\lib/HTML/Template/Associate/FormField.pm line 9.
Compilation failed in require at t\02_hidden.t line 4.
BEGIN failed--compilation aborted at t\02_hidden.t line 4.
t\02_hidden.t ........ 
Dubious, test returned 255 (wstat 65280, 0xff00)
Failed 8/8 subtests 
UNIVERSAL does not export anything at C:\STRAWB~1\cpan\build\HTML-Template-Associate-FormField-0.12-0\blib\lib/HTML/Template/Associate/FormField.pm line 9.
BEGIN failed--compilation aborted at C:\STRAWB~1\cpan\build\HTML-Template-Associate-FormField-0.12-0\blib\lib/HTML/Template/Associate/FormField.pm line 9.
Compilation failed in require at t\03_output.t line 8.
BEGIN failed--compilation aborted at t\03_output.t line 8.
t\03_output.t ........ 
Dubious, test returned 255 (wstat 65280, 0xff00)
Failed 18/18 subtests 

#   Failed test 'POD test for blib/lib/HTML/Template/Associate/FormField.pm'
#   at C:/Strawberry2510/perl/site/lib/Test/Pod.pm line 187.
Wide character in print at C:/Strawberry2510/perl/lib/Test2/Formatter/TAP.pm line 105.
# blib/lib/HTML/Template/Associate/FormField.pm (313): Non-ASCII character seen before =encoding in '�E�E�E'. Assuming CP1252
# Looks like you failed 1 test of 1.
t\89_pod.t ........... 
Dubious, test returned 1 (wstat 256, 0x100)
Failed 1/1 subtests 

#   Failed test 'Test::Perl::Critic for "lib\HTML\Template\Associate\FormField.pm"'
#   at C:/Strawberry2510/perl/site/lib/Test/Perl/Critic.pm line 104.
# 
#   Private Member Data shouldn't be accessed directly at line 28, column 10.  Accessing an objects data directly breaks encapsulation and should be avoided.  Example: $object->{ some_key }.  (Severity: 5)
#   Private Member Data shouldn't be accessed directly at line 29, column 10.  Accessing an objects data directly breaks encapsulation and should be avoided.  Example: $object->{ some_key }.  (Severity: 5)
#   Private Member Data shouldn't be accessed directly at line 29, column 30.  Accessing an objects data directly breaks encapsulation and should be avoided.  Example: $object->{ some_key }.  (Severity: 5)
#   Private Member Data shouldn't be accessed directly at line 29, column 50.  Accessing an objects data directly breaks encapsulation and should be avoided.  Example: $object->{ some_key }.  (Severity: 5)
#   Private Member Data shouldn't be accessed directly at line 30, column 5.  Accessing an objects data directly breaks encapsulation and should be avoided.  Example: $object->{ some_key }.  (Severity: 5)
#   Private Member Data shouldn't be accessed directly at line 39, column 2.  Accessing an objects data directly breaks encapsulation and should be avoided.  Example: $object->{ some_key }.  (Severity: 5)
#   Private Member Data shouldn't be accessed directly at line 39, column 27.  Accessing an objects data directly breaks encapsulation and should be avoided.  Example: $object->{ some_key }.  (Severity: 5)
#   Private Member Data shouldn't be accessed directly at line 40, column 14.  Accessing an objects data directly breaks encapsulation and should be avoided.  Example: $object->{ some_key }.  (Severity: 5)
#   Private Member Data shouldn't be accessed directly at line 54, column 16.  Accessing an objects data directly breaks encapsulation and should be avoided.  Example: $object->{ some_key }.  (Severity: 5)
#   Private Member Data shouldn't be accessed directly at line 67, column 5.  Accessing an objects data directly breaks encapsulation and should be avoided.  Example: $object->{ some_key }.  (Severity: 5)
#   Private Member Data shouldn't be accessed directly at line 67, column 19.  Accessing an objects data directly breaks encapsulation and should be avoided.  Example: $object->{ some_key }.  (Severity: 5)
#   Private Member Data shouldn't be accessed directly at line 68, column 12.  Accessing an objects data directly breaks encapsulation and should be avoided.  Example: $object->{ some_key }.  (Severity: 5)
#   Private Member Data shouldn't be accessed directly at line 71, column 5.  Accessing an objects data directly breaks encapsulation and should be avoided.  Example: $object->{ some_key }.  (Severity: 5)
#   Private Member Data shouldn't be accessed directly at line 71, column 22.  Accessing an objects data directly breaks encapsulation and should be avoided.  Example: $object->{ some_key }.  (Severity: 5)
#   Private Member Data shouldn't be accessed directly at line 72, column 12.  Accessing an objects data directly breaks encapsulation and should be avoided.  Example: $object->{ some_key }.  (Severity: 5)
#   Private Member Data shouldn't be accessed directly at line 75, column 20.  Accessing an objects data directly breaks encapsulation and should be avoided.  Example: $object->{ some_key }.  (Severity: 5)
#   Private Member Data shouldn't be accessed directly at line 76, column 7.  Accessing an objects data directly breaks encapsulation and should be avoided.  Example: $object->{ some_key }.  (Severity: 5)
#   Private Member Data shouldn't be accessed directly at line 77, column 4.  Accessing an objects data directly breaks encapsulation and should be avoided.  Example: $object->{ some_key }.  (Severity: 5)
#   Private Member Data shouldn't be accessed directly at line 77, column 20.  Accessing an objects data directly breaks encapsulation and should be avoided.  Example: $object->{ some_key }.  (Severity: 5)
#   Private Member Data shouldn't be accessed directly at line 77, column 39.  Accessing an objects data directly breaks encapsulation and should be avoided.  Example: $object->{ some_key }.  (Severity: 5)
#   Private Member Data shouldn't be accessed directly at line 79, column 4.  Accessing an objects data directly breaks encapsulation and should be avoided.  Example: $object->{ some_key }.  (Severity: 5)
#   Private Member Data shouldn't be accessed directly at line 79, column 20.  Accessing an objects data directly breaks encapsulation and should be avoided.  Example: $object->{ some_key }.  (Severity: 5)
#   Private Member Data shouldn't be accessed directly at line 81, column 3.  Accessing an objects data directly breaks encapsulation and should be avoided.  Example: $object->{ some_key }.  (Severity: 5)
#   Private Member Data shouldn't be accessed directly at line 82, column 24.  Accessing an objects data directly breaks encapsulation and should be avoided.  Example: $object->{ some_key }.  (Severity: 5)
#   Private Member Data shouldn't be accessed directly at line 82, column 45.  Accessing an objects data directly breaks encapsulation and should be avoided.  Example: $object->{ some_key }.  (Severity: 5)
#   Private Member Data shouldn't be accessed directly at line 84, column 29.  Accessing an objects data directly breaks encapsulation and should be avoided.  Example: $object->{ some_key }.  (Severity: 5)
#   Private Member Data shouldn't be accessed directly at line 92, column 9.  Accessing an objects data directly breaks encapsulation and should be avoided.  Example: $object->{ some_key }.  (Severity: 5)
#   Private Member Data shouldn't be accessed directly at line 123, column 2.  Accessing an objects data directly breaks encapsulation and should be avoided.  Example: $object->{ some_key }.  (Severity: 5)
#   Private Member Data shouldn't be accessed directly at line 124, column 8.  Accessing an objects data directly breaks encapsulation and should be avoided.  Example: $object->{ some_key }.  (Severity: 5)
#   Private Member Data shouldn't be accessed directly at line 124, column 28.  Accessing an objects data directly breaks encapsulation and should be avoided.  Example: $object->{ some_key }.  (Severity: 5)
#   Private Member Data shouldn't be accessed directly at line 190, column 2.  Accessing an objects data directly breaks encapsulation and should be avoided.  Example: $object->{ some_key }.  (Severity: 5)
#   Private Member Data shouldn't be accessed directly at line 191, column 2.  Accessing an objects data directly breaks encapsulation and should be avoided.  Example: $object->{ some_key }.  (Severity: 5)
#   Private Member Data shouldn't be accessed directly at line 205, column 7.  Accessing an objects data directly breaks encapsulation and should be avoided.  Example: $object->{ some_key }.  (Severity: 5)
#   Private Member Data shouldn't be accessed directly at line 206, column 12.  Accessing an objects data directly breaks encapsulation and should be avoided.  Example: $object->{ some_key }.  (Severity: 5)
#   Private Member Data shouldn't be accessed directly at line 207, column 12.  Accessing an objects data directly breaks encapsulation and should be avoided.  Example: $object->{ some_key }.  (Severity: 5)
#   Private Member Data shouldn't be accessed directly at line 209, column 5.  Accessing an objects data directly breaks encapsulation and should be avoided.  Example: $object->{ some_key }.  (Severity: 5)
#   Private Member Data shouldn't be accessed directly at line 209, column 18.  Accessing an objects data directly breaks encapsulation and should be avoided.  Example: $object->{ some_key }.  (Severity: 5)
#   Private Member Data shouldn't be accessed directly at line 212, column 4.  Accessing an objects data directly breaks encapsulation and should be avoided.  Example: $object->{ some_key }.  (Severity: 5)
#   Private Member Data shouldn't be accessed directly at line 219, column 9.  Accessing an objects data directly breaks encapsulation and should be avoided.  Example: $object->{ some_key }.  (Severity: 5)
#   Private Member Data shouldn't be accessed directly at line 225, column 29.  Accessing an objects data directly breaks encapsulation and should be avoided.  Example: $object->{ some_key }.  (Severity: 5)
#   Private Member Data shouldn't be accessed directly at line 230, column 11.  Accessing an objects data directly breaks encapsulation and should be avoided.  Example: $object->{ some_key }.  (Severity: 5)
#   Private Member Data shouldn't be accessed directly at line 231, column 13.  Accessing an objects data directly breaks encapsulation and should be avoided.  Example: $object->{ some_key }.  (Severity: 5)
#   Private Member Data shouldn't be accessed directly at line 233, column 24.  Accessing an objects data directly breaks encapsulation and should be avoided.  Example: $object->{ some_key }.  (Severity: 5)
t\98_perlcritic.t .... 
Dubious, test returned 1 (wstat 256, 0x100)
Failed 1/1 subtests 

#   Failed test 'Pod coverage on HTML::Template::Associate::FormField'
#   at C:/Strawberry2510/perl/site/lib/Test/Pod/Coverage.pm line 133.
# HTML::Template::Associate::FormField: requiring 'HTML::Template::Associate::FormField' failed
# Looks like you failed 1 test of 1.
t\99_pod_coverage.t .. 
Dubious, test returned 1 (wstat 256, 0x100)
Failed 1/1 subtests 

Test Summary Report
-------------------
t\00_use.t         (Wstat: 256 Tests: 1 Failed: 1)
  Failed test:  1
  Non-zero exit status: 1
t\01_param.t       (Wstat: 65280 Tests: 0 Failed: 0)
  Non-zero exit status: 255
  Parse errors: Bad plan.  You planned 4 tests but ran 0.
t\02_hidden.t      (Wstat: 65280 Tests: 0 Failed: 0)
  Non-zero exit status: 255
  Parse errors: Bad plan.  You planned 8 tests but ran 0.
t\03_output.t      (Wstat: 65280 Tests: 0 Failed: 0)
  Non-zero exit status: 255
  Parse errors: Bad plan.  You planned 18 tests but ran 0.
t\89_pod.t         (Wstat: 256 Tests: 1 Failed: 1)
  Failed test:  1
  Non-zero exit status: 1
t\98_perlcritic.t  (Wstat: 256 Tests: 1 Failed: 1)
  Failed test:  1
  Non-zero exit status: 1
t\99_pod_coverage.t (Wstat: 256 Tests: 1 Failed: 1)
  Failed test:  1
  Non-zero exit status: 1
Files=7, Tests=4,  5 wallclock secs ( 0.04 usr +  0.08 sys =  0.12 CPU)
Result: FAIL
Failed 7/7 test programs. 4/4 subtests failed.

------------------------------
PREREQUISITES
------------------------------

Prerequisite modules loaded:

requires:

    Module              Need Have    
    ------------------- ---- --------
    HTML::Template      2.9  2.95    
    Test::More          0    1.302075
    Test::Perl::Critic  0    1.03    
    Test::Pod           0    1.51    
    Test::Pod::Coverage 0    1.10    


------------------------------
ENVIRONMENT AND OTHER CONTEXT
------------------------------

Environment variables:

    AUTOMATED_TESTING = 1
    COMSPEC = C:\WINDOWS\system32\cmd.exe
    NUMBER_OF_PROCESSORS = 1
    PATH = C:\Program Files\Far Manager\;C:\WINDOWS\system32;C:\WINDOWS;C:\WINDOWS\System32\Wbem;C:\Git\cmd;C:\Strawberry2510\c\bin;C:\Strawberry2510\perl\site\bin;C:\Strawberry2510\perl\bin
    PERL5LIB = 
    PERL5OPT = 
    PERL5_CPANPLUS_IS_RUNNING = 19972
    PERL5_CPAN_IS_RUNNING = 19972
    PERL5_CPAN_IS_RUNNING_IN_RECURSION = 1080,19972
    PERL_CR_SMOKER_CURRENT = HTML-Template-Associate-FormField-0.12
    PERL_CR_SMOKER_RUNONCE = 1
    PERL_EXTUTILS_AUTOINSTALL = --defaultdeps
    PERL_MM_USE_DEFAULT = 1
    PERL_USE_UNSAFE_INC = 1
    PROCESSOR_IDENTIFIER = x86 Family 16 Model 5 Stepping 3, AuthenticAMD
    TEMP = C:\DOCUME~1\a\LOCALS~1\Temp

Perl special variables (and OS-specific diagnostics, for MSWin32):

    $^X = C:\Strawberry2510\perl\bin\perl.exe
    $UID/$EUID = 0 / 0
    $GID = 0
    $EGID = 0
    Win32::GetOSName = WinXP/.Net
    Win32::GetOSVersion = Service Pack 3, 5, 1, 2600, 2, 3, 0, 256, 1
    Win32::FsType = NTFS
    Win32::IsAdminUser = 1

Perl module toolchain versions installed:

    Module              Have      
    ------------------- ----------
    CPAN                2.17      
    CPAN::Meta          2.150010  
    Cwd                 3.66      
    ExtUtils::CBuilder  0.280225  
    ExtUtils::Command   7.24      
    ExtUtils::Install   2.04      
    ExtUtils::MakeMaker 7.24      
    ExtUtils::Manifest  1.70      
    ExtUtils::ParseXS   3.33      
    File::Spec          3.66      
    JSON                2.90      
    JSON::PP            2.27400_02
    Module::Build       0.4220    
    Module::Signature   0.81      
    Parse::CPAN::Meta   2.150010  
    Test::Harness       3.36_01   
    Test::More          1.302075  
    YAML                1.23      
    YAML::Syck          1.29      
    version             0.9917    


--

Summary of my perl5 (revision 5 version 25 subversion 10) configuration:
   
  Platform:
    osname=MSWin32
    osvers=4.0
    archname=MSWin32-x86-multi-thread
    uname='Win32 strawberry-perl 5.25.10.1-beta1 #1 Fri Feb 24 21:36:42 2017 i386'
    config_args='undef'
    hint=recommended
    useposix=true
    d_sigaction=undef
    useithreads=define
    usemultiplicity=define
    use64bitint=undef
    use64bitall=undef
    uselongdouble=undef
    usemymalloc=n
    bincompat5005=undef
  Compiler:
    cc='gcc'
    ccflags =' -s -O2 -DWIN32  -DPERL_TEXTMODE_SCRIPTS -DPERL_IMPLICIT_CONTEXT -DPERL_IMPLICIT_SYS -fwrapv -fno-strict-aliasing -mms-bitfields'
    optimize='-s -O2'
    cppflags='-DWIN32'
    ccversion=''
    gccversion='4.9.2'
    gccosandvers=''
    intsize=4
    longsize=4
    ptrsize=4
    doublesize=8
    byteorder=1234
    doublekind=3
    d_longlong=define
    longlongsize=8
    d_longdbl=define
    longdblsize=12
    longdblkind=3
    ivtype='long'
    ivsize=4
    nvtype='double'
    nvsize=8
    Off_t='long long'
    lseeksize=8
    alignbytes=8
    prototype=define
  Linker and Libraries:
    ld='g++'
    ldflags ='-s -L"C:\STRAWB~1\perl\lib\CORE" -L"C:\STRAWB~1\c\lib"'
    libpth=C:\STRAWB~1\c\lib C:\STRAWB~1\c\i686-w64-mingw32\lib C:\STRAWB~1\c\lib\gcc\i686-w64-mingw32\4.9.2
    libs=-lmoldname -lkernel32 -luser32 -lgdi32 -lwinspool -lcomdlg32 -ladvapi32 -lshell32 -lole32 -loleaut32 -lnetapi32 -luuid -lws2_32 -lmpr -lwinmm -lversion -lodbc32 -lodbccp32 -lcomctl32
    perllibs=-lmoldname -lkernel32 -luser32 -lgdi32 -lwinspool -lcomdlg32 -ladvapi32 -lshell32 -lole32 -loleaut32 -lnetapi32 -luuid -lws2_32 -lmpr -lwinmm -lversion -lodbc32 -lodbccp32 -lcomctl32
    libc=
    so=dll
    useshrplib=true
    libperl=libperl525.a
    gnulibc_version=''
  Dynamic Linking:
    dlsrc=dl_win32.xs
    dlext=xs.dll
    d_dlsymun=undef
    ccdlflags=' '
    cccdlflags=' '
    lddlflags='-mdll -s -L"C:\STRAWB~1\perl\lib\CORE" -L"C:\STRAWB~1\c\lib"'


Characteristics of this binary (from libperl): 
  Compile-time options:
    HAS_TIMES
    HAVE_INTERP_INTERN
    MULTIPLICITY
    PERLIO_LAYERS
    PERL_COPY_ON_WRITE
    PERL_DONT_CREATE_GVSV
    PERL_HASH_FUNC_ONE_AT_A_TIME_HARD
    PERL_IMPLICIT_CONTEXT
    PERL_IMPLICIT_SYS
    PERL_MALLOC_WRAP
    PERL_OP_PARENT
    PERL_PRESERVE_IVUV
    USE_ITHREADS
    USE_LARGE_FILES
    USE_LOCALE
    USE_LOCALE_COLLATE
    USE_LOCALE_CTYPE
    USE_LOCALE_NUMERIC
    USE_LOCALE_TIME
    USE_PERLIO
    USE_PERL_ATOF
  Built under MSWin32
  Compiled at Feb 24 2017 21:45:33
  %ENV:
    PERL5_CPANPLUS_IS_RUNNING="19972"
    PERL5_CPAN_IS_RUNNING="19972"
    PERL5_CPAN_IS_RUNNING_IN_RECURSION="1080,19972"
    PERL_CR_SMOKER_CURRENT="HTML-Template-Associate-FormField-0.12"
    PERL_CR_SMOKER_RUNONCE="1"
    PERL_EXTUTILS_AUTOINSTALL="--defaultdeps"
    PERL_MM_USE_DEFAULT="1"
    PERL_USE_UNSAFE_INC="1"
  @INC:
    C:/Strawberry2510/perl/site/lib
    C:/Strawberry2510/perl/vendor/lib
    C:/Strawberry2510/perl/lib
    .