SReview v0.9.0 Perl 5 v5.20.2 amd64-freebsd

Status
Na
From
David Cantrell (DCANTRELL)
Dist
SReview v0.9.0
Platform
Perl 5 v5.20.2 amd64-freebsd
Date
2022-12-15 03:30:59
ID
e49614fa-7c28-11ed-b644-97b70747d537
This distribution has been tested as part of the CPAN Testers
project, supporting the Perl programming language.  See
http://wiki.cpantesters.org/ for more information or email
questions to cpan-testers-discuss@perl.org


--
Dear Wouter Verhelst,

This is a computer-generated report for SReview-0.9.0
on perl 5.20.2, created by CPAN-Reporter-1.2018.

Thank you for uploading your work to CPAN.  While attempting to build or test
this distribution, the distribution signaled that support is not available
either for this operating system or this version of Perl.  Nevertheless, any
diagnostic output produced is provided below for reference.  If this is not
what you expect, you may wish to consult the CPAN Testers Wiki:

http://wiki.cpantesters.org/wiki/CPANAuthorNotes

Sections of this report:

    * Tester comments
    * Program output
    * Prerequisites
    * Environment and other context

------------------------------
TESTER COMMENTS
------------------------------

Additional comments from tester:

this report is from an automated smoke testing program
and was not reviewed by a human for accuracy

------------------------------
PROGRAM OUTPUT
------------------------------

Output from '/usr/bin/make test':

PERL_DL_NONLAZY=1 "/usr/home/david/cpantesting/perl-5.20.2/bin/perl" "-MExtUtils::Command::MM" "-MTest::Harness" "-e" "undef *Test::Harness::Switches; test_harness(0, 'blib/lib', 'blib/arch')" t/*.t
t/010-config.t ........... ok
Can't locate Mojo/Pg.pm in @INC (you may need to install the Mojo::Pg module) (@INC contains: /usr/home/david/cpantesting/perl-5.20.2/.cpan/build/SReview-0.9.0-U4FFEB/blib/lib /usr/home/david/cpantesting/perl-5.20.2/.cpan/build/SReview-0.9.0-U4FFEB/blib/arch /home/david/cpantesting/perl-5.20.2/lib/site_perl/5.20.2/amd64-freebsd /home/david/cpantesting/perl-5.20.2/lib/site_perl/5.20.2 /home/david/cpantesting/perl-5.20.2/lib/5.20.2/amd64-freebsd /home/david/cpantesting/perl-5.20.2/lib/5.20.2 .) at /usr/home/david/cpantesting/perl-5.20.2/.cpan/build/SReview-0.9.0-U4FFEB/blib/lib/SReview/Db.pm line 6.
BEGIN failed--compilation aborted at /usr/home/david/cpantesting/perl-5.20.2/.cpan/build/SReview-0.9.0-U4FFEB/blib/lib/SReview/Db.pm line 6.
Compilation failed in require at t/040-db.t line 8.
BEGIN failed--compilation aborted at t/040-db.t line 8.
# Looks like your test exited with 2 before it could output anything.
t/040-db.t ............... 
Dubious, test returned 2 (wstat 512, 0x200)
Failed 7/7 subtests 
Can't locate DBI.pm in @INC (you may need to install the DBI module) (@INC contains: /usr/home/david/cpantesting/perl-5.20.2/.cpan/build/SReview-0.9.0-U4FFEB/blib/lib /usr/home/david/cpantesting/perl-5.20.2/.cpan/build/SReview-0.9.0-U4FFEB/blib/arch /home/david/cpantesting/perl-5.20.2/lib/site_perl/5.20.2/amd64-freebsd /home/david/cpantesting/perl-5.20.2/lib/site_perl/5.20.2 /home/david/cpantesting/perl-5.20.2/lib/5.20.2/amd64-freebsd /home/david/cpantesting/perl-5.20.2/lib/5.20.2 .) at t/080-runthrough.t line 12.
BEGIN failed--compilation aborted at t/080-runthrough.t line 12.
# Looks like your test exited with 2 before it could output anything.
t/080-runthrough.t ....... 
Dubious, test returned 2 (wstat 512, 0x200)
Failed 15/15 subtests 
Perl v5.28.0 required--this is only v5.20.2, stopped at t/085-schedule-export.t line 3.
BEGIN failed--compilation aborted at t/085-schedule-export.t line 3.
t/085-schedule-export.t .. 
Dubious, test returned 255 (wstat 65280, 0xff00)
No subtests run 
Warning: could not find configuration file /etc/sreview/config.pm, falling back to defaults at /usr/home/david/cpantesting/perl-5.20.2/.cpan/build/SReview-0.9.0-U4FFEB/blib/lib/SReview/Config/Common.pm line 63.
t/090-talk.t ............. ok
Warning: could not find configuration file /etc/sreview/config.pm, falling back to defaults at /usr/home/david/cpantesting/perl-5.20.2/.cpan/build/SReview-0.9.0-U4FFEB/blib/lib/SReview/Config/Common.pm line 63.

#   Failed test 'use SReview::Files::Factory;'
#   at t/095-files.t line 19.
#     Tried to use 'SReview::Files::Factory'.
#     Error:  Can't locate Moose.pm in @INC (you may need to install the Moose module) (@INC contains: /usr/home/david/cpantesting/perl-5.20.2/.cpan/build/SReview-0.9.0-U4FFEB/blib/lib /usr/home/david/cpantesting/perl-5.20.2/.cpan/build/SReview-0.9.0-U4FFEB/blib/arch /home/david/cpantesting/perl-5.20.2/lib/site_perl/5.20.2/amd64-freebsd /home/david/cpantesting/perl-5.20.2/lib/site_perl/5.20.2 /home/david/cpantesting/perl-5.20.2/lib/5.20.2/amd64-freebsd /home/david/cpantesting/perl-5.20.2/lib/5.20.2 .) at /usr/home/david/cpantesting/perl-5.20.2/.cpan/build/SReview-0.9.0-U4FFEB/blib/lib/SReview/Files/Factory.pm line 3.
# BEGIN failed--compilation aborted at /usr/home/david/cpantesting/perl-5.20.2/.cpan/build/SReview-0.9.0-U4FFEB/blib/lib/SReview/Files/Factory.pm line 3.
# Compilation failed in require at t/095-files.t line 19.
# BEGIN failed--compilation aborted at t/095-files.t line 19.
Can't locate object method "create" via package "SReview::Files::Factory" (perhaps you forgot to load "SReview::Files::Factory"?) at t/095-files.t line 21.
# Looks like your test exited with 2 just after 1.
t/095-files.t ............ 
Dubious, test returned 2 (wstat 512, 0x200)
Failed 17/17 subtests 
Can't locate Moose.pm in @INC (you may need to install the Moose module) (@INC contains: /usr/home/david/cpantesting/perl-5.20.2/.cpan/build/SReview-0.9.0-U4FFEB/blib/lib /usr/home/david/cpantesting/perl-5.20.2/.cpan/build/SReview-0.9.0-U4FFEB/blib/arch /home/david/cpantesting/perl-5.20.2/lib/site_perl/5.20.2/amd64-freebsd /home/david/cpantesting/perl-5.20.2/lib/site_perl/5.20.2 /home/david/cpantesting/perl-5.20.2/lib/5.20.2/amd64-freebsd /home/david/cpantesting/perl-5.20.2/lib/5.20.2 .) at /usr/home/david/cpantesting/perl-5.20.2/.cpan/build/SReview-0.9.0-U4FFEB/blib/lib/SReview/Talk.pm line 3.
BEGIN failed--compilation aborted at /usr/home/david/cpantesting/perl-5.20.2/.cpan/build/SReview-0.9.0-U4FFEB/blib/lib/SReview/Talk.pm line 3.
Compilation failed in require at t/100-mojo.t line 22.
BEGIN failed--compilation aborted at t/100-mojo.t line 22.
# Looks like your test exited with 2 before it could output anything.
t/100-mojo.t ............. 
Dubious, test returned 2 (wstat 512, 0x200)
Failed 34/34 subtests 
Can't locate Mojo/Pg.pm in @INC (you may need to install the Mojo::Pg module) (@INC contains: /usr/home/david/cpantesting/perl-5.20.2/.cpan/build/SReview-0.9.0-U4FFEB/blib/lib /usr/home/david/cpantesting/perl-5.20.2/.cpan/build/SReview-0.9.0-U4FFEB/blib/arch /home/david/cpantesting/perl-5.20.2/lib/site_perl/5.20.2/amd64-freebsd /home/david/cpantesting/perl-5.20.2/lib/site_perl/5.20.2 /home/david/cpantesting/perl-5.20.2/lib/5.20.2/amd64-freebsd /home/david/cpantesting/perl-5.20.2/lib/5.20.2 .) at /usr/home/david/cpantesting/perl-5.20.2/.cpan/build/SReview-0.9.0-U4FFEB/blib/lib/SReview/Db.pm line 6.
BEGIN failed--compilation aborted at /usr/home/david/cpantesting/perl-5.20.2/.cpan/build/SReview-0.9.0-U4FFEB/blib/lib/SReview/Db.pm line 6.
Compilation failed in require at t/110-api.t line 8.
BEGIN failed--compilation aborted at t/110-api.t line 8.
t/110-api.t .............. 
Dubious, test returned 2 (wstat 512, 0x200)
No subtests run 
Can't locate DBI.pm in @INC (you may need to install the DBI module) (@INC contains: /usr/home/david/cpantesting/perl-5.20.2/.cpan/build/SReview-0.9.0-U4FFEB/blib/lib /usr/home/david/cpantesting/perl-5.20.2/.cpan/build/SReview-0.9.0-U4FFEB/blib/arch /home/david/cpantesting/perl-5.20.2/lib/site_perl/5.20.2/amd64-freebsd /home/david/cpantesting/perl-5.20.2/lib/site_perl/5.20.2 /home/david/cpantesting/perl-5.20.2/lib/5.20.2/amd64-freebsd /home/david/cpantesting/perl-5.20.2/lib/5.20.2 .) at t/120-types.t line 7.
BEGIN failed--compilation aborted at t/120-types.t line 7.
t/120-types.t ............ 
Dubious, test returned 2 (wstat 512, 0x200)
No subtests run 

#   Failed test 'use SReview::Schedule::Yaml;'
#   at t/130-schedule.t line 7.
#     Tried to use 'SReview::Schedule::Yaml'.
#     Error:  Can't locate Moose.pm in @INC (you may need to install the Moose module) (@INC contains: /usr/home/david/cpantesting/perl-5.20.2/.cpan/build/SReview-0.9.0-U4FFEB/blib/lib /usr/home/david/cpantesting/perl-5.20.2/.cpan/build/SReview-0.9.0-U4FFEB/blib/arch /home/david/cpantesting/perl-5.20.2/lib/site_perl/5.20.2/amd64-freebsd /home/david/cpantesting/perl-5.20.2/lib/site_perl/5.20.2 /home/david/cpantesting/perl-5.20.2/lib/5.20.2/amd64-freebsd /home/david/cpantesting/perl-5.20.2/lib/5.20.2 .) at /usr/home/david/cpantesting/perl-5.20.2/.cpan/build/SReview-0.9.0-U4FFEB/blib/lib/SReview/Schedule/Yaml.pm line 3.
# BEGIN failed--compilation aborted at /usr/home/david/cpantesting/perl-5.20.2/.cpan/build/SReview-0.9.0-U4FFEB/blib/lib/SReview/Schedule/Yaml.pm line 3.
# Compilation failed in require at t/130-schedule.t line 7.
# BEGIN failed--compilation aborted at t/130-schedule.t line 7.
Can't locate object method "new" via package "SReview::Schedule::Yaml" at t/130-schedule.t line 9.
# Tests were run but no plan was declared and done_testing() was not seen.
# Looks like your test exited with 255 just after 1.
t/130-schedule.t ......... 
Dubious, test returned 255 (wstat 65280, 0xff00)
Failed 1/1 subtests 

Test Summary Report
-------------------
t/040-db.t             (Wstat: 512 (exited 2) Tests: 0 Failed: 0)
  Non-zero exit status: 2
  Parse errors: Bad plan.  You planned 7 tests but ran 0.
t/080-runthrough.t     (Wstat: 512 (exited 2) Tests: 0 Failed: 0)
  Non-zero exit status: 2
  Parse errors: Bad plan.  You planned 15 tests but ran 0.
t/085-schedule-export.t (Wstat: 65280 (exited 255) Tests: 0 Failed: 0)
  Non-zero exit status: 255
  Parse errors: No plan found in TAP output
t/095-files.t          (Wstat: 512 (exited 2) Tests: 1 Failed: 1)
  Failed test:  1
  Non-zero exit status: 2
  Parse errors: Bad plan.  You planned 17 tests but ran 1.
t/100-mojo.t           (Wstat: 512 (exited 2) Tests: 0 Failed: 0)
  Non-zero exit status: 2
  Parse errors: Bad plan.  You planned 34 tests but ran 0.
t/110-api.t            (Wstat: 512 (exited 2) Tests: 0 Failed: 0)
  Non-zero exit status: 2
  Parse errors: No plan found in TAP output
t/120-types.t          (Wstat: 512 (exited 2) Tests: 0 Failed: 0)
  Non-zero exit status: 2
  Parse errors: No plan found in TAP output
t/130-schedule.t       (Wstat: 65280 (exited 255) Tests: 1 Failed: 1)
  Failed test:  1
  Non-zero exit status: 255
  Parse errors: No plan found in TAP output
Files=10, Tests=22,  4 wallclock secs ( 0.05 usr  0.04 sys +  1.68 cusr  0.36 csys =  2.13 CPU)
Result: FAIL
Failed 8/10 test programs. 2/22 subtests failed.
*** Error code 255

Stop.
make: stopped in /usr/home/david/cpantesting/perl-5.20.2/.cpan/build/SReview-0.9.0-U4FFEB

------------------------------
PREREQUISITES
------------------------------

Prerequisite modules loaded:

requires:

    Module                       Need   Have    
    ---------------------------- ------ --------
    Class::Type::Enum            0      0.014   
    Crypt::PRNG                  0      0.077   
    DateTime                     0      1.59    
    DateTime::Format::ISO8601    0      0.16    
    DateTime::Format::Pg         0      0.16014 
  ! Media::Convert               v1.0.1 n/a     
    Mojo::JSON                   0      0       
  ! Mojo::Pg                     0      n/a     
    Mojolicious::Plugin::OpenAPI 4.03   5.08    
  ! Moose                        0      n/a     
  ! Net::Amazon::S3              0      n/a     
    Net::SSH::AuthorizedKeysFile 0      0.18    
    Text::Format                 0      0.62    

build_requires:

    Module                       Need   Have    
    ---------------------------- ------ --------
    ExtUtils::MakeMaker          0      7.64    
    Test::More                   0      1.302188
    YAML::XS                     0      0.85    

configure_requires:

    Module                       Need   Have    
    ---------------------------- ------ --------
    ExtUtils::Depends            0      0.8001  


------------------------------
ENVIRONMENT AND OTHER CONTEXT
------------------------------

Environment variables:

    AUTOMATED_TESTING = 1
    LANG = en_GB.UTF-8
    NONINTERACTIVE_TESTING = 1
    PATH = /home/david/perl5/perlbrew/bin:/home/david/perl5/perlbrew/perls/perl-5.30.2/bin:/home/david/.cargo/bin:/sbin:/bin:/usr/sbin:/usr/bin:/usr/local/sbin:/usr/local/bin:/home/david/bin
    PERL = 5.20.2
    PERL5LIB = 
    PERL5OPT = 
    PERL5_CPANPLUS_IS_RUNNING = 93923
    PERL5_CPAN_IS_RUNNING = 93923
    PERLBREW_HOME = /home/david/.perlbrew
    PERLBREW_MANPATH = /home/david/perl5/perlbrew/perls/perl-5.30.2/man
    PERLBREW_PATH = /home/david/perl5/perlbrew/bin:/home/david/perl5/perlbrew/perls/perl-5.30.2/bin
    PERLBREW_PERL = perl-5.30.2
    PERLBREW_ROOT = /home/david/perl5/perlbrew
    PERLBREW_SHELLRC_VERSION = 0.89
    PERLBREW_VERSION = 0.89
    PERLVER = 5.20.2
    PERL_INLINE_DIRECTORY = /home/david/.Inline-5.20.2
    PERL_MM_USE_DEFAULT = 1
    PERL_USE_UNSAFE_INC = 0
    SHELL = /usr/local/bin/bash
    TERM = screen

Perl special variables (and OS-specific diagnostics, for MSWin32):

    $^X = /usr/home/david/cpantesting/perl-5.20.2/bin/perl
    $UID/$EUID = 1001 / 1001
    $GID = 1001 1001 0
    $EGID = 1001 1001 0

Perl module toolchain versions installed:

    Module              Have    
    ------------------- --------
    CPAN                2.05    
    CPAN::Meta          2.150010
    Cwd                 3.48_01 
    ExtUtils::CBuilder  0.280236
    ExtUtils::Command   7.64    
    ExtUtils::Install   2.06    
    ExtUtils::MakeMaker 7.64    
    ExtUtils::Manifest  1.70    
    ExtUtils::ParseXS   3.44    
    File::Spec          3.48_01 
    JSON                n/a     
    JSON::PP            4.07    
    Module::Build       0.4232  
    Module::Signature   n/a     
    Parse::CPAN::Meta   2.150010
    Test::Harness       3.44    
    Test::More          1.302188
    YAML                1.30    
    YAML::Syck          1.34    
    version             0.9909  


--

Summary of my perl5 (revision 5 version 20 subversion 2) configuration:
   
  Platform:
    osname=freebsd, osvers=13.0-release-p7, archname=amd64-freebsd
    uname='freebsd cpantesting-freebsd-utm.local 13.0-release-p7 freebsd 13.0-release-p7 #0: mon jan 31 18:24:03 utc 2022 root@amd64-builder.daemonology.net:usrobjusrsrcamd64.amd64sysgeneric amd64 '
    config_args='-de -Dprefix=/home/david/cpantesting/perl-5.20.2'
    hint=recommended, useposix=true, d_sigaction=define
    useithreads=undef, usemultiplicity=undef
    use64bitint=define, use64bitall=define, uselongdouble=undef
    usemymalloc=n, bincompat5005=undef
  Compiler:
    cc='cc', ccflags ='-DHAS_FPSETMASK -DHAS_FLOATINGPOINT_H -fno-strict-aliasing -pipe -fstack-protector -I/usr/local/include',
    optimize='-O2',
    cppflags='-DHAS_FPSETMASK -DHAS_FLOATINGPOINT_H -fno-strict-aliasing -pipe -fstack-protector -I/usr/local/include'
    ccversion='', gccversion='FreeBSD Clang 11.0.1 (git@github.com:llvm/llvm-project.git llvmorg-11.0.1-0-g43ff75f2c3fe)', gccosandvers=''
    intsize=4, longsize=8, ptrsize=8, doublesize=8, byteorder=12345678
    d_longlong=define, longlongsize=8, d_longdbl=define, longdblsize=16
    ivtype='long', ivsize=8, nvtype='double', nvsize=8, Off_t='off_t', lseeksize=8
    alignbytes=8, prototype=define
  Linker and Libraries:
    ld='cc', ldflags ='-Wl,-E  -fstack-protector -L/usr/local/lib'
    libpth=/usr/lib /usr/local/lib /usr/lib/clang/11.0.1/lib /usr/lib
    libs=-lgdbm -ldl -lm -lcrypt -lutil -lc
    perllibs=-ldl -lm -lcrypt -lutil -lc
    libc=, so=so, useshrplib=false, libperl=libperl.a
    gnulibc_version=''
  Dynamic Linking:
    dlsrc=dl_dlopen.xs, dlext=so, d_dlsymun=undef, ccdlflags=' '
    cccdlflags='-DPIC -fPIC', lddlflags='-shared  -L/usr/local/lib -fstack-protector'


Characteristics of this binary (from libperl): 
  Compile-time options: HAS_TIMES PERLIO_LAYERS PERL_DONT_CREATE_GVSV
                        PERL_HASH_FUNC_ONE_AT_A_TIME_HARD PERL_MALLOC_WRAP
                        PERL_NEW_COPY_ON_WRITE PERL_PRESERVE_IVUV
                        USE_64_BIT_ALL USE_64_BIT_INT USE_LARGE_FILES
                        USE_LOCALE USE_LOCALE_COLLATE USE_LOCALE_CTYPE
                        USE_LOCALE_NUMERIC USE_PERLIO USE_PERL_ATOF
  Locally applied patches:
	Devel::PatchPerl 2.08
  Built under freebsd
  Compiled at Feb  3 2022 13:12:54
  %ENV:
    PERL="5.20.2"
    PERL5LIB=""
    PERL5OPT=""
    PERL5_CPANPLUS_IS_RUNNING="93923"
    PERL5_CPAN_IS_RUNNING="93923"
    PERLBREW_HOME="/home/david/.perlbrew"
    PERLBREW_MANPATH="/home/david/perl5/perlbrew/perls/perl-5.30.2/man"
    PERLBREW_PATH="/home/david/perl5/perlbrew/bin:/home/david/perl5/perlbrew/perls/perl-5.30.2/bin"
    PERLBREW_PERL="perl-5.30.2"
    PERLBREW_ROOT="/home/david/perl5/perlbrew"
    PERLBREW_SHELLRC_VERSION="0.89"
    PERLBREW_VERSION="0.89"
    PERLVER="5.20.2"
    PERL_INLINE_DIRECTORY="/home/david/.Inline-5.20.2"
    PERL_MM_USE_DEFAULT="1"
    PERL_USE_UNSAFE_INC="0"
  @INC:
    /home/david/cpantesting/perl-5.20.2/lib/site_perl/5.20.2/amd64-freebsd
    /home/david/cpantesting/perl-5.20.2/lib/site_perl/5.20.2
    /home/david/cpantesting/perl-5.20.2/lib/5.20.2/amd64-freebsd
    /home/david/cpantesting/perl-5.20.2/lib/5.20.2
    .