Back
From: metabase:user:3198cbe2-2aae-11df-837a-5e0a49663a4f
Subject: FAIL DBIx-Table-TestDataGenerator-0.003 v5.14.2 GNU/Linux
Date: 2012-12-19T14:10:50Z
This distribution has been tested as part of the CPAN Testers
project, supporting the Perl programming language. See
http://wiki.cpantesters.org/ for more information or email
questions to cpan-testers-discuss@perl.org
--
Dear Jose Diaz Seng,
This is a computer-generated report for DBIx-Table-TestDataGenerator-0.003
on perl 5.14.2, created by CPAN-Reporter-1.2006.
Thank you for uploading your work to CPAN. However, there was a problem
testing your distribution.
If you think this report is invalid, please consult the CPAN Testers Wiki
for suggestions on how to avoid getting FAIL reports for missing library
or binary dependencies, unsupported operating systems, and so on:
http://wiki.cpantesters.org/wiki/CPANAuthorNotes
Sections of this report:
* Tester comments
* Program output
* Prerequisites
* Environment and other context
------------------------------
TESTER COMMENTS
------------------------------
Additional comments from tester:
this report is from an automated smoke testing program
and was not reviewed by a human for accuracy
------------------------------
PROGRAM OUTPUT
------------------------------
Output from './Build test':
# Testing DBIx::Table::TestDataGenerator 0.003, Perl 5.014002, /home/graham/perls/perl-5.14.2-thread/bin/perl
t/00-load.t .................... ok
Cannot import Moo::Role into a Moo class at /home/graham/perls/perl-5.14.2-thread/lib/site_perl/5.14.2/Moo/Role.pm line 24.
BEGIN failed--compilation aborted at /home/graham/perls/caches/perl-5.14.2-thread/build/DBIx-Table-TestDataGenerator-0.003-dXAsYY/blib/lib/DBIx/Table/TestDataGenerator/TableProbe/SQLite.pm line 3.
Compilation failed in require at t/01_Test_TestDataGenerator.t line 48.
DBD::SQLite::db do failed: no such table: test_testdatagenerator at t/01_Test_TestDataGenerator.t line 586.
DBD::SQLite::db do failed: no such table: test_testdatagenerator_ref at t/01_Test_TestDataGenerator.t line 587.
# Looks like your test exited with 255 before it could output anything.
t/01_Test_TestDataGenerator.t ..
Dubious, test returned 255 (wstat 65280, 0xff00)
Failed 20/20 subtests
Cannot import Moo::Role into a Moo class at /home/graham/perls/perl-5.14.2-thread/lib/site_perl/5.14.2/Moo/Role.pm line 24.
BEGIN failed--compilation aborted at /home/graham/perls/caches/perl-5.14.2-thread/build/DBIx-Table-TestDataGenerator-0.003-dXAsYY/blib/lib/DBIx/Table/TestDataGenerator/TableProbe/SQLite.pm line 3.
Compilation failed in require at t/02_Test_TestDataGenerator.t line 44.
DBD::SQLite::db do failed: no such table: test_testdatagenerator_nn_pkey at t/02_Test_TestDataGenerator.t line 152.
# Looks like your test exited with 255 before it could output anything.
t/02_Test_TestDataGenerator.t ..
Dubious, test returned 255 (wstat 65280, 0xff00)
Failed 1/1 subtests
Cannot import Moo::Role into a Moo class at /home/graham/perls/perl-5.14.2-thread/lib/site_perl/5.14.2/Moo/Role.pm line 24.
BEGIN failed--compilation aborted at /home/graham/perls/caches/perl-5.14.2-thread/build/DBIx-Table-TestDataGenerator-0.003-dXAsYY/blib/lib/DBIx/Table/TestDataGenerator/TableProbe/SQLite.pm line 3.
Compilation failed in require at t/03_Test_TestDataGenerator.t line 49.
DBD::SQLite::db do failed: no such table: tdg_target at t/03_Test_TestDataGenerator.t line 259.
DBD::SQLite::db do failed: no such table: tdg_ref1 at t/03_Test_TestDataGenerator.t line 260.
DBD::SQLite::db do failed: no such table: tdg_ref2 at t/03_Test_TestDataGenerator.t line 261.
# Looks like your test exited with 255 before it could output anything.
t/03_Test_TestDataGenerator.t ..
Dubious, test returned 255 (wstat 65280, 0xff00)
Failed 1/1 subtests
Cannot import Moo::Role into a Moo class at /home/graham/perls/perl-5.14.2-thread/lib/site_perl/5.14.2/Moo/Role.pm line 24.
BEGIN failed--compilation aborted at /home/graham/perls/caches/perl-5.14.2-thread/build/DBIx-Table-TestDataGenerator-0.003-dXAsYY/blib/lib/DBIx/Table/TestDataGenerator/TableProbe/SQLite.pm line 3.
Compilation failed in require at t/04_Test_TableProbe.t line 39.
DBD::SQLite::db do failed: no such table: test_helperqueries at t/04_Test_TableProbe.t line 294.
# Looks like your test exited with 255 before it could output anything.
t/04_Test_TableProbe.t .........
Dubious, test returned 255 (wstat 65280, 0xff00)
Failed 10/10 subtests
t/05_Test_TreeUtils.t .......... ok
t/06_Test_TreeUtils2.t ......... ok
t/boilerplate.t ................ ok
Test Summary Report
-------------------
t/01_Test_TestDataGenerator.t (Wstat: 65280 Tests: 0 Failed: 0)
Non-zero exit status: 255
Parse errors: Bad plan. You planned 20 tests but ran 0.
t/02_Test_TestDataGenerator.t (Wstat: 65280 Tests: 0 Failed: 0)
Non-zero exit status: 255
Parse errors: Bad plan. You planned 1 tests but ran 0.
t/03_Test_TestDataGenerator.t (Wstat: 65280 Tests: 0 Failed: 0)
Non-zero exit status: 255
Parse errors: Bad plan. You planned 1 tests but ran 0.
t/04_Test_TableProbe.t (Wstat: 65280 Tests: 0 Failed: 0)
Non-zero exit status: 255
Parse errors: Bad plan. You planned 10 tests but ran 0.
t/boilerplate.t (Wstat: 0 Tests: 5 Failed: 0)
TODO passed: 1-5
Files=8, Tests=47, 1 wallclock secs ( 0.07 usr 0.01 sys + 0.76 cusr 0.06 csys = 0.90 CPU)
Result: FAIL
Failed 4/8 test programs. 0/47 subtests failed.
------------------------------
PREREQUISITES
------------------------------
Prerequisite modules loaded:
requires:
Module Need Have
----------------------- ----- --------
Carp 0 1.26
Class::Load 0 0.20
DBD::SQLite 0 1.38_01
DBI 0 1.622
DBI::Const::GetInfoType 0 2.008696
DBIx::Admin::TableInfo 0 2.07
List::MoreUtils 0 0.33_005
List::Util 0 1.26
Moo 0 1.000007
Moo::Role 0 0
perl 5.006 5.014002
Readonly 0 1.03
Test::Exception 0 0.31
build_requires:
Module Need Have
----------------------- ----- --------
Test::More 0 0.98
configure_requires:
Module Need Have
----------------------- ----- --------
Module::Build 0.4 0.4003
------------------------------
ENVIRONMENT AND OTHER CONTEXT
------------------------------
Environment variables:
AUTOMATED_TESTING = 1
LANG = C
PATH = /home/graham/perls/perl-5.14.2-thread/bin:/usr/local/bin:/usr/bin:/bin:/usr/local/sbin:/usr/sbin:/sbin:/usr/bin/core_perl
PERL5LIB =
PERL5OPT =
PERL5_CPANPLUS_IS_RUNNING = 13832
PERL5_CPAN_IS_RUNNING = 13832
PERL5_CPAN_IS_RUNNING_IN_RECURSION = 15088,13832
PERL_CR_SMOKER_CURRENT = DBIx-Table-TestDataGenerator-0.003
PERL_EXTUTILS_AUTOINSTALL = --defaultdeps
PERL_MM_USE_DEFAULT = 1
SHELL = /bin/bash
TERM = xterm
Perl special variables (and OS-specific diagnostics, for MSWin32):
$^X = /home/graham/perls/perl-5.14.2-thread/bin/perl
$UID/$EUID = 1000 / 1000
$GID = 100 100
$EGID = 100 100
Perl module toolchain versions installed:
Module Have
------------------- --------
CPAN 1.9800
CPAN::Meta 2.120351
Cwd 3.33
ExtUtils::CBuilder 0.280205
ExtUtils::Command 1.17
ExtUtils::Install 1.56
ExtUtils::MakeMaker 6.64
ExtUtils::Manifest 1.61
ExtUtils::ParseXS 3.18
File::Spec 3.33
JSON 2.53
JSON::PP 2.27008
Module::Build 0.4003
Module::Signature 0.70
Parse::CPAN::Meta 1.4404
Test::Harness 3.23
Test::More 0.98
YAML 0.84
YAML::Syck 1.22
version 0.9901
--
Summary of my perl5 (revision 5 version 14 subversion 2) configuration:
Platform:
osname=linux, osvers=3.5.6-1-arch, archname=x86_64-linux-thread-multi
uname='linux grosics 3.5.6-1-arch #1 smp preempt sun oct 7 19:30:49 cest 2012 x86_64 gnulinux '
config_args='-Dusethreads -Dprefix=/home/graham/perls/perl-5.14.2-thread'
hint=recommended, useposix=true, d_sigaction=define
useithreads=define, usemultiplicity=define
useperlio=define, d_sfio=undef, uselargefiles=define, usesocks=undef
use64bitint=define, use64bitall=define, uselongdouble=undef
usemymalloc=n, bincompat5005=undef
Compiler:
cc='cc', ccflags ='-D_REENTRANT -D_GNU_SOURCE -fno-strict-aliasing -pipe -fstack-protector -I/usr/local/include -D_LARGEFILE_SOURCE -D_FILE_OFFSET_BITS=64',
optimize='-O2',
cppflags='-D_REENTRANT -D_GNU_SOURCE -fno-strict-aliasing -pipe -fstack-protector -I/usr/local/include'
ccversion='', gccversion='4.7.2', gccosandvers=''
intsize=4, longsize=8, ptrsize=8, doublesize=8, byteorder=12345678
d_longlong=define, longlongsize=8, d_longdbl=define, longdblsize=16
ivtype='long', ivsize=8, nvtype='double', nvsize=8, Off_t='off_t', lseeksize=8
alignbytes=8, prototype=define
Linker and Libraries:
ld='cc', ldflags =' -fstack-protector -L/usr/local/lib'
libpth=/usr/local/lib /lib/../lib /usr/lib/../lib /lib /usr/lib
libs=-lnsl -lgdbm -ldb -ldl -lm -lcrypt -lutil -lpthread -lc -lgdbm_compat
perllibs=-lnsl -ldl -lm -lcrypt -lutil -lpthread -lc
libc=/lib/libc-2.16.so, so=so, useshrplib=false, libperl=libperl.a
gnulibc_version='2.16'
Dynamic Linking:
dlsrc=dl_dlopen.xs, dlext=so, d_dlsymun=undef, ccdlflags='-Wl,-E'
cccdlflags='-fPIC', lddlflags='-shared -O2 -L/usr/local/lib -fstack-protector'
Characteristics of this binary (from libperl):
Compile-time options: MULTIPLICITY PERL_DONT_CREATE_GVSV
PERL_IMPLICIT_CONTEXT PERL_MALLOC_WRAP
PERL_PRESERVE_IVUV USE_64_BIT_ALL USE_64_BIT_INT
USE_ITHREADS USE_LARGE_FILES USE_PERLIO USE_PERL_ATOF
USE_REENTRANT_API
Built under linux
Compiled at Oct 13 2012 14:36:03
%ENV:
PERL5LIB=""
PERL5OPT=""
PERL5_CPANPLUS_IS_RUNNING="13832"
PERL5_CPAN_IS_RUNNING="13832"
PERL5_CPAN_IS_RUNNING_IN_RECURSION="15088,13832"
PERL_CR_SMOKER_CURRENT="DBIx-Table-TestDataGenerator-0.003"
PERL_EXTUTILS_AUTOINSTALL="--defaultdeps"
PERL_MM_USE_DEFAULT="1"
@INC:
/home/graham/perls/perl-5.14.2-thread/lib/site_perl/5.14.2/x86_64-linux-thread-multi
/home/graham/perls/perl-5.14.2-thread/lib/site_perl/5.14.2
/home/graham/perls/perl-5.14.2-thread/lib/5.14.2/x86_64-linux-thread-multi
/home/graham/perls/perl-5.14.2-thread/lib/5.14.2
.