Report for Config-JSON-1.5200

Back
From: metabase:user:314402c4-2aae-11df-837a-5e0a49663a4f
Subject: FAIL Config-JSON-1.5200 v5.21.7 FreeBSD
Date: 2014-12-25T18:36:09Z

This distribution has been tested as part of the CPAN Testers
project, supporting the Perl programming language.  See
http://wiki.cpantesters.org/ for more information or email
questions to cpan-testers-discuss@perl.org


--
Dear JT Smith,

This is a computer-generated report for Config-JSON-1.5200
on perl 5.21.7, created by CPAN-Reporter-1.2011.

Thank you for uploading your work to CPAN.  However, there was a problem
testing your distribution.

If you think this report is invalid, please consult the CPAN Testers Wiki
for suggestions on how to avoid getting FAIL reports for missing library
or binary dependencies, unsupported operating systems, and so on:

http://wiki.cpantesters.org/wiki/CPANAuthorNotes

Sections of this report:

    * Tester comments
    * Program output
    * Prerequisites
    * Environment and other context

------------------------------
TESTER COMMENTS
------------------------------

Additional comments from tester:

none provided

------------------------------
PROGRAM OUTPUT
------------------------------

Output from '/usr/bin/make test':

PERL_DL_NONLAZY=1 "/usr/perl5.21.7/bin/perl5.21.7" "-MExtUtils::Command::MM" "-MTest::Harness" "-e" "undef *Test::Harness::Switches; test_harness(0, 'blib/lib', 'blib/arch')" t/*.t

#   Failed test 'use Config::JSON;'
#   at t/00.load.t line 4.
#     Tried to use 'Config::JSON'.
#     Error:  String found where operator expected at /usr/home/cpansand/.cpan/build/Config-JSON-1.5200-C7do3Z/blib/lib/Config/JSON.pm line 35, near "confess "Couldn't parse JSON in config file '$pathToFile'\n""
# Compilation failed in require at t/00.load.t line 4.
# BEGIN failed--compilation aborted at t/00.load.t line 4.
# Looks like you failed 1 test of 1.
t/00.load.t ............... 
Dubious, test returned 1 (wstat 256, 0x100)
Failed 1/1 subtests 
String found where operator expected at /usr/home/cpansand/.cpan/build/Config-JSON-1.5200-C7do3Z/blib/lib/Config/JSON.pm line 35, near "confess "Couldn't parse JSON in config file '$pathToFile'\n""
Compilation failed in require at t/Config.t line 5.
BEGIN failed--compilation aborted at t/Config.t line 5.
# Looks like your test exited with 255 before it could output anything.
t/Config.t ................ 
Dubious, test returned 255 (wstat 65280, 0xff00)
Failed 36/36 subtests 
String found where operator expected at /usr/home/cpansand/.cpan/build/Config-JSON-1.5200-C7do3Z/blib/lib/Config/JSON.pm line 35, near "confess "Couldn't parse JSON in config file '$pathToFile'\n""
Compilation failed in require at t/Duplicate.t line 7.
BEGIN failed--compilation aborted at t/Duplicate.t line 7.
# Looks like your test exited with 255 before it could output anything.
t/Duplicate.t ............. 
Dubious, test returned 255 (wstat 65280, 0xff00)
Failed 22/22 subtests 
String found where operator expected at /usr/home/cpansand/.cpan/build/Config-JSON-1.5200-C7do3Z/blib/lib/Config/JSON.pm line 35, near "confess "Couldn't parse JSON in config file '$pathToFile'\n""
Compilation failed in require at t/Include.t line 7.
BEGIN failed--compilation aborted at t/Include.t line 7.
# Looks like your test exited with 255 before it could output anything.
t/Include.t ............... 
Dubious, test returned 255 (wstat 65280, 0xff00)
Failed 55/55 subtests 
t/release-pod-coverage.t .. skipped: these tests are for release candidate testing
t/release-pod-syntax.t .... skipped: these tests are for release candidate testing
String found where operator expected at /usr/home/cpansand/.cpan/build/Config-JSON-1.5200-C7do3Z/blib/lib/Config/JSON.pm line 35, near "confess "Couldn't parse JSON in config file '$pathToFile'\n""
Compilation failed in require at t/Wildcard.t line 7.
BEGIN failed--compilation aborted at t/Wildcard.t line 7.
# Looks like your test exited with 255 before it could output anything.
t/Wildcard.t .............. 
Dubious, test returned 255 (wstat 65280, 0xff00)
Failed 12/12 subtests 

Test Summary Report
-------------------
t/00.load.t             (Wstat: 256 Tests: 1 Failed: 1)
  Failed test:  1
  Non-zero exit status: 1
t/Config.t              (Wstat: 65280 Tests: 0 Failed: 0)
  Non-zero exit status: 255
  Parse errors: Bad plan.  You planned 36 tests but ran 0.
t/Duplicate.t           (Wstat: 65280 Tests: 0 Failed: 0)
  Non-zero exit status: 255
  Parse errors: Bad plan.  You planned 22 tests but ran 0.
t/Include.t             (Wstat: 65280 Tests: 0 Failed: 0)
  Non-zero exit status: 255
  Parse errors: Bad plan.  You planned 55 tests but ran 0.
t/Wildcard.t            (Wstat: 65280 Tests: 0 Failed: 0)
  Non-zero exit status: 255
  Parse errors: Bad plan.  You planned 12 tests but ran 0.
Files=7, Tests=1,  0 wallclock secs ( 0.04 usr  0.02 sys +  0.36 cusr  0.05 csys =  0.46 CPU)
Result: FAIL
Failed 5/7 test programs. 1/1 subtests failed.
*** Error code 255

Stop.
make: stopped in /usr/home/cpansand/.cpan/build/Config-JSON-1.5200-C7do3Z

------------------------------
PREREQUISITES
------------------------------

Prerequisite modules loaded:

requires:

    Module              Need  Have    
    ------------------- ----- --------
    Any::Moose          0.13  0.24    
    File::Temp          0.18  0.2304  
    JSON                2.16  2.90    
    List::Util          1.19  1.41    
    Test::Deep          0.095 0.114   
    Test::More          0.7   1.001012

build_requires:

    Module              Need  Have    
    ------------------- ----- --------
    ExtUtils::MakeMaker 0     7.04    

configure_requires:

    Module              Need  Have    
    ------------------- ----- --------
    ExtUtils::MakeMaker 6.30  7.04    


------------------------------
ENVIRONMENT AND OTHER CONTEXT
------------------------------

Environment variables:

    DBIC_NO_WARN_BAD_PERL = 1
    LC_ALL = de_DE.ISO8859-1
    PATH = /usr/local/bin:/usr/bin:/bin:/usr/local/sbin:/usr/sbin:/sbin:/home/cpansand/bin/freebsd10.0:/home/cpansand/bin/sh:/home/cpansand/bin:/usr/games:/home/cpansand/devel:/usr/home/eserte/src/srezic-misc/scripts
    PERL5LIB = 
    PERL5OPT = 
    PERL5_CPANPLUS_IS_RUNNING = 11005
    PERL5_CPAN_IS_RUNNING = 11005
    PERL5_CPAN_IS_RUNNING_IN_RECURSION = 10967,11005
    PERLDOC = -MPod::Perldoc::ToTextOverstrike
    PERL_BATCH = yes
    PERL_CPAN_REPORTER_CONFIG = /var/tmp/cpansmoker-1023/yEzUztAUB6_config.ini
    PERL_EXTUTILS_AUTOINSTALL = --defaultdeps
    PERL_HTML_DISPLAY_CLASS = HTML::Display::Mozilla
    SHELL = /usr/local/bin/zsh
    TERM = screen
    TMPDIR = /var/tmp/cpansmoker-1023

Perl special variables (and OS-specific diagnostics, for MSWin32):

    $^X = /usr/perl5.21.7/bin/perl5.21.7
    $UID/$EUID = 1023 / 1023
    $GID = 1023 1023
    $EGID = 1023 1023

Perl module toolchain versions installed:

    Module              Have    
    ------------------- --------
    CPAN                2.05    
    CPAN::Meta          2.143240
    Cwd                 3.54    
    ExtUtils::CBuilder  0.280221
    ExtUtils::Command   1.18    
    ExtUtils::Install   2.04    
    ExtUtils::MakeMaker 7.04    
    ExtUtils::Manifest  1.69    
    ExtUtils::ParseXS   3.27    
    File::Spec          3.53    
    JSON                2.90    
    JSON::PP            2.27300 
    Module::Build       0.4210  
    Module::Signature   n/a     
    Parse::CPAN::Meta   1.4414  
    Test::Harness       3.34    
    Test::More          1.001012
    YAML                1.13    
    YAML::Syck          1.29    
    version             0.9909  


--

Summary of my perl5 (revision 5 version 21 subversion 7) configuration:
   
  Platform:
    osname=freebsd, osvers=10.1-release, archname=amd64-freebsd
    uname='freebsd cvrsnica-freebsd-101.herceg.de 10.1-release freebsd 10.1-release #0 r274401: tue nov 11 21:02:49 utc 2014 root@releng1.nyi.freebsd.org:usrobjusrsrcsysgeneric amd64 '
    config_args='-ds -e -Dprefix=/usr/perl5.21.7 -Dusedevel -Dusemallocwrap=no'
    hint=recommended, useposix=true, d_sigaction=define
    useithreads=undef, usemultiplicity=undef
    use64bitint=define, use64bitall=define, uselongdouble=undef
    usemymalloc=n, bincompat5005=undef
  Compiler:
    cc='cc', ccflags ='-DHAS_FPSETMASK -DHAS_FLOATINGPOINT_H -fno-strict-aliasing -pipe -fstack-protector -I/usr/local/include -D_FORTIFY_SOURCE=2',
    optimize='-O',
    cppflags='-DHAS_FPSETMASK -DHAS_FLOATINGPOINT_H -fno-strict-aliasing -pipe -fstack-protector -I/usr/local/include'
    ccversion='', gccversion='4.2.1 Compatible FreeBSD Clang 3.4.1 (tags/RELEASE_34/dot1-final 208032)', gccosandvers=''
    intsize=4, longsize=8, ptrsize=8, doublesize=8, byteorder=12345678, doublekind=3
    d_longlong=define, longlongsize=8, d_longdbl=define, longdblsize=16, longdblkind=3
    ivtype='long', ivsize=8, nvtype='double', nvsize=8, Off_t='off_t', lseeksize=8
    alignbytes=8, prototype=define
  Linker and Libraries:
    ld='cc', ldflags ='-Wl,-E  -fstack-protector -L/usr/local/lib'
    libpth=/usr/lib /usr/local/lib /usr/include/clang/3.4.1 /usr/lib
    libs=-lgdbm -lm -lcrypt -lutil -lc -lpthread
    perllibs=-lm -lcrypt -lutil -lc -lpthread
    libc=, so=so, useshrplib=false, libperl=libperl.a
    gnulibc_version=''
  Dynamic Linking:
    dlsrc=dl_dlopen.xs, dlext=so, d_dlsymun=undef, ccdlflags=' '
    cccdlflags='-DPIC -fPIC', lddlflags='-shared  -L/usr/local/lib -fstack-protector'


Characteristics of this binary (from libperl): 
  Compile-time options: HAS_TIMES PERLIO_LAYERS PERL_DONT_CREATE_GVSV
                        PERL_HASH_FUNC_ONE_AT_A_TIME_HARD
                        PERL_NEW_COPY_ON_WRITE PERL_PRESERVE_IVUV
                        PERL_USE_DEVEL USE_64_BIT_ALL USE_64_BIT_INT
                        USE_LARGE_FILES USE_LOCALE USE_LOCALE_COLLATE
                        USE_LOCALE_CTYPE USE_LOCALE_NUMERIC USE_LOCALE_TIME
                        USE_PERLIO USE_PERL_ATOF
  Built under freebsd
  Compiled at Dec 20 2014 20:06:40
  %ENV:
    PERL5LIB=""
    PERL5OPT=""
    PERL5_CPANPLUS_IS_RUNNING="11005"
    PERL5_CPAN_IS_RUNNING="11005"
    PERL5_CPAN_IS_RUNNING_IN_RECURSION="10967,11005"
    PERLDOC="-MPod::Perldoc::ToTextOverstrike"
    PERL_BATCH="yes"
    PERL_CPAN_REPORTER_CONFIG="/var/tmp/cpansmoker-1023/yEzUztAUB6_config.ini"
    PERL_EXTUTILS_AUTOINSTALL="--defaultdeps"
    PERL_HTML_DISPLAY_CLASS="HTML::Display::Mozilla"
  @INC:
    /usr/perl5.21.7/lib/site_perl/5.21.7/amd64-freebsd
    /usr/perl5.21.7/lib/site_perl/5.21.7
    /usr/perl5.21.7/lib/5.21.7/amd64-freebsd
    /usr/perl5.21.7/lib/5.21.7
    .