Report for Module-Install-HTML5Manifest-0.01_01

Back
From: metabase:user:320bfe00-2aae-11df-837a-5e0a49663a4f
Subject: FAIL Module-Install-HTML5Manifest-0.01_01 v5.13.8 GNU/Linux
Date: 2011-02-08T17:00:13Z

This distribution has been tested as part of the CPAN Testers
project, supporting the Perl programming language.  See
http://wiki.cpantesters.org/ for more information or email
questions to cpan-testers-discuss@perl.org


--
Dear Kazuhiro Osawa,

This is a computer-generated report for Module-Install-HTML5Manifest-0.01_01
on perl 5.13.8, created by CPAN-Reporter-1.1902.

Thank you for uploading your work to CPAN.  However, there was a problem
testing your distribution.

If you think this report is invalid, please consult the CPAN Testers Wiki
for suggestions on how to avoid getting FAIL reports for missing library
or binary dependencies, unsupported operating systems, and so on:

http://wiki.cpantesters.org/wiki/CPANAuthorNotes

Sections of this report:

    * Tester comments
    * Program output
    * Prerequisites
    * Environment and other context

------------------------------
TESTER COMMENTS
------------------------------

Additional comments from tester:

this report is from an automated smoke testing program
and was not reviewed by a human for accuracy

------------------------------
PROGRAM OUTPUT
------------------------------

Output from '/usr/bin/make test':

PERL_DL_NONLAZY=1 /home/src/perl/repoperls/installed-perls/perl/v5.13.8-274-g211dff6/bin/perl "-MExtUtils::Command::MM" "-e" "test_harness(0, 'inc', 'blib/lib', 'blib/arch')" t/*.t
t/00_compile.t .. ok
t/01_simple.t ... ok

#   Failed test at t/02_gz.t line 16.
show current directory for debug at t/02_gz.t line 23.
# Makefile.PL (313 bytes)  at t/02_gz.t line 25.
# MANIFEST (813 bytes)  at t/02_gz.t line 25.
# example.manifest (104 bytes)  at t/02_gz.t line 25.
# . (4096 bytes)  at t/02_gz.t line 25.
# lib (4096 bytes)  at t/02_gz.t line 25.
# Changes (105 bytes)  at t/02_gz.t line 25.
# .shipit (96 bytes)  at t/02_gz.t line 25.
# htdocs (4096 bytes)  at t/02_gz.t line 25.
# README (269 bytes)  at t/02_gz.t line 25.
# html5manifest.skip (11 bytes)  at t/02_gz.t line 25.
# MANIFEST.SKIP (213 bytes)  at t/02_gz.t line 25.
# .. (4096 bytes)  at t/02_gz.t line 25.
# .gitignore (103 bytes)  at t/02_gz.t line 25.
# t (4096 bytes)  at t/02_gz.t line 25.
# README.mkdn (261 bytes)  at t/02_gz.t line 25.
# xt (4096 bytes)  at t/02_gz.t line 25.

#   Failed test at t/02_gz.t line 29.
#          got: undef
#     expected: 'CACHE MANIFEST
# 
# NETWORK:
# /api
# /foo/bar.cgi
# 
# CACHE:
# /site.css
# /site.js
# 
# # digest: KC22SJMksgNahFOXL97t7w
# '
# Looks like you failed 2 tests of 2.
t/02_gz.t ....... 
Dubious, test returned 2 (wstat 512, 0x200)
Failed 2/2 subtests 
t/03_target.t ... ok

Test Summary Report
-------------------
t/02_gz.t     (Wstat: 512 Tests: 2 Failed: 2)
  Failed tests:  1-2
  Non-zero exit status: 2
Files=4, Tests=6,  0 wallclock secs ( 0.02 usr  0.00 sys +  0.24 cusr  0.07 csys =  0.33 CPU)
Result: FAIL
Failed 1/4 test programs. 2/6 subtests failed.
make: *** [test_dynamic] Error 255

------------------------------
PREREQUISITES
------------------------------

Prerequisite modules loaded:

requires:

    Module                 Need Have    
    ---------------------- ---- --------
    Data::Dumper           0    2.130_02
    HTML5::Manifest        0    0.03    
    MIME::Base64           0    3.13    
    Module::Install        0    1.00    

build_requires:

    Module                 Need Have    
    ---------------------- ---- --------
    Capture::Tiny          0    0.10    
    Digest::MD5            0    2.51    
    ExtUtils::MakeMaker    6.42 6.57_05 
    File::Spec             0    3.33    
    IO::Compress::Gzip     0    2.033   
    IO::Uncompress::Gunzip 0    2.033   
    Test::More             0    0.97_01 

configure_requires:

    Module                 Need Have    
    ---------------------- ---- --------
    ExtUtils::MakeMaker    6.42 6.57_05 


------------------------------
ENVIRONMENT AND OTHER CONTEXT
------------------------------

Environment variables:

    AUTOMATED_TESTING = 1
    LANG = en_US.UTF-8
    PATH = /home/sand/bin:/usr/local/bin:/usr/bin:/bin:/usr/bin/X11:/usr/games:/usr/local/perl/bin:/usr/X11/bin:/sbin:/usr/sbin
    PERL5LIB = 
    PERL5OPT = 
    PERL5_CPANPLUS_IS_RUNNING = 23703
    PERL5_CPAN_IS_RUNNING = 23703
    PERL_MM_USE_DEFAULT = 1
    SHELL = /usr/bin/zsh
    TERM = screen

Perl special variables (and OS-specific diagnostics, for MSWin32):

    $^X = /home/src/perl/repoperls/installed-perls/perl/v5.13.8-274-g211dff6/bin/perl
    $UID/$EUID = 1001 / 1001
    $GID = 1001 1001
    $EGID = 1001 1001

Perl module toolchain versions installed:

    Module              Have    
    ------------------- --------
    CPAN                1.94_64 
    Cwd                 3.35    
    ExtUtils::CBuilder  0.280202
    ExtUtils::Command   1.16    
    ExtUtils::Install   1.55    
    ExtUtils::MakeMaker 6.57_05 
    ExtUtils::Manifest  1.58    
    ExtUtils::ParseXS   2.2208  
    File::Spec          3.33    
    Module::Build       0.37_01 
    Module::Signature   0.66    
    Test::Harness       3.22    
    Test::More          0.97_01 
    YAML                0.72    
    YAML::Syck          1.17    
    version             0.88    


--

Summary of my perl5 (revision 5 version 13 subversion 8) configuration:
  Commit id: 211dff67fdc23c274b7c373b1d8463c98361e11f
  Platform:
    osname=linux, osvers=2.6.32-5-amd64, archname=x86_64-linux
    uname='linux k81 2.6.32-5-amd64 #1 smp fri dec 10 15:35:08 utc 2010 x86_64 gnulinux '
    config_args='-Dprefix=/home/src/perl/repoperls/installed-perls/perl/v5.13.8-274-g211dff6 -Dinstallusrbinperl=n -Uversiononly -Dusedevel -des -Ui_db -Uuseithreads -Uuselongdouble'
    hint=recommended, useposix=true, d_sigaction=define
    useithreads=undef, usemultiplicity=undef
    useperlio=define, d_sfio=undef, uselargefiles=define, usesocks=undef
    use64bitint=define, use64bitall=define, uselongdouble=undef
    usemymalloc=n, bincompat5005=undef
  Compiler:
    cc='cc', ccflags ='-fno-strict-aliasing -pipe -fstack-protector -I/usr/local/include -D_LARGEFILE_SOURCE -D_FILE_OFFSET_BITS=64',
    optimize='-O2',
    cppflags='-fno-strict-aliasing -pipe -fstack-protector -I/usr/local/include'
    ccversion='', gccversion='4.4.5', gccosandvers=''
    intsize=4, longsize=8, ptrsize=8, doublesize=8, byteorder=12345678
    d_longlong=define, longlongsize=8, d_longdbl=define, longdblsize=16
    ivtype='long', ivsize=8, nvtype='double', nvsize=8, Off_t='off_t', lseeksize=8
    alignbytes=8, prototype=define
  Linker and Libraries:
    ld='cc', ldflags =' -fstack-protector -L/usr/local/lib'
    libpth=/usr/local/lib /lib /usr/lib /lib64 /usr/lib64
    libs=-lnsl -lgdbm -ldb -ldl -lm -lcrypt -lutil -lc -lgdbm_compat
    perllibs=-lnsl -ldl -lm -lcrypt -lutil -lc
    libc=/lib/libc-2.11.2.so, so=so, useshrplib=false, libperl=libperl.a
    gnulibc_version='2.11.2'
  Dynamic Linking:
    dlsrc=dl_dlopen.xs, dlext=so, d_dlsymun=undef, ccdlflags='-Wl,-E'
    cccdlflags='-fPIC', lddlflags='-shared -O2 -L/usr/local/lib -fstack-protector'


Characteristics of this binary (from libperl): 
  Compile-time options: PERL_DONT_CREATE_GVSV PERL_MALLOC_WRAP PERL_USE_DEVEL
                        USE_64_BIT_ALL USE_64_BIT_INT USE_LARGE_FILES
                        USE_PERLIO USE_PERL_ATOF
  Built under linux
  Compiled at Jan 11 2011 06:02:24
  %ENV:
    PERL5LIB=""
    PERL5OPT=""
    PERL5_CPANPLUS_IS_RUNNING="23703"
    PERL5_CPAN_IS_RUNNING="23703"
    PERL_MM_USE_DEFAULT="1"
  @INC:
    /home/src/perl/repoperls/installed-perls/perl/v5.13.8-274-g211dff6/lib/site_perl/5.13.8/x86_64-linux
    /home/src/perl/repoperls/installed-perls/perl/v5.13.8-274-g211dff6/lib/site_perl/5.13.8
    /home/src/perl/repoperls/installed-perls/perl/v5.13.8-274-g211dff6/lib/5.13.8/x86_64-linux
    /home/src/perl/repoperls/installed-perls/perl/v5.13.8-274-g211dff6/lib/5.13.8
    .