Back
From: metabase:user:553c21ce-8d47-11df-9de5-e28c4c42590d
Subject: FAIL Test-File-1.36 v5.18.2 GNU/Linux
Date: 2014-04-29T23:56:35Z
This distribution has been tested as part of the CPAN Testers
project, supporting the Perl programming language. See
http://wiki.cpantesters.org/ for more information or email
questions to cpan-testers-discuss@perl.org
--
Dear BAREFOOT,
This is a computer-generated report for Test-File-1.36
on perl 5.18.2, created by App::cpanminus::reporter 0.10 (1.7004).
Thank you for uploading your work to CPAN. However, there was a problem
testing your distribution.
If you think this report is invalid, please consult the CPAN Testers Wiki
for suggestions on how to avoid getting FAIL reports for missing library
or binary dependencies, unsupported operating systems, and so on:
http://wiki.cpantesters.org/wiki/CPANAuthorNotes
Sections of this report:
* Tester comments
* Program output
* Prerequisites
* Environment and other context
------------------------------
TESTER COMMENTS
------------------------------
Additional comments from tester:
none provided
------------------------------
PROGRAM OUTPUT
------------------------------
Output from '':
Building and testing Test-File-1.36
cp lib/Test/File.pm blib/lib/Test/File.pm
/usr/bin/perl "-MTest::Manifest" "-e" "run_t_manifest(0, 'blib/lib', 'blib/arch', )"
t/load.t ...................... ok
t/normalize.t ................. ok
t/pod_coverage.t .............. ok
# MSWin32
t/dm_skeleton.t ............... ok
t/pod.t ....................... ok
t/win32.t ..................... ok
t/obviously_non_multi_user.t .. ok
t/test_dirs.t ................. ok
# Failed test at t/test_files.t line 35.
# STDOUT is:
# not ok 1 - readable is readable
#
# not:
# ok 1 - readable is readable
#
# as expected
# STDERR is:
# # File [readable] is not readable!
# # Failed test 'readable is readable'
# # at t/test_files.t line 34.
#
# not:
#
# as expected
# Failed test at t/test_files.t line 46.
# STDOUT is:
# not ok 1 - writeable is writeable
#
# not:
# ok 1 - writeable is writeable
#
# as expected
# STDERR is:
# # File [writeable] is not writeable!
# # Failed test 'writeable is writeable'
# # at t/test_files.t line 45.
#
# not:
#
# as expected
# Failed test at t/test_files.t line 62.
# STDOUT is:
# not ok 1 - executable is executable
#
# not:
# ok 1 - executable is executable
#
# as expected
# STDERR is:
# # File [executable] is not executable!
# # Failed test 'executable is executable'
# # at t/test_files.t line 61.
#
# not:
#
# as expected
# Failed test at t/test_files.t line 80.
# STDOUT is:
# not ok 1 - executable mode is 0100
#
# not:
# ok 1 - executable mode is 0100
#
# as expected
# STDERR is:
# # File [executable] mode is not 0100!
# # Failed test 'executable mode is 0100'
# # at t/test_files.t line 79.
#
# not:
#
# as expected
# Failed test at t/test_files.t line 98.
# STDOUT is:
# not ok 1 - readable mode is 0400
#
# not:
# ok 1 - readable mode is 0400
#
# as expected
# STDERR is:
# # File [readable] mode is not 0400!
# # Failed test 'readable mode is 0400'
# # at t/test_files.t line 97.
#
# not:
#
# as expected
# Failed test at t/test_files.t line 116.
# STDOUT is:
# not ok 1 - writeable mode is 0200
#
# not:
# ok 1 - writeable mode is 0200
#
# as expected
# STDERR is:
# # File [writeable] mode is not 0200!
# # Failed test 'writeable mode is 0200'
# # at t/test_files.t line 115.
#
# not:
#
# as expected
Use of uninitialized value $actual in numeric eq (==) at /home/ioan/.cpanm/work/1398815425.32166/Test-File-1.36/blib/lib/Test/File.pm line 1174.
Use of uninitialized value $actual in concatenation (.) or string at /home/ioan/.cpanm/work/1398815425.32166/Test-File-1.36/blib/lib/Test/File.pm line 1176.
# Failed test at t/setup_common line 41.
# got: '0'
# expected: '1'
binmode() on closed filehandle FH at t/setup_common line 50.
print() on closed filehandle FH at t/setup_common line 51.
# Failed test at t/setup_common line 54.
# got: undef
# expected: '53'
t/test_files.t ................
Failed 7/20 subtests
(less 5 skipped subtests: 8 okay)
# Failed test at t/link_counts.t line 44.
# STDOUT is:
# not ok 1 - readable has a link count of [1]
#
# not:
# ok 1 - readable has a link count of [1]
#
# as expected
# STDERR is:
# # File [readable] points has [] links: expected [1]!
# # Failed test 'readable has a link count of [1]'
# # at t/link_counts.t line 43.
#
# not:
#
# as expected
Use of uninitialized value $actual in numeric eq (==) at /home/ioan/.cpanm/work/1398815425.32166/Test-File-1.36/blib/lib/Test/File.pm line 1174.
Use of uninitialized value $actual in concatenation (.) or string at /home/ioan/.cpanm/work/1398815425.32166/Test-File-1.36/blib/lib/Test/File.pm line 1176.
# Failed test at t/link_counts.t line 65.
# STDERR is:
# # File [readable] points has [] links: expected [100]!
# # Failed test 'This is my test name'
# # at t/link_counts.t line 64.
#
# not:
# # File [readable] points has [1] links: expected [100]!
# # Failed test 'This is my test name'
# # at t/link_counts.t line 64.
#
# as expected
Use of uninitialized value $actual in numeric lt (<) at /home/ioan/.cpanm/work/1398815425.32166/Test-File-1.36/blib/lib/Test/File.pm line 1229.
Use of uninitialized value $actual in concatenation (.) or string at /home/ioan/.cpanm/work/1398815425.32166/Test-File-1.36/blib/lib/Test/File.pm line 1231.
# Failed test at t/link_counts.t line 74.
# STDERR is:
# # File [readable] points has [] links: expected less than [0]!
# # Failed test 'This is my test name'
# # at t/link_counts.t line 73.
#
# not:
# # File [readable] points has [1] links: expected less than [0]!
# # Failed test 'This is my test name'
# # at t/link_counts.t line 73.
#
# as expected
Use of uninitialized value $actual in numeric gt (>) at /home/ioan/.cpanm/work/1398815425.32166/Test-File-1.36/blib/lib/Test/File.pm line 1201.
Use of uninitialized value $actual in concatenation (.) or string at /home/ioan/.cpanm/work/1398815425.32166/Test-File-1.36/blib/lib/Test/File.pm line 1203.
# Failed test at t/link_counts.t line 83.
# STDERR is:
# # File [readable] points has [] links: expected more than [100]!
# # Failed test 'This is my test name'
# # at t/link_counts.t line 82.
#
# not:
# # File [readable] points has [1] links: expected more than [100]!
# # Failed test 'This is my test name'
# # at t/link_counts.t line 82.
#
# as expected
t/link_counts.t ...............
Failed 4/14 subtests
(less 6 skipped subtests: 4 okay)
# File [readable] does not exist
# Failed test 'readable exists'
# at t/links.t line 71.
# File [readable_sym] does not exist
# Failed test 'readable_sym exists'
# at t/links.t line 83.
# Failed test at t/links.t line 109.
# STDOUT is:
# not ok 1 - This is my test name
#
# not:
# ok 1 - This is my test name
#
# as expected
# STDERR is:
# # Symlink [readable_sym] points to non-existent target [readable]!
# # Failed test 'This is my test name'
# # at t/links.t line 108.
#
# not:
#
# as expected
# Failed test at t/links.t line 114.
# STDOUT is:
# not ok 1 - readable_sym is a symlink
# ok 2 - This is my test name
#
# not:
# ok 1 - readable_sym is a symlink
# ok 2 - This is my test name
#
# as expected
# STDERR is:
# # Symlink [readable_sym] points to non-existent target [readable]!
# # Failed test 'readable_sym is a symlink'
# # at t/links.t line 112.
#
# not:
#
# as expected
# Failed test at t/links.t line 202.
# STDERR is:
# # Symlink [readable_sym] points to non-existent target [writeable]!
# # Failed test 'readable_sym is a symlink'
# # at t/links.t line 201.
#
# not:
# # Symlink [readable_sym] points to
# # got: readable
# # expected: writeable
# # Failed test 'readable_sym is a symlink'
# # at t/links.t line 201.
#
# as expected
# Failed test at t/links.t line 213.
# STDOUT is:
# ok 1 - This is my test name
#
# not:
# not ok 1 - This is my test name
#
# as expected
# STDERR is:
#
# not:
# # Symlink [readable_sym] points to existing file [readable] but shouldn't!
# # Failed test 'This is my test name'
# # at t/links.t line 212.
#
# as expected
t/links.t .....................
Failed 9/37 subtests
t/file_contains.t ............. ok
# File [min_file] does not exist
# Failed test 'min_file exists'
# at t/line_counters.t line 32.
Can't open min_file: No such file or directory at t/line_counters.t line 34.
# Failed test 'min_file has at least one line'
# at t/line_counters.t line 35.
# '0'
# >
# '1'
# Failed test at t/line_counters.t line 46.
# STDOUT is:
# not ok 1 - min_file line count is between [-1] and [1] lines
#
# not:
# ok 1 - min_file line count is between [-1] and [1] lines
#
# as expected
# STDERR is:
# # File [min_file] does not exist!
# # Failed test 'min_file line count is between [-1] and [1] lines'
# # at t/line_counters.t line 45.
#
# not:
#
# as expected
# Failed test at t/line_counters.t line 50.
# STDOUT is:
# not ok 1 - min_file line count is between [0] and [1] lines
#
# not:
# ok 1 - min_file line count is between [0] and [1] lines
#
# as expected
# STDERR is:
# # File [min_file] does not exist!
# # Failed test 'min_file line count is between [0] and [1] lines'
# # at t/line_counters.t line 49.
#
# not:
#
# as expected
# Failed test at t/line_counters.t line 54.
# STDOUT is:
# not ok 1 - min_file line count is between [0] and [0] lines
#
# not:
# ok 1 - min_file line count is between [0] and [0] lines
#
# as expected
# STDERR is:
# # File [min_file] does not exist!
# # Failed test 'min_file line count is between [0] and [0] lines'
# # at t/line_counters.t line 53.
#
# not:
#
# as expected
# Failed test at t/line_counters.t line 58.
# STDOUT is:
# not ok 1 - min_file line count is 0 lines
#
# not:
# ok 1 - min_file line count is 0 lines
#
# as expected
# STDERR is:
# # File [min_file] does not exist!
# # Failed test 'min_file line count is 0 lines'
# # at t/line_counters.t line 57.
#
# not:
#
# as expected
# Failed test at t/line_counters.t line 62.
# STDOUT is:
# not ok 1 - min_file line count is not 1 lines
#
# not:
# ok 1 - min_file line count is not 1 lines
#
# as expected
# STDERR is:
# # File [min_file] does not exist!
# # Failed test 'min_file line count is not 1 lines'
# # at t/line_counters.t line 61.
#
# not:
#
# as expected
# File [min_file] does not exist
# Failed test 'min_file exists'
# at t/line_counters.t line 122.
# Failed test at t/line_counters.t line 163.
# STDERR is:
# # File [min_file] does not exist!
# # Failed test 'min_file line count is 1 lines'
# # at t/line_counters.t line 162.
#
# not:
# # Expected [3] lines in [min_file], got [0] lines!
# # Failed test 'min_file line count is 1 lines'
# # at t/line_counters.t line 162.
#
# as expected
# Failed test at t/line_counters.t line 167.
# STDOUT is:
# not ok 1 - min_file line count is not 1 lines
#
# not:
# ok 1 - min_file line count is not 1 lines
#
# as expected
# STDERR is:
# # File [min_file] does not exist!
# # Failed test 'min_file line count is not 1 lines'
# # at t/line_counters.t line 166.
#
# not:
#
# as expected
# Failed test at t/line_counters.t line 177.
# STDERR is:
# # File [min_file] does not exist!
# # Failed test 'min_file line count is not 0 lines'
# # at t/line_counters.t line 176.
#
# not:
# # Expected something other than [0] lines in [min_file], but got [0] lines!
# # Failed test 'min_file line count is not 0 lines'
# # at t/line_counters.t line 176.
#
# as expected
# Failed test at t/line_counters.t line 188.
# STDERR is:
# # File [min_file] does not exist!
# # Failed test 'min_file line count is between [1] and [2] lines'
# # at t/line_counters.t line 187.
#
# not:
# # Expected a line count between [1] and [2] in [min_file], but got [0] lines!
# # Failed test 'min_file line count is between [1] and [2] lines'
# # at t/line_counters.t line 187.
#
# as expected
t/line_counters.t .............
Failed 14/30 subtests
(less 5 skipped subtests: 11 okay)
t/file_sizes.t ................ ok
t/rt/30346.t .................. ok
t/owner.t ..................... ok
Test Summary Report
-------------------
t/test_files.t (Wstat: 0 Tests: 19 Failed: 6)
Failed tests: 8, 10, 12, 14, 16, 18
Parse errors: Bad plan. You planned 20 tests but ran 19.
t/link_counts.t (Wstat: 0 Tests: 14 Failed: 4)
Failed tests: 11-14
t/links.t (Wstat: 0 Tests: 35 Failed: 7)
Failed tests: 4, 15, 18, 25-26, 36-37
Parse errors: Tests out of sequence. Found (6) but expected (5)
Tests out of sequence. Found (8) but expected (6)
Tests out of sequence. Found (9) but expected (7)
Tests out of sequence. Found (10) but expected (8)
Tests out of sequence. Found (11) but expected (9)
Displayed the first 5 of 32 TAP syntax errors.
Re-run prove with the -p option to see them all.
t/line_counters.t (Wstat: 0 Tests: 28 Failed: 12)
Failed tests: 9-15, 22, 26-29
Parse errors: Tests out of sequence. Found (7) but expected (6)
Tests out of sequence. Found (8) but expected (7)
Tests out of sequence. Found (9) but expected (8)
Tests out of sequence. Found (10) but expected (9)
Tests out of sequence. Found (11) but expected (10)
Displayed the first 5 of 24 TAP syntax errors.
Re-run prove with the -p option to see them all.
Files=16, Tests=228, 1 wallclock secs ( 0.14 usr 0.02 sys + 0.93 cusr 0.12 csys = 1.21 CPU)
Result: FAIL
------------------------------
PREREQUISITES
------------------------------
Prerequisite modules loaded:
No requirements found
------------------------------
ENVIRONMENT AND OTHER CONTEXT
------------------------------
Environment variables:
LANG = en_GB.utf8
PATH = /home/ioan/perl5/bin::/home/ioan/bin:/usr/local/bin:/usr/bin:/bin:/usr/local/sbin:/sbin:/usr/sbin:/usr/games:/home/ioan/perl5/bin
PERL5LIB = /home/ioan/perl5/lib/perl5:./lib
PERL_CPANM_DEV = 1
PERL_CPANM_OPT = --prompt --no-man-pages --verify --mirror http://mirrors.gossamer-threads.com/CPAN/
PERL_LOCAL_LIB_ROOT = /home/ioan/perl5
PERL_MB_OPT = --install_base "/home/ioan/perl5"
PERL_MM_OPT = INSTALL_BASE=/home/ioan/perl5
SHELL = /bin/bash
TERM = xterm-256color
Perl special variables (and OS-specific diagnostics, for MSWin32):
EGID = 1001 10 996 997 998 999 1001
EUID = 1001
EXECUTABLE_NAME = /usr/bin/perl
GID = 1001 10 996 997 998 999 1001
UID = 1001
Perl module toolchain versions installed:
Module Have
------------------- --------
CPAN 2.00
CPAN::Meta 2.141170
Cwd 3.40
ExtUtils::CBuilder 0.280216
ExtUtils::Command 1.18
ExtUtils::Install 1.67
ExtUtils::MakeMaker 6.98
ExtUtils::Manifest 1.63
ExtUtils::ParseXS 3.24
File::Spec 3.40
JSON 2.90
JSON::PP 2.27203
Module::Build 0.4205
Module::Signature 0.73
Parse::CPAN::Meta 1.4414
Test::Harness 3.30
Test::More 1.001003
YAML 0.90
YAML::Syck n/a
version 0.9908
--
Summary of my perl5 (revision 5 version 18 subversion 2) configuration:
Platform:
osname=linux, osvers=3.11.9-200.fc19.x86_64, archname=x86_64-linux-thread-multi
uname='linux buildvm-12.phx2.fedoraproject.org 3.11.9-200.fc19.x86_64 #1 smp wed nov 20 21:22:24 utc 2013 x86_64 x86_64 x86_64 gnulinux '
config_args='-des -Doptimize=-O2 -g -pipe -Wall -Wp,-D_FORTIFY_SOURCE=2 -fexceptions -fstack-protector-strong --param=ssp-buffer-size=4 -grecord-gcc-switches -m64 -mtune=generic -Dccdlflags=-Wl,--enable-new-dtags -Dlddlflags=-shared -O2 -g -pipe -Wall -Wp,-D_FORTIFY_SOURCE=2 -fexceptions -fstack-protector-strong --param=ssp-buffer-size=4 -grecord-gcc-switches -m64 -mtune=generic -Wl,-z,relro -Dshrpdir=/usr/lib64 -DDEBUGGING=-g -Dversion=5.18.2 -Dmyhostname=localhost -Dperladmin=root@localhost -Dcc=gcc -Dcf_by=Red Hat, Inc. -Dprefix=/usr -Dvendorprefix=/usr -Dsiteprefix=/usr/local -Dsitelib=/usr/local/share/perl5 -Dsitearch=/usr/local/lib64/perl5 -Dprivlib=/usr/share/perl5 -Dvendorlib=/usr/share/perl5/vendor_perl -Darchlib=/usr/lib64/perl5 -Dvendorarch=/usr/lib64/perl5/vendor_perl -Darchname=x86_64-linux-thread-multi -Dlibpth=/usr/local/lib64 /lib64 /usr/lib64 -Duseshrplib -Dusethreads -Duseithreads -Dusedtrace=/usr/bin/dtrace -Duselargefiles -Dd_semctl_semun -Di_db -Ui_ndbm -Di_gdbm -Di_shadow -Di_syslog -Dman3ext=3pm -Duseperlio -Dinstallusrbinperl=n -Ubincompat5005 -Uversiononly -Dpager=/usr/bin/less -isr -Dd_gethostent_r_proto -Ud_endhostent_r_proto -Ud_sethostent_r_proto -Ud_endprotoent_r_proto -Ud_setprotoent_r_proto -Ud_endservent_r_proto -Ud_setservent_r_proto -Dscriptdir=/usr/bin -Dusesitecustomize'
hint=recommended, useposix=true, d_sigaction=define
useithreads=define, usemultiplicity=define
useperlio=define, d_sfio=undef, uselargefiles=define, usesocks=undef
use64bitint=define, use64bitall=define, uselongdouble=undef
usemymalloc=n, bincompat5005=undef
Compiler:
cc='gcc', ccflags ='-D_REENTRANT -D_GNU_SOURCE -fno-strict-aliasing -pipe -fstack-protector -I/usr/local/include -D_LARGEFILE_SOURCE -D_FILE_OFFSET_BITS=64',
optimize='-O2 -g -pipe -Wall -Wp,-D_FORTIFY_SOURCE=2 -fexceptions -fstack-protector-strong --param=ssp-buffer-size=4 -grecord-gcc-switches -m64 -mtune=generic',
cppflags='-D_REENTRANT -D_GNU_SOURCE -fno-strict-aliasing -pipe -fstack-protector -I/usr/local/include'
ccversion='', gccversion='4.8.2 20131212 (Red Hat 4.8.2-7)', gccosandvers=''
intsize=4, longsize=8, ptrsize=8, doublesize=8, byteorder=12345678
d_longlong=define, longlongsize=8, d_longdbl=define, longdblsize=16
ivtype='long', ivsize=8, nvtype='double', nvsize=8, Off_t='off_t', lseeksize=8
alignbytes=8, prototype=define
Linker and Libraries:
ld='gcc', ldflags =' -fstack-protector'
libpth=/usr/local/lib64 /lib64 /usr/lib64
libs=-lresolv -lnsl -lgdbm -ldb -ldl -lm -lcrypt -lutil -lpthread -lc -lgdbm_compat
perllibs=-lresolv -lnsl -ldl -lm -lcrypt -lutil -lpthread -lc
libc=, so=so, useshrplib=true, libperl=libperl.so
gnulibc_version='2.18'
Dynamic Linking:
dlsrc=dl_dlopen.xs, dlext=so, d_dlsymun=undef, ccdlflags='-Wl,--enable-new-dtags'
cccdlflags='-fPIC', lddlflags='-shared -O2 -g -pipe -Wall -Wp,-D_FORTIFY_SOURCE=2 -fexceptions -fstack-protector-strong --param=ssp-buffer-size=4 -grecord-gcc-switches -m64 -mtune=generic -Wl,-z,relro '
Characteristics of this binary (from libperl):
Compile-time options: HAS_TIMES MULTIPLICITY PERLIO_LAYERS
PERL_DONT_CREATE_GVSV
PERL_HASH_FUNC_ONE_AT_A_TIME_HARD
PERL_IMPLICIT_CONTEXT PERL_MALLOC_WRAP
PERL_PRESERVE_IVUV PERL_SAWAMPERSAND USE_64_BIT_ALL
USE_64_BIT_INT USE_ITHREADS USE_LARGE_FILES
USE_LOCALE USE_LOCALE_COLLATE USE_LOCALE_CTYPE
USE_LOCALE_NUMERIC USE_PERLIO USE_PERL_ATOF
USE_REENTRANT_API USE_SITECUSTOMIZE
Locally applied patches:
Fedora Patch1: Removes date check, Fedora/RHEL specific
Fedora Patch3: support for libdir64
Fedora Patch4: use libresolv instead of libbind
Fedora Patch5: USE_MM_LD_RUN_PATH
Fedora Patch6: Skip hostname tests, due to builders not being network capable
Fedora Patch7: Dont run one io test due to random builder failures
Fedora Patch9: Fix find2perl to translate ? glob properly (RT#113054)
Fedora Patch10: Update h2ph(1) documentation (RT#117647)
Fedora Patch11: Update pod2html(1) documentation (RT#117623)
Fedora Patch12: Disable ornaments on perl5db AutoTrace tests (RT#118817)
Fedora Patch14: Do not use system Term::ReadLine::Gnu in tests (RT#118821)
Fedora Patch15: Define SONAME for libperl.so
Fedora Patch16: Install libperl.so to -Dshrpdir value
Fedora Patch18: Fix crash with \&$glob_copy (RT#119051)
Fedora Patch19: Fix coreamp.t rand test (RT#118237)
Fedora Patch20: Reap child in case where exception has been thrown (RT#114722)
Fedora Patch21: Fix using regular expressions containing multiple code blocks (RT#117917)
Fedora Patch200: Link XS modules to libperl.so with EU::CBuilder on Linux
Fedora Patch201: Link XS modules to libperl.so with EU::MM on Linux
Built under linux
Compiled at Jan 7 2014 14:47:21
%ENV:
PERL5LIB="/home/ioan/perl5/lib/perl5:./lib"
PERL_CPANM_DEV="1"
PERL_CPANM_OPT="--prompt --no-man-pages --verify --mirror http://mirrors.gossamer-threads.com/CPAN/"
PERL_LOCAL_LIB_ROOT="/home/ioan/perl5"
PERL_MB_OPT="--install_base "/home/ioan/perl5""
PERL_MM_OPT="INSTALL_BASE=/home/ioan/perl5"
@INC:
/home/ioan/perl5/lib/perl5/x86_64-linux-thread-multi
/home/ioan/perl5/lib/perl5
./lib
/usr/local/lib64/perl5
/usr/local/share/perl5
/usr/lib64/perl5/vendor_perl
/usr/share/perl5/vendor_perl
/usr/lib64/perl5
/usr/share/perl5
.