Report for Bio-RetrieveAssemblies-1.1.5

Back
From: metabase:user:30ae4450-2aae-11df-837a-5e0a49663a4f
Subject: FAIL Bio-RetrieveAssemblies-1.1.5 v5.22.1 
Date: 2016-04-09T15:41:28Z

This distribution has been tested as part of the CPAN Testers
project, supporting the Perl programming language.  See
http://wiki.cpantesters.org/ for more information or email
questions to cpan-testers-discuss@perl.org


--
Dear Andrew Page,

This is a computer-generated report for Bio-RetrieveAssemblies-1.1.5
on perl 5.22.1, created by CPAN-Reporter-1.2017.

Thank you for uploading your work to CPAN.  However, there was a problem
testing your distribution.

If you think this report is invalid, please consult the CPAN Testers Wiki
for suggestions on how to avoid getting FAIL reports for missing library
or binary dependencies, unsupported operating systems, and so on:

http://wiki.cpantesters.org/wiki/CPANAuthorNotes

Sections of this report:

    * Tester comments
    * Program output
    * Prerequisites
    * Environment and other context

------------------------------
TESTER COMMENTS
------------------------------

Additional comments from tester:

this report is from an automated smoke testing program
and was not reviewed by a human for accuracy

------------------------------
PROGRAM OUTPUT
------------------------------

Output from 'C:\STRAWB~1\c\bin\dmake.exe test':

"C:\Strawberry221\perl\bin\perl.exe" "-MExtUtils::Command::MM" "-MTest::Harness" "-e" "undef *Test::Harness::Switches; test_harness(0, 'blib\lib', 'blib\arch')" t/*.t t/Bio/*.t t/Bio/RetrieveAssemblies/*.t

#   Failed test 'wget in PATH'
#   at t/00_requires_external.t line 19.
# Looks like you failed 1 test of 2.
t/00_requires_external.t .................. 
Dubious, test returned 1 (wstat 256, 0x100)
Failed 1/2 subtests 
"touch" ­¥ ï¥âáï ¢­ãâ७­¥© ¨«¨ ¢­¥è­¥©
ª®¬ ­¤®©, ¨á¯®«­ï¥¬®© ¯à®£à ¬¬®© ¨«¨ ¯ ª¥â­ë¬ ä ©«®¬.
"wget" ­¥ ï¥âáï ¢­ãâ७­¥© ¨«¨ ¢­¥è­¥©
ª®¬ ­¤®©, ¨á¯®«­ï¥¬®© ¯à®£à ¬¬®© ¨«¨ ¯ ª¥â­ë¬ ä ©«®¬.
size: '=100': No such file
"term" ­¥ ï¥âáï ¢­ãâ७­¥© ¨«¨ ¢­¥è­¥©
ª®¬ ­¤®©, ¨á¯®«­ï¥¬®© ¯à®£à ¬¬®© ¨«¨ ¯ ª¥â­ë¬ ä ©«®¬.
"project" ­¥ ï¥âáï ¢­ãâ७­¥© ¨«¨ ¢­¥è­¥©
ª®¬ ­¤®©, ¨á¯®«­ï¥¬®© ¯à®£à ¬¬®© ¨«¨ ¯ ª¥â­ë¬ ä ©«®¬.
"order" ­¥ ï¥âáï ¢­ãâ७­¥© ¨«¨ ¢­¥è­¥©
ª®¬ ­¤®©, ¨á¯®«­ï¥¬®© ¯à®£à ¬¬®© ¨«¨ ¯ ª¥â­ë¬ ä ©«®¬.
” ©« ­¥ ­ ©¤¥­
"version" ­¥ ï¥âáï ¢­ãâ७­¥© ¨«¨ ¢­¥è­¥©
ª®¬ ­¤®©, ¨á¯®«­ï¥¬®© ¯à®£à ¬¬®© ¨«¨ ¯ ª¥â­ë¬ ä ©«®¬.
"state" ­¥ ï¥âáï ¢­ãâ७­¥© ¨«¨ ¢­¥è­¥©
ª®¬ ­¤®©, ¨á¯®«­ï¥¬®© ¯à®£à ¬¬®© ¨«¨ ¯ ª¥â­ë¬ ä ©«®¬.
"update_date" ­¥ ï¥âáï ¢­ãâ७­¥© ¨«¨ ¢­¥è­¥©
ª®¬ ­¤®©, ¨á¯®«­ï¥¬®© ¯à®£à ¬¬®© ¨«¨ ¯ ª¥â­ë¬ ä ©«®¬.
"create_date" ­¥ ï¥âáï ¢­ãâ७­¥© ¨«¨ ¢­¥è­¥©
ª®¬ ­¤®©, ¨á¯®«­ï¥¬®© ¯à®£à ¬¬®© ¨«¨ ¯ ª¥â­ë¬ ä ©«®¬.
"retmode" ­¥ ï¥âáï ¢­ãâ७­¥© ¨«¨ ¢­¥è­¥©
ª®¬ ­¤®©, ¨á¯®«­ï¥¬®© ¯à®£à ¬¬®© ¨«¨ ¯ ª¥â­ë¬ ä ©«®¬.
size: '=all'': No such file

#   Failed test 'Expected file for command -q Mycobacterium -a -f gff PRJEB8877 exists: downloaded_files/CVMX01.1.gbff.gz.gff'
#   at t/lib/TestHelper.pm line 31.
"wget" ­¥ ï¥âáï ¢­ãâ७­¥© ¨«¨ ¢­¥è­¥©
ª®¬ ­¤®©, ¨á¯®«­ï¥¬®© ¯à®£à ¬¬®© ¨«¨ ¯ ª¥â­ë¬ ä ©«®¬.
size: '=100': No such file
"term" ­¥ ï¥âáï ¢­ãâ७­¥© ¨«¨ ¢­¥è­¥©
ª®¬ ­¤®©, ¨á¯®«­ï¥¬®© ¯à®£à ¬¬®© ¨«¨ ¯ ª¥â­ë¬ ä ©«®¬.
"project" ­¥ ï¥âáï ¢­ãâ७­¥© ¨«¨ ¢­¥è­¥©
ª®¬ ­¤®©, ¨á¯®«­ï¥¬®© ¯à®£à ¬¬®© ¨«¨ ¯ ª¥â­ë¬ ä ©«®¬.
"order" ­¥ ï¥âáï ¢­ãâ७­¥© ¨«¨ ¢­¥è­¥©
ª®¬ ­¤®©, ¨á¯®«­ï¥¬®© ¯à®£à ¬¬®© ¨«¨ ¯ ª¥â­ë¬ ä ©«®¬.
” ©« ­¥ ­ ©¤¥­
"version" ­¥ ï¥âáï ¢­ãâ७­¥© ¨«¨ ¢­¥è­¥©
ª®¬ ­¤®©, ¨á¯®«­ï¥¬®© ¯à®£à ¬¬®© ¨«¨ ¯ ª¥â­ë¬ ä ©«®¬.
"state" ­¥ ï¥âáï ¢­ãâ७­¥© ¨«¨ ¢­¥è­¥©
ª®¬ ­¤®©, ¨á¯®«­ï¥¬®© ¯à®£à ¬¬®© ¨«¨ ¯ ª¥â­ë¬ ä ©«®¬.
"update_date" ­¥ ï¥âáï ¢­ãâ७­¥© ¨«¨ ¢­¥è­¥©
ª®¬ ­¤®©, ¨á¯®«­ï¥¬®© ¯à®£à ¬¬®© ¨«¨ ¯ ª¥â­ë¬ ä ©«®¬.
"create_date" ­¥ ï¥âáï ¢­ãâ७­¥© ¨«¨ ¢­¥è­¥©
ª®¬ ­¤®©, ¨á¯®«­ï¥¬®© ¯à®£à ¬¬®© ¨«¨ ¯ ª¥â­ë¬ ä ©«®¬.
"retmode" ­¥ ï¥âáï ¢­ãâ७­¥© ¨«¨ ¢­¥è­¥©
ª®¬ ­¤®©, ¨á¯®«­ï¥¬®© ¯à®£à ¬¬®© ¨«¨ ¯ ª¥â­ë¬ ä ©«®¬.
size: '=all'': No such file

#   Failed test 'Expected file for command -q Mycobacterium -f fasta PRJEB8877 exists: downloaded_files/CVMX01.1.fsa_nt.gz'
#   at t/lib/TestHelper.pm line 31.
"wget" ­¥ ï¥âáï ¢­ãâ७­¥© ¨«¨ ¢­¥è­¥©
ª®¬ ­¤®©, ¨á¯®«­ï¥¬®© ¯à®£à ¬¬®© ¨«¨ ¯ ª¥â­ë¬ ä ©«®¬.
size: '=100': No such file
"term" ­¥ ï¥âáï ¢­ãâ७­¥© ¨«¨ ¢­¥è­¥©
ª®¬ ­¤®©, ¨á¯®«­ï¥¬®© ¯à®£à ¬¬®© ¨«¨ ¯ ª¥â­ë¬ ä ©«®¬.
"project" ­¥ ï¥âáï ¢­ãâ७­¥© ¨«¨ ¢­¥è­¥©
ª®¬ ­¤®©, ¨á¯®«­ï¥¬®© ¯à®£à ¬¬®© ¨«¨ ¯ ª¥â­ë¬ ä ©«®¬.
"order" ­¥ ï¥âáï ¢­ãâ७­¥© ¨«¨ ¢­¥è­¥©
ª®¬ ­¤®©, ¨á¯®«­ï¥¬®© ¯à®£à ¬¬®© ¨«¨ ¯ ª¥â­ë¬ ä ©«®¬.
” ©« ­¥ ­ ©¤¥­
"version" ­¥ ï¥âáï ¢­ãâ७­¥© ¨«¨ ¢­¥è­¥©
ª®¬ ­¤®©, ¨á¯®«­ï¥¬®© ¯à®£à ¬¬®© ¨«¨ ¯ ª¥â­ë¬ ä ©«®¬.
"state" ­¥ ï¥âáï ¢­ãâ७­¥© ¨«¨ ¢­¥è­¥©
ª®¬ ­¤®©, ¨á¯®«­ï¥¬®© ¯à®£à ¬¬®© ¨«¨ ¯ ª¥â­ë¬ ä ©«®¬.
"update_date" ­¥ ï¥âáï ¢­ãâ७­¥© ¨«¨ ¢­¥è­¥©
ª®¬ ­¤®©, ¨á¯®«­ï¥¬®© ¯à®£à ¬¬®© ¨«¨ ¯ ª¥â­ë¬ ä ©«®¬.
"create_date" ­¥ ï¥âáï ¢­ãâ७­¥© ¨«¨ ¢­¥è­¥©
ª®¬ ­¤®©, ¨á¯®«­ï¥¬®© ¯à®£à ¬¬®© ¨«¨ ¯ ª¥â­ë¬ ä ©«®¬.
"retmode" ­¥ ï¥âáï ¢­ãâ७­¥© ¨«¨ ¢­¥è­¥©
ª®¬ ­¤®©, ¨á¯®«­ï¥¬®© ¯à®£à ¬¬®© ¨«¨ ¯ ª¥â­ë¬ ä ©«®¬.
size: '=all'': No such file

#   Failed test 'Expected file for command -q Mycobacterium -f gff PRJEB8877 exists: downloaded_files/CVMX01.1.gbff.gz.gff'
#   at t/lib/TestHelper.pm line 31.
"wget" ­¥ ï¥âáï ¢­ãâ७­¥© ¨«¨ ¢­¥è­¥©
ª®¬ ­¤®©, ¨á¯®«­ï¥¬®© ¯à®£à ¬¬®© ¨«¨ ¯ ª¥â­ë¬ ä ©«®¬.
size: '=100': No such file
"term" ­¥ ï¥âáï ¢­ãâ७­¥© ¨«¨ ¢­¥è­¥©
ª®¬ ­¤®©, ¨á¯®«­ï¥¬®© ¯à®£à ¬¬®© ¨«¨ ¯ ª¥â­ë¬ ä ©«®¬.
"project" ­¥ ï¥âáï ¢­ãâ७­¥© ¨«¨ ¢­¥è­¥©
ª®¬ ­¤®©, ¨á¯®«­ï¥¬®© ¯à®£à ¬¬®© ¨«¨ ¯ ª¥â­ë¬ ä ©«®¬.
"order" ­¥ ï¥âáï ¢­ãâ७­¥© ¨«¨ ¢­¥è­¥©
ª®¬ ­¤®©, ¨á¯®«­ï¥¬®© ¯à®£à ¬¬®© ¨«¨ ¯ ª¥â­ë¬ ä ©«®¬.
” ©« ­¥ ­ ©¤¥­
"version" ­¥ ï¥âáï ¢­ãâ७­¥© ¨«¨ ¢­¥è­¥©
ª®¬ ­¤®©, ¨á¯®«­ï¥¬®© ¯à®£à ¬¬®© ¨«¨ ¯ ª¥â­ë¬ ä ©«®¬.
"state" ­¥ ï¥âáï ¢­ãâ७­¥© ¨«¨ ¢­¥è­¥©
ª®¬ ­¤®©, ¨á¯®«­ï¥¬®© ¯à®£à ¬¬®© ¨«¨ ¯ ª¥â­ë¬ ä ©«®¬.
"update_date" ­¥ ï¥âáï ¢­ãâ७­¥© ¨«¨ ¢­¥è­¥©
ª®¬ ­¤®©, ¨á¯®«­ï¥¬®© ¯à®£à ¬¬®© ¨«¨ ¯ ª¥â­ë¬ ä ©«®¬.
"create_date" ­¥ ï¥âáï ¢­ãâ७­¥© ¨«¨ ¢­¥è­¥©
ª®¬ ­¤®©, ¨á¯®«­ï¥¬®© ¯à®£à ¬¬®© ¨«¨ ¯ ª¥â­ë¬ ä ©«®¬.
"retmode" ­¥ ï¥âáï ¢­ãâ७­¥© ¨«¨ ¢­¥è­¥©
ª®¬ ­¤®©, ¨á¯®«­ï¥¬®© ¯à®£à ¬¬®© ¨«¨ ¯ ª¥â­ë¬ ä ©«®¬.
size: '=all'': No such file

#   Failed test 'Expected file for command -q Mycobacterium -o my_dir PRJEB8877 exists: my_dir/CVMX01.1.gbff.gz'
#   at t/lib/TestHelper.pm line 31.
"wget" ­¥ ï¥âáï ¢­ãâ७­¥© ¨«¨ ¢­¥è­¥©
ª®¬ ­¤®©, ¨á¯®«­ï¥¬®© ¯à®£à ¬¬®© ¨«¨ ¯ ª¥â­ë¬ ä ©«®¬.
size: '=100': No such file
"term" ­¥ ï¥âáï ¢­ãâ७­¥© ¨«¨ ¢­¥è­¥©
ª®¬ ­¤®©, ¨á¯®«­ï¥¬®© ¯à®£à ¬¬®© ¨«¨ ¯ ª¥â­ë¬ ä ©«®¬.
"project" ­¥ ï¥âáï ¢­ãâ७­¥© ¨«¨ ¢­¥è­¥©
ª®¬ ­¤®©, ¨á¯®«­ï¥¬®© ¯à®£à ¬¬®© ¨«¨ ¯ ª¥â­ë¬ ä ©«®¬.
"order" ­¥ ï¥âáï ¢­ãâ७­¥© ¨«¨ ¢­¥è­¥©
ª®¬ ­¤®©, ¨á¯®«­ï¥¬®© ¯à®£à ¬¬®© ¨«¨ ¯ ª¥â­ë¬ ä ©«®¬.
” ©« ­¥ ­ ©¤¥­
"version" ­¥ ï¥âáï ¢­ãâ७­¥© ¨«¨ ¢­¥è­¥©
ª®¬ ­¤®©, ¨á¯®«­ï¥¬®© ¯à®£à ¬¬®© ¨«¨ ¯ ª¥â­ë¬ ä ©«®¬.
"state" ­¥ ï¥âáï ¢­ãâ७­¥© ¨«¨ ¢­¥è­¥©
ª®¬ ­¤®©, ¨á¯®«­ï¥¬®© ¯à®£à ¬¬®© ¨«¨ ¯ ª¥â­ë¬ ä ©«®¬.
"update_date" ­¥ ï¥âáï ¢­ãâ७­¥© ¨«¨ ¢­¥è­¥©
ª®¬ ­¤®©, ¨á¯®«­ï¥¬®© ¯à®£à ¬¬®© ¨«¨ ¯ ª¥â­ë¬ ä ©«®¬.
"create_date" ­¥ ï¥âáï ¢­ãâ७­¥© ¨«¨ ¢­¥è­¥©
ª®¬ ­¤®©, ¨á¯®«­ï¥¬®© ¯à®£à ¬¬®© ¨«¨ ¯ ª¥â­ë¬ ä ©«®¬.
"retmode" ­¥ ï¥âáï ¢­ãâ७­¥© ¨«¨ ¢­¥è­¥©
ª®¬ ­¤®©, ¨á¯®«­ï¥¬®© ¯à®£à ¬¬®© ¨«¨ ¯ ª¥â­ë¬ ä ©«®¬.
size: '=all'': No such file

#   Failed test 'Expected file for command -q Mycobacterium PRJEB8877 exists: downloaded_files/CVMX01.1.gbff.gz'
#   at t/lib/TestHelper.pm line 31.
# Looks like you failed 5 tests of 6.
t/Bio/RetrieveAssemblies.t ................ 
Dubious, test returned 5 (wstat 1280, 0x500)
Failed 5/6 subtests 
All arguments to easy_init should be either an integer log level or a hash reference. at lib/Bio/RetrieveAssemblies/LoggingRole.pm line 15.
Use of uninitialized value $ENV{"HOME"} in concatenation (.) or string at C:\Strawberry221\perl\site\bin\bp_genbank2gff3.pl line 202.
Possible precedence issue with control flow operator at C:\Strawberry221\perl\site\bin\bp_genbank2gff3.pl line 690.

#   Failed test 'gff files match'
#   at t/Bio/RetrieveAssemblies/AccessionFile.t line 53.
#          got: '##FASTA
# '
#     expected: '##gff-version 3
# ##sequence-region CVCD01000038 1 24444
# # conversion-by bp_genbank2gff3.pl
# # organism Salmonella enterica subsp. enterica serovar Typhi
# # Note Salmonella enterica subsp. enterica serovar Typhi genome assembly 10426_1#72, scaffold ERS325398SCcontig000038, whole genome shotgun sequence.
# # date 02-APR-2015
# CVCD01000038	GenBank	region	1	24444	.	+	1	ID=CVCD01000038;Dbxref=BioProject:PRJEB3215,taxon:90370;Name=CVCD01000038;Note=Salmonella enterica subsp. enterica serovar Typhi genome assembly 10426_1#72%2C scaffold ERS325398SCcontig000038%2C whole genome shotgun sequence.;collection_date=1994;country=Viet Nam;date=02-APR-2015;isolation_source=Not known;mol_type=genomic DNA;organism=Salmonella enterica subsp. enterica serovar Typhi;serovar=H58;strain=ty2-123
# CVCD01000038	GenBank	gene	195	1067	.	+	1	ID=ERS325398_04794;Name=ERS325398_04794
# CVCD01000038	GenBank	mRNA	195	1067	.	+	1	ID=ERS325398_04794.t01;Parent=ERS325398_04794
# CVCD01000038	GenBank	CDS	195	1067	.	+	1	ID=ERS325398_04794.p01;Parent=ERS325398_04794.t01;Dbxref=GI:804387254;Name=ERS325398_04794;codon_start=1;inference=ab initio prediction:Prodigal:2.60;product=Uncharacterised protein;protein_id=CQY14305.1;transl_table=11;translation=length.290
# CVCD01000038	GenBank	exon	195	1067	.	+	1	Parent=ERS325398_04794.t01
# CVCD01000038	GenBank	gene	1094	4270	.	-	1	ID=ERS325398_04795;Name=traN;locus_tag=ERS325398_04795
# CVCD01000038	GenBank	mRNA	1094	4270	.	-	1	ID=ERS325398_04795.t01;Parent=ERS325398_04795
# CVCD01000038	GenBank	CDS	1094	4270	.	-	1	ID=ERS325398_04795.p01;Parent=ERS325398_04795.t01;Dbxref=GI:804387255;Name=traN;codon_start=1;inference=ab initio prediction:Prodigal:2.60,similar to AA sequence:RefSeq:YP_001101975.1;locus_tag=ERS325398_04795;product=conjugal transfer mating pair stabilization protein TraN;protein_id=CQY14344.1;transl_table=11;translation=length.1058
# CVCD01000038	GenBank	exon	1094	4270	.	-	1	Parent=ERS325398_04795.t01
# CVCD01000038	GenBank	gene	4293	5345	.	-	1	ID=ERS325398_04796;Name=traU;locus_tag=ERS325398_04796
# CVCD01000038	GenBank	mRNA	4293	5345	.	-	1	ID=ERS325398_04796.t01;Parent=ERS325398_04796
# CVCD01000038	GenBank	CDS	4293	5345	.	-	1	ID=ERS325398_04796.p01;Parent=ERS325398_04796.t01;Dbxref=GI:804387256;Name=traU;codon_start=1;inference=ab initio prediction:Prodigal:2.60,similar to AA sequence:RefSeq:YP_001101974.1;locus_tag=ERS325398_04796;product=type IV conjugative transfer system protein TraU;protein_id=CQY14379.1;transl_table=11;translation=length.350
# CVCD01000038	GenBank	exon	4293	5345	.	-	1	Parent=ERS325398_04796.t01
# CVCD01000038	GenBank	gene	5357	5488	.	-	1	ID=ERS325398_04797;Name=ERS325398_04797
# CVCD01000038	GenBank	mRNA	5357	5488	.	-	1	ID=ERS325398_04797.t01;Parent=ERS325398_04797
# CVCD01000038	GenBank	CDS	5357	5488	.	-	1	ID=ERS325398_04797.p01;Parent=ERS325398_04797.t01;Dbxref=GI:804387257;Name=ERS325398_04797;codon_start=1;inference=ab initio prediction:Prodigal:2.60;product=Uncharacterised protein;protein_id=CQY14426.1;transl_table=11;translation=length.43
# CVCD01000038	GenBank	exon	5357	5488	.	-	1	Parent=ERS325398_04797.t01
# CVCD01000038	GenBank	gene	5490	6998	.	-	1	ID=ERS325398_04798;Name=traW;locus_tag=ERS325398_04798
# CVCD01000038	GenBank	mRNA	5490	6998	.	-	1	ID=ERS325398_04798.t01;Parent=ERS325398_04798
# CVCD01000038	GenBank	CDS	5490	6998	.	-	1	ID=ERS325398_04798.p01;Parent=ERS325398_04798.t01;Dbxref=GI:804387258;Name=traW;codon_start=1;inference=ab initio prediction:Prodigal:2.60,similar to AA sequence:RefSeq:YP_001101972.1;locus_tag=ERS325398_04798;product=type IV conjugative transfer system protein TraW;protein_id=CQY14459.1;transl_table=11;translation=length.502
# CVCD01000038	GenBank	exon	5490	6998	.	-	1	Parent=ERS325398_04798.t01
# CVCD01000038	GenBank	gene	6985	7497	.	-	1	ID=ERS325398_04799;Name=ERS325398_04799
# CVCD01000038	GenBank	mRNA	6985	7497	.	-	1	ID=ERS325398_04799.t01;Parent=ERS325398_04799
# CVCD01000038	GenBank	CDS	6985	7497	.	-	1	ID=ERS325398_04799.p01;Parent=ERS325398_04799.t01;Dbxref=GI:804387259;Name=ERS325398_04799;codon_start=1;inference=ab initio prediction:Prodigal:2.60,similar to AA sequence:RefSeq:YP_001101971.1;product=type IV conjugative transfer system signal peptidase;protein_id=CQY14520.1;transl_table=11;translation=length.170
# CVCD01000038	GenBank	exon	6985	7497	.	-	1	Parent=ERS325398_04799.t01
# CVCD01000038	GenBank	gene	7771	11991	.	-	1	ID=ERS325398_04800;Name=ERS325398_04800
# CVCD01000038	GenBank	mRNA	7771	11991	.	-	1	ID=ERS325398_04800.t01;Parent=ERS325398_04800
# CVCD01000038	GenBank	CDS	7771	11991	.	-	1	ID=ERS325398_04800.p01;Parent=ERS325398_04800.t01;Dbxref=GI:804387260;Name=ERS325398_04800;codon_start=1;inference=ab initio prediction:Prodigal:2.60;product=Protein of uncharacterised function (DUF3607);protein_id=CQY14555.1;transl_table=11;translation=length.1406
# CVCD01000038	GenBank	exon	7771	11991	.	-	1	Parent=ERS325398_04800.t01
# CVCD01000038	GenBank	gene	12189	12746	.	-	1	ID=ERS325398_04801;Name=ERS325398_04801
# CVCD01000038	GenBank	mRNA	12189	12746	.	-	1	ID=ERS325398_04801.t01;Parent=ERS325398_04801
# CVCD01000038	GenBank	CDS	12189	12746	.	-	1	ID=ERS325398_04801.p01;Parent=ERS325398_04801.t01;Dbxref=GI:804387261;Name=ERS325398_04801;codon_start=1;inference=ab initio prediction:Prodigal:2.60;product=Uncharacterised protein;protein_id=CQY14589.1;transl_table=11;translation=length.185
# CVCD01000038	GenBank	exon	12189	12746	.	-	1	Parent=ERS325398_04801.t01
# CVCD01000038	GenBank	gene	12749	13183	.	-	1	ID=ERS325398_04802;Name=ERS325398_04802
# CVCD01000038	GenBank	mRNA	12749	13183	.	-	1	ID=ERS325398_04802.t01;Parent=ERS325398_04802
# CVCD01000038	GenBank	CDS	12749	13183	.	-	1	ID=ERS325398_04802.p01;Parent=ERS325398_04802.t01;Dbxref=GI:804387262;Name=ERS325398_04802;codon_start=1;inference=ab initio prediction:Prodigal:2.60;product=Uncharacterised protein;protein_id=CQY14628.1;transl_table=11;translation=length.144
# CVCD01000038	GenBank	exon	12749	13183	.	-	1	Parent=ERS325398_04802.t01
# CVCD01000038	GenBank	gene	13173	13625	.	-	1	ID=ERS325398_04803;Name=ERS325398_04803
# CVCD01000038	GenBank	mRNA	13173	13625	.	-	1	ID=ERS325398_04803.t01;Parent=ERS325398_04803
# CVCD01000038	GenBank	CDS	13173	13625	.	-	1	ID=ERS325398_04803.p01;Parent=ERS325398_04803.t01;Dbxref=GI:804387263;Name=ERS325398_04803;codon_start=1;inference=ab initio prediction:Prodigal:2.60;product=Uncharacterised protein;protein_id=CQY14667.1;transl_table=11;translation=length.150
# CVCD01000038	GenBank	exon	13173	13625	.	-	1	Parent=ERS325398_04803.t01
# CVCD01000038	GenBank	gene	14191	14868	.	-	1	ID=ERS325398_04804;Name=ERS325398_04804
# CVCD01000038	GenBank	mRNA	14191	14868	.	-	1	ID=ERS325398_04804.t01;Parent=ERS325398_04804
# CVCD01000038	GenBank	CDS	14191	14868	.	-	1	ID=ERS325398_04804.p01;Parent=ERS325398_04804.t01;Dbxref=GI:804387264;Name=ERS325398_04804;codon_start=1;inference=ab initio prediction:Prodigal:2.60;product=Uncharacterised protein;protein_id=CQY14698.1;transl_table=11;translation=length.225
# CVCD01000038	GenBank	exon	14191	14868	.	-	1	Parent=ERS325398_04804.t01
# CVCD01000038	GenBank	gene	14896	15930	.	-	1	ID=ERS325398_04805;Name=parM;locus_tag=ERS325398_04805
# CVCD01000038	GenBank	mRNA	14896	15930	.	-	1	ID=ERS325398_04805.t01;Parent=ERS325398_04805
# CVCD01000038	GenBank	CDS	14896	15930	.	-	1	ID=ERS325398_04805.p01;Parent=ERS325398_04805.t01;Dbxref=GI:804387265;Name=parM;codon_start=1;inference=ab initio prediction:Prodigal:2.60,similar to AA sequence:RefSeq:YP_002043872.1;locus_tag=ERS325398_04805;product=plasmid segregation protein ParM;protein_id=CQY14721.1;transl_table=11;translation=length.344
# CVCD01000038	GenBank	exon	14896	15930	.	-	1	Parent=ERS325398_04805.t01
# CVCD01000038	GenBank	gene	16065	16214	.	-	1	ID=ERS325398_04806;Name=ERS325398_04806
# CVCD01000038	GenBank	mRNA	16065	16214	.	-	1	ID=ERS325398_04806.t01;Parent=ERS325398_04806
# CVCD01000038	GenBank	CDS	16065	16214	.	-	1	ID=ERS325398_04806.p01;Parent=ERS325398_04806.t01;Dbxref=GI:804387266;Name=ERS325398_04806;codon_start=1;inference=ab initio prediction:Prodigal:2.60;product=Uncharacterised protein;protein_id=CQY14768.1;transl_table=11;translation=length.49
# CVCD01000038	GenBank	exon	16065	16214	.	-	1	Parent=ERS325398_04806.t01
# CVCD01000038	GenBank	gene	16304	17251	.	+	1	ID=ERS325398_04807;Name=ERS325398_04807
# CVCD01000038	GenBank	mRNA	16304	17251	.	+	1	ID=ERS325398_04807.t01;Parent=ERS325398_04807
# CVCD01000038	GenBank	CDS	16304	17251	.	+	1	ID=ERS325398_04807.p01;Parent=ERS325398_04807.t01;Dbxref=GI:804387267;Name=ERS325398_04807;codon_start=1;inference=ab initio prediction:Prodigal:2.60;product=Uncharacterised protein;protein_id=CQY14810.1;transl_table=11;translation=length.315
# CVCD01000038	GenBank	exon	16304	17251	.	+	1	Parent=ERS325398_04807.t01
# CVCD01000038	GenBank	gene	17251	18090	.	+	1	ID=ERS325398_04808;Name=ERS325398_04808
# CVCD01000038	GenBank	mRNA	17251	18090	.	+	1	ID=ERS325398_04808.t01;Parent=ERS325398_04808
# CVCD01000038	GenBank	CDS	17251	18090	.	+	1	ID=ERS325398_04808.p01;Parent=ERS325398_04808.t01;Dbxref=GI:804387268;Name=ERS325398_04808;codon_start=1;inference=ab initio prediction:Prodigal:2.60;product=Uncharacterised protein;protein_id=CQY14848.1;transl_table=11;translation=length.279
# CVCD01000038	GenBank	exon	17251	18090	.	+	1	Parent=ERS325398_04808.t01
# CVCD01000038	GenBank	gene	18083	18604	.	+	1	ID=ERS325398_04809;Name=ERS325398_04809
# CVCD01000038	GenBank	mRNA	18083	18604	.	+	1	ID=ERS325398_04809.t01;Parent=ERS325398_04809
# CVCD01000038	GenBank	CDS	18083	18604	.	+	1	ID=ERS325398_04809.p01;Parent=ERS325398_04809.t01;Dbxref=GI:804387269;Name=ERS325398_04809;codon_start=1;inference=ab initio prediction:Prodigal:2.60;product=Uncharacterised protein;protein_id=CQY14894.1;transl_table=11;translation=length.173
# CVCD01000038	GenBank	exon	18083	18604	.	+	1	Parent=ERS325398_04809.t01
# CVCD01000038	GenBank	gene	18601	18993	.	+	1	ID=ERS325398_04810;Name=ERS325398_04810
# CVCD01000038	GenBank	mRNA	18601	18993	.	+	1	ID=ERS325398_04810.t01;Parent=ERS325398_04810
# CVCD01000038	GenBank	CDS	18601	18993	.	+	1	ID=ERS325398_04810.p01;Parent=ERS325398_04810.t01;Dbxref=GI:804387270;Name=ERS325398_04810;codon_start=1;inference=ab initio prediction:Prodigal:2.60;product=Uncharacterised protein;protein_id=CQY14919.1;transl_table=11;translation=length.130
# CVCD01000038	GenBank	exon	18601	18993	.	+	1	Parent=ERS325398_04810.t01
# CVCD01000038	GenBank	gene	19177	20184	.	-	1	ID=ERS325398_04811;Name=parB;locus_tag=ERS325398_04811
# CVCD01000038	GenBank	mRNA	19177	20184	.	-	1	ID=ERS325398_04811.t01;Parent=ERS325398_04811
# CVCD01000038	GenBank	CDS	19177	20184	.	-	1	ID=ERS325398_04811.p01;Parent=ERS325398_04811.t01;Dbxref=GI:804387271;Name=parB;codon_start=1;inference=ab initio prediction:Prodigal:2.60,similar to AA sequence:RefSeq:YP_209294.1;locus_tag=ERS325398_04811;product=plasmid partition protein B;protein_id=CQY14960.1;transl_table=11;translation=length.335
# CVCD01000038	GenBank	exon	19177	20184	.	-	1	Parent=ERS325398_04811.t01
# CVCD01000038	GenBank	gene	20181	21434	.	-	1	ID=ERS325398_04812;Name=parA;locus_tag=ERS325398_04812
# CVCD01000038	GenBank	mRNA	20181	21434	.	-	1	ID=ERS325398_04812.t01;Parent=ERS325398_04812
# CVCD01000038	GenBank	CDS	20181	21434	.	-	1	ID=ERS325398_04812.p01;Parent=ERS325398_04812.t01;Dbxref=GI:804387272;Name=parA;codon_start=1;inference=ab initio prediction:Prodigal:2.60,similar to AA sequence:RefSeq:YP_209295.1;locus_tag=ERS325398_04812;product=plasmid partition protein A;protein_id=CQY15003.1;transl_table=11;translation=length.417
# CVCD01000038	GenBank	exon	20181	21434	.	-	1	Parent=ERS325398_04812.t01
# CVCD01000038	GenBank	gene	21723	21863	.	-	1	ID=ERS325398_04813;Name=ERS325398_04813
# CVCD01000038	GenBank	mRNA	21723	21863	.	-	1	ID=ERS325398_04813.t01;Parent=ERS325398_04813
# CVCD01000038	GenBank	CDS	21723	21863	.	-	1	ID=ERS325398_04813.p01;Parent=ERS325398_04813.t01;Dbxref=GI:804387273;Name=ERS325398_04813;codon_start=1;inference=ab initio prediction:Prodigal:2.60;product=Uncharacterised protein;protein_id=CQY15055.1;transl_table=11;translation=length.46
# CVCD01000038	GenBank	exon	21723	21863	.	-	1	Parent=ERS325398_04813.t01
# CVCD01000038	GenBank	gene	21886	22998	.	-	1	ID=ERS325398_04814;Name=ERS325398_04814
# CVCD01000038	GenBank	mRNA	21886	22998	.	-	1	ID=ERS325398_04814.t01;Parent=ERS325398_04814
# CVCD01000038	GenBank	CDS	21886	22998	.	-	1	ID=ERS325398_04814.p01;Parent=ERS325398_04814.t01;Dbxref=GI:804387274;Name=ERS325398_04814;codon_start=1;inference=ab initio prediction:Prodigal:2.60;product=Transposase;protein_id=CQY15092.1;transl_table=11;translation=length.370
# CVCD01000038	GenBank	exon	21886	22998	.	-	1	Parent=ERS325398_04814.t01
# CVCD01000039	GenBank	region	1	22345	.	+	1	ID=CVCD01000039;Dbxref=BioProject:PRJEB3215,taxon:90370;Name=CVCD01000039;Note=Salmonella enterica subsp. enterica serovar Typhi genome assembly 10426_1#72%2C scaffold ERS325398SCcontig000039%2C whole genome shotgun sequence.;collection_date=1994;country=Viet Nam;date=02-APR-2015;isolation_source=Not known;mol_type=genomic DNA;organism=Salmonella enterica subsp. enterica serovar Typhi;serovar=H58;strain=ty2-123
# CVCD01000039	GenBank	gene	322	1368	.	+	1	ID=ERS325398_04816;Name=ansB_2;locus_tag=ERS325398_04816
# CVCD01000039	GenBank	mRNA	322	1368	.	+	1	ID=ERS325398_04816.t01;Parent=ERS325398_04816
# CVCD01000039	GenBank	CDS	322	1368	.	+	1	ID=ERS325398_04816.p01;Parent=ERS325398_04816.t01;Dbxref=GI:804387231;eC_number=3.5.1.1;Name=ansB_2;codon_start=1;inference=ab initio prediction:Prodigal:2.60,similar to AA sequence:RefSeq:YP_004731519.1;locus_tag=ERS325398_04816;product=L-asparaginase;protein_id=CQY15302.1;transl_table=11;translation=length.348
# CVCD01000039	GenBank	exon	322	1368	.	+	1	Parent=ERS325398_04816.t01
# CVCD01000039	GenBank	gene	1501	2508	.	+	1	ID=ERS325398_04817;Name=ERS325398_04817
# CVCD01000039	GenBank	mRNA	1501	2508	.	+	1	ID=ERS325398_04817.t01;Parent=ERS325398_04817
# CVCD01000039	GenBank	CDS	1501	2508	.	+	1	ID=ERS325398_04817.p01;Parent=ERS325398_04817.t01;Dbxref=GI:804387232;Name=ERS325398_04817;codon_start=1;inference=ab initio prediction:Prodigal:2.60;product=Protein of uncharacterised function (DUF1202);protein_id=CQY15347.1;transl_table=11;translation=length.335
# CVCD01000039	GenBank	exon	1501	2508	.	+	1	Parent=ERS325398_04817.t01
# CVCD01000039	GenBank	gene	2599	3735	.	-	1	ID=ERS325398_04818;Name=yggW;locus_tag=ERS325398_04818
# CVCD01000039	GenBank	mRNA	2599	3735	.	-	1	ID=ERS325398_04818.t01;Parent=ERS325398_04818
# CVCD01000039	GenBank	CDS	2599	3735	.	-	1	ID=ERS325398_04818.p01;Parent=ERS325398_04818.t01;Dbxref=GI:804387233;eC_number=1.3.99.22;Name=yggW;codon_start=1;inference=ab initio prediction:Prodigal:2.60,similar to AA sequence:RefSeq:YP_218031.1;locus_tag=ERS325398_04818;product=coproporphyrinogen III oxidase;protein_id=CQY15370.1;transl_table=11;translation=length.378
# CVCD01000039	GenBank	exon	2599	3735	.	-	1	Parent=ERS325398_04818.t01
# CVCD01000039	GenBank	gene	3728	4321	.	-	1	ID=ERS325398_04819;Name=rdgB;locus_tag=ERS325398_04819
# CVCD01000039	GenBank	mRNA	3728	4321	.	-	1	ID=ERS325398_04819.t01;Parent=ERS325398_04819
# CVCD01000039	GenBank	CDS	3728	4321	.	-	1	ID=ERS325398_04819.p01;Parent=ERS325398_04819.t01;Dbxref=GI:804387234;eC_number=3.6.1.19;Name=rdgB;codon_start=1;inference=ab initio prediction:Prodigal:2.60,similar to AA sequence:RefSeq:YP_001573457.1;locus_tag=ERS325398_04819;product=putative deoxyribonucleotide triphosphate pyrophosphatase;protein_id=CQY15415.1;transl_table=11;translation=length.197
# CVCD01000039	GenBank	exon	3728	4321	.	-	1	Parent=ERS325398_04819.t01
# CVCD01000039	GenBank	gene	4329	4619	.	-	1	ID=ERS325398_04820;Name=yggU;locus_tag=ERS325398_04820
# CVCD01000039	GenBank	mRNA	4329	4619	.	-	1	ID=ERS325398_04820.t01;Parent=ERS325398_04820
# CVCD01000039	GenBank	CDS	4329	4619	.	-	1	ID=ERS325398_04820.p01;Parent=ERS325398_04820.t01;Dbxref=GI:804387235;Name=yggU;codon_start=1;inference=ab initio prediction:Prodigal:2.60;locus_tag=ERS325398_04820;product=conserved hypothetical protein;protein_id=CQY15455.1;transl_table=11;translation=length.96
# CVCD01000039	GenBank	exon	4329	4619	.	-	1	Parent=ERS325398_04820.t01
# CVCD01000039	GenBank	gene	4616	5182	.	-	1	ID=ERS325398_04821;Name=ERS325398_04821
# CVCD01000039	GenBank	mRNA	4616	5182	.	-	1	ID=ERS325398_04821.t01;Parent=ERS325398_04821
# CVCD01000039	GenBank	CDS	4616	5182	.	-	1	ID=ERS325398_04821.p01;Parent=ERS325398_04821.t01;Dbxref=GI:804387236;Name=ERS325398_04821;codon_start=1;inference=ab initio prediction:Prodigal:2.60,similar to AA sequence:RefSeq:YP_006089202.1;product=Integral membrane protein YggT%252C involved in response to extracytoplasmic stress (osmotic shock);protein_id=CQY15489.1;transl_table=11;translation=length.188
# CVCD01000039	GenBank	exon	4616	5182	.	-	1	Parent=ERS325398_04821.t01
# CVCD01000039	GenBank	gene	5201	5905	.	-	1	ID=ERS325398_04822;Name=yggS;locus_tag=ERS325398_04822
# CVCD01000039	GenBank	mRNA	5201	5905	.	-	1	ID=ERS325398_04822.t01;Parent=ERS325398_04822
# CVCD01000039	GenBank	CDS	5201	5905	.	-	1	ID=ERS325398_04822.p01;Parent=ERS325398_04822.t01;Dbxref=GI:804387237;Name=yggS;codon_start=1;inference=ab initio prediction:Prodigal:2.60,similar to AA sequence:RefSeq:YP_002148014.1;locus_tag=ERS325398_04822;product=pyridoxal phosphate enzyme%252C YggS family;protein_id=CQY15514.1;transl_table=11;translation=length.234
# CVCD01000039	GenBank	exon	5201	5905	.	-	1	Parent=ERS325398_04822.t01
# CVCD01000039	GenBank	gene	5923	6903	.	+	1	ID=ERS325398_04823;Name=pilT;locus_tag=ERS325398_04823
# CVCD01000039	GenBank	mRNA	5923	6903	.	+	1	ID=ERS325398_04823.t01;Parent=ERS325398_04823
# CVCD01000039	GenBank	CDS	5923	6903	.	+	1	ID=ERS325398_04823.p01;Parent=ERS325398_04823.t01;Dbxref=GI:804387238;Name=pilT;codon_start=1;inference=ab initio prediction:Prodigal:2.60,similar to AA sequence:RefSeq:YP_004731513.1;locus_tag=ERS325398_04823;product=type II secretion system ATP-binding protein;protein_id=CQY15553.1;transl_table=11;translation=length.326
# CVCD01000039	GenBank	exon	5923	6903	.	+	1	Parent=ERS325398_04823.t01
# CVCD01000039	GenBank	gene	7033	7719	.	+	1	ID=ERS325398_04824;Name=ERS325398_04824
# CVCD01000039	GenBank	mRNA	7033	7719	.	+	1	ID=ERS325398_04824.t01;Parent=ERS325398_04824
# CVCD01000039	GenBank	CDS	7033	7719	.	+	1	ID=ERS325398_04824.p01;Parent=ERS325398_04824.t01;Dbxref=GI:804387239;Name=ERS325398_04824;codon_start=1;inference=ab initio prediction:Prodigal:2.60,similar to AA sequence:RefSeq:YP_218025.1;product=transcriptional regulator;protein_id=CQY15591.1;transl_table=11;translation=length.228
# CVCD01000039	GenBank	exon	7033	7719	.	+	1	Parent=ERS325398_04824.t01
# CVCD01000039	GenBank	gene	7766	8182	.	-	1	ID=ERS325398_04825;Name=yqgF;locus_tag=ERS325398_04825
# CVCD01000039	GenBank	mRNA	7766	8182	.	-	1	ID=ERS325398_04825.t01;Parent=ERS325398_04825
# CVCD01000039	GenBank	CDS	7766	8182	.	-	1	ID=ERS325398_04825.p01;Parent=ERS325398_04825.t01;Dbxref=GI:804387240;eC_number=3.1.-.-;Name=yqgF;codon_start=1;inference=ab initio prediction:Prodigal:2.60,similar to AA sequence:RefSeq:YP_001573463.1;locus_tag=ERS325398_04825;product=Holliday junction resolvase-like protein;protein_id=CQY15635.1;transl_table=11;translation=length.138
# CVCD01000039	GenBank	exon	7766	8182	.	-	1	Parent=ERS325398_04825.t01
# CVCD01000039	GenBank	gene	8182	8745	.	-	1	ID=ERS325398_04826;Name=yqgE;locus_tag=ERS325398_04826
# CVCD01000039	GenBank	mRNA	8182	8745	.	-	1	ID=ERS325398_04826.t01;Parent=ERS325398_04826
# CVCD01000039	GenBank	CDS	8182	8745	.	-	1	ID=ERS325398_04826.p01;Parent=ERS325398_04826.t01;Dbxref=GI:804387241;Name=yqgE;codon_start=1;inference=ab initio prediction:Prodigal:2.60;locus_tag=ERS325398_04826;product=Uncharacterized ACR%252C COG1678;protein_id=CQY15680.1;transl_table=11;translation=length.187
# CVCD01000039	GenBank	exon	8182	8745	.	-	1	Parent=ERS325398_04826.t01
# CVCD01000039	GenBank	gene	8961	9908	.	-	1	ID=ERS325398_04827;Name=gshB;locus_tag=ERS325398_04827
# CVCD01000039	GenBank	mRNA	8961	9908	.	-	1	ID=ERS325398_04827.t01;Parent=ERS325398_04827
# CVCD01000039	GenBank	CDS	8961	9908	.	-	1	ID=ERS325398_04827.p01;Parent=ERS325398_04827.t01;Dbxref=GI:804387242;eC_number=6.3.2.3;Name=gshB;codon_start=1;inference=ab initio prediction:Prodigal:2.60,similar to AA sequence:RefSeq:YP_004731509.1;locus_tag=ERS325398_04827;product=glutathione synthetase;protein_id=CQY15694.1;transl_table=11;translation=length.315
# CVCD01000039	GenBank	exon	8961	9908	.	-	1	Parent=ERS325398_04827.t01
# CVCD01000039	GenBank	gene	9928	10659	.	-	1	ID=ERS325398_04828;Name=rsmE;locus_tag=ERS325398_04828
# CVCD01000039	GenBank	mRNA	9928	10659	.	-	1	ID=ERS325398_04828.t01;Parent=ERS325398_04828
# CVCD01000039	GenBank	CDS	9928	10659	.	-	1	ID=ERS325398_04828.p01;Parent=ERS325398_04828.t01;Dbxref=GI:804387243;eC_number=2.1.1.193;Name=rsmE;codon_start=1;inference=ab initio prediction:Prodigal:2.60,similar to AA sequence:RefSeq:YP_002148008.1;locus_tag=ERS325398_04828;product=16S ribosomal RNA methyltransferase RsmE;protein_id=CQY15735.1;transl_table=11;translation=length.243
# CVCD01000039	GenBank	exon	9928	10659	.	-	1	Parent=ERS325398_04828.t01
# CVCD01000039	GenBank	gene	10736	11443	.	-	1	ID=ERS325398_04829;Name=endA;locus_tag=ERS325398_04829
# CVCD01000039	GenBank	mRNA	10736	11443	.	-	1	ID=ERS325398_04829.t01;Parent=ERS325398_04829
# CVCD01000039	GenBank	CDS	10736	11443	.	-	1	ID=ERS325398_04829.p01;Parent=ERS325398_04829.t01;Dbxref=GI:804387244;eC_number=3.1.21.1;Name=endA;codon_start=1;inference=ab initio prediction:Prodigal:2.60,similar to AA sequence:RefSeq:YP_004731507.1;locus_tag=ERS325398_04829;product=endonuclease I;protein_id=CQY15770.1;transl_table=11;translation=length.235
# CVCD01000039	GenBank	exon	10736	11443	.	-	1	Parent=ERS325398_04829.t01
# CVCD01000039	GenBank	gene	11539	11994	.	-	1	ID=ERS325398_04830;Name=ERS325398_04830
# CVCD01000039	GenBank	mRNA	11539	11994	.	-	1	ID=ERS325398_04830.t01;Parent=ERS325398_04830
# CVCD01000039	GenBank	CDS	11539	11994	.	-	1	ID=ERS325398_04830.p01;Parent=ERS325398_04830.t01;Dbxref=GI:804387245;Name=ERS325398_04830;codon_start=1;inference=ab initio prediction:Prodigal:2.60,similar to AA sequence:RefSeq:YP_006089193.1;product=Protein sprT;protein_id=CQY15811.1;transl_table=11;translation=length.151
# CVCD01000039	GenBank	exon	11539	11994	.	-	1	Parent=ERS325398_04830.t01
# CVCD01000039	GenBank	gene	12115	13509	.	-	1	ID=ERS325398_04831;Name=galP;locus_tag=ERS325398_04831
# CVCD01000039	GenBank	mRNA	12115	13509	.	-	1	ID=ERS325398_04831.t01;Parent=ERS325398_04831
# CVCD01000039	GenBank	CDS	12115	13509	.	-	1	ID=ERS325398_04831.p01;Parent=ERS325398_04831.t01;Dbxref=GI:804387246;Name=galP;codon_start=1;inference=ab initio prediction:Prodigal:2.60,similar to AA sequence:RefSeq:YP_004731505.1;locus_tag=ERS325398_04831;product=galactose-proton symporter;protein_id=CQY15848.1;transl_table=11;translation=length.464
# CVCD01000039	GenBank	exon	12115	13509	.	-	1	Parent=ERS325398_04831.t01
# CVCD01000039	GenBank	gene	14002	15156	.	-	1	ID=ERS325398_04832;Name=metK;locus_tag=ERS325398_04832
# CVCD01000039	GenBank	mRNA	14002	15156	.	-	1	ID=ERS325398_04832.t01;Parent=ERS325398_04832
# CVCD01000039	GenBank	CDS	14002	15156	.	-	1	ID=ERS325398_04832.p01;Parent=ERS325398_04832.t01;Dbxref=GI:804387247;eC_number=2.5.1.6;Name=metK;codon_start=1;inference=ab initio prediction:Prodigal:2.60,similar to AA sequence:RefSeq:YP_004731504.1;locus_tag=ERS325398_04832;product=S-adenosylmethionine synthetase;protein_id=CQY15884.1;transl_table=11;translation=length.384
# CVCD01000039	GenBank	exon	14002	15156	.	-	1	Parent=ERS325398_04832.t01
# CVCD01000039	GenBank	gene	15212	15511	.	+	1	ID=ERS325398_04833;Name=yqgD;locus_tag=ERS325398_04833
# CVCD01000039	GenBank	mRNA	15212	15511	.	+	1	ID=ERS325398_04833.t01;Parent=ERS325398_04833
# CVCD01000039	GenBank	CDS	15212	15511	.	+	1	ID=ERS325398_04833.p01;Parent=ERS325398_04833.t01;Dbxref=GI:804387248;Name=yqgD;codon_start=1;inference=ab initio prediction:Prodigal:2.60,similar to AA sequence:RefSeq:YP_218016.1;locus_tag=ERS325398_04833;product=inner membrane protein;protein_id=CQY15939.1;transl_table=11;translation=length.99
# CVCD01000039	GenBank	exon	15212	15511	.	+	1	Parent=ERS325398_04833.t01
# CVCD01000039	GenBank	gene	15946	17922	.	+	1	ID=ERS325398_04834;Name=speA;locus_tag=ERS325398_04834
# CVCD01000039	GenBank	mRNA	15946	17922	.	+	1	ID=ERS325398_04834.t01;Parent=ERS325398_04834
# CVCD01000039	GenBank	CDS	15946	17922	.	+	1	ID=ERS325398_04834.p01;Parent=ERS325398_04834.t01;Dbxref=GI:804387249;eC_number=4.1.1.19;Name=speA;codon_start=1;inference=ab initio prediction:Prodigal:2.60,similar to AA sequence:RefSeq:YP_004731503.1;locus_tag=ERS325398_04834;product=biosynthetic arginine decarboxylase;protein_id=CQY15986.1;transl_table=11;translation=length.658
# CVCD01000039	GenBank	exon	15946	17922	.	+	1	Parent=ERS325398_04834.t01
# CVCD01000039	GenBank	gene	18150	19070	.	+	1	ID=ERS325398_04835;Name=speB;locus_tag=ERS325398_04835
# CVCD01000039	GenBank	mRNA	18150	19070	.	+	1	ID=ERS325398_04835.t01;Parent=ERS325398_04835
# CVCD01000039	GenBank	CDS	18150	19070	.	+	1	ID=ERS325398_04835.p01;Parent=ERS325398_04835.t01;Dbxref=GI:804387250;eC_number=3.5.3.11;Name=speB;codon_start=1;inference=ab initio prediction:Prodigal:2.60,similar to AA sequence:RefSeq:YP_004731502.1;locus_tag=ERS325398_04835;product=agmatine ureohydrolase;protein_id=CQY16024.1;transl_table=11;translation=length.306
# CVCD01000039	GenBank	exon	18150	19070	.	+	1	Parent=ERS325398_04835.t01
# CVCD01000039	GenBank	gene	19171	19929	.	-	1	ID=ERS325398_04836;Name=yggG_3;locus_tag=ERS325398_04836
# CVCD01000039	GenBank	mRNA	19171	19929	.	-	1	ID=ERS325398_04836.t01;Parent=ERS325398_04836
# CVCD01000039	GenBank	CDS	19171	19929	.	-	1	ID=ERS325398_04836.p01;Parent=ERS325398_04836.t01;Dbxref=GI:804387251;eC_number=3.4.24.-;Name=yggG_3;codon_start=1;inference=ab initio prediction:Prodigal:2.60,similar to AA sequence:RefSeq:YP_002147991.1;locus_tag=ERS325398_04836;product=peptidase M48%252C Ste24p;protein_id=CQY16072.1;transl_table=11;translation=length.252
# CVCD01000039	GenBank	exon	19171	19929	.	-	1	Parent=ERS325398_04836.t01
# CVCD01000039	GenBank	gene	20205	22196	.	+	1	ID=ERS325398_04837;Name=tktA_2;locus_tag=ERS325398_04837
# CVCD01000039	GenBank	mRNA	20205	22196	.	+	1	ID=ERS325398_04837.t01;Parent=ERS325398_04837
# CVCD01000039	GenBank	CDS	20205	22196	.	+	1	ID=ERS325398_04837.p01;Parent=ERS325398_04837.t01;Dbxref=GI:804387252;eC_number=2.2.1.1;Name=tktA_2;codon_start=1;inference=ab initio prediction:Prodigal:2.60,similar to AA sequence:RefSeq:YP_001573477.1;locus_tag=ERS325398_04837;product=transketolase;protein_id=CQY16134.1;transl_table=11;translation=length.663
# CVCD01000039	GenBank	exon	20205	22196	.	+	1	Parent=ERS325398_04837.t01
# ##FASTA
# >CVCD01000038
# CATGACAAAGTCATCGGGCATTATCTGAACATAAAACACTATCAATAAGTTGGAGTCATT
# ACCGATTTTTCTTTACAAGACTCATTTTTGGTCACTTCATATTTTTCCATTTTTTCTTCA
# TTTAGGTTGTTTGAGAAACTGGCGAGTATGAAATAATGCTTCTAGACATAAAATTCATTC
# AAAAAGGGTCATAAATGAAAAATAAACGGTTTGTATCCTTGGTTTCAGCTTTAGTTGCAA
# GTGCGTCTCTGGTAGGGTGTGCTGGGAACGCAGGTCAATCCCCTAACTCCGCCCAGCACA
# GCGACACTCATGGGCTCTACTGGCATGCTAACGCAAAAGATTCTGTAGCCAAAAATGCTT
# ACTCTCTGGCCGGGTTTGACGTTTCTTTTAATGAGGAAACTGTTCAGCCAGGTGGTGATG
# CAGATAACTTCCTTTCCAAACTCTTGATTAGCGGCTCTATGGGATATGTGACAGGCGGTC
# TCAGCGGATTAAGCATTATGAGTTTGGGCTCTCTATACAGCTCCTCTGACGCCGAATACA
# TTCAGGTTAACCAGTATGTTGTCTTTGTCCCGAACCCGAAGAAACTTCCTTATAACGATG
# AAAGCCTAGTTCGTGCCGGTGCTGCGTATGTTTACAATCACACCAAAGAGTCACAGGTAA
# TGCTCGGATTCAACCCATCGAAGCAAAGTGCAGCTCTGGCGTCCTGCAAGATTGATAGGG
# CGGTCATCAATAAATGGAGTACATGCGAGCTCACTTCAAAACCAGCTCCTGACGTAATGC
# CAACTAATTCCATGTACAGCTTCCAGGCTATTCGCCCTGCGACTGGAACTGAAATCCCCC
# AACTTAATCTACCTGCCGGTGAGTATTCAGTTATTCGTTACGTGTTCATTCCATTTAAAG
# GCAATGAGTCAAGCAATAATTTCTCAGGTATTATTTTCCGTTCTGATAGTCCAAAGTTCA
# CCATGCCAGGCGGCGCAGCTGCTTCAATTAATGGGAAAGACTATTACCTCTTCTCTGGTG
# AGTATGGTCAGAAAGGATTCCCGGAAAAAACTCTGAAATCAAAATAACAAAAGGGGCTTT
# ACAGCCCCTTTTTTTAATATTTTGGTATTTCCTTACCTGTAATTGGATCTACATAAGTTG
# ACCCAACTTCACAAATCGCAGGGCGTGGAAGATAGCTACAGTCTACGTTCTCCTCTTTAA
# TGGCCTGAGCGTTTTCCTGTCTGGCTTTTATCATATTCTCCTCTCCTCCCATTGCATCTT
# TTGTTCTTTCTGATGGAAGTTGATAATTCTCGTTTTTAAATGGCAAATTTGCTGTTATTG
# ACGATTCTGAGAATGTAGCGTACTGGTCCGGTACTTCTCCGACCTGAACAGCATCGTTAA
# TCCATTCTGTTAAATCAATCTTGTCAAAATCTAACTTTTGGATCTGCCCTATTGATAAGC
# CAACGCAGTTTGAAGTAACCGGGTCTATTCCAAGCTGCGGGTAGGCCTGCTGCATAATAA
# CGCGAGATAACATTGAATTGTAACAGCACATGTCTGTTGCTTTTTTAACACATTTCTTTG
# TAAATCCCAGATTCAGATATTTAACACAACGGTTTGTATCCAGTGTAAAACAGGATTTCT
# GATTTTTGTGAATAGATGCTTCCATTTCTTTTTGATCGCAGGCTACCAGCATTTCAAGCA
# GCATTTTTGTGACTTGATATGCCGTATAAATCCAGCCGATTACATTTAATGCAAGCATAA
# AGTTTTGAACAGCAGCAGAAAAGACTATTTCTCCACCCGTTGTCGCTACATTTTTAAATA
# CGAAGTCTCGAACTGTATCGGGAAGCAGGTCATAGGCTTTTTCCATGGCCATCTGCTTAA
# GTTTACCAAGCCCGAATGAACTCATAGTCTCCTTAGCAAGCTGACCACTTTCACCAGCAG
# CGGATGATCCTACTGTTCGGCCAAGGTTACCGGCCACGTTTTCGTAAACGCTGGTTATTG
# AACTGGTCACATTGTTCCACATTTGTCCGACAGTTTTACCTGCCGATGCAGTCCATTCAC
# CCACTGAGTTAGCCATTGATGCCCAGGTTCCGCTCTCCCCTCCAGTCCAGTTTACCAGTT
# GAGCATTCACTCGGGTCCAGTTCGTGTTTCGGATCATCGACCCGGCCAGCATTATCGCCT
# CCAGTGACCCAGCAGCACCCTGCGGCTTTTCGCAGCAATCTGTTTTGGCCAGTCCGTTCA
# CAAAACCAACGGACCTGCCGCACCACTCTGCTTTCCCTTCAAAGACAGAGCAGGAGTTAG
# GGTCGTTTGGATCTTCGCATTTTGCTTCACCTTGCATGTACTGAACCATATTGGAGTACG
# CGGCCACTTTCCCAAAATCTTTGTTTTCTTCTTTTGGGCCTGTTTCACATGTTCCGCCAG
# AACATGGGATCATACCTACACAGGAGTTAGTCTGTGACTCTACCTCTCTGACTACGTCTT
# TCCCTCTGTCACATGTATATTTCTGCTCATACATGTAGCAAGTATTTGTGCCTTCATCGA
# ACCAACCTTCAGCACATGTCTGATTATCTAGCACACACGCAGCATCATTTTTATATGTGC
# TGCATGCGTCAGGCATATTTTTTATATCGTCGTAGTTGTAGCAAAGGTCTTTGCCTGTGG
# GGTCTTTCATGATGTTTCCCTTCGCATCATAAGAGCACAGTTTTTCCTTCGCCAGGGGAT
# CACAGAAATAGCCTTCAAGGTTTGTTTTCCAGGTTAAGTATCCTGTATCACCTTTGTAAA
# GCGGTGTGGCCATCTTAAGCACACTTTCCGGGAGTCGCTTTGTACCAACATCCATGTTGA
# CAAACCTGTCAAACCGACAGAATGAATTCGGCGTTTGTACTGCATCAAAACATCCTGCGG
# GCTCCTGTATATGTTTATCCTCCAACTTCATATTTTCAAAAGTCATCTCAACTTCAAAAT
# AGCCTTCCCCACCACCGCCAACCCATACGCGCGAAGCCATAGTCACTTCACGATCCTGCT
# CCTGATATACAGAGGTTTTTACTTGTTCAGTAATATCGTAGACTTTATCGAGCTTCCAGG
# ATTTCTTTAACTCCCATTGACCTTGTGGAGATGGATAATTGCTACTTCTATATGCTCCAT
# CTATATGAGCAAAAATCTGTGTACCATCAAGCGTGACCCTCATATGGTCATCCCACTCTG
# CGTTAATTATTTTCGCAGTTGCGAGCTTTGCATCTGGATGGAATTTTAAGGTTAATGAGT
# TGTCATAGACTCCATCGTTCCAATAGTTGTCGTCCCTTCTGCCAAACCAGACTCTCACAC
# AATTATCTCCGCACATGGACATATCACCATTACCACCTGAGATATAAACCGGCACGGAAA
# AATCACGAGTTATCGTGCAACTGTTAAAATTATCTTTCTTGGGTGAATTGCAGTAAAACT
# CTTTGTAATCTGGATAGTGCGTAGTAATTGTTTGTTTTGATGTTTCCGTATTACAATTCT
# GTAGCCAGTTTCCTGTACCAGCTACAGCATTTCCTATTTCGTTTCGACCCGCATTGAACA
# TAGGGTCGTTAGGTTTAATAGTAGATGCTGGGTTTTCTTTATTTGCATTCACCAGAGTAC
# GGTAGGCGACTCCATCATAACTTTGCGCTTCAAACAGCTGACTTTTTCGATTTTTGATGT
# CATTGATGAAGCCATTTTCATCTCCATACCGGCCACCAGCATTGAACTGAACATCACTGT
# GCTTCTGCTCTGAGCTGAATAGTTCCCCTGTACTGGTTTTGGTACCTGCCGTTGTATTCG
# GGTTGTTACTTATTCCAATATTACCGCTGCTGTCCCTAGAAAGTAACTTTGCCCCCTCTT
# TCGTATAATTCGAGTTAATTGTACCGCCCGACATGCTAGGTAATTGTACAGCCTTACCGA
# TCGATTTCCCGTCGGACACCGCATTACTCATAACACTTTCATTTGAGTTCGGCGTCCCGT
# ACTTCCCAACATTTAGGTTTGTTGACTCTGCTTTACCAACATATTTCTCGGAAATTTTGC
# CGCTCAGATTTTCCCCGGAATCAGCATTTTTATACTTTTCCACAATATCCTGAGCACTGG
# TGGTTGCGTTCCGGTTGGCGTTGGGATTGGCAAGGTTAAAATTGTTTTCAAGCTGGTCAA
# AAATCGCATCTGCCGCAAATATTTTAGGCGTTAACGCAATGTTTATGAGCGACACGTAAA
# ATGCCCAACTCATAGTATTAGCTATCATAGACGCAATAATTGCTGAAGAAATTATTTTTC
# TATGTTTCATATATAATACTCAATGTTTTCAATTAGTTGGGTATATACCTGACGCAGCAA
# TCATTATAGCGCCACAGCATGTAAACATAGTTATCTATGCCGATTTTTTTCCGTCCACCT
# TTAAGCGTTGACCAGTCATGGACAGAATCGCCTAGGCGATGACAGCAATCCGGACCATTC
# GCCTCCGGCGTTGGGTAAAGCATTGAAAGTCGGTATTGAGATCGAGGAGTGAAGTATTCC
# CACGTTTTTTCACACATTGCGTCAGCTCCCATTGTTCTCATAAGCATTCCCTGCCTATGT
# AACTTCGTCAGTAGACGCTGAGTTATAAGTGAGCTGGTTCTGACGGCATCATCATTCGCA
# TAGATGTGTCCAGTTAACGGGTAAAGGTTCCCATCACACCCGGCACAAAAATATGCAGCC
# AAATTATCCTTCCCGGCAGTCACGGCCACGCAGTCAGCTGCACATACCATTGAGGCGATA
# GGGTTTGCAAATACCACAGCTTCGGGGTTTAGCACGAGCGTCAATAGGTCACTTTCCCAC
# ATCGGATCTACTTCGCTGATATACGTCAGACTGGCATCAACATAAGGTTCTGCTGTACAT
# TCACCAATAACCAGCAATTTCAACATCGTCATGATTGGGAATTCCCAGAGATGTACGTCG
# TAGAATCCGGCTTCTGTTGCGGTCATAGGCTGGTTAGTATTGCTCTTGCCGATGTCGAAC
# TGTGATTTTTGCAGCATGGTTCCCTCTAAAAATGGGCTGCACCACGGACTTTTCACCACT
# TCAACAATTTTTACTGGTTGGAAAAAACTTAGCTGCCATCCGATTTCTGGTATCCCATTT
# TGATCCGTGCAATAGCAACCAGGGCGTGAGGGGGCGGCACCTTCAGGGGCTGCTCCAATT
# CCCATGATCCGCATCGGGAAGATACAACTCCAGCAGATGTTTTTGATTAGGCCCTGCCAT
# ACTCCCGCTGACTGGCACATTGCTCCCGGGACACCGGTATCTGCGGCCATTGTCATTGCA
# GGCAGCGAGAGCGACAGCATGACAGCGATCAATATTTCCAAAAGTAACTTTTTTAGCTTC
# TTCACCGGCACGCTCACTATTTAGTAATGAATGTTGTCACGCTTTCCATATACGCAACCA
# CTTTGTTAAAACACTCTCTCATCTGGTCCGGGTAAGTTAGCGTCAGCCAAGTGGCCAGCA
# GCGCCCCAAAAATAAATCCTATTTTCATATCAATTCTCCTCTGCCGCGATTTTTGTTCCA
# ATACCACGTATTTCAGCTTCACTGAATTGCGTTATACGGAATTTCTCTTTTTCAGTGGAG
# ATCAGCGCTGGCGTGTTTTTTATCTGGAAACGAGCAATAATTTGCTCATTAACTTTGAAC
# ACCTTCCCATTGAATTTTTCGCGCAGATCATTCAAATGATCCCATCCATTTTCCTGTTTG
# ATGCGCGTGAACATCGGCATCACCTGACCGCTGCCAAGACGCTGGCGATATTGCTTCTCT
# GCCCACTCAAGTTGCCCTGGGTTCATTGGGTCAAAAATTATCATTGTGAGGTTCTGCGGG
# AACCTGGCCAGTGGGTTAATGAGCTCGCCAGCAGAAGCAATGACGCGACCCTGCTTATCT
# TTAACGTCCTGAGTAACCCTGATTGTCGGGTCGATTAGCCATTCCTTGTGCTCTTGAGCG
# GGAGGCAGATTAACCATGTACTGGTTTTTCCAGGTATCAGCGACTGCTCTCTTCTTGGCG
# CCGTCCCAGTCGTATTTCTGTGCTCGCTCTTCGAGCTCTTTAATAATGCTCTTCTCTTCA
# ACCGGATAGGTCGTACCAGCAATCGGGAAAAGATCTTGGTCGGGTTTTCTGGCCAGTTCG
# CGCTGGAAGAAATCAACGTTGAAAGAGCCGACCATTTTTGCAAACCGGGATTGCTCACGG
# GAGATTATTGTCGGGACCTGCGTGATCTGGTACTGGTTAAATGCGTCCGGGTCAATCGTA
# ATTAGTGGGGAGTCAAACTTCCCCTTCACCACCAGCTGGTTGATAGCTGCCTGAGTTTCA
# GGGAGGCGTGTAGTGCCTTTCTTCAGACCATTAAAAACCACTCTCGCCTTATGTTCTGAC
# GCGGTACGGAGTAGATCTTCCAGGACGTAATCAGGCAAGCTAAATGACGCAAAGATAGTG
# ATACCGTTTTCTGTCGAGAGCACCTCTTCCCGACTGCTGTCTATTTTACGCTCGAAGTCA
# GCGGCGGTGATTCCTGATGAACCAAACATCTTTTCGATATTCGAAGACTGACTGCGCATA
# ACTTCTGGTTTATTTTCGACGGATTTCAGTGCAGACTCGCTGAGCTGTGAATTTCCCTGA
# ATCTCATCACGTCTGCGAATGATGTCGTTAACAGCTTCCGAGTTATTACTCTGAGCGCGG
# ATAGCCTGCGTATGGTCTATAACTGCCTGCACACTGTCAGCATTCATACCCGGGACATAA
# CCGCGATTTGTTTGCTGACTGAGGTCCCCGTTTTTCTTCATAGCTTCGGCCTGGCGGATG
# TATTTCTTGGTATCAGGAGAATCCAGAGAACCAGACGGGAGCGGACCTTCTGATGCGTGT
# GGTACCGGTATTTGGGCGCCCAGAACCTGAGCTTGCCTTGCAATGTCATCAGCAACCTGT
# TGATACTGGGGGCTAGCCACAGCGGTGGATATTAAGGCGTAAAATGCCAGACAGGAGGCC
# AGAGGCTTAATAGTTGTTTTTAATTCAAAAGATCGCATATGTTTTCCCAATAACTGAAGT
# CAACTTAACCGGCCCCCAAAAACGTGAGTCCCATGAGTGGTCCGTTTGCCCAATTAAAAA
# GACCTCCCCTTCCGGAATAGTTAATTCTCTTTCAATGGTCTCGGCAGGTATGCCGTATTT
# CACAGAAATACGTCTGGCATTGGCTTTATAAAATTTGTTCCCATTATAAACACCATCCAA
# TGTGACCCTCAGGCGATCTCCGCCGACTCCTGCCACAATTTTAATAACCTTCTCATTTTC
# ACGTATAAAACGGACTGATTTTGGCATATGAAAAGCTATGATATTCCCTGACCTTACCGA
# TTTATCCTTCAGATCGATCATGTAAAAATCAGCAGGTAAACATCCATTTAATAGTCCATG
# ACCAAACGTAAATCGATTAAAAAAAATCAACATAACCAGTATCAGGATTCCGAGATTTAT
# TGGCACGTACCAATCAAAACTCAGTAAACCACGCTTCTTAGGTATGTATTCTCTCATAAC
# CTACTTCTCTCAGAATCAGAAAGCAAAATGGACTGTCTTTTACATTACCTTAAAACCTAT
# TATCCATATTTTGGTACTTCCTTATTTCAGCAAAGCCAGCTATTTCTGATTATTTACCGC
# CTTTTTTTCTTTCATTCCGTCTTTGATTTGTGATTGTCCTGGCCGCTGTCTTACTCATGT
# AAAGTAACTTTCCCGACGTTACCCCATCAAAAAGTGAAAAACAAAAAAGCCGGGACATTT
# CTGCCCCGGCTGTTATTTCATTAGCTTGCCTTACTGCGAGGTTTCAACTGAATCTACGGA
# CTTTGACGCGCCCTCATCCGGACCATAAACGGTCGTACGCTGAGTTGCTGAATCCCCACT
# ATCATCATACGCGACAACTCGTATATCTTGCTTCCCACGATTAAGGTTTTTGGACAGTGT
# CGCAGTGCTGCCGAAAACATTCCTTAGCTCATCATTGATATACCATTCATATCGAACCAG
# CTTGCCATCAGTGTCAATACATTTGTTTGTGAAACTCCAGCTCATATTAGACTCTGTGTA
# GCTTAATGCACATTGCGGAGCCGCGTTTTTAACAACCTCAAAATCAACTGATGCGGTACC
# TCTTTGGCCCATTTTACTGACAACATCCAGCGTGACTTCGTATTTCTTCTCAGTAAGACC
# AGAAATTAACTGAGCCCAATAGTTTTTACTACCAGGAACAACCTCGCCGTTTACTTTGTA
# TGTCACAGTATCAATACTGTCAGCAGAGTGCGCCAGTTTAATGTTAGATCTTAGCGTGAC
# ATCAAGAGGCGCCCTCATGAACTTATTAGAGAATTTCGGTGTCATTTCTACAGTCATGGG
# CGTTTGCTCATCGACTACGAAGGTATTTTCAATACGCTGTTCGTTGTTACGGTTATCACG
# GAAAACGATTACCAACGTATATTTCCCCGGCTTCGCAATTGCAAATTCTTTCGTATCACC
# ATCATCTTTTAAAACTGAGATATTGTCCTTATCGTAGATCCATTCCCGAGAATAAGTTAC
# CCCAGGATAGCCACCGTCTTTTATTCCGCTCAGCGCAACATGTAAGGTCGACGGGGCCAT
# GGTGTATTTAAGCTTTGTACTGACTTTCATCTCAGGAAACTTATACACCCAAGATTTAAC
# AGATACTTTCCGCGTGGAAATAGTACTGTCCTTACTGCCAGCAAGCCATGCACTGTATTC
# AAATGCCGCATATCCTTGCTTATCCAGCATCTGCTCAGTCAAAGTTATCGACAGATTCGC
# ACCTCTGATTTTTTGTCCGTCAGGGGCAGTCCATTCTTCAATGACGTCATTTCCGTTCTT
# GAATCGGCTGTTCGGGTTAGTGTATTTACCATCTAAAGTAACTTTACTTCCCACCTCGAC
# GCTTGAAATACCACTTACTGAAACAGATAGGCGCTTGGGTTTAGCGACGGTTAACCGGGC
# AGACGTCTCTTTCCAGGATGACTCTTCAGCCAACTCATCAGAATCCAGGTAACGCATTCG
# GGCGTAAATGGTCGGAGGTAGCGTATCAGCGGCCGATACGTTATAGGTAGTGTCACCCTG
# AACCCAATTCACTTTATCCTCCGACCACATCACTTCGGCCGTACCCTGCGGAATTGGTTC
# ATCGTTATCCAGCAGCGTGACAGGCAAATCATCGCCTTCGAGAATTTCAGCAACATCGAT
# GCTCAGCTTAGGCTGTTTGTACGTTACAACCGTCAGAACGTCGCTATAAGACTCTTTCGA
# CGTAAACTTGTTGGTCATTTTTGCCCTGTAAAGCCATTTACCAACCTCAGTTTTCCTGAT
# CGAAATGCTTCGCTTCCCTGTCATGTCCTGAAGCATAGTCCATGTCTGTCCATTATCAGA
# AGACTCCTGCCACTCGGTAGGCGCCAGCGCATCGGAGTTAGCTGTACTGGCCGATTTGAA
# GTTAACAAGCGTACTGAGCGGGATACGTCCGATAATCAGACTCTTTGAGAGATTACCTTC
# TAGCTCTTCGCCCTTATAAACACGGATGCTAACTGCACTGGTTTCCCGGGTCAGTTCGAA
# ATCTGCGAAAGGCGATCGTACTTTAGCAATCCCGACAAGTCGCACGTTCCCGAGGTCCAT
# ATTTTCTATCTTGATCTTGGTTTCAACCACCCCGGCATCATTCACGGGCAGTGCTTCGGT
# TAGGGGTGTACGTTCATACGTCGTTTTATATCGGCCTGTTTCTGGATCTTTTCCATAAAC
# ACTTTTCTGAGCGTAAATGGTTACATCCCAGTCCCCCATTGTTGTCCGACTAAATGAACT
# TTTGCGGGTTGAATTGTTATAGCGGCCAACAGACACCTTCAATGGCAATTCCATCGTGGT
# AGCAGTCTTTTTGTCCTCAATTTCCATTGCCGCTCTAATGTTAAAGTCGGGTACCGTATA
# CACATTGAGCGTATCAACGGTTCGCATAGTCGGTTCCTTCGAGTACTCGACAGCTATGTC
# GAAGACATTCTTCGTCCACAACGGGGCTGATGCCACTTTAAGACGTTGAACAAACGTCGT
# TGCATCGTTATTTGATGAACGGTTCTTAAACGTCGTTTTTACGCTTTCCCCCCCGTTTTG
# TGAAACATAGACTGTCACATCAGCAGGAACCACTTTTGCCAATAGACGAGCTGCTTCCCC
# GCCAGTGGTATACGCCAGTGCGGTGTTATCGTTAATCCCCGTCAACACCTTGTTTTTCTT
# GTAGGTAAGGACCGGGTTATAAGGTAACTGCGTAATCAGCACATGGCGGTTTCTGGACGA
# TACAGCTTTAGAGCCCTTGCCGTTTATCATATAGACCTGATAGTCGAGCAGGTTATCGCC
# TGTTTTATTGAAGAACCCTGTCAGGCCTGGCGTCCGGCCTTTAAAGTAAAATTCAAGCCC
# GTCAGGCACATTGTTCCACTGAGGGTAACAGGCGGTGATATCAGATTTGTCACCATACCA
# TTCAAGGTATGCCAGTGCGTTCTCTTCTGTAGTAAAGAGAGTGCATTTATCACCGGCCGT
# CTGACTCATGAGATCGGTATACTGCCGAACTCGTGAGTACAATGTGATGTCTTTCTCAAA
# GTTTTTAAGCGTGAATCCTGTTGGTTGATACGTGAAAGTAGTATTAAATGTCACAATCTT
# GCCGTACAGGTTTTCAGCTATGACCGTGATTTCATGGTCAGCATTCACTTCTAGATCATC
# CCCAACCGGCAGATAATAAATGCCTTTGTGGTTCGTGGGGGTGAGCTCAACAAGTTTGTT
# ATCTATCGTAACAGCTTTAATATCCGCGACTCCGGCCTGGCCCTGGAATGCGGCAACAAT
# AATTTCATTTAAGAAATACACAGGAGCTCGTTTGGCCAGAGCTGCACCGTCCTTAAGCAC
# CATCAGTGTTGGGTTATCAGAAAGCATCAGTTTGCTTTCAGGCTCATTGTACGTAGAGGT
# ATTCTTGCTATTGTTCTCTACCGTGAACGAGGCGGCATAAGAACCATTCGTCAAGTCTGT
# TAAGTCAAAGATATACAGATATTCATCGCCGACTTTCTGTGGCCCGCTCACGGGCTGAAG
# AGTACGACGTAGCGGTGTTGCCCAGGATTGCTTAAAGTCGATAACCGTACCATCTTCTAA
# AGTAACTTTTGTTGTCGGCTTAAACACCCCATCAGGATTCATCGTTAGCGTCATAGCGGT
# TGGTAACCACCACTCACCCTCAGTTTCTTCCTGAGGCACTTTGACGGCTACGGCCACCGT
# TCTAGCTCCTGTATAGATCTCCTGTCCACCAATACTTATTGTTTTAGCTTCATCCGTGAA
# ATTCCAGAGAGTATGGTCAACAACAGGAGGACGGTAATCCCAGGTCAGCGTTAGCTTCTG
# CGCTTCAGGAGGGGCAAAGTAATTATTTTTCGAATTGGCAGTGACCGTGATTTCCCGTGA
# ACCCATCAGCAAATCCGAATCACTTACTTTGATGCTTCCAACATCGATCGTGCAGCCATT
# CCCACCAATTTCGACTTCGCAAGCTGATCCAGACCCGATAGAGATATATTGCACATAATT
# GCGAGGCTCTACGGAGACAGTGACATTCCTAATTGCTTCATCCTTAAGATAGGATTTAAG
# AGTGTAACCATCCTGAACCACTCCATTCATAGACGATTTCAGGCCCGTTATCGTCGGTTT
# AACCGGTACAAGAGCATTAACTGTATACTCCCCATTAACCACTTCTACTTTCTGCCTTTC
# TGATCCAGAAAAATAAGAAATTTTATACGGCAGTTTTAGTTCTCCTGCCGCATTGGGTAT
# CCCTGTTAAATTGAATCCGTTTGCTGTAAAGCCAGAGGTATTTGGAAGCCATTCAAAAAA
# GCAGACCAAGTTATCTACGCTTGATGTCGCACGATCATCAACCGTCACATTGCATGCGTT
# GCCAGTACCTGAAGCAGTAATTGTATTATTGTTGACGAATGCAACAAAATCGCCCGGGCC
# GGGATTAAACGTGACGGCAGGCATATCAGCCTGGAGTTTTCCGGAAATCATAATTGCCTC
# AGCTTGTACCGATTTAATCGAAGCAATTAAAGAAAACAACAGGGTTAAACATAAACCTGA
# TTTTCTCATGACGAACACCTGTTTTTTTACGCAGAATTAGAATCACTCTACGTTAAAAAA
# TTCTGAAATCTTGTTCGTAAAGAGGAAAAAAAACATTAAATTTTTGCAGGAAATTGAGAT
# TTTTTAGCTCACTGACCGCTCTTAGACTCAGATAGGCGAAGGGCGGTAATTATCGATTCT
# GAGGATACCCAAGGCATTTTAAGTGTCAGGAACCCCAACAAGAACAAGCCTGTTGAAACG
# CAATCCATTTGTGTTACGGGAAGGTTATAATTTAAAGGCTTAAACGTCCCCATTTTAACC
# GGTACAATGCTTGCGCTTACCAAAAGGCCCCCACGGTCGTTGGGTCCGATATTGATATTT
# TTGTAGGCTTGGTGAGTGCGATGCGTGGTCTTACGCTTTTCAAATTTTAGTGTCGGCTTA
# ATTCTCAGAAAAACAGATGCCAGCGCCATGGCTTCGTTTTGGGATAGTTTCATGAGAATG
# CTGCCCTCTGAATTCCATCCATATTCCCTATTGTCAGACGGAGGAGCAAACTGGAGAGAC
# AGGTAATACTTTTCAGTCTCAGTTACAAACGCCGAATTATCAGCAGAGCGACTTTTGTCG
# AGATTTACTTCGAATGCCATCGCGACAGATTGGCTGAATACTCTGACCCGTTGAGGCTTC
# GCACCAGTTGCTGACAGATCGCTCATTGTCATACTCTCTTCTTAAAGAACCATGTACCGG
# ACATAACTTCATTATCCTTCGTGTGCGTCAAATCCGAAATAACAAAACCACCTTTTCCTT
# CCGAAATTATCATGGTGTAAGAGCTCGTATGCACAAGGCGGGAATTTTTGACTTGCAGAC
# CCGTACACTTAACTGCAATTTCATTACCCGGAACTCTCTCAACAAAAGTAACTTTTGATG
# CAACGCCATTGATATGTACGCTTCCGTTATCTGCTATCTGGATGTTCAACGAAGGTGTGG
# ATTCTTTATCACAAGGTTGGAAAACAGAAGTGGTTTTAAGAACTTTGCCAGTAAAATCGT
# ACAAGTCAGGCTTCGACGGTTTTGCGTTAAAGATCGAGTAAGACCCCGCCACTGTTAAAC
# CAACCATTAAAAGGGGGATTACCTTTTTAAAATTAACTTTCATCCTCCAGTTCCTCTCCA
# ATCAAGTGTAAAGCACTTACGCACATAAGCCTGAGTTGATACAGCAAATTGTCGGCGGTG
# ATCCCCCCAACAAATGTCACTGTACGGCGTATCGAAACGCCTCCAGGCTCGCATTGAATA
# TGGCCAATACCTGCATCGCGAAGGAAATCATTCTCGGCGCTTACCAGGTCTGCTTCAGCA
# GGCGGAATGACCACTTCGATGAGTATTGTATCAATTGGAGCCCACTCCCAGTCGTACTTA
# AGCGATGAAATTGGGGCAATGGAAACATGAAATTCATCAATATTAAAAATGACTGGTTTT
# TTGCCTGTTGATTTAGGCTGAATGAAGGGATTCTCGACCAGGACAACTGGGAATTCAGAA
# ATAGACAGAACTTCGATTAACTGATCTCGACGTAAACCGTGTATTAGTGAGTTGCGTGAT
# AACATTCAGTCAGCCTTTATTATAATAATCAGATAGTTACACATGATCCCGCTAGTTCCT
# TACCATCTTCCCGCTTGCAGCGTAGTAACCATTAAGGTCTTATGGGTTAGGGTAACAAAA
# AAATCTAACTTAACCAGTAAAGCATAGAGATTTTTTACATAAAATAATAAATAAGTACCA
# ATTTTATTAAGATATTTCCTATCTCAGCCAATACTTTAGGAAAAATCTGTACCCGTTTTA
# ACACCTATACATACATCGTGCAAACAAAGAACAGTAAACGGGGCCTAAACCACCTTTTTT
# TAGTGGTTTACCTAACCAACAATAATTTATCCAAAATCGTAACTGGTTCGACCTGAATCA
# ACCCACGCGAATTTTAATGATTTCTTAGAACTGGCTCTATAATTCTTCAAACTGGCTTAA
# CTGGAGATGTGACAACGAGGGATTCATTTAGTACATGAAACCGGTTTACCATTCCCCCTC
# ACATGTTAATAATATACCAAAAAAAAGCCAGCTGGTAAGCTGACTTTTTATTAATAGATA
# ACTCAATCTAATCAATTGATATTACTATACTTACTTCGCAAGATTTGCGAGGTTTGCATT
# GGCCTTTTTCTTCGGCTTCCTTGTCACACCTTGGATTTGCGCATGTTCACTCAGCACCGT
# GTTTTCGCTTTGTGAGGCGCTAACAGCAGCAGAACCATGACTAGTATTTAAACCTGAATC
# ATTCTTTTTTGCGCTCTCAATCGGCGTTAAAATCTCTAAAGTCTCAGGTTTGGGATTTAC
# AGTCAGTTCTTTAGGTATTAATTCCAGCCGCTGATCCCTTACCCTCTCTGCCTTTAATGT
# TTCACTGACATCAGATTGACTAGTAGTTGAAAAAGTTGCCTTAGAAAAATCACAGCCATT
# AATCATTGAAAATAATTCATTGAATTTCGAATCAAGCATAAAGCTTATTTGTTCTTTCAA
# ATTTTCATTGTTTAATTTGTCTTTATTAAATTCATCATTAAAAAATCGATTTAGATCAGC
# AGCTGTTAATCTCTCATTCAGTCCATTAATAAAACTAGATAACTCGGGGAAGAGATTATT
# TAGCACTAACCCCGTAGTGATTGCAGATCTTATTAGAGAAATCTGCTCGCCACGATGTGT
# TAGGGCATTTTTTTTCAAAAAATTATAGGCATACGGAGATTGTCGTTCCGATAACCAAAA
# CGCACTAATCTGAATACGATCGTTTTCCTTCTCAGATTTTTTAGTCATAAAACTCTCCCC
# TTTGCAAAACCATCATCATGCAAAAACAGTATCTGCGATAGCCAGTGAAAGTGCGAATTG
# CGGATTATCAACCATGATGATTTTCGATTTATCAAAATGTTTACGAACTGCCGGTTCAAT
# CAGGTAAGAACCTCCACCAACAAGGAAAACATTATGCGGCCGTTCTTCCACTTGAGTGAC
# TGCTTTAATCACTTTTTCTTGAAGTTGCGCCACAGCCCCATTAACAGCATTGAACACGCC
# GTCAAGATCTTCCGGGGACACCTTGAGCGAGGCTTTGTTTTCACGATTATCGACTAGGTG
# ATGAATATAGGCGTTACTTGCATTCAGCTTTGCAGAATCCAAATAACGACGGATTTCATC
# ATATACGATTGAGCAACCAATACGGTCAAAACCCCTGACACTGGAGATCTGTTCCAGCTG
# ACCTGTAATGCTTGCAACATCAAGTGTTGTCCCACCTAAATCGATAACCAGGCTTGATTC
# AAAAGATTCAATTGATTCGATTTCATCAGCACGCGTTACCGCTGGAAGGGATTCCGGGAA
# AACGGTAACTGAAACAACATTAAATGAAACACGTTTACCATCAATATAACGCTCCACCGG
# CTTCATCAGGTTGTCTTTTTTTCGTTGGATGTTTTCATTATTGGTTTCACCCAGAGCGGT
# ATAAAACTGACTGAGTGGCAAAGTTACGTAGAGATGAACATCCTGTGGCATTAGACCTGA
# GGAATGTAGAGCATGGTGAACATTAAGACGACTGATTTCATCGTACTGATGCGCAACGTC
# GGTAGTTTCTAAAGCATTGCTTGATTCGCTGTGGTGCGAGAATCGTTGAAGACCATCAAT
# TAGATAATTGAATGGAATAAGTCCGTCATGGCTTACCCGGAAATCTGCAACGAAACTATT
# TTGAGTCAATAAAGGTACAAGGTCACCTTGATTGTTAGTGCAAACCAGTTTTGCCGCTTT
# ACTACCATCATCAATAACAACTTTGAGTGTCTCAAGTTCAGTAGAGTTTGATTCAGCCAC
# AGCCAGTTTTGTTTTTGCTAATTCAGTCATGCAGAAACCCTCGTATTGGTTTATTTAGCC
# CACCACTTTTGTTATGGAATTTATACACCAATGGTTGCTTTAGGTCAACATTAAACGGGA
# CAAAACACTAACGTAAGTCCTTGTTAAAAAAGAATCCTTCAGTTTTAATCCAGATACAAC
# CCTAGATTCATGTACACCTGAGCAACACACGCAAAAACTATATTTTGCTCAGCGTTTTTA
# TACCAAAAATAAAACAACTGAGGTGCATTACAGTTGATACGGCTCGGAAACCGAAAAATG
# ATTTCTAGCTCCATTTTGGACACTCACAAAAATTACCCCTCTTATCGAAAAAATTGATGA
# CTTTCATCCGGTAGTATTAATGCAATTTCAGAAAGAGGCATTTATGGCATCCGAGCACGT
# CCAGACAATTGATCTGACTAATTTTTCAGGAAGGGTTTTCTTTCTGGCAGACCCTCATGG
# TCATTATTCGACGCTATGTAACCTTATCCATTCGATATCAGAACCTGATGAGGAGTTGAT
# CGTTTTCTCCACAGGAAATCTCTTCGATTATGGACCTGAGCCTATGGAGTTAATGACAGC
# GATCAACACAGGGATTTTTGACGGCCGTTCTGTTCGTGTGTTCTCAGCTGCCGGGGCCGG
# AGAAGAGATGCTGAAAAAGCTCTTACCCATAAATAAAGACCGCAGGACTTATTATCCAAG
# CACATTTCTTAATGAACGGTGGTGTGCAAGAGGCGGGCGATGGCATAAACAAATTAACCG
# CAACTATCTTGAAGAGGAAATCTGCAAACTGCTCTCCACCCAGCTGGCTACTGTGATGAA
# GGTGCTTTTTAAAGGCAATATTTCTATAGGTATTTGCCCATCCGATTACACAGACATACG
# GCAGGGCTTCAACAATACATATAACGCCCTCCTCGCTTTTAATCAGGCAAATGTGAATAT
# TTTTCAGAGTCAGTTTCTATACGGCATGGATCACGCAGTCAGGCCAGTGAATGTCAGCGA
# TGTAAACCTCGTAGTATTGGGTCGGAATCCAGTTAACAGCATCAGAAAGGCCCATGGGCT
# ACCGCTGACTAACTTACCGGTACTCATAGGAAACTGCCTCCACATCAATACAGGTTCTCT
# GTACATGTCAGAAATCAGTAGCCCAGCACTACTGGCACCAGGTATTCCGCCTACTACAGT
# TCCGGCAATAACACTGGTCGAGTTGATCCTGGCATCTACACCGACCCTGATTTGCCACCA
# AATGATCCTGAATAAAAACGGTATTTACACACAAAACACTGCACCACTTAACCTGGATTC
# AAATGATAATAATATAGAGGCCACATTATAATGCTTAAATTAGAACTGATAATTTTGCCG
# TTGCTGGCATTTTTAGGTCCATCCAACATTACAAATGCATCGACTAAAACCCCGATACCG
# TCGTCCCAGCTATCTGATGCCAAAACTGGGGTTAACTATGAATTTATTACTATTGCTGCA
# AATTACGTCAACGGAATGTGGCTTGTTGATGGTCGACAAAGACCAGTAATTAAAACAAGC
# ATGACTAAGCGTAACTATCTTCAGATTGAAAACGACTCTGCTTCAACTCCTTTAAATCTT
# GTAATACCCAAAATTGAATTTTCCATCATTGCAAAAAATGGCGTGTTTATATCAAAATTT
# ATCTCCCTTGATGAAGATGCATCCGGGAAACGAATTCTCTGGTTAGAACCTGGTTCCAGC
# ATGACAATTTCATTCGTCAATGATCTATCCAGTACCCCGTTACAGGCGTTAGTGTCCGTA
# ACAAAGCAGAAAAAAGAGGTTATTGCCATTTTTGGCCCAGATCAGGGTAAAAAATTCACC
# CTGCCCCTACCGTCAGATTCACAACAATCGTCAATCGACTATGTCCCCTCTCCAGAAATC
# GCATTACGTATCAATGCCCCCAAAAAACTTCAACCCGCTATCGCAATCCCGGAGGACGCT
# AGTGCATCTTTATTACCTTCACATACCTACAAGATCAGAGCGGCAGAAAAAGTAAGGACT
# TTTAAATTTTCGTCGTTCGTTTGGGTTGGAAAGCGTAACAACCTCCTCGGTGGTTCAGAT
# TATTTCACCAAAGAGTTGAAAATTTACCCAGGAGAAAACTTCGATATCAGTACCATACAG
# AAAACGACTATGAGGACTGAAAATGATTAGAGTTTCAGCATTTATTCTTACCTTACTTGT
# GACTGGATGTCAGTCGGTTGGAAGCAAAATTGCAGTCCTCCCTTCGGTAGGGTTCGACCC
# TATAATGAGCAACAGAACTGAAGCCTACACCGACGGAAAAGTTACTTTTCTGATTGAGAG
# TTCAGGCACTGATGTCTGGTTACTCGCCAAGAATGGGACCAAAGAATTTATTGAGTTGTC
# TGATCTGAATCTCGGCGGGAGTCGTTGCACCTATTCGTCACGTGGAAAACAGTTGATATC
# ACCTAGTTCAGTTACAATTTTTACGGTGCCCACAGTTGGTTTACTTGGTCTTTGTTACGA
# TAACAATGACCAATTAACATTTATTAATAACTCATTTAAGAACATCTCACAGTCTTCACG
# AGATGGACTCACATTGCCATTACTGTTCAGTATTAAATATAAATTCCCAGGTTCATTTGA
# TTCCAAACAAATTGTAGTCACTCAATCATTTGATTTAGAATTTTTGCAAAAGGAGCAATC
# ATGAAATATATATTGACCGTTTTGTGTATTTTTTTCTGCCAGACTGCAAGTGCTTACCCT
# TATCGCATTTACACTGCCCCAGAAGGTGCAATTGTGAAAAATATACTTACTAATGAAGTG
# ATCGGGAAAACACCGGTTGAAGTTGATGTCAGCAATACTGAAGCTGGATCAACTTTCGGA
# ATTTCAATGTATCGTCATGAGAATGTAGCTATTAAAATTTTTACAGTAATGCCAAATGCA
# GAAAATAATTTTACTGTTTCTGGTCCAGACGTTGCCACTATGTCTTTACCGGGTAAGGCC
# CCGTTAAACGTGACCAATGACAGTAATGCAGCAGCGGTTCATATAGATCTAAGACCTTTT
# CTGTCTGAACCGGCCCATCACCCTGTTCAATAACACTTCTAGGCCCCAATCTTTGGGGCC
# TGCTTAACAATACCGTATATGTTAAAACCCATCATTATCAGATAGTTAAGATATTTTTTG
# CTATTGATTTCTTTTAGGACTTGGTAATGCGTAGACTAAATAAAAGCGTACATGAATAAT
# TTCATCCGCATCTAATGATGCGGATATTTTTTGATTTTAATTATTCATTTCGCTCAGTTT
# TGATTTTATAAACTTCTCAATTTCGTCAATTAATTCTCGGTTCATTCTATTAAACTCAAA
# ACGGATTTTACGCCCCGAGGAACTTTTGCTAATTCTTGCATATTTATCTTTATTAGTAAA
# AGTTGCCAATTCACGTGTATCCCAACCTTTGCTAGGTGGTTTAATATCAAGTTTTTCAAC
# TACCGTTGTAATCTTCTCCATTACGGTTTTCTGTGCTTCAGCAATATCAGAAATATCCAG
# ATCTCGAATTTCCTCACGTGTATTCTCAACAACTTCTTCAAGAGAAAATAAATTCTTCTC
# TATATATTTTTGAAGTCGGAATAGGCGATTGTAATAAGAATTCGGAATAGCTTCATAGTC
# AGGAAACAGTGCAATAAGAGTGCTGTTAATCTTTGCAGCCTGAACTCGCTTAGAGACGGA
# CACGTGACTGATACCATGATAGTTTGCAAGCTCTTCATTGGTAACAAATCCATGCTCTTC
# CATTTCCCTTAAATACTTTAAACCTACTTCACGATATGAAAAGCGTCGAGAAGTTTGTGT
# TGCTGATATGATGGAATTAATATCATCTGCGTTAACATCATCAGGCAAAACCCATAATGG
# CAATTCTTTTGCTGATTGAATGCAACAGAAACGCCTGCGGCTACCTTCTATTAGCAGATA
# CACTCCGTTCCGCTTAACTGCAACGCCCTCAGTATCAACACCTCTTGCTTCAATGTCCTT
# CAGAATATCTCTTACTGCATTTACAGAAAGAGCCTCCTGATTTCGTGGGTTCAGAGGGTG
# TACTGTGGTTTCCAGTTCCACCTTTTCCGCCGGAACAATGATGTGTTCCGCCTCAAGCTT
# CCGCCCATTGTGTAATGTAAAAAGTTTCTTCAGGCGTGGCTGACCTTTCAGGCCTTGAAG
# CCCGGAGCGATGGATTACTTCAGTACGCTTAGGCGCATTAATATAACGGGATTTGTCGTT
# CCCGATATGCTGCTCATCACTCATACATTACCCCCTTGCTTCACTGAAAAACTCTTAATC
# TCATTAATAAATTGCTGGTAGACCGCCATCACGGATTCTTCGGCAACATCAAGCTGTTTG
# GGAGAGCAGAGCTCTTCTGATTTTTTAATATCCAATACGGTTCTACCCCTAGAAGCTGCG
# GCTTTAAACGCTTCTGAGTTTTTGATATTTGCAGACATAAAGAGTTCCTGCACTGTCCTT
# ACCAGTTTATCCAGGACAATCTTTTCATAGGGACTCTTATCGTCGACATTCACTGCCAAC
# ACTTTGAACCAGCTTAGATTTTCGCCCTTGCTCGGCGATTGTTTGAATCGCTCACTGAGC
# GTCAACATGAAATCAGTTGTTGAGGCATAATCATACTCACGAGGTGAAACGGCAACCAAA
# ATGCCATCAGCAGCTTCATCCGCTGCCCATGTGATTGGCGAATCTTCTGGTGGAGTATCG
# ATAATGATCAGGTCGTACTTGCTCTTCAAGACCGGCAGGATTACCTCTTTAAAACGTAGT
# AATAACTCAGTTCGTTCTTCTCTGGAACACTGCCAGTATTTATCTTTGAAACGTGCATCT
# GTAGGGAATGCGGTAATAACATCAAGATTCGGAAGGTGTGTTGAAAAAGGCATACCTTCA
# ATAATTTGTTCTTCCGAGTACCCTAAATCAAGATATTTTCTGTAATCTGAGTCTTCTTCG
# TAAACCCCTAAGATGGCGTCAATAGCAGTCAGGAAAACATCATCTTCCGCTACGCTCTGG
# ATCATCCCGCTTCCAATAGACCCTTGTGGGTCCCATTCGATCAACAGTATTCGCGCGTTT
# AGATGCAAATCAAGTGCTGCCGCAACTGCAAGAACGCCTGAAGTTGTACTCTTCCCCGTA
# CCACCCTTATGGTTCTGCGTTACGATTGTACGGCTACAGTAGTAGTCGCTATATCGAGGA
# TAGTTCAGAGCATCCATTATTTTCTGGACATCCCAGCGGGTATAGAGATGGTTTTTGTTC
# TGGTAGATAGGAGCACCAACCAGTTCTTTTTCTTCAAGATCCGCTAAGATTTTGTTAAAA
# GTTACGCGAGATTTACCAAAAAAATCTGACAGATTTTTTTTATTCAAGCAGTGGTTATAG
# ATTAGGCGATCAACACCGTCTACACTATCATCCGATACCGAAACCCTCGAAGAGACCAAT
# AATGACTCTTTCAGAGAGATCTGCTCGCTCTTCATGCGTTGACCGACAAGGGCGATCTTA
# TCAATTAGATTCATTCTCTTCCGATCCCTTTTACCTAAATTGTGAAATTAAACGTATATA
# CGTAAACTTTACGCATAATGCGTATACTTTAGCGTTATGCGTTTAATAGTAACCTTAATT
# CTATTATTACGCTAACGTTCTGTATTCTTTTCTTAGATTTTGGAATATCTGCATTATTGA
# ATTTCAATTGGCAGTTCATTGAAGTCTTCCAAAAGCCTCTTAAGTATCAACAATACCAAT
# CTTCCGACATAGCAGGATCACTCCATAGATGTGGCAATAAGGGGGGTAAATCCCCATAAG
# CGCTAACTTAAGGGTTGAACCATCTGAAGAATGCGACGCCTCGGTGCCTCGTTAAGACGA
# TGCCTCGCGTTCTTCAATTGCGTTTTGTAGGCTGTCAGGGATACTGTCCCACGAATGGCC
# ACCTGTAAGCTCCAGATGACCATTTTTGTTATTCTCCACAACGAGTTAGTTCTTCTTTTC
# GGATCCGGCACTTCTGGGGGGGAAATCCAGCGATGGCTGGATTATGTCGTCAATTAAAAA
# TGCGGCGAGTAGATTAGCAAATATCCACGCTTTCGCGAGTTCAGGTTCCTTTGCACGCAA
# AGCATCCAGGTGCAGCAAACTTTTGAGCCGCTTAAAAGCCAGTTCAATTTGCCATCGCAG
# ACGGTAACAATCAGCCACTTGCTCTGCTGAATATTCATCTTCCGGTAATGATGTTAGCAA
# TAGCACATGGCCCGCTGCTTCCAGCGTTTCCGCCTGAACTACTCGTCCTTTTCGACGATT
# CTCGCTGAGCAGTCGGGTTTTACTGATTAATGCTTTTTCGGGAGGAAGTGATACGGCAAT
# GAGACGTGCCGGAAAGGGAGCTCCGGCTTTTTTATTACCTGAATTGCCTATCATTACAGT
# GGTTTCACCGTTCTTACCGCAATCCAGCCCGCGCAGAAAACCCATCATGTCAAAGCGCAT
# TCCTTCTGCAGTTAACCAGCGCAATCCTCGCCAGTGAACCCGGACGATATAATCAGCTTC
# TCCAAAAGCAAGTGAGCGGATACATTCGGGACGCGAACCGAATCCCCGGTCAGCAATGCG
# TATCTCGTCTGCCGTTTGCGCAAATCGGTCCAGCCGTTCAGCGTCTCTGCTGTCGGTTAG
# CTCAAAATCAGTGAACTGACAGGTATGAGGATCATATCCCATATGTAGTCGCCATTCAGC
# GCTGCCGCCCCCGGGCGCACTGATTGCTGTTCCATCGACAAGACGCAATCTCTTTCCGCT
# TGTACAACCCGTAACTGCGGCGCGTACAGCAAGTGTTTGTGCGGCAAGTATGCCAAACCA
# GTCGGCGGCATTCCGCAGCCGCTTCAGGAGAGCCACGTCAGATAATGTTGCAACGTCATG
# GAGCTGAGCCCATGCAGTGACTTCACGTAATGACATCCCCCCGGGGCCGTAAGCCAGCCC
# CAGACGTAGCAGAGTTGCAGCATCACGAATTTCGCGGCGGCGGGTTAGAGCCCCGGCATT
# ACGTGCCGAAGTATCCAGTTCTTCGGGCTTACCAATATGGGCCAGAATTGCTGACCAGTT
# ATCGTGAGAGTAATTCATCGGCACGTTAAATCATATCAGGCGTAATACCACAACCCTTAA
# GTTAGCGCTTATGGGTAAATCCCACGGTACCCGACCAGCATTACCCCATAGCCTGGCGAT
# TAAGGGGGTTAAATGCCATGGTACGAGACCAGCATTCCTCCATGGCCTGGCGATTAAGGG
# GGTTAAATGCCACGGTACCCGACCAGCTTCCCGCCATGCTCTGGCGATTAAGGGGGTTAA
# ATGCCACGCTAAGCGACCAGCTTCCCCATGGCCTGGCGATTAAGGGGGTTAAATGCCACG
# CTACGCGACCAGCTTCTCCATGGCCTGGCGATTAAAGGGTTAAATGCCACGCTACGCGAC
# CAGCCTCCCCATGGCCTGGCGATTAAGGGGGTTAAATGCCACGGTACCCGACCAGCTTGC
# CTCCATGGTCTGGCGATTATGGGGGTTAAATACCACGGGACACGACCAGCAGGCACCGTG
# GTCATTGGCTAAAGGGGAAATTGCCTCGGCTTGCAGACAGGACAACGTGACGCCCTAGCG
# GTTAAGTGGGTTTAATACGACGGTACACAATAAGTATCCCACCAGAATCTGTCTATTGAG
# TGGATTAGATTAAAAGATATTCGGCCTGGATCTCGACTTAGAATGACGAAATATTTGGCA
# AAAAAATAGGGTATTCGGCAAATCCTGTTGTTAGGACATCCCGAATACCCAAAAAATATT
# TGGCAATCAATATGATTTGCCCATACCCCCAATTGACAATAAGAGAGTTTTTTGGCAATT
# CGTATAATTAGGCCAATTCATCCGTGTCGTCTATTGCACTAACGAAGTATTCCGTGCGGT
# AGTCATCTCCCCCCCTCAACTGGACTGAAGGTGATCCATCTTTTGCAAGCGTACGGTCAC
# CTGACATGCTGTTCGCTCGTACAGGAATTGTCATGCATTCTTTAATGGTATCTGCTTCAG
# CCACGTGTCCAGTACACTGGTTTTCAAATCCAGCAACTACTACATACGCATCCGGGTCGA
# GCCTTTTAAGCTGGTCTATAAGCTCTTTTACTTTTATGGGTTACCTCTACGTTTTTGTAT
# ATTTTATCACGCTGAACGGAAGGGCGAATAACTGTAGTGAAACAAAAAAAGTTTTGGCCG
# GAAACCCTTTTAGACTGGCTTTCCTTTAGCAAAGAACTGGTGAATAGGGGAGCAATTCCG
# CGCTACGCGACCAGCATCCCATCGTGTACAGACGAGTAAGTGGTTAAATGGCCTGGTACC
# CGGCAATAATCCCTCCATGGTCTGCCGATTAAGGGGTTAAATGCCACAGTACCCGACCAG
# CTTCCCCCCATGGTCTGGCGATTAAGGGGGTTAAATGCCACGGTACGCAACCAGCTTTCC
# TCCATGGTCTGGCGATTAAGGGGGTTAAATGCCACGGGACACGACCAGCTTTCCTCCATG
# GTCTGGCGATTAAGGGGGTTAAAT
# >ERS325398_04794.p01
# MKNKRFVSLVSALVASASLVGCAGNAGQSPNSAQHSDTHGLYWHANAKDSVAKNAYSLAG
# FDVSFNEETVQPGGDADNFLSKLLISGSMGYVTGGLSGLSIMSLGSLYSSSDAEYIQVNQ
# YVVFVPNPKKLPYNDESLVRAGAAYVYNHTKESQVMLGFNPSKQSAALASCKIDRAVINK
# WSTCELTSKPAPDVMPTNSMYSFQAIRPATGTEIPQLNLPAGEYSVIRYVFIPFKGNESS
# NNFSGIIFRSDSPKFTMPGGAAASINGKDYYLFSGEYGQKGFPEKTLKSK
# >ERS325398_04795.p01
# MKHRKIISSAIIASMIANTMSWAFYVSLINIALTPKIFAADAIFDQLENNFNLANPNANR
# NATTSAQDIVEKYKNADSGENLSGKISEKYVGKAESTNLNVGKYGTPNSNESVMSNAVSD
# GKSIGKAVQLPSMSGGTINSNYTKEGAKLLSRDSSGNIGISNNPNTTAGTKTSTGELFSS
# EQKHSDVQFNAGGRYGDENGFINDIKNRKSQLFEAQSYDGVAYRTLVNANKENPASTIKP
# NDPMFNAGRNEIGNAVAGTGNWLQNCNTETSKQTITTHYPDYKEFYCNSPKKDNFNSCTI
# TRDFSVPVYISGGNGDMSMCGDNCVRVWFGRRDDNYWNDGVYDNSLTLKFHPDAKLATAK
# IINAEWDDHMRVTLDGTQIFAHIDGAYRSSNYPSPQGQWELKKSWKLDKVYDITEQVKTS
# VYQEQDREVTMASRVWVGGGGEGYFEVEMTFENMKLEDKHIQEPAGCFDAVQTPNSFCRF
# DRFVNMDVGTKRLPESVLKMATPLYKGDTGYLTWKTNLEGYFCDPLAKEKLCSYDAKGNI
# MKDPTGKDLCYNYDDIKNMPDACSTYKNDAACVLDNQTCAEGWFDEGTNTCYMYEQKYTC
# DRGKDVVREVESQTNSCVGMIPCSGGTCETGPKEENKDFGKVAAYSNMVQYMQGEAKCED
# PNDPNSCSVFEGKAEWCGRSVGFVNGLAKTDCCEKPQGAAGSLEAIMLAGSMIRNTNWTR
# VNAQLVNWTGGESGTWASMANSVGEWTASAGKTVGQMWNNVTSSITSVYENVAGNLGRTV
# GSSAAGESGQLAKETMSSFGLGKLKQMAMEKAYDLLPDTVRDFVFKNVATTGGEIVFSAA
# VQNFMLALNVIGWIYTAYQVTKMLLEMLVACDQKEMEASIHKNQKSCFTLDTNRCVKYLN
# LGFTKKCVKKATDMCCYNSMLSRVIMQQAYPQLGIDPVTSNCVGLSIGQIQKLDFDKIDL
# TEWINDAVQVGEVPDQYATFSESSITANLPFKNENYQLPSERTKDAMGGEENMIKARQEN
# AQAIKEENVDCSYLPRPAICEVGSTYVDPITGKEIPKY
# >ERS325398_04796.p01
# MKKLKKLLLEILIAVMLSLSLPAMTMAADTGVPGAMCQSAGVWQGLIKNICWSCIFPMRI
# MGIGAAPEGAAPSRPGCYCTDQNGIPEIGWQLSFFQPVKIVEVVKSPWCSPFLEGTMLQK
# SQFDIGKSNTNQPMTATEAGFYDVHLWEFPIMTMLKLLVIGECTAEPYVDASLTYISEVD
# PMWESDLLTLVLNPEAVVFANPIASMVCAADCVAVTAGKDNLAAYFCAGCDGNLYPLTGH
# IYANDDAVRTSSLITQRLLTKLHRQGMLMRTMGADAMCEKTWEYFTPRSQYRLSMLYPTP
# EANGPDCCHRLGDSVHDWSTLKGGRKKIGIDNYVYMLWRYNDCCVRYIPN
# >ERS325398_04797.p01
# MKIGFIFGALLATWLTLTYPDQMRECFNKVVAYMESVTTFITK
# >ERS325398_04798.p01
# MRSFELKTTIKPLASCLAFYALISTAVASPQYQQVADDIARQAQVLGAQIPVPHASEGPL
# PSGSLDSPDTKKYIRQAEAMKKNGDLSQQTNRGYVPGMNADSVQAVIDHTQAIRAQSNNS
# EAVNDIIRRRDEIQGNSQLSESALKSVENKPEVMRSQSSNIEKMFGSSGITAADFERKID
# SSREEVLSTENGITIFASFSLPDYVLEDLLRTASEHKARVVFNGLKKGTTRLPETQAAIN
# QLVVKGKFDSPLITIDPDAFNQYQITQVPTIISREQSRFAKMVGSFNVDFFQRELARKPD
# QDLFPIAGTTYPVEEKSIIKELEERAQKYDWDGAKKRAVADTWKNQYMVNLPPAQEHKEW
# LIDPTIRVTQDVKDKQGRVIASAGELINPLARFPQNLTMIIFDPMNPGQLEWAEKQYRQR
# LGSGQVMPMFTRIKQENGWDHLNDLREKFNGKVFKVNEQIIARFQIKNTPALISTEKEKF
# RITQFSEAEIRGIGTKIAAEEN
# >ERS325398_04799.p01
# MREYIPKKRGLLSFDWYVPINLGILILVMLIFFNRFTFGHGLLNGCLPADFYMIDLKDKS
# VRSGNIIAFHMPKSVRFIRENEKVIKIVAGVGGDRLRVTLDGVYNGNKFYKANARRISVK
# YGIPAETIERELTIPEGEVFLIGQTDHSWDSRFWGPVKLTSVIGKTYAIF
# >ERS325398_04800.p01
# MISGKLQADMPAVTFNPGPGDFVAFVNNNTITASGTGNACNVTVDDRATSSVDNLVCFFE
# WLPNTSGFTANGFNLTGIPNAAGELKLPYKISYFSGSERQKVEVVNGEYTVNALVPVKPT
# ITGLKSSMNGVVQDGYTLKSYLKDEAIRNVTVSVEPRNYVQYISIGSGSACEVEIGGNGC
# TIDVGSIKVSDSDLLMGSREITVTANSKNNYFAPPEAQKLTLTWDYRPPVVDHTLWNFTD
# EAKTISIGGQEIYTGARTVAVAVKVPQEETEGEWWLPTAMTLTMNPDGVFKPTTKVTLED
# GTVIDFKQSWATPLRRTLQPVSGPQKVGDEYLYIFDLTDLTNGSYAASFTVENNSKNTST
# YNEPESKLMLSDNPTLMVLKDGAALAKRAPVYFLNEIIVAAFQGQAGVADIKAVTIDNKL
# VELTPTNHKGIYYLPVGDDLEVNADHEITVIAENLYGKIVTFNTTFTYQPTGFTLKNFEK
# DITLYSRVRQYTDLMSQTAGDKCTLFTTEENALAYLEWYGDKSDITACYPQWNNVPDGLE
# FYFKGRTPGLTGFFNKTGDNLLDYQVYMINGKGSKAVSSRNRHVLITQLPYNPVLTYKKN
# KVLTGINDNTALAYTTGGEAARLLAKVVPADVTVYVSQNGGESVKTTFKNRSSNNDATTF
# VQRLKVASAPLWTKNVFDIAVEYSKEPTMRTVDTLNVYTVPDFNIRAAMEIEDKKTATTM
# ELPLKVSVGRYNNSTRKSSFSRTTMGDWDVTIYAQKSVYGKDPETGRYKTTYERTPLTEA
# LPVNDAGVVETKIKIENMDLGNVRLVGIAKVRSPFADFELTRETSAVSIRVYKGEELEGN
# LSKSLIIGRIPLSTLVNFKSASTANSDALAPTEWQESSDNGQTWTMLQDMTGKRSISIRK
# TEVGKWLYRAKMTNKFTSKESYSDVLTVVTYKQPKLSIDVAEILEGDDLPVTLLDNDEPI
# PQGTAEVMWSEDKVNWVQGDTTYNVSAADTLPPTIYARMRYLDSDELAEESSWKETSARL
# TVAKPKRLSVSVSGISSVEVGSKVTLDGKYTNPNSRFKNGNDVIEEWTAPDGQKIRGANL
# SITLTEQMLDKQGYAAFEYSAWLAGSKDSTISTRKVSVKSWVYKFPEMKVSTKLKYTMAP
# STLHVALSGIKDGGYPGVTYSREWIYDKDNISVLKDDGDTKEFAIAKPGKYTLVIVFRDN
# RNNEQRIENTFVVDEQTPMTVEMTPKFSNKFMRAPLDVTLRSNIKLAHSADSIDTVTYKV
# NGEVVPGSKNYWAQLISGLTEKKYEVTLDVVSKMGQRGTASVDFEVVKNAAPQCALSYTE
# SNMSWSFTNKCIDTDGKLVRYEWYINDELRNVFGSTATLSKNLNRGKQDIRVVAYDDSGD
# SATQRTTVYGPDEGASKSVDSVETSQ
# >ERS325398_04801.p01
# MSDLSATGAKPQRVRVFSQSVAMAFEVNLDKSRSADNSAFVTETEKYYLSLQFAPPSDNR
# EYGWNSEGSILMKLSQNEAMALASVFLRIKPTLKFEKRKTTHRTHQAYKNINIGPNDRGG
# LLVSASIVPVKMGTFKPLNYNLPVTQMDCVSTGLFLLGFLTLKMPWVSSESIITALRLSE
# SKSGQ
# >ERS325398_04802.p01
# MKVNFKKVIPLLMVGLTVAGSYSIFNAKPSKPDLYDFTGKVLKTTSVFQPCDKESTPSLN
# IQIADNGSVHINGVASKVTFVERVPGNEIAVKCTGLQVKNSRLVHTSSYTMIISEGKGGF
# VISDLTHTKDNEVMSGTWFFKKRV
# >ERS325398_04803.p01
# MLSRNSLIHGLRRDQLIEVLSISEFPVVLVENPFIQPKSTGKKPVIFNIDEFHVSIAPIS
# SLKYDWEWAPIDTILIEVVIPPAEADLVSAENDFLRDAGIGHIQCEPGGVSIRRTVTFVG
# GITADNLLYQLRLMCVSALHLIGEELEDES
# >ERS325398_04804.p01
# MTKKSEKENDRIQISAFWLSERQSPYAYNFLKKNALTHRGEQISLIRSAITTGLVLNNLF
# PELSSFINGLNERLTAADLNRFFNDEFNKDKLNNENLKEQISFMLDSKFNELFSMINGCD
# FSKATFSTTSQSDVSETLKAERVRDQRLELIPKELTVNPKPETLEILTPIESAKKNDSGL
# NTSHGSAAVSASQSENTVLSEHAQIQGVTRKPKKKANANLANLAK
# >ERS325398_04805.p01
# MTELAKTKLAVAESNSTELETLKVVIDDGSKAAKLVCTNNQGDLVPLLTQNSFVADFRVS
# HDGLIPFNYLIDGLQRFSHHSESSNALETTDVAHQYDEISRLNVHHALHSSGLMPQDVHL
# YVTLPLSQFYTALGETNNENIQRKKDNLMKPVERYIDGKRVSFNVVSVTVFPESLPAVTR
# ADEIESIESFESSLVIDLGGTTLDVASITGQLEQISSVRGFDRIGCSIVYDEIRRYLDSA
# KLNASNAYIHHLVDNRENKASLKVSPEDLDGVFNAVNGAVAQLQEKVIKAVTQVEERPHN
# VFLVGGGSYLIEPAVRKHFDKSKIIMVDNPQFALSLAIADTVFA
# >ERS325398_04806.p01
# MELEIIFRFPSRINCNAPQLFYFWYKNAEQNIVFACVAQVYMNLGLYLD
# >ERS325398_04807.p01
# MASEHVQTIDLTNFSGRVFFLADPHGHYSTLCNLIHSISEPDEELIVFSTGNLFDYGPEP
# MELMTAINTGIFDGRSVRVFSAAGAGEEMLKKLLPINKDRRTYYPSTFLNERWCARGGRW
# HKQINRNYLEEEICKLLSTQLATVMKVLFKGNISIGICPSDYTDIRQGFNNTYNALLAFN
# QANVNIFQSQFLYGMDHAVRPVNVSDVNLVVLGRNPVNSIRKAHGLPLTNLPVLIGNCLH
# INTGSLYMSEISSPALLAPGIPPTTVPAITLVELILASTPTLICHQMILNKNGIYTQNTA
# PLNLDSNDNNIEATL
# >ERS325398_04808.p01
# MLKLELIILPLLAFLGPSNITNASTKTPIPSSQLSDAKTGVNYEFITIAANYVNGMWLVD
# GRQRPVIKTSMTKRNYLQIENDSASTPLNLVIPKIEFSIIAKNGVFISKFISLDEDASGK
# RILWLEPGSSMTISFVNDLSSTPLQALVSVTKQKKEVIAIFGPDQGKKFTLPLPSDSQQS
# SIDYVPSPEIALRINAPKKLQPAIAIPEDASASLLPSHTYKIRAAEKVRTFKFSSFVWVG
# KRNNLLGGSDYFTKELKIYPGENFDISTIQKTTMRTEND
# >ERS325398_04809.p01
# MIRVSAFILTLLVTGCQSVGSKIAVLPSVGFDPIMSNRTEAYTDGKVTFLIESSGTDVWL
# LAKNGTKEFIELSDLNLGGSRCTYSSRGKQLISPSSVTIFTVPTVGLLGLCYDNNDQLTF
# INNSFKNISQSSRDGLTLPLLFSIKYKFPGSFDSKQIVVTQSFDLEFLQKEQS
# >ERS325398_04810.p01
# MKYILTVLCIFFCQTASAYPYRIYTAPEGAIVKNILTNEVIGKTPVEVDVSNTEAGSTFG
# ISMYRHENVAIKIFTVMPNAENNFTVSGPDVATMSLPGKAPLNVTNDSNAAAVHIDLRPF
# LSEPAHHPVQ
# >ERS325398_04811.p01
# MSDEQHIGNDKSRYINAPKRTEVIHRSGLQGLKGQPRLKKLFTLHNGRKLEAEHIIVPAE
# KVELETTVHPLNPRNQEALSVNAVRDILKDIEARGVDTEGVAVKRNGVYLLIEGSRRRFC
# CIQSAKELPLWVLPDDVNADDINSIISATQTSRRFSYREVGLKYLREMEEHGFVTNEELA
# NYHGISHVSVSKRVQAAKINSTLIALFPDYEAIPNSYYNRLFRLQKYIEKNLFSLEEVVE
# NTREEIRDLDISDIAEAQKTVMEKITTVVEKLDIKPPSKGWDTRELATFTNKDKYARISK
# SSSGRKIRFEFNRMNRELIDEIEKFIKSKLSEMNN
# >ERS325398_04812.p01
# MNLIDKIALVGQRMKSEQISLKESLLVSSRVSVSDDSVDGVDRLIYNHCLNKKNLSDFFG
# KSRVTFNKILADLEEKELVGAPIYQNKNHLYTRWDVQKIMDALNYPRYSDYYCSRTIVTQ
# NHKGGTGKSTTSGVLAVAAALDLHLNARILLIEWDPQGSIGSGMIQSVAEDDVFLTAIDA
# ILGVYEEDSDYRKYLDLGYSEEQIIEGMPFSTHLPNLDVITAFPTDARFKDKYWQCSREE
# RTELLLRFKEVILPVLKSKYDLIIIDTPPEDSPITWAADEAADGILVAVSPREYDYASTT
# DFMLTLSERFKQSPSKGENLSWFKVLAVNVDDKSPYEKIVLDKLVRTVQELFMSANIKNS
# EAFKAAASRGRTVLDIKKSEELCSPKQLDVAEESVMAVYQQFINEIKSFSVKQGGNV
# >ERS325398_04813.p01
# MVIWSLQVAIRGTVSLTAYKTQLKNARHRLNEAPRRRILQMVQPLS
# >ERS325398_04814.p01
# MNYSHDNWSAILAHIGKPEELDTSARNAGALTRRREIRDAATLLRLGLAYGPGGMSLREV
# TAWAQLHDVATLSDVALLKRLRNAADWFGILAAQTLAVRAAVTGCTSGKRLRLVDGTAIS
# APGGGSAEWRLHMGYDPHTCQFTDFELTDSRDAERLDRFAQTADEIRIADRGFGSRPECI
# RSLAFGEADYIVRVHWRGLRWLTAEGMRFDMMGFLRGLDCGKNGETTVMIGNSGNKKAGA
# PFPARLIAVSLPPEKALISKTRLLSENRRKGRVVQAETLEAAGHVLLLTSLPEDEYSAEQ
# VADCYRLRWQIELAFKRLKSLLHLDALRAKEPELAKAWIFANLLAAFLIDDIIQPSLDFP
# PRSAGSEKKN
# >CVCD01000039
# CATTGGGACCCCCTTTTGATTTCTTGTTGAACTTTTGCAGTTGCCAGACCGCAAGATGTT
# TTAACAAATCAAAAGGGGTTTTAATAACTGACTTAAAGCTAAAAGCTTTCCGGAACCCCC
# AGCCTAGCTGGGGGTTTTCCATAGACAACAATGGCGCAGATCGTATCTGCGCCTTTTTAT
# TCTGTTTTTTCCTGCATTTTGTTATCCATCTCTAAAAAATACTCTCTGTCGGATATATAT
# CGCTGGTTAATCGTATGGCGTCACATTATTCGTCTGCAATATAGGGATAATGCGACCAGT
# TGACATAACTGGAGATATAACATGGAGTTTTTCAGGAAAACGGCATTAGCTGCTCTGGTA
# ATGGGTTTCAGCGGCGCAGCGTTCGCTTTACCGAATATCACCATCTTAGCGACCGGCGGA
# ACGATCGCTGGCGGCGGTGATTCAGCAACAAAATCAAATTATACGGCAGGTAAAGTCGGC
# GTCGAAAATCTGGTGGATGCCGTTCCTCAATTGAAGGACATTGCGGTAGTGAAAGGCGAG
# CAGGTCGTTAACATTGGCTCGCAGGATATGAACGATGAAGTCTGGCTCACGCTGGCGAAA
# AAAATCAATACCGAGTGCGACAGCACCGACGGTTTCGTGATCACCCACGGTACTGATACG
# ATGGAAGAGACCGCTTATTTCCTCGATCTGACCGTGAAATGCAATAAACCGGTGGTACTG
# GTCGGCGCGATGCGTCCTTCCACGTCAATGAGCGCAGATGGCCCGTTCAACCTCTATAAT
# GCGGTAGTAACAGCGGCTGATAAACAGTCTGCCAACCGCGGCGTGCTGGTGGTAATGAAT
# GATACCGTCATGGACGGACGCGACGTCACTAAGACCAATACGACTGACGTGGCGACGTTT
# AAAGCGGTTAACTACGGCCCGCTGGGTTATATCCACAACGGTAAAATTGACTACCAGCGT
# ACGCCAGAGCGTAAACATACCACCTCCACCCCGTTCGACGTGTCGAAGCTGACCGCGTTG
# CCGAAAGTCGGTATCGTTTATAACTATGCGAATGCGTCCGATCTGCCGGCAAAAGCGCTG
# GTAGACGCGGGTTATGACGGGATCGTGAGCGCAGGCGTGGGTAACGGCAACCTGTATAAA
# ACGGTCTTTGATACCCTAGCGACCGCCGCGCACAACGGTACGGTAGTGGTGCGTTCTTCA
# CGTGTGCCGACTGGCGCAACCACGCAGGATGCGGAAGTTGACGATGCAAAATACGGCTTT
# GTCGCTTCCGGCACGCTGAACCCGCAAAAAGCGCGTGTCTTACTGCAACTGGCGTTAACC
# CAGACTAAAGATCCAAAACAGATCCAGACGATGTTCAATCAGTATTAAAGATAATGCCCC
# GGTCGGAAGGCCGGGGCCATCTTTGGAAGACCTCTCGCACAACCAACACTATTATCTTGC
# TAATTATCATCCTGGTTATGATAATTGTGGGCGTCATGTCTCTGGACGGGAGGTCCACAA
# GTGGTTCGACAATGGATTGCTGGCGCAGCGCTGTTTGCCCTGATTTCAGGCTATAGTTGG
# GCAGAGGTTGCTCAACCCTCCGATAACATCTTAAAAGAACAGTTTAGTAAGCAGTACCAC
# GGCATACTTAAACTGGATTCCATTACCTTAAAAAATCTTGATTCGACGGGCAATCAGGCC
# ACCTGGTCTGCCGAAGGGGATATTTCTTCCCGTGAAGATATGTATACCGGCGTTGGTATG
# GCGGCGGATTATTATTTTGTTGAAAAAACCTGGACCAAAGATCGTCCCGTTAAATTTTCT
# GCCATGTTAACCAGCAAAGGGACGCCAGCCTCTGGCTGGACGGTGAGCTATTACTCATTA
# CAAATGGCAGCCAGCGATCAGGGCCGGGCTATTGACGACATTAAAACGAATGATAAATAC
# CTGATCGTCAACAGTGATGACTTTAACTATCGGTTTGGCAACATTGAAGCCTCCTGGCGT
# GCGCAGAAAGCGTCGATCCCCGGTCTTGAAGAACAACTCTCTGCCCTGGATAAGAAAATA
# GCGGTAGCTAAAAAAGAAGCGGACGCATATTGGGGAAAAGGCGCTGATGGGAAACCGTTG
# ACCCGCGCCGAGGCGTTTAAAAAGACGTTAAAAGAGCGCGATGATTATGTAAAAGCCAAC
# GATAGCAGCGTATATGCCGAGAAATACGAAAAAGAGGTCTATCAACCAGCATTAGACGCG
# TGTCGTAAGCAGAGTGAGCCGTGCAATGAAGCGGCTATTCAGCAGAAAAGAGATTTAGAC
# ATACACGAGCAACGGCGGCAGGTATTTTTGAAATCAGAAGAGCTGCGTCGAAAAGCGCAG
# AATGACTGGATAACGTTAGAGAAAGGGCAATATCCGCTGAATATAGCGGTACAGAAACTT
# CAGATGCAACAGAGTGATATCCGCATGAAAATCATGGATATTAATGACGGTTACGAGCGC
# TGGAAAAAAGATACGGACGATTTGCGTCGTAAAGGCGTTATTAAATAATGCGCTTGCTGG
# TGGCGCATTAACCGCCACAGGTCGGTAAGCGTCGCGCCATCAGGTATTTTACCCGCTGGC
# GCGACAGGCTTATCCTTGTTATTCCGCGAGAAACAACTCAAGAAGAGAGTTTAAAAACAG
# TTTACCGTGACGGGTAATCTGCCAGTATTGCTCGCATTCTGTCAGGTAGCCCTGGGCAAT
# AGCCTCGTCGATTGGCTGACGAATAACCGCTTCCGTAAGCCCGGTGTAGTCGACAAATTC
# GGCGCGAGGCGCGCGCTCCAGCAACCGAAAACGGTTCATAAAGAACTCAAAGGGTTTATC
# GTCATCACTCACGTCACGCTGGCTTTCCAGGTAACGTCCCTGCATATAACCGCGTGGGTG
# ACGGGTTTTGGTGGTGCGCAAGATCCTGCCGTCCGGGAAGGTGACTTTACCGTGGGCGCC
# GCAGCCAATACCCAGATAGTCGCCAAAGCGCCAGTAGTTCAGATTATGCTGGCACTGATA
# ACCGGGTTTGGCATAGGCCGACGTTTCGTATTGCTGATAGCCCGCGGCGGTTAATAACTG
# GTGGCCCTGCTCAAAGATATCCCACAGCGCGTCATCGTCCGGTAAAACCGGCGGACGCGA
# ACCGAACAAAGTGTTGGGTTCAATCGTCAATTGATACCATGAGAGATGCGGCGGATTAAG
# CGCAATCGCCTGTCGCAAATCATTCAGCGCCTCTTCCAGCGTTTGATCCGGCAATCCATG
# CATCAAGTCGAGGTTAAAGCTGCGTAGCCCAAGCCCATTTGCCAGTCTTGCTGCCCGCAT
# CGCCTCTTGTGGACCGTGAATACGGCCAAGACGTTTCAGCTTAGGCTCACTAAAGCTCTG
# CACGCCAATGGAGATCCGGTTTACGCCGGCGCGCTGATAGTCGATGAAGCGGTCGGCTTC
# GACCGTGCCGGGGTTCGCTTCCATGGTAATTTCCGCATCCGCCGCCAGATTCAGGCGCGC
# ACGCACGCCGTCCAGCAGCGTTTGCATCGCCGGCCCGGAAAGCAGGCTTGGCGTACCGCC
# GCCAATAAAAATGGTCTTTACTTCACGCCCTTGCGCCCAAGCGACGTCGGCATCCAGATC
# GCTTAACAGATGCTGGACGTAGTCGTCATGCGGCACCTCGCCCTTCAACGCATGGGAATT
# GAAGTCGCAATATGGACATTTTTGTACACACCAGGGAATATGAATATAAAGACTGAGCGG
# CGGTAGTTTAGCCATTGCGTAACGCATCCAGCAGCAGCTTGAGCGCTTGTCCACGGTGGG
# AAATCGCGCTTTTTTCTTCACGGGTCAGTTCTGCGGCGGTTTTGCCTTCAGACGGTACGA
# AGAAAATGGGATCATAGCCAAATCCGCCATTTCCGGCCGCCTGGCGAGTAATGACGCCAG
# GCCAGCTACCGTGACAGACTATCGGTGTGGGATCTTCGGCATGACGCAAATAAACCAGTA
# CACAATGGAATCGCGCCTGGCGTTTGTCGTCCGGAACATCTCGTAGAGTATGCAGCAGTT
# TTTCCAGATTTTGCTGATCTGTCGCGTTTTCGCCAGAATAGCGCGCGGAATAGATACCCG
# GCGCGCCGCCTAAAACGTCAACGGCCAGACCGGAGTCATCGGCAATGGCGGGCAGACCGG
# TCATTTTAGCGGCATGGCGCGCTTTGAGAATCGCGTTTTCAATAAACGTCAGGCCGGTTT
# CTTCCGCAGAGTCAACGCCCAGTTTCGTTTGCGCTACCACATCAAGCCCAAAATCGCTTA
# ACAGCGACGCGAGCTCGCGCACTTTACCGGCGTTGCCGGTTGCGAGAACAACTTTTTGCA
# TGGAATACCTACTCAGTTAACGCCGCAATTTCCGGCGGGATCTGTTGCGGGTGAATAATT
# TTTACCTGTTTGTGACGGCCCAGCTCGCCTTTTTCGATGACGATCTGACTTTTCGCCACG
# CGAAACTGTTTACCGAGAAACTTGGTCAGATGGCTGTTTGCCTGACCGTCAACCGGCGGG
# GCGGTAATGGCGACTTTCACCTCGTCGCCATGTAAACCCACAATACTGTCGCGGCTGGCT
# TTCGGCTGAATATAAAGCCGTAACACCAGACCGTCTTCGCAGCGAGTCACAGCACTCATA
# GCGCCATCCACAGCCCCGGCAGCAACATGTTGCCTGTCGCTTGTAAGACTTCAGCGATCC
# CCATATTAACGACATACAGCAGCAGCACCAGAACCATCGGCGAGAAGTCGATGCCGCCCA
# TCGCAGGCAGTATACGGCGAATCGGGCTGAGCAGCGGCTCGGCAAGCTGAATCAATACAT
# ATTCAATCGGGCTACGACCCTGGCTCACCCAGCTCATGATAGCCATGACCAGCAGCACCC
# AGAAGATCAGCAGGCCGATTGTTTTAAGTAAGATAAGCACCGCGGCAATCCAGATAATCG
# CCTGAAACGTAATTACCTTAAACAGCACTATCGCCTTAATAACGCTAAGAATAAACGCCA
# CCAGCAGGGAAGCGCTGTCGATCGGCCCCATTGGCGGGATAATACGACGCAGCGGTCCGA
# TGATGGGCTGCGTAATTTTCACCACGAACTGGGAAAAAGGGTTGTAAAAGTCACAGCGGG
# CCCACTGCATCCACACGCGCAATAATAGCACCATGGTATACAGCTCAATTACCGTTGAGA
# GCAGGAAGGTCAACGTATTCATGGCGTTCCTCAGTTTTCCTTAATTTTTTGTGTAATCAC
# GAGCACCAAAGATAGCGGTGCCGATGCGCACCATTGTGCTACCTGCCGCAATCGCGGCTT
# CCATATCGTCGCTCATACCCAGAGATAAGGTATCAACGTCAGGGTAGCGCGCTTTCAGCC
# CGGCAAATGCTACAGCCATTTGACGTGCGACTTCAAACTGCCTTACATAATCTGACTCTG
# GCGCCGGGATCGCCATCAGTCCGCGAAGCCGCAGACGCGGCAGTGTAGCCACCGCAGCGG
# CCAGCTCATCCAGTTCCGCCAGCGGAATGCCTGATTTGCTGTTTTCATCGCTGATATTAA
# TTTGGATCAGAACATTTAGCGCCGGCAGATTATCCGGGCGCTGTTCGCTCAGCCGCGAGG
# CGATACGCAGGCGATCGATGGTATGACACCAGTCAAAATGCTCGGCCACCAGCCGACTTT
# TGTTGGACTGTAAAGGGCCAATAAAGTGCCAGTGCAGGCCTTCCACTTTCGCTTCCTGAA
# AGTGGCGGATTTTTTCCACCCCCTCTTGTACATAATTTTCACCAAATGCCCGTTGTCCGG
# CGGCAATGGCTTCTGCGATGTCGCTCGCAGGTTTGGTTTTACTCACTGCAAGCAACGTAA
# CTTCTTCTGAAGAGCGGCCACAACGCGTCGCCGCGGCGGAGATTTTGTCCCGGATGTGTG
# CCAGGTTATGCGCGATATCGTTCATTTTCCGAGGATGTTTATATGAATATGGAAGAAATT
# GTGACGCTTAGTGTAAAGCATAACGTCTCGGATCTACACCTGTGTAACGCCTGGCCTGCG
# CGATGGCGCAAACAAGGACGCATGGAGACCGCGCCTTTTACCGCGCCTGATGTCGACAGG
# CTTCTGCTTGATTGGCTTAATGACGCGCAACAATATCAGTGGCGAACGCACGGTCAGCTT
# GATTTCGCCGTCTCGCTGTCTGGCACGCGGCGCCTGCGCGCCAGTGCGTTCACACATCAA
# CAGGGAACGTCGCTGGCGATACGGCTATTGCCCGAGCGTTGTCCTGATCTGGCGGAAATC
# CAGACGCCGCCGATAGTACCCGCACTGCTTGCCAGCGAGAACGGACTGATTCTGGTCACT
# GGCGCTACTGGCTGCGGGAAATCCACTACGCTGGCGGCGATGGTGGGACATCTTAATCAA
# CATGCCGATAAACACATCCTGACGCTGGAAGATCCTATTGAGTACCGTTACACCAGCAAG
# CGTTGCCTGATACAGCAGCGGGAAATCGGCCAGCATTGCGCCACTTTTGCCGCCGGGCTG
# CGCGCGGCGTTACGTGAAGATCCCGATGTCATTTTACTGGGAGAGCTGCGTGACAGCGAG
# ACCATTCGCCTGGCGCTGACGGCGGCGGAAACGGGGCATCTGGTACTGGCAACCCTGCAT
# ACTCGCGGCGCGGCGCAGGCGGTGGAAAGATTAGTGGATAGTTTTCCGGCGCAGGAAAAA
# GAACCGGTACGCAGTCAACTGGCGGGTAGTCTGCGCGCCGTACTATCGCAAAAACTGGAG
# GTCGACAGACAGGATGGGCGCGTGGCGTTGTTTGAATTACTGATTAATACGCCAGCCACA
# GGGAATTTGATCCGTGAAGGCAAACTCCATCAGTTGGCCCACGTGATACAAACCGGGCAG
# CAGCAGGGGATGATGACATTCGCCCAGAGCGCGCAATGGCGTCAGGCGCAGGGACGGCTG
# TAGCGAAGATGGCGGCGTAGGGAAGGGGAAGTGTTGACTGGCGCGGTGGATTGAACGGCA
# TACAGGCTTGTATCCTGGCGAACCGGCGTTAAAATCGCAGCTTTGTTAAAACCACAGCGA
# AGTCATTTAACGATGTCATCACAACCGAATCAAAGCCTGATAGATGGCATTCGCTGTCTG
# CAATATCTGGTCTCCAGCGACCGTGCTATCGGATGTCGCGAGCTTGCCCGGCTGATGGAT
# ATTAATACCACGCGCGTTAATCGCCTGTTAATGACGATGGCCTCTATTGGACTCACGATG
# CAGGATGAGCACCGACGCTATTTACCCGGGCCAGGCATTCATGCTTTGGCGGCGCAGGCG
# ATTCGCGGTTCAGCGCTGTTCTCCCATGCGTTGCCTATCCTTGAGCGACATGCGCCCAGA
# GACATCGTGGTGGCATTAGGCGTGCTATGGGAAGACCAGATTATCTATATTTATCACTCT
# ACGCCGGGGGCGCAGGGAAGTCAGGCGCTGGCGGGGTTTCGCATGTGCCTGGCCTGGCAG
# TCGGTACCTGGGGTGGCGTTACTGGCGGCAGAAAGCGATGAGGCGCTAATGCAGCGTTTT
# AGTCCGGAGCAGTGGCGTAATCTGGCACCGCATGTGGCGCAGCAGCGCCAGCGGGGATAC
# GTGCTGTGGCATCACGCTGATGGTGAAGTTTCTATGGCGCAACCGCTAGACAAGCACGCC
# GCAGCGCTGGCCTTTGCGGGAATGTGGCGGATTGATGAGGCGGAGGCGGCTGCGCGTTTA
# CAGGCGTTGAAGGCATTAAACCAGCTTATTGCCCAGTAAGCCTGGCAACCGTGACCGCGT
# TATCCGCCTGCTGACAAAAACGGCTTTAATACCCCTGTTCAAAATAGCTTTCGAGGATAA
# TCACGGCGGAGGCCGAGTCCACTTTGCCTTTATTCAGCGCGCGATACCCACCTCGTTCAA
# ACAGACCGGAGCGTGCTTCAACGGTGCTGAGTCGTTCATCGTGTAGCGTGACAGTTACCC
# CGAAGCGCCCATGAATACGGTTGGCGAATTTACGGGCGCGCGCCGTCAGCGGTTGTTCAG
# TGCCATCCATATTGAGCGGTAGCCCGACAATAATTTCGTCCGGCTGCCACTCTTTCAGCA
# AACGTTCAATGAGCGTCCAGTCGGGCGTGCCGTCCTGTGCTTTGATTGCCGGAAGCGGAC
# GGGCGGTGCCGGTAATGCGTTGTCCTATTGCAACGCCGATGCTTTTTGTGCCGAAGTCAA
# AGGCCAGTAAGGTGTCGCTCATCAGGCGTGCCCCGCAACGCCAGGCATGGTCAGAATATC
# AATGCCAATAAGTTTTGCCGCTTCGCGCCAGCGCTCGGCAATGGGCGTTTTGAACAAAAT
# ATTGAGATCGGCGGGCGCGGTAAGCCAGGCGTTATCAAGCAACTCTTGTTCAAGCTGGCC
# TTTATCCCAGGAGGCGTAGCCCAGCGCGACCAGCACATCGGAAGGCTGTTGTTGGGTACC
# TAACGTTTCCAGCACATCGCGGGAGGTGGTAATCACGGTATTGTCTGAGATACGAATGCT
# GGAGGCGAAACGTGACGGCGGAGTATGGAGAATAAATCCGCGATCTTCCGCCAGCGGGCC
# GCCGAGCATCACGGCTTTATCAAGACGAATTGCCGAATCGCGCGGTTCCGGCGTAATTTT
# TAGTTTTTCCAGAATCCCTTCAATTTGCAGATTTTCCAAAGGCTTATTAATAATAATCCC
# CATAGCGCCGTCCTGGTTGTGCTCGCAAATATACACCACGGAACGGCGGAAAATCGGGTC
# CTGGAGCGCAGGCATGGCAATAAGAAAGTGATGCTGTAAATTCATTGTCAGAGGTTCTGT
# TTCCTGGTTCAAAAAAACGACAGCGTTCAGTATGTGGGGAAAGCGGACGGTTGTCACTCA
# TATAAGCCGTCTTTTGCCAAAGGACGGCGGCCTTATCGGGCAATAGACTGCCGGATGGCG
# ATGCTGACGCGCCGCCTTATCCGACCGGGGCGGCGTGATTGCTCAGGCCCGGTAAGCGCA
# CGCCACCGGGCAATAAACTTTTACTTCGCCAGACGCGCTTCGATGGCGTCCATCAACATC
# CCGGTGATAGAGATCGGGTATTCCGCTTCAATTTCACGCACGCAGGTTGGGCTGGTCACG
# TTAATTTCCGTTAAGCGGTCGCCGATAATATCCAGACCGACAAAAATAAGCCCTTTGGCT
# TTAAGCGTTGGTCCAACGCGGCGGGCGATTTCCCAGTCGCTTTCGCTCAACGGACGGGGT
# TCGCCGCGACCACCAGCCGCTAGGTTGCCGCGGGTTTCGCCGCCCTGCGGAATACGCGCC
# AGGCAGTAAGGCACCGGCTCGCCGTCGACGACCAGTACGCGCTTATCGCCATCTTTGATC
# GCGGGCAGATAGTTCTGCGCCATGCAGTAGCGGTTGCCTAGCTCGGTCAGCGTTTCGGCG
# ATAACGCCTATGTTAGGATCGCCTTCCTTAACGCGGAAAATGGACGCGCCGCCCATACCG
# TCCAGCGGTTTCATAATGATATCGCCGTGCTTTTCCCAAAACGCTTTGAGCTGCGCTTTA
# TTGCGCGTTACCAGCGTTTCCGGCGTCAGGTCGGCAAACCAGGCAGTATACAGTTTTTCA
# TTACAGTCGCGCAGGCTTTGCGGTTTGTTGACGATAAGCGTCCCTTCCTCTTCAGCGCGT
# TCCAGAATATAGGTTGCATAAATAAACTCGGTATCAAACGGCGGATCTTTGCGCATCAAA
# ATGACGTCCAGATCGGCGAGTTTAATCTCCTGCTCGCTGCCGAACTCGTACCATTTATCG
# TAATTTTGCTCCACGCTCAACGTTCGCGTGCAGGCGCGGGCTTCGCCGTTAATCAGATAA
# AGGTCGGCCATCTCCATATAATGAAGTTCATAACCACGACGTTGGGCTTCCAGCAGCATA
# GCGAAACTGGTGTCTTTCTTGATGTTGATGTGTGCGATGGGGTCCATCACGATGCCGAGC
# TTGATCATTATTTTCTCCGTTAACGCTTCATCCTAAGTCGCCAAAACGCACCTGTAGCGC
# GGTAATGGCGGTGAGCGCGGTTGTCTCAGTACGCAGAACGCGAGGTCCTAACAGAATATC
# AGTAAACTGATAGCGCGCGGTCATCGCGATTTCGTCCGCCGACAGCCCGCCTTCCGGGCC
# GATCAGCAGTCGGACGCGTTCAACCGGCAGCGGCAGAGTGTTGATGCTGGCATGGGCGCG
# CGGATGAAGATTGAGCCTCAGCCCGGAATCTTGCTCGGCGCACCAGGCTTCCAGCGCCAT
# CGGCGGGCGAATTTCCGGCACCCGGTTACGCCCGCATTGTTCGCAGGCGGCGATGGCGAT
# CTTTTGCCACTGCTGGCGCTTTTTGTTCAGACGTTCATTATCCAGTTTAACGCCACAGCG
# CTCAGAGAACAGTGGCGTAATGAGGCTTACACCTAGTTCGATCGATTTCTGGATAGTAAA
# TTCCATTTTTTCACCGCGCGACATCACCTGGCCCAGATGGATATGTAGCGGCGATTCACG
# ATCGTCGATTTCGCCTTTCATCACTTGCACTTCAACGCTTTTCTTACTGGCGCTAATGAT
# TTCAGCATCGAATACCTGATTGCTGCCGTCAAACAGCTGTAACGCTTGTCCCGCTCCCAT
# GCGCAGTACACGACCAATATGGTTGGCCGCATCTTCGCATAACGAAATCTGCGTACCGGA
# CGTCAACAATTCAGGGTGATAAATGCGGGGAATACGCATAATAAAAAAATCCGCGTCATG
# GCCCCGGCGTTTGGCTATCCAGGGCATGGGTTAACAAGAATCCCGCTAGTGTAGGTTAGC
# TCTTTCGCGCCTGGCAAGCGCGTTGCACATAGGGATTATGATTACCCTGGACCTTCGCGA
# TACGCGCATCGCGCTCGCACTCCCAGGCGGTAACGGGGTACTGCTTATCCCAGACGTTAA
# AAAGCTGCGTTTGTTGGCGGGAAAGTTTCAGTTGGTATTGGTCGCGCATATAAAAATAAG
# TGCGGGCGATTGCGCCACGGGCGCGGGCGGGCGGCTCGGCGAGCTTCGCTTTAAAATCCA
# CTTTCATGGCGCACTGCCCGTACTGACCTTCGCCGCCGTTCCACTGGCTATACATAAAGT
# TGCCGCGATCGCCATTCACTTCGCCAATCGCGGGTTGCAGGTTATGCATATCGCTTTCCA
# TTTTGCAGTAGACCGGGTCTTTAGCGCAGTTTTTTCGCCCGCCGTCCTGCCAGCACTGGC
# GCTGATGACCGAATTGCCAGGCGGGGACAACGTGCTCCCACTCAATGCGTCTGGCGCGAT
# TCTCGTTTTTACGCACCTTATAGCCGCAGGACTCCAGGTCTACGACGCCTTTTTTACCCT
# GCCAGCGGATTTGGCACCCGCAGTAAAAGCTGCCGGGCGCGTCGGCATTGACTTTGACGC
# TCGCCGCTTTGGCCTGAGAAAAATTGTTAATGCCGTCGGCCAATGCCTGGCCTGAAAACG
# CTGCGGCCAGCAACGCAGCAGCAAAAGAAAAATTACGGTACATTGCACACTCCATAGCAA
# AACGAGCCCGCAACGTAGCGAAAGTTGTGTCTGTATGCAATCAGTCCGCTCAGGAAAGTT
# CCCGGACGTTTCGGGGAACTACCCGGCGACCAGTGGTTCGCCGCAGTGAACGCAACGATA
# AACCGCTTCGCCGCGTACCACACGGTTATGACGGCGGACGGTGAGTTGATGTTGCTGGCA
# TTGGCAATGGTAGGGAAAGGTATTGCGCCGTACGGATTGCAGCGCAAATTGATGAGTACG
# TCTGGCCGGAACGCCCAGCACGCTTTCCATCATCCACTTCCATTCCTTGCCATGCGGAGC
# CTTGCGTCCGAAGTGCTTCCACACCAACAGATGCGCCAGTTCATGCGGCACGACCTCTGC
# AATAAAGGTGTCGATGTTTTCCAGCAGTAACACCGGGTTGAGGCGGATTTCGTAGCTCTC
# CAGCCAGGCGGTGCCCGCCGAGGTGCCGCGTTGCGTATACACCAGTTTCGGCTCCGGATA
# ATGTCTATCGAGCTTGAGGTTCGCCTGGGCGAGATTTTCCCGCAGACGGCGCATCACGGC
# CTGCTGGATAGCGATAGGGAGACGAGGGGTTTTCATAGCGGCAGAGAATAGTGCGACGGA
# AGAGGGACTGCAAGAAAAACGCTTCCTCCTGTGGCAGGAGGAAGCGTGGAGGGATTAGTC
# GTGGGCGCCGATTTCGCGCAGTTTACGACCTTTCATCAGGTTACGTTCAATGTGTTCCAG
# CGAAACGTGTTTGGTTTCCGGCACCAGCCACAGGGTCAGCAGGATAAACAGCACGTTCAG
# GCCAGCGTAGACCCAGAAGGTGTTGGCGTTACCCAGATTGTTCAGCATGGTCAGGAACGT
# TGCGCCGACGATCATATTGGCGATCCAGTTGGTCGCGGTGGAGCAGGTGATGCCGAAATC
# GCGGCCTTTGAGCGGCTGGATTTCGGAGCACAGTACCCAAATCAGCGGACCAGCGCTCAT
# CGCAAATCCAATGATGAACATCAGCAGCATAGCGATAGCGAAGTATTGCGCAGACGGTGA
# ATGGATGCCGATGTGCATCATCGTACCCAGAATCCCCATACCAATCGCCATGACCAGGAA
# GCCCAGCGTCAGGGTCGGCTTGCGGCCCCAGCGGTCAACCAGGCCGATAGCGATGAAGGT
# TGCCAGCACGTTAGTCAGACCAACAATAACGGTGCCCCACATCTGCTCCGTGGTATTCGT
# GTACCCCGCCAGTTCGAAGATTTTCGGCGCGTAATACATGATGACGTTCATCCCGGTAAA
# TTGCTGCATTACCTGCAACAAAATGCCAAGAAACACGGCGCGGCGGAAGTTGCTGTTCTC
# TTTGAACAGCGCCCAACCGCTCTGTTTAACCTGCAAACTTTCGCGAATTTCATCGAGCTC
# ACGTTTTGCTTCCGCACTGGTGTCACGCAGGCGCAACAGGACGCGTTCAGCATCATGGAA
# ACGGCGTTTCGCCGCAAACCAGCGCGGGCTGTCCGGCAGGAAGAAGACGCCGATCAGCAG
# CAGAATGGCCGGGATGATGATCACGCCGAGCATCCAGCGCCATGCGCCGCTGTAGCTGAA
# CGCGGTATCGGACAGATAAGCGCCCAGAATCCCGATGGTGATCATGAGTTGGTACATTGA
# GATCATACTGCCGCGAATTTTTTCCGGCGCGATCTCGGACAGGTACAACGGTGCAGTGTA
# GGAAGCGACGCCGACGGCCAGACCCAGCAGCACGCGAGAAATAATCAGGACTTCAACGTT
# AGGCGCCGCAGCGGAGAACAGCGAACCGGCGACGAACAGGATAGCGCCGATCATCAGGCT
# TTTTTTACGACCCAGCTTAAAGGAGAGCCAGCCGCTGCCGACAGCGCCGACGGCCGCGCC
# AAACATCATGGAGCTGACCACCCATTCCTGAGTGTGTGCGGTAATCTGAAACTCGTCGGT
# AATGAAGGGTAAAGCACCGGCGATAACGCCGATATCCAGGCCAAAAAGTAATCCTGCCAG
# GGCTGCAAGAAAGCAGACAAAAAATGTCATGGCCTTGTTGGAACGCCCTTGTTTTTTATT
# GTCAGGCATTATGCCCTCCGGTTGGGTTAGCAATTTTATCGATGTTAAGAGTAGGTGAGT
# ACGCCGTAAAAAGATGTGAGGCTAATCACAATGGTGTAATCGTTTACACTACTATTTATC
# TCGGTGATTATTTAATTATCTGAAAAATAATAGTTTTAATAATCTTATAACCCTATCAAT
# CGCCTGGTATTCAGACAAAGCTGAAAAACTATGTAACATTTTCATCGCAGAGTTAGCATA
# CCGACAGTGAGGTGGTCAGTTCTCAATGAAAATGAATGTAACCGCTTTCATAGCTGCTGA
# AACTGAATGATGAAAAGTGTAGTCGAAGAAACGAAAGAGGAGAGCGGATTGTGCTGCGCA
# TCACAAAAAGGTCAGTATAAATACACGCTGGAACATCTAATAACGTTGCGTGTATCAGCA
# ATGATAAAGGCCAGCAGGGCGCTGGCCTTGATAAGTACGGTATGGTTTACCTGACTGAAA
# AACAGCGTCAGGCGCGGGCGATTATTTCAGACCGGCAGCATCGCGCAGCAGTTGCGCTTT
# GTCGGTTTTTTCCCATGGGAAGTTTTCGCGACCGAAGTGGCCGTAAGCCGCAGTTTCTTT
# GTAGATCGGGTGCAGCAGATCCAGCATCTGAATCAAGCCGTACGGGCGCAGGTCGAAGAA
# TTCGCGCACCAGCAGAATCAACTGTTCAGCAGGCACTTTTTCAGTACCGAACGTTTCCAC
# CATGATGGACGTCGGCTCCGCTACGCCGATAGCGTAGGAGACCTGGATTTCACAGCGATC
# CGCCAGACCTGCCGCCACGATGTTTTTCGCGACATAACGCGCAGCGTAAGCTGCAGAACG
# GTCAACTTTAGACGGATCTTTACCGGAGAAGGCGCCGCCGCCGTGACGCGCCATACCGCC
# GTAGGTATCAACGATGATCTTACGACCGGTCAGACCACAATCGCCCATCGGGCCGCCGAT
# AACAAAACGCCCGGTTGGGTTGATAAAAAACTTAGTGGACGTATTTAACCATTCAGACGG
# CAGAATGGGTTTGATGATCTCTTCCATCACCGCTTCTTGCAGCGATTTTTGGTCGATATC
# TTCTGCGTGCTGCGTAGAGAGAACCACGGCGTCGATACCGACGATTTTGCCGTCGTCATA
# CTGGAAAGTGACCTGGCTTTTTGCATCCGGACGCAACCATGGCAGGGTGCCATTTTTACG
# CACTTCAGCCTGACGCTGTACCAGACGGTGCGCGTAGGTGATTGGCGCAGGCATCAGTAC
# GTCGGTTTCATTTGTCGCGTAGCCAAACATCAGGCCCTGGTCGCCCGCGCCTTGTTCCAG
# CGGGTCTGCGCGGTCAACGCCCTGGTTGATATCCGGAGACTGTTTGCCAATTGCGCTCAG
# TACCGCGCAAGAGTTGGCGTCAAAGCCCATGTCGGAATGCACATAGCCAATTTCGCGCAC
# CGTATTACGGGTAATCTCTTCGATATCGACCCAGGCGCTGGTGGTGATCTCACCGCCAAC
# TAAAACCATGCCGGTTTTAACGTAGGTTTCACAGGCGACGCGTGCTTTCGGATCCTGTTG
# CAGGATAGCGTCCAACACGGCATCAGAGATTTGGTCTGCGATTTTGTCAGGATGCCCTTC
# TGATACGGACTCAGACGTAAAAAGGTGTTTTGCCATATTTAATTTCACCTAAGGAGAATT
# TAGTTAGCTCAAACTGTTGTGCGGAATAGTCATGACAGAAGATTCTACCATGAGTCTGAA
# GGTTACTAACACTGGCAGTCTGAGTGTTAATCAGTATGGATGGATTAACATCTGGACGGC
# TATTTTAGGTCACTTCTTCGCCCAATTTCCAGCTTTTTTTGAAGGCCGTCGCAATGTCGG
# TCAAAATCAGGCGGTAAACGTTTCTGATAATGCTGACATTATGCGCATTTATGCTTTGCT
# TTTTTTCTGCGTTCTGGGTATAAAACGCGACGCGCGGCTCATACAAAAGCACACGACGTT
# TTCTTCGTGTCGCCACTTCCAGCCGGGTTAAAACGTTGCTTTGGCTTGTGGGTTCGTCTT
# ACGAGGCGGCCGTGGAGGTGATACGAGATAATGAACCGTTGTATTCTGCTGAATCTGTCG
# CATCGTTCTGGTGCGCGCATGTCTCCCGCAATCTGCATCTCTGCTTTGCATACCTGCCGA
# TGTTATACCCATCTCGGCGCTTCTCAGGATTCCAGAGCCGGCAATGGCGCTGAAGACTGA
# ACAAGGGCGCTCTTGTTAACGCAAGAGTTTTCTCGTGGTTTCGCCGAACCGTTATCTGTG
# AGTTCGGTTACGTGTTTACAATGATATGAAAAAGAAACCGGTCGCGCAGGCGGAGCATCA
# GCGCTATCTGCTGGAAAATCCGCTTGTCTATGGGTTGTTATCGCGTCTTCGGATTGCGAT
# AGTAGTCAACTGTTTTACACTTGCTAATAAAAATTGAGGTTCGCTATGTCTGACGACATG
# TCTATGGGTTCGCCTTCGTCAGCAGGCGAACAGGGTGTACTACGCTCCATGCAGGAGGTT
# GCAATGAGCTCCCAGGAAGCCAGCAAGATGCTGCGCACTTACAATATTGCCTGGTGGGGC
# AATAACTACTACGACGTCAACGAGCTGGGCCATATTAGCGTATGCCCCGATCCCGACGTA
# CCGGAAGCGCGTGTCGATCTTGCCAAACTGGTGAAAGCGCGCGAAGCGCAAGGTCAGCGT
# CTGCCGGCGCTGTTCTGCTTCCCGCAGATCCTGCAACACCGTTTGCGTTCAATTAACGCG
# GCGTTTAAGCGTGCGCGTGAATCTTACGGTTATAACGGCGACTACTTCCTCGTTTATCCG
# ATTAAGGTCAATCAGCATCGCCGCGTGATCGAGTCCCTTATCCATTCCGGTGAACCGTTG
# GGGCTGGAAGCGGGGTCGAAAGCGGAATTGATGGCGGTGCTGGCGCATGCCGGCATGACC
# CGTAGCGTGATCGTCTGTAATGGTTATAAAGACCGTGAATATATTCGGCTGGCGCTGATT
# GGCGAGAAGATGGGCCATAAGGTTTATCTGGTCATCGAAAAGATGTCTGAAATCGCGATT
# GTGCTGGAAGAGGCCGAGCGCCTGAACGTGGTTCCTCGCCTGGGCGTGCGTGCGCGTCTG
# GCCTCTCAGGGGTCCGGTAAGTGGCAATCCTCCGGCGGCGAAAAATCAAAATTCGGCCTG
# GCGGCGACGCAGGTGCTGCAACTGGTGGAGACCCTGCGTGACGCTGGGCGTCTGGACAGT
# CTGCAACTGTTGCACTTCCACCTGGGATCGCAGATGGCGAACATTCGCGATATCGCGACC
# GGCGTGCGCGAGTCCGCGCGTTTCTATGTTGAGCTGCATAAGCTGGGCGTTAATATCCAG
# TGCTTCGACGTGGGCGGCGGTCTGGGCGTGGATTATGAAGGTACCCGCTCGCAGTCCGAC
# TGTTCGGTGAACTATGGCCTGAACGAATATGCCAATAACATCATCTGGGCGATTGGCGAT
# GCCTGCGAAGAGCATGGTTTACCGCATCCGACGGTGATTACCGAGTCTGGGCGCGCCGTC
# ACTGCGCACCATACGGTACTGGTCTCTAACATTATCGGCGTGGAGCGTAACGAATACACG
# GATCCGACCGCCCCTGCTGAAGATGCGCCGCGCGCGCTGCAAAATCTGTGGGAAACCTGG
# CAGGAGATGCATAAGCCTGGCACCCGCCGCTCGCTGCGTGAATGGCTGCATGATAGCCAA
# ATGGATCTGCACGATATTCATATCGGCTACTCTTCCGGCGCGTTTAGTTTGCAGGAGCGC
# GCCTGGGCGGAGCAACTTTATCTCAGCATGTGCCATGAAGTGCAGAAGCAACTGGACCCG
# CAAAACCGTGCGCATCGCCCGATTATCGACGAACTGCAAGAGCGGATGGCGGACAAAATG
# TACGTCAACTTCTCGCTGTTCCAGTCGATGCCGGACGCGTGGGGAATCGATCAGCTCTTT
# CCGGTGCTGCCGCTGGAAGGGTTAGATCAGGTACCGGAACGTCGTGCCGTGCTGCTGGAT
# ATTACCTGTGATTCCGATGGCGCTATCGACCACTATATCGATGGCGACGGTATCGCCACG
# ACGATGCCGATGCCGGAATACGATCCAGAGAATCCGCCGATGCTCGGCTTCTTTATGGTC
# GGCGCCTATCAGGAGATCCTCGGTAACATGCACAACCTGTTTGGCGATACTGAAGCGGTT
# GACGTGTTTGTCTTCCCGGATGGTAGTGTCGAGGTTGAGTTGTCGGACGAAGGCGATACC
# GTTGCGGATATGCTGCAATATGTGCAACTGGATCCGAAAACGCTATTAACGCATTTCCGC
# GACCAGGTAAAACAGACGGATCTGGACGATGCGTTGCAGCAGCAGTTCCTTGAGGAATTT
# GAAGCGGGACTGTACGGTTATACTTATCTTGAAGATGAGTAGCCGTTGATGCCCGGCGGC
# GCTGCGCTTACCGGGCCTACGAATGCAGGCTGGATAAGGTAAAGCCGCCACCCGGCAGAA
# TGCTATACTCACTTGAACCCGTATGAATTAACGGCGATAATTCGCTGCAATAGCGATTTA
# CAAATCAATCCCTTCCTCGTCGGGTTTAACGACGCGGAGGGGATTTTTTTCATCTGTTTT
# AATGCAACGACTCTAAAAGAGGTCAGGACATGAGCACTTTAGGTCATCAGTACGATAACT
# CACTGGTTTCTAATGCGTTTGGTTTTTTACGTCTGCCAATGAACTTCCAGCCGTATGACA
# GCGATGCCGACTGGGTGATCACTGGCGTACCGTTTGATATGGCAACGTCCGGTCGCGCTG
# GCGGCCGTCATGGCCCGGCGGCGATCCGTCAGGTGTCGACCAACCTCGCCTGGGAACATC
# ACCGTTTCCCGTGGAATTTTGACATGCGCGAGCGCCTGAACGTCGTGGACTGCGGCGATC
# TGGTGTATGCGTTTGGCGATGCCCGTGAAATGAGCGAAAAATTACAGGCGCACGCTGAAA
# AACTGCTGTCTGCAGGCAAGCGTATGCTCTCTTTCGGCGGCGACCACTTCGTCACGCTGC
# CGCTGCTGCGCGCCCACGCGAAACATTTTGGCAAAATGGCGCTGGTACATTTTGACGCGC
# ATACCGATACCTACGCTAACGGCTGCGAATTCGATCACGGCACGATGTTCTACACCGCGC
# CGAAAGAAGGCCTGATCGATCCGCATCATTCGGTACAGATCGGTATTCGCACTGAGTTTG
# ACAAAGACAATGGCTTTACCGTGCTGGATGCCTGCCAGGTCAACGATCGCGGCGTGGATG
# ATATTCTCGCTCAGGTGAAACAGATCGTCGGCGATATGCCGGTCTATCTGACCTTTGATA
# TCGACTGTCTGGACCCGGCGTTTGCGCCTGGCACCGGTACGCCGGTGATCGGTGGTTTGA
# CCTCCGATCGCGCCATTAAGCTGGTACGTGGTCTGAAAGATCTGAACATTGTCGGTATGG
# ATGTAGTGGAAGTCGCGCCGGCTTACGATCAGTCGGAGATCACCGCTCTGGCGGCCGCGA
# CGCTGGCATTAGAAATGCTCTATATCCAGGCGGCGAAGAAGGGCGAGTAAGTTGTTTTGC
# CGGATGGCACTGCGCTTATCCGGCCTACGCTTACCGGGCCTGTGTAGGCCGGATAAGGCG
# TTCACGCCGCCATCCGGCACTGTTCGGGGATTATTTGATCCCGTCCGCGCTCATACGATC
# GCGCACATGCTGTGCGCGTGCGGCGGACGCCGGGTGATCGTCGAACATTGAGCTTTGACG
# ACCCGCTTCCAGTTTTGCCAGTTTCTCAAAGCTGGTGGCGAGTCCTGCCGGACTGATACC
# GCGTTTGCGCAACAGATCGTAAGAATAATCATCCGCTTCGGACTCCTGACGCTGAGAGAA
# CTGCGAGTTCACCAGTTTTTCGCCAAGATCGCCAAGCTGTGATTGCGACAGGCTGCCGAC
# AACGCCTCCTGCCGATGCCGCCGCAACGCGCACGGCGTTAGTGCCCAGCGCGACCTGCAT
# CCCTTTCTTTACATGACCCAGAGCGACATGGCCCATTTCATGACCGATCACGGCTTCAAC
# TTCGTTGTCGGTCATCATATCCATCAGTCCGCTGTAGACGCGGATACAACCGTTCGCCAT
# GGCAAACGCGTTGACGTCTTTCGTCTCGTAAACTTTATAGTTCACCGGCTGGCCGTTAAT
# GTTATCCCCCAGCGCGGCGGCAATTTTTGCCAGTCGTTTAGTGTATTCGCTGCTCGCCGG
# CGCGATTTTCGCTTTGCTGTCGAGCTCTTGACAGGATTGATCGCTCAACGCTTTTACCTG
# CGCATCGCTTAACGTATAGGCCTGAAAAGCTTCAGCGCCCGAAGAAAGCAGTCCATTAGA
# GTCCATATTCTGGCAACCGGTCAGCACCGTCGCCATGCCCAAAGCAAGCAGTAAAGCGCG
# AATTTTCATTTTTCTCTTCCATACGAATTAATATTATTTTGAAATGCGCCCGTTGCAGAT
# GAATTAGCGCCTGGGTTAAGTATAAAGAAAAGCGTGGCAGGCAAGTTAGCTAATTGCGCA
# ACATGCGAGCACGATCCGGAGATTTCTGAAGCGGTAAAAGGATGTTCCATGTACATGACG
# CGCGGCTTGGGGTAAATTGTTGGCAAATTTTCCGGCGTAGCCCAAAACGCGCTGTCGTCA
# AGTCGTTACGGGCATGGCCTTTCAACATCCGATCTGGAGTCAAAATGTCCTCACGTAAAG
# AGCTTGCCAATGCTATTCGTGCGCTGAGCATGGACGCAGTACAGAAAGCCAAATCCGGTC
# ACCCGGGTGCCCCGATGGGTATGGCTGACATTGCCGAAGTCCTGTGGCGTGATTTCCTGA
# ACCACAACCCGACCAACCCGTCTTGGGCCGACCGCGACCGCTTCGTGCTGTCCAATGGCC
# ACGGCTCAATGCTGATTTACAGCCTGCTGCACCTCACCGGTTATGACCTGCCGATGTCCG
# AACTGCAGAATTTCCGTCAGCTACATTCAAAAACCCCTGGTCACCCGGAAGTGGGCTACA
# CCGCTGGCGTTGAAACCACTACCGGCCCGCTGGGGCAGGGTATTGCCAACGCCGTCGGGA
# TGGCGATTGCCGAGAAAACTCTGGCGGCGCAGTTTAACCGTCCTGGCCACGACATCGTTG
# ACCACTTCACCTACGTCTTTATGGGCGACGGCTGCATGATGGAAGGCATTTCTCACGAAG
# TGTGCTCTCTGGCTGGTACTCTGAAACTGGGCAAACTGATCGCGTTCTATGATGACAACG
# GTATCTCTATCGATGGTCATGTTGAAGGCTGGTTCACCGATGACACCGCGAAACGTTTTG
# AAGCCTACGGCTGGCACGTTATCCGTGGCATTGACGGTCACGATGCCGACGCCATTAAAC
# GTGCCACGGAAGAAGCTCGCGCCGTGACTGACAAACCGTCCCTGCTGATGTGCAAAACCA
# TCATCGGCTTCGGTTCGCCGAACAAACAGGGTACCCACGATTCCCACGGCGCGCCGCTGG
# GCGACGCGGAAATCGCGCTGACCCGCGAACAGTTGGGCTGGAAATACGCGCCGTTCGAAA
# TCCCGTCTGAAATCTACGCCCAGTGGGATGCGAAAGAAGCCGGCCAGGCGAAAGAGTCTG
# CATGGAATGAGAAATTCGCGGCTTATGAGAAAGCCTTCCCGCAGGAAGCTGCTGAATTCA
# CTCGTCGTATGAAAGGCGACATGCCGGCTGACTTCAATGCGAAAGCGAATGAGTTCATCG
# CTAAACTGCAGGCGAATCCATCCAAAATCGCCAGCCGTAAAGCGTCCCAGAATGCCATCG
# AAGCCTTCGGTCCGCTGTTGCCGGAATTCCTCGGCGGCTCCGCTGACCTGGCACCGTCTA
# ACCTGACCCTGTGGTCCGGTTCGAAAGCGATTAACGAAGATGCCGCAGGTAACTACATTC
# ATTACGGTGTGCGCGAATTCGGTATGACCGCTATCGCCAACGGTATCGCCCTGCACGGCG
# GTTTCCTGCCGTACACCTCCACCTTCCTGATGTTCGTCGAATATGCCCGTAACGCAGTGC
# GTATGGCAGCGTTGATGAAACAGCGTCAGGTGATGGTCTATACCCACGACTCCATCGGTC
# TGGGCGAAGATGGCCCGACGCACCAGCCGGTCGAGCAGGTGGCAAGCCTGCGCGTAACGC
# CGAACATGTCCACATGGCGTCCGTGCGACCAGGTGGAATCCGCGGTGGCGTGGAAATATG
# GCGTAGAGCGTCAGGATGGCCCAACCGCGCTGATTCTGTCCCGTCAGAACCTGGCGCAGC
# AGGAGCGTACTGAAGAGCAACTGGCGAATATCGCCCGCGGTGGTTACGTACTGAAAGATT
# GTGCGGGCCAGCCGCAGATTATCTTCATTGCGACCGGTTCTGAGGTTGAGCTGGCGGTTG
# CCGCCTACGAAAAACTGACTGCCGAAGGCGTGAAGGCGCGCGTGGTTTCCATGCCGTCCA
# CCGACGCGTTCGACAAGCAGGATGCGGCCTACCGTGAATCCGTGCTGCCGAAAGCGGTCT
# CTGCGCGTGTGGCGATTGAAGCGGGTATCGCTGACTACTGGTTCAAATACGTCGGCCTGA
# ACGGCGCTATTGTCGGGATGACCACCTTCGGTGAATCCGCCCCGGCAGAGCTGCTGTTTG
# AAGAGTTTGGCTTCACGGTGGACAACGTGATCGCCAAAGCGAAAGCGCTGCTGTAATCCT
# TAATACGGCATAAAACGGGTCGCTTCGGCGACCCGTTTTTTGTCTATGGAAAACCCCCAG
# CTAGGCTGGGGGTTCCGGAAAGCTTTCAGCTTTAAGCCAGTTATTAAAACCCCTTTTGAT
# TTGTTAAAACATCTTGCGGTCTGGC
# >ERS325398_04816.p01
# MEFFRKTALAALVMGFSGAAFALPNITILATGGTIAGGGDSATKSNYTAGKVGVENLVDA
# VPQLKDIAVVKGEQVVNIGSQDMNDEVWLTLAKKINTECDSTDGFVITHGTDTMEETAYF
# LDLTVKCNKPVVLVGAMRPSTSMSADGPFNLYNAVVTAADKQSANRGVLVVMNDTVMDGR
# DVTKTNTTDVATFKAVNYGPLGYIHNGKIDYQRTPERKHTTSTPFDVSKLTALPKVGIVY
# NYANASDLPAKALVDAGYDGIVSAGVGNGNLYKTVFDTLATAAHNGTVVVRSSRVPTGAT
# TQDAEVDDAKYGFVASGTLNPQKARVLLQLALTQTKDPKQIQTMFNQY
# >ERS325398_04817.p01
# MVRQWIAGAALFALISGYSWAEVAQPSDNILKEQFSKQYHGILKLDSITLKNLDSTGNQA
# TWSAEGDISSREDMYTGVGMAADYYFVEKTWTKDRPVKFSAMLTSKGTPASGWTVSYYSL
# QMAASDQGRAIDDIKTNDKYLIVNSDDFNYRFGNIEASWRAQKASIPGLEEQLSALDKKI
# AVAKKEADAYWGKGADGKPLTRAEAFKKTLKERDDYVKANDSSVYAEKYEKEVYQPALDA
# CRKQSEPCNEAAIQQKRDLDIHEQRRQVFLKSEELRRKAQNDWITLEKGQYPLNIAVQKL
# QMQQSDIRMKIMDINDGYERWKKDTDDLRRKGVIK
# >ERS325398_04818.p01
# MAKLPPLSLYIHIPWCVQKCPYCDFNSHALKGEVPHDDYVQHLLSDLDADVAWAQGREVK
# TIFIGGGTPSLLSGPAMQTLLDGVRARLNLAADAEITMEANPGTVEADRFIDYQRAGVNR
# ISIGVQSFSEPKLKRLGRIHGPQEAMRAARLANGLGLRSFNLDLMHGLPDQTLEEALNDL
# RQAIALNPPHLSWYQLTIEPNTLFGSRPPVLPDDDALWDIFEQGHQLLTAAGYQQYETSA
# YAKPGYQCQHNLNYWRFGDYLGIGCGAHGKVTFPDGRILRTTKTRHPRGYMQGRYLESQR
# DVSDDDKPFEFFMNRFRLLERAPRAEFVDYTGLTEAVIRQPIDEAIAQGYLTECEQYWQI
# TRHGKLFLNSLLELFLAE
# >ERS325398_04819.p01
# MQKVVLATGNAGKVRELASLLSDFGLDVVAQTKLGVDSAEETGLTFIENAILKARHAAKM
# TGLPAIADDSGLAVDVLGGAPGIYSARYSGENATDQQNLEKLLHTLRDVPDDKRQARFHC
# VLVYLRHAEDPTPIVCHGSWPGVITRQAAGNGGFGYDPIFFVPSEGKTAAELTREEKSAI
# SHRGQALKLLLDALRNG
# >ERS325398_04820.p01
# MSAVTRCEDGLVLRLYIQPKASRDSIVGLHGDEVKVAITAPPVDGQANSHLTKFLGKQFR
# VAKSQIVIEKGELGRHKQVKIIHPQQIPPEIAALTE
# >ERS325398_04821.p01
# MNTLTFLLSTVIELYTMVLLLRVWMQWARCDFYNPFSQFVVKITQPIIGPLRRIIPPMGP
# IDSASLLVAFILSVIKAIVLFKVITFQAIIWIAAVLILLKTIGLLIFWVLLVMAIMSWVS
# QGRSPIEYVLIQLAEPLLSPIRRILPAMGGIDFSPMVLVLLLYVVNMGIAEVLQATGNML
# LPGLWMAL
# >ERS325398_04822.p01
# MNDIAHNLAHIRDKISAAATRCGRSSEEVTLLAVSKTKPASDIAEAIAAGQRAFGENYVQ
# EGVEKIRHFQEAKVEGLHWHFIGPLQSNKSRLVAEHFDWCHTIDRLRIASRLSEQRPDNL
# PALNVLIQINISDENSKSGIPLAELDELAAAVATLPRLRLRGLMAIPAPESDYVRQFEVA
# RQMAVAFAGLKARYPDVDTLSLGMSDDMEAAIAAGSTMVRIGTAIFGARDYTKN
# >ERS325398_04823.p01
# MNMEEIVTLSVKHNVSDLHLCNAWPARWRKQGRMETAPFTAPDVDRLLLDWLNDAQQYQW
# RTHGQLDFAVSLSGTRRLRASAFTHQQGTSLAIRLLPERCPDLAEIQTPPIVPALLASEN
# GLILVTGATGCGKSTTLAAMVGHLNQHADKHILTLEDPIEYRYTSKRCLIQQREIGQHCA
# TFAAGLRAALREDPDVILLGELRDSETIRLALTAAETGHLVLATLHTRGAAQAVERLVDS
# FPAQEKEPVRSQLAGSLRAVLSQKLEVDRQDGRVALFELLINTPATGNLIREGKLHQLAH
# VIQTGQQQGMMTFAQSAQWRQAQGRL
# >ERS325398_04824.p01
# MSSQPNQSLIDGIRCLQYLVSSDRAIGCRELARLMDINTTRVNRLLMTMASIGLTMQDEH
# RRYLPGPGIHALAAQAIRGSALFSHALPILERHAPRDIVVALGVLWEDQIIYIYHSTPGA
# QGSQALAGFRMCLAWQSVPGVALLAAESDEALMQRFSPEQWRNLAPHVAQQRQRGYVLWH
# HADGEVSMAQPLDKHAAALAFAGMWRIDEAEAAARLQALKALNQLIAQ
# >ERS325398_04825.p01
# MSDTLLAFDFGTKSIGVAIGQRITGTARPLPAIKAQDGTPDWTLIERLLKEWQPDEIIVG
# LPLNMDGTEQPLTARARKFANRIHGRFGVTVTLHDERLSTVEARSGLFERGGYRALNKGK
# VDSASAVIILESYFEQGY
# >ERS325398_04826.p01
# MNLQHHFLIAMPALQDPIFRRSVVYICEHNQDGAMGIIINKPLENLQIEGILEKLKITPE
# PRDSAIRLDKAVMLGGPLAEDRGFILHTPPSRFASSIRISDNTVITTSRDVLETLGTQQQ
# PSDVLVALGYASWDKGQLEQELLDNAWLTAPADLNILFKTPIAERWREAAKLIGIDILTM
# PGVAGHA
# >ERS325398_04827.p01
# MIKLGIVMDPIAHINIKKDTSFAMLLEAQRRGYELHYMEMADLYLINGEARACTRTLSVE
# QNYDKWYEFGSEQEIKLADLDVILMRKDPPFDTEFIYATYILERAEEEGTLIVNKPQSLR
# DCNEKLYTAWFADLTPETLVTRNKAQLKAFWEKHGDIIMKPLDGMGGASIFRVKEGDPNI
# GVIAETLTELGNRYCMAQNYLPAIKDGDKRVLVVDGEPVPYCLARIPQGGETRGNLAAGG
# RGEPRPLSESDWEIARRVGPTLKAKGLIFVGLDIIGDRLTEINVTSPTCVREIEAEYPIS
# ITGMLMDAIEARLAK
# >ERS325398_04828.p01
# MRIPRIYHPELLTSGTQISLCEDAANHIGRVLRMGAGQALQLFDGSNQVFDAEIISASKK
# SVEVQVMKGEIDDRESPLHIHLGQVMSRGEKMEFTIQKSIELGVSLITPLFSERCGVKLD
# NERLNKKRQQWQKIAIAACEQCGRNRVPEIRPPMALEAWCAEQDSGLRLNLHPRAHASIN
# TLPLPVERVRLLIGPEGGLSADEIAMTARYQFTDILLGPRVLRTETTALTAITALQVRFG
# DLG
# >ERS325398_04829.p01
# MYRNFSFAAALLAAAFSGQALADGINNFSQAKAASVKVNADAPGSFYCGCQIRWQGKKGV
# VDLESCGYKVRKNENRARRIEWEHVVPAWQFGHQRQCWQDGGRKNCAKDPVYCKMESDMH
# NLQPAIGEVNGDRGNFMYSQWNGGEGQYGQCAMKVDFKAKLAEPPARARGAIARTYFYMR
# DQYQLKLSRQQTQLFNVWDKQYPVTAWECERDARIAKVQGNHNPYVQRACQARKS
# >ERS325398_04830.p01
# MRRLRENLAQANLKLDRHYPEPKLVYTQRGTSAGTAWLESYEIRLNPVLLLENIDTFIAE
# VVPHELAHLLVWKHFGRKAPHGKEWKWMMESVLGVPARRTHQFALQSVRRNTFPYHCQCQ
# QHQLTVRRHNRVVRGEAVYRCVHCGEPLVAG
# >ERS325398_04831.p01
# MPDNKKQGRSNKAMTFFVCFLAALAGLLFGLDIGVIAGALPFITDEFQITAHTQEWVVSS
# MMFGAAVGAVGSGWLSFKLGRKKSLMIGAILFVAGSLFSAAAPNVEVLIISRVLLGLAVG
# VASYTAPLYLSEIAPEKIRGSMISMYQLMITIGILGAYLSDTAFSYSGAWRWMLGVIIIP
# AILLLIGVFFLPDSPRWFAAKRRFHDAERVLLRLRDTSAEAKRELDEIRESLQVKQSGWA
# LFKENSNFRRAVFLGILLQVMQQFTGMNVIMYYAPKIFELAGYTNTTEQMWGTVIVGLTN
# VLATFIAIGLVDRWGRKPTLTLGFLVMAIGMGILGTMMHIGIHSPSAQYFAIAMLLMFII
# GFAMSAGPLIWVLCSEIQPLKGRDFGITCSTATNWIANMIVGATFLTMLNNLGNANTFWV
# YAGLNVLFILLTLWLVPETKHVSLEHIERNLMKGRKLREIGAHD
# >ERS325398_04832.p01
# MAKHLFTSESVSEGHPDKIADQISDAVLDAILQQDPKARVACETYVKTGMVLVGGEITTS
# AWVDIEEITRNTVREIGYVHSDMGFDANSCAVLSAIGKQSPDINQGVDRADPLEQGAGDQ
# GLMFGYATNETDVLMPAPITYAHRLVQRQAEVRKNGTLPWLRPDAKSQVTFQYDDGKIVG
# IDAVVLSTQHAEDIDQKSLQEAVMEEIIKPILPSEWLNTSTKFFINPTGRFVIGGPMGDC
# GLTGRKIIVDTYGGMARHGGGAFSGKDPSKVDRSAAYAARYVAKNIVAAGLADRCEIQVS
# YAIGVAEPTSIMVETFGTEKVPAEQLILLVREFFDLRPYGLIQMLDLLHPIYKETAAYGH
# FGRENFPWEKTDKAQLLRDAAGLK
# >ERS325398_04833.p01
# MTEDSTMSLKVTNTGSLSVNQYGWINIWTAILGHFFAQFPAFFEGRRNVGQNQAVNVSDN
# ADIMRIYALLFFCVLGIKRDARLIQKHTTFSSCRHFQPG
# >ERS325398_04834.p01
# MSDDMSMGSPSSAGEQGVLRSMQEVAMSSQEASKMLRTYNIAWWGNNYYDVNELGHISVC
# PDPDVPEARVDLAKLVKAREAQGQRLPALFCFPQILQHRLRSINAAFKRARESYGYNGDY
# FLVYPIKVNQHRRVIESLIHSGEPLGLEAGSKAELMAVLAHAGMTRSVIVCNGYKDREYI
# RLALIGEKMGHKVYLVIEKMSEIAIVLEEAERLNVVPRLGVRARLASQGSGKWQSSGGEK
# SKFGLAATQVLQLVETLRDAGRLDSLQLLHFHLGSQMANIRDIATGVRESARFYVELHKL
# GVNIQCFDVGGGLGVDYEGTRSQSDCSVNYGLNEYANNIIWAIGDACEEHGLPHPTVITE
# SGRAVTAHHTVLVSNIIGVERNEYTDPTAPAEDAPRALQNLWETWQEMHKPGTRRSLREW
# LHDSQMDLHDIHIGYSSGAFSLQERAWAEQLYLSMCHEVQKQLDPQNRAHRPIIDELQER
# MADKMYVNFSLFQSMPDAWGIDQLFPVLPLEGLDQVPERRAVLLDITCDSDGAIDHYIDG
# DGIATTMPMPEYDPENPPMLGFFMVGAYQEILGNMHNLFGDTEAVDVFVFPDGSVEVELS
# DEGDTVADMLQYVQLDPKTLLTHFRDQVKQTDLDDALQQQFLEEFEAGLYGYTYLEDE
# >ERS325398_04835.p01
# MSTLGHQYDNSLVSNAFGFLRLPMNFQPYDSDADWVITGVPFDMATSGRAGGRHGPAAIR
# QVSTNLAWEHHRFPWNFDMRERLNVVDCGDLVYAFGDAREMSEKLQAHAEKLLSAGKRML
# SFGGDHFVTLPLLRAHAKHFGKMALVHFDAHTDTYANGCEFDHGTMFYTAPKEGLIDPHH
# SVQIGIRTEFDKDNGFTVLDACQVNDRGVDDILAQVKQIVGDMPVYLTFDIDCLDPAFAP
# GTGTPVIGGLTSDRAIKLVRGLKDLNIVGMDVVEVAPAYDQSEITALAAATLALEMLYIQ
# AAKKGE
# >ERS325398_04836.p01
# MKIRALLLALGMATVLTGCQNMDSNGLLSSGAEAFQAYTLSDAQVKALSDQSCQELDSKA
# KIAPASSEYTKRLAKIAAALGDNINGQPVNYKVYETKDVNAFAMANGCIRVYSGLMDMMT
# DNEVEAVIGHEMGHVALGHVKKGMQVALGTNAVRVAAASAGGVVGSLSQSQLGDLGEKLV
# NSQFSQRQESEADDYSYDLLRKRGISPAGLATSFEKLAKLEAGRQSSMFDDHPASAARAQ
# HVRDRMSADGIK
# >ERS325398_04837.p01
# MSSRKELANAIRALSMDAVQKAKSGHPGAPMGMADIAEVLWRDFLNHNPTNPSWADRDRF
# VLSNGHGSMLIYSLLHLTGYDLPMSELQNFRQLHSKTPGHPEVGYTAGVETTTGPLGQGI
# ANAVGMAIAEKTLAAQFNRPGHDIVDHFTYVFMGDGCMMEGISHEVCSLAGTLKLGKLIA
# FYDDNGISIDGHVEGWFTDDTAKRFEAYGWHVIRGIDGHDADAIKRATEEARAVTDKPSL
# LMCKTIIGFGSPNKQGTHDSHGAPLGDAEIALTREQLGWKYAPFEIPSEIYAQWDAKEAG
# QAKESAWNEKFAAYEKAFPQEAAEFTRRMKGDMPADFNAKANEFIAKLQANPSKIASRKA
# SQNAIEAFGPLLPEFLGGSADLAPSNLTLWSGSKAINEDAAGNYIHYGVREFGMTAIANG
# IALHGGFLPYTSTFLMFVEYARNAVRMAALMKQRQVMVYTHDSIGLGEDGPTHQPVEQVA
# SLRVTPNMSTWRPCDQVESAVAWKYGVERQDGPTALILSRQNLAQQERTEEQLANIARGG
# YVLKDCAGQPQIIFIATGSEVELAVAAYEKLTAEGVKARVVSMPSTDAFDKQDAAYRESV
# LPKAVSARVAIEAGIADYWFKYVGLNGAIVGMTTFGESAPAELLFEEFGFTVDNVIAKAK
# ALL
# '
# Looks like you failed 1 test of 17.
t/Bio/RetrieveAssemblies/AccessionFile.t .. 
Dubious, test returned 1 (wstat 256, 0x100)
Failed 1/17 subtests 
All arguments to easy_init should be either an integer log level or a hash reference. at lib/Bio/RetrieveAssemblies/LoggingRole.pm line 15.
t/Bio/RetrieveAssemblies/RefWeak.t ........ ok
All arguments to easy_init should be either an integer log level or a hash reference. at lib/Bio/RetrieveAssemblies/LoggingRole.pm line 15.
All arguments to easy_init should be either an integer log level or a hash reference. at lib/Bio/RetrieveAssemblies/LoggingRole.pm line 15.
t/Bio/RetrieveAssemblies/WGS.t ............ ok

Test Summary Report
-------------------
t/00_requires_external.t                (Wstat: 256 Tests: 2 Failed: 1)
  Failed test:  1
  Non-zero exit status: 1
t/Bio/RetrieveAssemblies.t              (Wstat: 1280 Tests: 6 Failed: 5)
  Failed tests:  2-6
  Non-zero exit status: 5
t/Bio/RetrieveAssemblies/AccessionFile.t (Wstat: 256 Tests: 17 Failed: 1)
  Failed test:  17
  Non-zero exit status: 1
Files=5, Tests=34, 12 wallclock secs ( 0.06 usr +  0.05 sys =  0.11 CPU)
Result: FAIL
Failed 3/5 test programs. 7/34 subtests failed.
dmake.exe:  Error code 255, while making 'test_dynamic'

------------------------------
PREREQUISITES
------------------------------

Prerequisite modules loaded:

requires:

    Module                       Need Have  
    ---------------------------- ---- ------
    Bio::Perl                    0    0     
    Bio::SeqIO                   0    0     
    Data::Validate::URI          0    0.07  
    Exception::Class             0    1.40  
    File::Basename               0    2.85  
    File::Copy                   0    2.30  
    File::Path                   0    2.12  
    File::Slurp::Tiny            0    0.004 
    Getopt::Long                 0    2.48  
    Log::Log4perl                0    1.47  
    Moose                        0    2.1605
    Moose::Role                  0    2.1605
    Moose::Util::TypeConstraints 0    2.1605
    Text::CSV                    0    1.33  

build_requires:

    Module                       Need Have  
    ---------------------------- ---- ------
    Cwd                          0    3.62  
    Data::Dumper                 0    2.158 
    Env::Path                    0    0.19  
    ExtUtils::MakeMaker          0    7.10  
    FindBin                      0    1.51  
    strict                       0    1.09  
    Test::Most                   0    0.34  
    warnings                     0    1.34  

configure_requires:

    Module                       Need Have  
    ---------------------------- ---- ------
    ExtUtils::MakeMaker          0    7.10  


------------------------------
ENVIRONMENT AND OTHER CONTEXT
------------------------------

Environment variables:

    AUTOMATED_TESTING = 1
    COMSPEC = C:\WINDOWS\system32\cmd.exe
    NUMBER_OF_PROCESSORS = 1
    PATH = C:\WINDOWS\system32;C:\WINDOWS;C:\WINDOWS\System32\Wbem;C:\Strawberry221\c\bin;C:\Strawberry221\perl\site\bin;C:\Strawberry221\perl\bin;C:\Git\cmd
    PERL5LIB = C:\STRAWB~1\cpan\build\Data-Validate-URI-0.07-P1ntzF/blib/arch;C:\STRAWB~1\cpan\build\Data-Validate-URI-0.07-P1ntzF/blib/lib;C:\STRAWB~1\cpan\build\Data-Validate-Domain-0.11-nMgcDK/blib/arch;C:\STRAWB~1\cpan\build\Data-Validate-Domain-0.11-nMgcDK/blib/lib;C:\STRAWB~1\cpan\build\Net-Domain-TLD-1.74-Fvd2t0/blib/arch;C:\STRAWB~1\cpan\build\Net-Domain-TLD-1.74-Fvd2t0/blib/lib;C:\STRAWB~1\cpan\build\Data-Validate-IP-0.25-ArPKeK/blib/arch;C:\STRAWB~1\cpan\build\Data-Validate-IP-0.25-ArPKeK/blib/lib
    PERL5OPT = 
    PERL5_CPANPLUS_IS_RUNNING = 1000
    PERL5_CPAN_IS_RUNNING = 1000
    PERL5_CPAN_IS_RUNNING_IN_RECURSION = 880,1000
    PERL_CR_SMOKER_CURRENT = Bio-RetrieveAssemblies-1.1.5
    PERL_CR_SMOKER_RUNONCE = 1
    PERL_EXTUTILS_AUTOINSTALL = --defaultdeps
    PERL_HASH_SEED = 0x11111111
    PERL_MM_USE_DEFAULT = 1
    PROCESSOR_IDENTIFIER = x86 Family 16 Model 5 Stepping 3, AuthenticAMD
    TEMP = C:\DOCUME~1\c\LOCALS~1\Temp

Perl special variables (and OS-specific diagnostics, for MSWin32):

    $^X = C:\Strawberry221\perl\bin\perl.exe
    $UID/$EUID = 0 / 0
    $GID = 0
    $EGID = 0
    Win32::GetOSName = WinXP/.Net
    Win32::GetOSVersion = Service Pack 3, 5, 1, 2600, 2, 3, 0, 256, 1
    Win32::FsType = NTFS
    Win32::IsAdminUser = 1

Perl module toolchain versions installed:

    Module              Have    
    ------------------- --------
    CPAN                2.11    
    CPAN::Meta          2.150005
    Cwd                 3.62    
    ExtUtils::CBuilder  0.280224
    ExtUtils::Command   7.10    
    ExtUtils::Install   2.04    
    ExtUtils::MakeMaker 7.10    
    ExtUtils::Manifest  1.70    
    ExtUtils::ParseXS   3.30    
    File::Spec          3.62    
    JSON                2.90    
    JSON::PP            2.27300 
    Module::Build       0.4216  
    Module::Signature   0.79    
    Parse::CPAN::Meta   1.4417  
    Test::Harness       3.36    
    Test::More          1.001014
    YAML                1.15    
    YAML::Syck          1.29    
    version             0.9916  


--

Summary of my perl5 (revision 5 version 22 subversion 1) configuration:
   
  Platform:
    osname=MSWin32, osvers=4.0, archname=MSWin32-x86-multi-thread-64int
    uname='Win32 strawberry-perl 5.22.1.4 #1 Sat Mar 26 14:08:02 2016 i386'
    config_args='undef'
    hint=recommended, useposix=true, d_sigaction=undef
    useithreads=define, usemultiplicity=define
    use64bitint=define, use64bitall=undef, uselongdouble=undef
    usemymalloc=n, bincompat5005=undef
  Compiler:
    cc='gcc', ccflags =' -s -O2 -DWIN32  -DPERL_TEXTMODE_SCRIPTS -DPERL_IMPLICIT_CONTEXT -DPERL_IMPLICIT_SYS -fwrapv -fno-strict-aliasing -mms-bitfields',
    optimize='-s -O2',
    cppflags='-DWIN32'
    ccversion='', gccversion='4.9.2', gccosandvers=''
    intsize=4, longsize=4, ptrsize=4, doublesize=8, byteorder=12345678, doublekind=3
    d_longlong=define, longlongsize=8, d_longdbl=define, longdblsize=12, longdblkind=3
    ivtype='long long', ivsize=8, nvtype='double', nvsize=8, Off_t='long long', lseeksize=8
    alignbytes=8, prototype=define
  Linker and Libraries:
    ld='g++', ldflags ='-s -L"C:\STRAWB~1\perl\lib\CORE" -L"C:\STRAWB~1\c\lib"'
    libpth=C:\STRAWB~1\c\lib C:\STRAWB~1\c\i686-w64-mingw32\lib C:\STRAWB~1\c\lib\gcc\i686-w64-mingw32\4.9.2
    libs=-lmoldname -lkernel32 -luser32 -lgdi32 -lwinspool -lcomdlg32 -ladvapi32 -lshell32 -lole32 -loleaut32 -lnetapi32 -luuid -lws2_32 -lmpr -lwinmm -lversion -lodbc32 -lodbccp32 -lcomctl32
    perllibs=-lmoldname -lkernel32 -luser32 -lgdi32 -lwinspool -lcomdlg32 -ladvapi32 -lshell32 -lole32 -loleaut32 -lnetapi32 -luuid -lws2_32 -lmpr -lwinmm -lversion -lodbc32 -lodbccp32 -lcomctl32
    libc=, so=dll, useshrplib=true, libperl=libperl522.a
    gnulibc_version=''
  Dynamic Linking:
    dlsrc=dl_win32.xs, dlext=xs.dll, d_dlsymun=undef, ccdlflags=' '
    cccdlflags=' ', lddlflags='-mdll -s -L"C:\STRAWB~1\perl\lib\CORE" -L"C:\STRAWB~1\c\lib"'


Characteristics of this binary (from libperl): 
  Compile-time options: HAS_TIMES HAVE_INTERP_INTERN MULTIPLICITY
                        PERLIO_LAYERS PERL_DONT_CREATE_GVSV
                        PERL_HASH_FUNC_ONE_AT_A_TIME_HARD
                        PERL_IMPLICIT_CONTEXT PERL_IMPLICIT_SYS
                        PERL_MALLOC_WRAP PERL_NEW_COPY_ON_WRITE
                        PERL_PRESERVE_IVUV USE_64_BIT_INT USE_ITHREADS
                        USE_LARGE_FILES USE_LOCALE USE_LOCALE_COLLATE
                        USE_LOCALE_CTYPE USE_LOCALE_NUMERIC USE_LOCALE_TIME
                        USE_PERLIO USE_PERL_ATOF
  Built under MSWin32
  Compiled at Mar 26 2016 14:12:26
  %ENV:
    PERL5LIB="C:\STRAWB~1\cpan\build\Data-Validate-URI-0.07-P1ntzF/blib/arch;C:\STRAWB~1\cpan\build\Data-Validate-URI-0.07-P1ntzF/blib/lib;C:\STRAWB~1\cpan\build\Data-Validate-Domain-0.11-nMgcDK/blib/arch;C:\STRAWB~1\cpan\build\Data-Validate-Domain-0.11-nMgcDK/blib/lib;C:\STRAWB~1\cpan\build\Net-Domain-TLD-1.74-Fvd2t0/blib/arch;C:\STRAWB~1\cpan\build\Net-Domain-TLD-1.74-Fvd2t0/blib/lib;C:\STRAWB~1\cpan\build\Data-Validate-IP-0.25-ArPKeK/blib/arch;C:\STRAWB~1\cpan\build\Data-Validate-IP-0.25-ArPKeK/blib/lib"
    PERL5_CPANPLUS_IS_RUNNING="1000"
    PERL5_CPAN_IS_RUNNING="1000"
    PERL5_CPAN_IS_RUNNING_IN_RECURSION="880,1000"
    PERL_CR_SMOKER_CURRENT="Bio-RetrieveAssemblies-1.1.5"
    PERL_CR_SMOKER_RUNONCE="1"
    PERL_EXTUTILS_AUTOINSTALL="--defaultdeps"
    PERL_HASH_SEED="0x11111111"
    PERL_MM_USE_DEFAULT="1"
  @INC:
    C:\STRAWB~1\cpan\build\Data-Validate-URI-0.07-P1ntzF/blib/arch
    C:\STRAWB~1\cpan\build\Data-Validate-URI-0.07-P1ntzF/blib/lib
    C:\STRAWB~1\cpan\build\Data-Validate-Domain-0.11-nMgcDK/blib/arch
    C:\STRAWB~1\cpan\build\Data-Validate-Domain-0.11-nMgcDK/blib/lib
    C:\STRAWB~1\cpan\build\Net-Domain-TLD-1.74-Fvd2t0/blib/arch
    C:\STRAWB~1\cpan\build\Net-Domain-TLD-1.74-Fvd2t0/blib/lib
    C:\STRAWB~1\cpan\build\Data-Validate-IP-0.25-ArPKeK/blib/arch
    C:\STRAWB~1\cpan\build\Data-Validate-IP-0.25-ArPKeK/blib/lib
    C:/Strawberry221/perl/site/lib
    C:/Strawberry221/perl/vendor/lib
    C:/Strawberry221/perl/lib
    .