Report for Data-YUID-0.06

Back
From: metabase:user:9820532a-708b-1014-9a05-b18a96298da1
Subject: FAIL Data-YUID-0.06 v5.15.7 GNU/Linux
Date: 2012-01-31T01:07:08Z

This distribution has been tested as part of the CPAN Testers
project, supporting the Perl programming language.  See
http://wiki.cpantesters.org/ for more information or email
questions to cpan-testers-discuss@perl.org


--
Dear SAY MEDIA,

This is a computer-generated report for Data-YUID-0.06
on perl 5.15.7, created by CPAN-Reporter-1.2003.

Thank you for uploading your work to CPAN.  However, there was a problem
testing your distribution.

If you think this report is invalid, please consult the CPAN Testers Wiki
for suggestions on how to avoid getting FAIL reports for missing library
or binary dependencies, unsupported operating systems, and so on:

http://wiki.cpantesters.org/wiki/CPANAuthorNotes

Sections of this report:

    * Tester comments
    * Program output
    * Prerequisites
    * Environment and other context

------------------------------
TESTER COMMENTS
------------------------------

Additional comments from tester:

this report is from an automated smoke testing program
and was not reviewed by a human for accuracy

------------------------------
PROGRAM OUTPUT
------------------------------

Output from '/usr/bin/make test':

PERL_DL_NONLAZY=1 /home/bri/perl5/perlbrew/perls/perl-5.15.7/bin/perl5.15.7 "-MExtUtils::Command::MM" "-e" "test_harness(0, 'inc', 'blib/lib', 'blib/arch')" t/00-compile.t t/01-generator.t t/10-client.t
overload arg '..' is invalid at /home/bri/perl5/perlbrew/perls/perl-5.15.7/lib/5.15.7/Math/BigInt.pm line 153
t/00-compile.t .... ok
overload arg '..' is invalid at /home/bri/perl5/perlbrew/perls/perl-5.15.7/lib/5.15.7/Math/BigInt.pm line 153
Time::HiRes object version 1.9724 does not match $Time::HiRes::XS_VERSION 1.9719 at /home/bri/perl5/perlbrew/perls/perl-5.15.7/lib/5.15.7/i686-linux/DynaLoader.pm line 213.
Compilation failed in require at t/01-generator.t line 7.
BEGIN failed--compilation aborted at t/01-generator.t line 7.
# No tests run!
# Looks like your test exited with 2 before it could output anything.
t/01-generator.t .. skipped: (no reason given)
Time::HiRes object version 1.9724 does not match $Time::HiRes::XS_VERSION 1.9719 at /home/bri/perl5/perlbrew/perls/perl-5.15.7/lib/5.15.7/i686-linux/DynaLoader.pm line 213.
Compilation failed in require at /home/bri/perl5/perlbrew/perls/perl-5.15.7/lib/site_perl/5.15.7/Danga/Socket.pm line 98.
BEGIN failed--compilation aborted at /home/bri/perl5/perlbrew/perls/perl-5.15.7/lib/site_perl/5.15.7/Danga/Socket.pm line 98.
Compilation failed in require at /home/bri/.cpan/build/Data-YUID-0.06-nhUHUo/t/../bin/yuidd line 5.
BEGIN failed--compilation aborted at /home/bri/.cpan/build/Data-YUID-0.06-nhUHUo/t/../bin/yuidd line 5.
Time::HiRes object version 1.9724 does not match $Time::HiRes::XS_VERSION 1.9719 at /home/bri/perl5/perlbrew/perls/perl-5.15.7/lib/5.15.7/i686-linux/DynaLoader.pm line 213.
Compilation failed in require at /home/bri/perl5/perlbrew/perls/perl-5.15.7/lib/site_perl/5.15.7/Danga/Socket.pm line 98.
BEGIN failed--compilation aborted at /home/bri/perl5/perlbrew/perls/perl-5.15.7/lib/site_perl/5.15.7/Danga/Socket.pm line 98.
Compilation failed in require at /home/bri/.cpan/build/Data-YUID-0.06-nhUHUo/t/../bin/yuidd line 5.
BEGIN failed--compilation aborted at /home/bri/.cpan/build/Data-YUID-0.06-nhUHUo/t/../bin/yuidd line 5.
Timeout waiting for port 11000 to startup at t/10-client.t line 75.
# No tests run!
# Looks like your test exited with 111 before it could output anything.
t/10-client.t ..... 
Dubious, test returned 111 (wstat 28416, 0x6f00)
Failed 25/25 subtests 

Test Summary Report
-------------------
t/01-generator.t (Wstat: 512 Tests: 0 Failed: 0)
  Non-zero exit status: 2
t/10-client.t   (Wstat: 28416 Tests: 0 Failed: 0)
  Non-zero exit status: 111
  Parse errors: Bad plan.  You planned 25 tests but ran 0.
Files=3, Tests=1,  7 wallclock secs ( 0.05 usr  0.00 sys +  0.63 cusr  0.03 csys =  0.71 CPU)
Result: FAIL
Failed 2/3 test programs. 0/1 subtests failed.
make: *** [test_dynamic] Error 111

------------------------------
PREREQUISITES
------------------------------

Prerequisite modules loaded:

requires:

    Module              Need     Have    
    ------------------- -------- --------
    Danga::Socket       0        1.61    
    Math::BigInt        0        1.997   
    perl                5.006001 5.015007
    Time::HiRes         0        1.9724  
    URI::Escape         0        3.31    

build_requires:

    Module              Need     Have    
    ------------------- -------- --------
    ExtUtils::MakeMaker 6.42     6.62    
    Time::HiRes         0        1.9724  

configure_requires:

    Module              Need     Have    
    ------------------- -------- --------
    ExtUtils::MakeMaker 6.42     6.62    


------------------------------
ENVIRONMENT AND OTHER CONTEXT
------------------------------

Environment variables:

    AUTOMATED_TESTING = 1
    LANG = C
    LANGUAGE = en_GB:en
    LC_ALL = C
    MANPATH_WITHOUT_PERLBREW = 
    PATH = /home/bri/bin:/home/bri/perl5/perlbrew/bin:/home/bri/perl5/perlbrew/perls/perl-5.15.7/bin:~/bin:/usr/local/sbin:/usr/local/bin:/usr/sbin:/usr/bin:/sbin:/bin:/usr/games
    PATH_WITHOUT_PERLBREW = ~/bin:/usr/local/sbin:/usr/local/bin:/usr/sbin:/usr/bin:/sbin:/bin:/usr/games
    PERL5LIB = 
    PERL5OPT = 
    PERL5_CPANPLUS_IS_RUNNING = 17981
    PERL5_CPAN_IS_RUNNING = 17981
    PERL5_CPAN_IS_RUNNING_IN_RECURSION = 1886,17981
    PERLBREW_BASHRC_VERSION = 0.40
    PERLBREW_HOME = /home/bri/.perlbrew
    PERLBREW_MANPATH = /home/bri/perl5/perlbrew/perls/perl-5.15.7/man
    PERLBREW_PATH = /home/bri/perl5/perlbrew/bin:/home/bri/perl5/perlbrew/perls/perl-5.15.7/bin
    PERLBREW_PERL = perl-5.15.7
    PERLBREW_ROOT = /home/bri/perl5/perlbrew
    PERLBREW_VERSION = 0.39
    PERL_CPANM_OPT = --prompt --mirror http://172.16.1.3/cpan/
    PERL_CR_SMOKER_CURRENT = Data-YUID-0.06
    PERL_EXTUTILS_AUTOINSTALL = --defaultdeps
    PERL_MM_USE_DEFAULT = 1
    SHELL = /bin/bash
    TERM = linux

Perl special variables (and OS-specific diagnostics, for MSWin32):

    $^X = /home/bri/perl5/perlbrew/perls/perl-5.15.7/bin/perl5.15.7
    $UID/$EUID = 1000 / 1000
    $GID = 1000 4 20 24 46 112 120 122 1000
    $EGID = 1000 4 20 24 46 112 120 122 1000

Perl module toolchain versions installed:

    Module              Have        
    ------------------- ------------
    CPAN                1.9800      
    CPAN::Meta          2.113640    
    Cwd                 3.39_01     
    ExtUtils::CBuilder  0.280205    
    ExtUtils::Command   1.17        
    ExtUtils::Install   1.57        
    ExtUtils::MakeMaker 6.62        
    ExtUtils::Manifest  1.60        
    ExtUtils::ParseXS   3.11        
    File::Spec          3.39_01     
    JSON                2.53        
    JSON::PP            2.27200     
    Module::Build       0.39_01     
    Module::Signature   n/a         
    Parse::CPAN::Meta   1.4401      
    Test::Harness       3.23        
    Test::More          1.005000_002
    YAML                0.78        
    YAML::Syck          1.19        
    version             0.95        


--

Summary of my perl5 (revision 5 version 15 subversion 7) configuration:
   
  Platform:
    osname=linux, osvers=2.6.38-11-generic, archname=i686-linux
    uname='linux lappy 2.6.38-11-generic #48-ubuntu smp fri jul 29 19:05:14 utc 2011 i686 i686 i386 gnulinux '
    config_args='-de -Dprefix=/home/bri/perl5/perlbrew/perls/perl-5.15.7 -Dusedevel'
    hint=recommended, useposix=true, d_sigaction=define
    useithreads=undef, usemultiplicity=undef
    useperlio=define, d_sfio=undef, uselargefiles=define, usesocks=undef
    use64bitint=undef, use64bitall=undef, uselongdouble=undef
    usemymalloc=n, bincompat5005=undef
  Compiler:
    cc='cc', ccflags ='-fno-strict-aliasing -pipe -fstack-protector -I/usr/local/include -D_LARGEFILE_SOURCE -D_FILE_OFFSET_BITS=64',
    optimize='-O2',
    cppflags='-fno-strict-aliasing -pipe -fstack-protector -I/usr/local/include'
    ccversion='', gccversion='4.5.2', gccosandvers=''
    intsize=4, longsize=4, ptrsize=4, doublesize=8, byteorder=1234
    d_longlong=define, longlongsize=8, d_longdbl=define, longdblsize=12
    ivtype='long', ivsize=4, nvtype='double', nvsize=8, Off_t='off_t', lseeksize=8
    alignbytes=4, prototype=define
  Linker and Libraries:
    ld='cc', ldflags =' -fstack-protector -L/usr/local/lib'
    libpth=/usr/local/lib /lib /usr/lib /usr/lib/i386-linux-gnu /usr/lib64
    libs=-lnsl -ldl -lm -lcrypt -lutil -lc
    perllibs=-lnsl -ldl -lm -lcrypt -lutil -lc
    libc=, so=so, useshrplib=false, libperl=libperl.a
    gnulibc_version='2.13'
  Dynamic Linking:
    dlsrc=dl_dlopen.xs, dlext=so, d_dlsymun=undef, ccdlflags='-Wl,-E'
    cccdlflags='-fPIC', lddlflags='-shared -O2 -L/usr/local/lib -fstack-protector'


Characteristics of this binary (from libperl): 
  Compile-time options: HAS_TIMES PERLIO_LAYERS PERL_DONT_CREATE_GVSV
                        PERL_MALLOC_WRAP PERL_PRESERVE_IVUV PERL_USE_DEVEL
                        USE_LARGE_FILES USE_LOCALE USE_LOCALE_COLLATE
                        USE_LOCALE_CTYPE USE_LOCALE_NUMERIC USE_PERLIO
                        USE_PERL_ATOF
  Built under linux
  Compiled at Jan 25 2012 21:02:01
  %ENV:
    PERL5LIB=""
    PERL5OPT=""
    PERL5_CPANPLUS_IS_RUNNING="17981"
    PERL5_CPAN_IS_RUNNING="17981"
    PERL5_CPAN_IS_RUNNING_IN_RECURSION="1886,17981"
    PERLBREW_BASHRC_VERSION="0.40"
    PERLBREW_HOME="/home/bri/.perlbrew"
    PERLBREW_MANPATH="/home/bri/perl5/perlbrew/perls/perl-5.15.7/man"
    PERLBREW_PATH="/home/bri/perl5/perlbrew/bin:/home/bri/perl5/perlbrew/perls/perl-5.15.7/bin"
    PERLBREW_PERL="perl-5.15.7"
    PERLBREW_ROOT="/home/bri/perl5/perlbrew"
    PERLBREW_VERSION="0.39"
    PERL_CPANM_OPT="--prompt --mirror http://172.16.1.3/cpan/"
    PERL_CR_SMOKER_CURRENT="Data-YUID-0.06"
    PERL_EXTUTILS_AUTOINSTALL="--defaultdeps"
    PERL_MM_USE_DEFAULT="1"
  @INC:
    /home/bri/perl5/perlbrew/perls/perl-5.15.7/lib/site_perl/5.15.7/i686-linux
    /home/bri/perl5/perlbrew/perls/perl-5.15.7/lib/site_perl/5.15.7
    /home/bri/perl5/perlbrew/perls/perl-5.15.7/lib/5.15.7/i686-linux
    /home/bri/perl5/perlbrew/perls/perl-5.15.7/lib/5.15.7
    .