Report for Cvs-0.07

Back
From: metabase:user:320bfe00-2aae-11df-837a-5e0a49663a4f
Subject: FAIL Cvs-0.07 v5.24.1 GNU/Linux
Date: 2017-06-29T09:39:51Z

This distribution has been tested as part of the CPAN Testers
project, supporting the Perl programming language.  See
http://wiki.cpantesters.org/ for more information or email
questions to cpan-testers-discuss@perl.org


--
Dear Olivier Poitrey,

This is a computer-generated report for Cvs-0.07
on perl 5.24.1, created by CPAN-Reporter-1.2018.

Thank you for uploading your work to CPAN.  However, there was a problem
testing your distribution.

If you think this report is invalid, please consult the CPAN Testers Wiki
for suggestions on how to avoid getting FAIL reports for missing library
or binary dependencies, unsupported operating systems, and so on:

http://wiki.cpantesters.org/wiki/CPANAuthorNotes

Sections of this report:

    * Tester comments
    * Program output
    * Prerequisites
    * Environment and other context

------------------------------
TESTER COMMENTS
------------------------------

Additional comments from tester:

this report is from an automated smoke testing program
and was not reviewed by a human for accuracy

------------------------------
PROGRAM OUTPUT
------------------------------

Output from '/usr/bin/make test':

PERL_DL_NONLAZY=1 "/home/sand/src/perl/repoperls/installed-perls/host/k93msid/v5.24.1/d2d1/bin/perl" "-MExtUtils::Command::MM" "-MTest::Harness" "-e" "undef *Test::Harness::Switches; test_harness(0, 'blib/lib', 'blib/arch')" t/*.t
Command 'cvs' not found in /home/sand/bin, /usr/local/bin, /usr/bin, /bin, /usr/games, /usr/local/perl/bin, /usr/X11/bin, /sbin, /usr/sbin at /tmp/loop_over_bdir-32720-6oz6l5/Cvs-0.07-0/blib/lib/Cvs/Command/Base.pm line 113.
t/00checkout.t .. 
Dubious, test returned 9 (wstat 2304, 0x900)
Failed 1/3 subtests 
# Failed test 2 in t/05commit.t at line 12
#  t/05commit.t line 12 is: ok($cvs);
Cannot open file `/tmp/loop_over_bdir-32720-6oz6l5/Cvs-0.07-0/cvs-test/test.txt': No such file or directory at t/05commit.t line 14.
t/05commit.t .... 
Dubious, test returned 2 (wstat 512, 0x200)
Failed 4/5 subtests 
# Failed test 2 in t/10status.t at line 11
#  t/10status.t line 11 is: ok($cvs);
Can't call method "status" on an undefined value at t/10status.t line 13.
t/10status.t .... 
Dubious, test returned 2 (wstat 512, 0x200)
Failed 10/11 subtests 
# Failed test 2 in t/20tag.t at line 11
#  t/20tag.t line 11 is: ok($cvs);
Can't call method "tag" on an undefined value at t/20tag.t line 13.
t/20tag.t ....... 
Dubious, test returned 2 (wstat 512, 0x200)
Failed 5/6 subtests 
Command 'cvs' not found in /home/sand/bin, /usr/local/bin, /usr/bin, /bin, /usr/games, /usr/local/perl/bin, /usr/X11/bin, /sbin, /usr/sbin at /tmp/loop_over_bdir-32720-6oz6l5/Cvs-0.07-0/blib/lib/Cvs/Command/Base.pm line 113.
t/21rtag.t ...... 
Dubious, test returned 9 (wstat 2304, 0x900)
Failed 4/6 subtests 
# Failed test 2 in t/30update.t at line 11
#  t/30update.t line 11 is: ok($cvs);
Cannot open file `/tmp/loop_over_bdir-32720-6oz6l5/Cvs-0.07-0/cvs-test/test.txt': No such file or directory at t/30update.t line 13.
t/30update.t .... 
Dubious, test returned 2 (wstat 512, 0x200)
Failed 5/6 subtests 
# Failed test 2 in t/40diff.t at line 11
#  t/40diff.t line 11 is: ok($cvs);
Cannot open file `/tmp/loop_over_bdir-32720-6oz6l5/Cvs-0.07-0/cvs-test/test.txt': No such file or directory at t/40diff.t line 13.
t/40diff.t ...... 
Dubious, test returned 2 (wstat 512, 0x200)
Failed 5/6 subtests 
Command 'cvs' not found in /home/sand/bin, /usr/local/bin, /usr/bin, /bin, /usr/games, /usr/local/perl/bin, /usr/X11/bin, /sbin, /usr/sbin at /tmp/loop_over_bdir-32720-6oz6l5/Cvs-0.07-0/blib/lib/Cvs/Command/Base.pm line 113.
t/50export.t .... 
Dubious, test returned 9 (wstat 2304, 0x900)
Failed 1/3 subtests 
Command 'cvs' not found in /home/sand/bin, /usr/local/bin, /usr/bin, /bin, /usr/games, /usr/local/perl/bin, /usr/X11/bin, /sbin, /usr/sbin at /tmp/loop_over_bdir-32720-6oz6l5/Cvs-0.07-0/blib/lib/Cvs/Command/Base.pm line 113.
t/90release.t ... 
Dubious, test returned 9 (wstat 2304, 0x900)
Failed 2/4 subtests 

Test Summary Report
-------------------
t/00checkout.t (Wstat: 2304 Tests: 2 Failed: 0)
  Non-zero exit status: 9
  Parse errors: Bad plan.  You planned 3 tests but ran 2.
t/05commit.t  (Wstat: 512 Tests: 2 Failed: 1)
  Failed test:  2
  Non-zero exit status: 2
  Parse errors: Bad plan.  You planned 5 tests but ran 2.
t/10status.t  (Wstat: 512 Tests: 2 Failed: 1)
  Failed test:  2
  Non-zero exit status: 2
  Parse errors: Bad plan.  You planned 11 tests but ran 2.
t/20tag.t     (Wstat: 512 Tests: 2 Failed: 1)
  Failed test:  2
  Non-zero exit status: 2
  Parse errors: Bad plan.  You planned 6 tests but ran 2.
t/21rtag.t    (Wstat: 2304 Tests: 2 Failed: 0)
  Non-zero exit status: 9
  Parse errors: Bad plan.  You planned 6 tests but ran 2.
t/30update.t  (Wstat: 512 Tests: 2 Failed: 1)
  Failed test:  2
  Non-zero exit status: 2
  Parse errors: Bad plan.  You planned 6 tests but ran 2.
t/40diff.t    (Wstat: 512 Tests: 2 Failed: 1)
  Failed test:  2
  Non-zero exit status: 2
  Parse errors: Bad plan.  You planned 6 tests but ran 2.
t/50export.t  (Wstat: 2304 Tests: 2 Failed: 0)
  Non-zero exit status: 9
  Parse errors: Bad plan.  You planned 3 tests but ran 2.
t/90release.t (Wstat: 2304 Tests: 2 Failed: 0)
  Non-zero exit status: 9
  Parse errors: Bad plan.  You planned 4 tests but ran 2.
Files=9, Tests=18,  2 wallclock secs ( 0.05 usr  0.05 sys +  0.60 cusr  0.14 csys =  0.84 CPU)
Result: FAIL
Failed 9/9 test programs. 5/18 subtests failed.
Makefile:971: recipe for target 'test_dynamic' failed
make: *** [test_dynamic] Error 9

------------------------------
PREREQUISITES
------------------------------

Prerequisite modules loaded:

requires:

    Module              Need Have   
    ------------------- ---- -------
    Class::Accessor     0.17 0.34   
    Cwd                 2.04 3.63_01
    File::Temp          0.12 0.2304 
    FileHandle          2.0  2.02   
    IO::Pty             1.02 1.12   
    IPC::Run            0.74 0.96   

build_requires:

    Module              Need Have   
    ------------------- ---- -------
    ExtUtils::MakeMaker 0    7.29_01


------------------------------
ENVIRONMENT AND OTHER CONTEXT
------------------------------

Environment variables:

    AUTOMATED_TESTING = 1
    LANG = en_US.UTF-8
    PATH = /home/sand/bin:/usr/local/bin:/usr/bin:/bin:/usr/games:/usr/local/perl/bin:/usr/X11/bin:/sbin:/usr/sbin
    PERL5LIB = 
    PERL5OPT = 
    PERL5_CPANPLUS_IS_RUNNING = 32726
    PERL5_CPAN_IS_RUNNING = 32726
    PERL_CANARY_STABILITY_NOPROMPT = 1
    PERL_MM_USE_DEFAULT = 1
    PERL_USE_UNSAFE_INC = 1
    SHELL = /usr/bin/zsh
    TERM = screen

Perl special variables (and OS-specific diagnostics, for MSWin32):

    $^X = /home/sand/src/perl/repoperls/installed-perls/host/k93msid/v5.24.1/d2d1/bin/perl
    $UID/$EUID = 1005 / 1005
    $GID = 1005 1005
    $EGID = 1005 1005

Perl module toolchain versions installed:

    Module              Have    
    ------------------- --------
    CPAN                2.18    
    CPAN::Meta          2.150010
    Cwd                 3.63_01 
    ExtUtils::CBuilder  0.280224
    ExtUtils::Command   7.29_01 
    ExtUtils::Install   2.12    
    ExtUtils::MakeMaker 7.29_01 
    ExtUtils::Manifest  1.70    
    ExtUtils::ParseXS   3.31    
    File::Spec          3.63_01 
    JSON                2.94    
    JSON::PP            2.94    
    Module::Build       0.42_23 
    Module::Signature   0.81    
    Parse::CPAN::Meta   1.4422  
    Test::Harness       3.39    
    Test::More          1.302088
    YAML                1.23_001
    YAML::Syck          1.30_01 
    version             0.9918  


--

Summary of my perl5 (revision 5 version 24 subversion 1) configuration:
  Derived from: 443bd156a6baaf7a8fe6b6b05fcf6c4178140ed2
  Platform:
    osname=linux, osvers=4.9.0-2-amd64, archname=x86_64-linux
    uname='linux k93msid 4.9.0-2-amd64 #1 smp debian 4.9.18-1 (2017-03-30) x86_64 gnulinux '
    config_args='-Dprefix=/home/sand/src/perl/repoperls/installed-perls/host/k93msid/v5.24.1/d2d1 -Dmyhostname=k93msid -Dinstallusrbinperl=n -Uversiononly -Dusedevel -des -Ui_db -Dlibswanted=cl pthread socket inet nsl gdbm dbm malloc dl ld sun m crypt sec util c cposix posix ucb BSD gdbm_compat -Uuseithreads -Uuselongdouble -DDEBUGGING=both'
    hint=recommended, useposix=true, d_sigaction=define
    useithreads=undef, usemultiplicity=undef
    use64bitint=define, use64bitall=define, uselongdouble=undef
    usemymalloc=n, bincompat5005=undef
  Compiler:
    cc='cc', ccflags ='-fwrapv -DDEBUGGING -fno-strict-aliasing -pipe -fstack-protector-strong -I/usr/local/include -D_LARGEFILE_SOURCE -D_FILE_OFFSET_BITS=64',
    optimize='-O2 -g',
    cppflags='-fwrapv -DDEBUGGING -fno-strict-aliasing -pipe -fstack-protector-strong -I/usr/local/include'
    ccversion='', gccversion='6.3.0 20170406', gccosandvers=''
    intsize=4, longsize=8, ptrsize=8, doublesize=8, byteorder=12345678, doublekind=3
    d_longlong=define, longlongsize=8, d_longdbl=define, longdblsize=16, longdblkind=3
    ivtype='long', ivsize=8, nvtype='double', nvsize=8, Off_t='off_t', lseeksize=8
    alignbytes=8, prototype=define
  Linker and Libraries:
    ld='cc', ldflags =' -fstack-protector-strong -L/usr/local/lib'
    libpth=/usr/local/lib /usr/lib/gcc/x86_64-linux-gnu/6/include-fixed /usr/include/x86_64-linux-gnu /usr/lib /lib/x86_64-linux-gnu /lib/../lib /usr/lib/x86_64-linux-gnu /usr/lib/../lib /lib
    libs=-lpthread -lnsl -ldl -lm -lcrypt -lutil -lc
    perllibs=-lpthread -lnsl -ldl -lm -lcrypt -lutil -lc
    libc=libc-2.24.so, so=so, useshrplib=false, libperl=libperl.a
    gnulibc_version='2.24'
  Dynamic Linking:
    dlsrc=dl_dlopen.xs, dlext=so, d_dlsymun=undef, ccdlflags='-Wl,-E'
    cccdlflags='-fPIC', lddlflags='-shared -O2 -g -L/usr/local/lib -fstack-protector-strong'


Characteristics of this binary (from libperl): 
  Compile-time options: DEBUGGING HAS_TIMES PERLIO_LAYERS PERL_COPY_ON_WRITE
                        PERL_DONT_CREATE_GVSV
                        PERL_HASH_FUNC_ONE_AT_A_TIME_HARD PERL_MALLOC_WRAP
                        PERL_PRESERVE_IVUV PERL_USE_DEVEL USE_64_BIT_ALL
                        USE_64_BIT_INT USE_LARGE_FILES USE_LOCALE
                        USE_LOCALE_COLLATE USE_LOCALE_CTYPE
                        USE_LOCALE_NUMERIC USE_LOCALE_TIME USE_PERLIO
                        USE_PERL_ATOF
  Locally applied patches:
	uncommitted-changes
  Built under linux
  Compiled at Apr 14 2017 08:05:12
  %ENV:
    PERL5LIB=""
    PERL5OPT=""
    PERL5_CPANPLUS_IS_RUNNING="32726"
    PERL5_CPAN_IS_RUNNING="32726"
    PERL_CANARY_STABILITY_NOPROMPT="1"
    PERL_MM_USE_DEFAULT="1"
    PERL_USE_UNSAFE_INC="1"
  @INC:
    /home/sand/src/perl/repoperls/installed-perls/host/k93msid/v5.24.1/d2d1/lib/site_perl/5.24.1/x86_64-linux
    /home/sand/src/perl/repoperls/installed-perls/host/k93msid/v5.24.1/d2d1/lib/site_perl/5.24.1
    /home/sand/src/perl/repoperls/installed-perls/host/k93msid/v5.24.1/d2d1/lib/5.24.1/x86_64-linux
    /home/sand/src/perl/repoperls/installed-perls/host/k93msid/v5.24.1/d2d1/lib/5.24.1
    .