Back
From: metabase:user:d2c9f356-b46f-11df-9a90-20a83c0b7757
Subject: FAIL HTML-FromText-2.05 v5.15.4 SunOS/Solaris
Date: 2011-11-09T06:56:07Z
This distribution has been tested as part of the CPAN Testers
project, supporting the Perl programming language. See
http://wiki.cpantesters.org/ for more information or email
questions to cpan-testers-discuss@perl.org
--
Dear Casey West,
This is a computer-generated report for HTML-FromText-2.05
on perl 5.15.4, created by CPAN-Reporter-1.2002.
Thank you for uploading your work to CPAN. However, there was a problem
testing your distribution.
If you think this report is invalid, please consult the CPAN Testers Wiki
for suggestions on how to avoid getting FAIL reports for missing library
or binary dependencies, unsupported operating systems, and so on:
http://wiki.cpantesters.org/wiki/CPANAuthorNotes
Sections of this report:
* Tester comments
* Program output
* Prerequisites
* Environment and other context
------------------------------
TESTER COMMENTS
------------------------------
Additional comments from tester:
this report is from an automated smoke testing program
and was not reviewed by a human for accuracy
------------------------------
PROGRAM OUTPUT
------------------------------
Output from '/usr/local/bin/make test':
PERL_DL_NONLAZY=1 /export/home/cpant4/perl5/bin/perl5.15.4 "-MExtUtils::Command::MM" "-e" "test_harness(0, 'blib/lib', 'blib/arch')" t/*.t
# Failed test 'indented tables with normal para'
# at t/01_features.t line 286.
# got: '<table class="hft-tables">
# <tr><td>http://www.pm.org</td><td>Perl Mongers</td></tr>
# <tr><td>http://perl.com</td><td>O'Reilly Perl Center</td></tr>
# <tr><td>http://lists.perl.org</td><td>List of Mailing Lists</td></tr>
# <tr><td>http://use.perl.org</td><td>Perl News and Community Journals</td></tr>
# <tr><td>http://perl.apache.org</td><td>mod_perl</td></tr>
# <tr><td>http://theperlreview.com</td><td>The Perl Review</td></tr>
# </table>
# '
# expected: '<table class="hft-tables">
# <tr><td>http://www.pm.org</td><td>Perl Mongers</td></tr>
# <tr><td>http://perl.com</td><td>O'Reilly Perl Center</td></tr>
# <tr><td>http://lists.perl.org</td><td>List of Mailing Lists</td></tr>
# <tr><td>http://use.perl.org</td><td>Perl News and Community Journals</td></tr>
# <tr><td>http://perl.apache.org</td><td>mod_perl</td></tr>
# <tr><td>http://theperlreview.com</td><td>The Perl Review</td></tr>
# </table>
# '
# Looks like you failed 1 test of 28.
t/01_features.t ..
Dubious, test returned 1 (wstat 256, 0x100)
Failed 1/28 subtests
# Failed test 'complex bullets'
# at t/02_v2.01.t line 78.
# got: '<ul class="hft-bullets">
# <li> Fast, powerful and extensible template processing system. </li>
# <ul class="hft-bullets">
# <li> Powerful presentation language supports all standard templating directives, e.g. variable substitution, includes, conditionals,
# loops. </li>
# <ul class="hft-bullets">
# <li> Many additional features such as output filtering, exception handling, macro definition, support for plugin objects, definition
# of template metadata, embedded Perl code (only enabled by EVAL_PERL option), definition of template blocks, a 'switch'
# statement, and more. </li>
# <li> Full support for complex Perl data types such as hashes, lists, objects and sub-routine references. </li>
# </ul>
# <li> Clear separation of concerns between user interface (templates), application code (Perl objects/sub-routines) and data
# (Perl data). </li>
# <ul class="hft-bullets">
# <li> Programmer-centric back end, allowing application logic and data structures to be built in Perl. </li>
# <li> Designer-centric front end, hiding underlying complexity behind simple variable access. </li>
# <li> Templates are compiled to Perl code for maximum runtime efficiency and performance. Compiled templates are cached
# and can be written to disk in "compiled form" (e.g. Perl code) to achieve cache persistance. </li>
# <ul class="hft-bullets">
# <li> Well suited to online dynamic web content generation (e.g. Apache/mod_perl). </li>
# <li> Also has excellent support for offline batch processing for generating static pages (e.g. HTML, POD, LaTeX, PostScript,
# plain text) from source templates. </li>
# <ul class="hft-bullets">
# <li> Comprehensive documentation including tutorial and reference manuals. </li>
# <li> Fully Open Source and Free </li>
# </ul>
# </ul>
# </ul>
# </ul>
# </ul>
# '
# expected: '<ul class="hft-bullets">
# <li> Fast, powerful and extensible template processing system. </li>
# <ul class="hft-bullets">
# <li> Powerful presentation language supports all standard templating directives, e.g. variable substitution, includes, conditionals,
# loops. </li>
# <ul class="hft-bullets">
# <li> Many additional features such as output filtering, exception handling, macro definition, support for plugin objects, definition
# of template metadata, embedded Perl code (only enabled by EVAL_PERL option), definition of template blocks, a 'switch'
# statement, and more. </li>
# <li> Full support for complex Perl data types such as hashes, lists, objects and sub-routine references. </li>
# </ul>
# <li> Clear separation of concerns between user interface (templates), application code (Perl objects/sub-routines) and data
# (Perl data). </li>
# <ul class="hft-bullets">
# <li> Programmer-centric back end, allowing application logic and data structures to be built in Perl. </li>
# <li> Designer-centric front end, hiding underlying complexity behind simple variable access. </li>
# <li> Templates are compiled to Perl code for maximum runtime efficiency and performance. Compiled templates are cached
# and can be written to disk in "compiled form" (e.g. Perl code) to achieve cache persistance. </li>
# <ul class="hft-bullets">
# <li> Well suited to online dynamic web content generation (e.g. Apache/mod_perl). </li>
# <li> Also has excellent support for offline batch processing for generating static pages (e.g. HTML, POD, LaTeX, PostScript,
# plain text) from source templates. </li>
# <ul class="hft-bullets">
# <li> Comprehensive documentation including tutorial and reference manuals. </li>
# <li> Fully Open Source and Free </li>
# </ul>
# </ul>
# </ul>
# </ul>
# </ul>
# '
# Looks like you failed 1 test of 6.
t/02_v2.01.t .....
Dubious, test returned 1 (wstat 256, 0x100)
Failed 1/6 subtests
Can't locate HTML/Entities.pm in @INC (@INC contains: blib/lib /export/home/cpant4/.cpan/build/HTML-FromText-2.05-aDs7pB/blib/lib /export/home/cpant4/.cpan/build/HTML-FromText-2.05-aDs7pB/blib/arch /export/home/cpant4/.cpan/build/Email-Find-0.10-0kiaZi/blib/arch /export/home/cpant4/.cpan/build/Email-Find-0.10-0kiaZi/blib/lib /export/home/cpant4/.cpan/build/Email-Valid-0.185-Kn_Feq/blib/arch /export/home/cpant4/.cpan/build/Email-Valid-0.185-Kn_Feq/blib/lib /export/home/cpant4/.cpan/build/Net-DNS-0.67-ZvlctM/blib/arch /export/home/cpant4/.cpan/build/Net-DNS-0.67-ZvlctM/blib/lib /export/home/cpant4/.cpan/build/Template-Toolkit-2.22-O6EJSS/blib/arch /export/home/cpant4/.cpan/build/Template-Toolkit-2.22-O6EJSS/blib/lib /export/home/cpant4/.cpan/build/HTML-FromANSI-2.03-H9aOUm/blib/arch /export/home/cpant4/.cpan/build/HTML-FromANSI-2.03-H9aOUm/blib/lib /export/home/cpant4/.cpan/build/Term-VT102-Boundless-0.04-vTk3aF/blib/arch /export/home/cpant4/.cpan/build/Term-VT102-Boundless-0.04-vTk3aF/blib/lib /export/home/cpant4/.cpan/build/Term-VT102-0.91-ihGycY/blib/arch /export/home/cpant4/.cpan/build/Term-VT102-0.91-ihGycY/blib/lib /export/home/cpant4/.cpan/build/Email-Find-0.10-0kiaZi/blib/arch /export/home/cpant4/.cpan/build/Email-Find-0.10-0kiaZi/blib/lib /export/home/cpant4/.cpan/build/Email-Valid-0.185-Kn_Feq/blib/arch /export/home/cpant4/.cpan/build/Email-Valid-0.185-Kn_Feq/blib/lib /export/home/cpant4/.cpan/build/Net-DNS-0.67-ZvlctM/blib/arch /export/home/cpant4/.cpan/build/Net-DNS-0.67-ZvlctM/blib/lib /export/home/cpant4/.cpan/build/Template-Toolkit-2.22-O6EJSS/blib/arch /export/home/cpant4/.cpan/build/Template-Toolkit-2.22-O6EJSS/blib/lib /export/home/cpant4/.cpan/build/HTML-FromANSI-2.03-H9aOUm/blib/arch /export/home/cpant4/.cpan/build/HTML-FromANSI-2.03-H9aOUm/blib/lib /export/home/cpant4/.cpan/build/Term-VT102-Boundless-0.04-vTk3aF/blib/arch /export/home/cpant4/.cpan/build/Term-VT102-Boundless-0.04-vTk3aF/blib/lib /export/home/cpant4/.cpan/build/Term-VT102-0.91-ihGycY/blib/arch /export/home/cpant4/.cpan/build/Term-VT102-0.91-ihGycY/blib/lib /usr/perl5/5.8.4/lib/i86pc-solaris-64int /usr/perl5/5.8.4/lib /usr/perl5/site_perl/5.8.4/i86pc-solaris-64int /usr/perl5/site_perl/5.8.4 /usr/perl5/site_perl /usr/perl5/vendor_perl/5.8.4/i86pc-solaris-64int /usr/perl5/vendor_perl/5.8.4 /usr/perl5/vendor_perl .) at blib/lib/HTML/FromText.pm line 22.
BEGIN failed--compilation aborted at blib/lib/HTML/FromText.pm line 22.
Compilation failed in require at blib/script/text2html line 6.
BEGIN failed--compilation aborted at blib/script/text2html line 6.
# Failed test 'output from text2html correct'
# at t/03_v2.02.t line 15.
# got: ''
# expected: '<p class="hft-paras">Hello</p>
#
# <p class="hft-paras">Test</p>
# '
# Looks like you failed 1 test of 3.
t/03_v2.02.t .....
Dubious, test returned 1 (wstat 256, 0x100)
Failed 1/3 subtests
t/04_v2.03.t ..... ok
t/05_v2.04.t ..... ok
t/06_v2.05.t ..... ok
t/99_pod.t ....... ok
Test Summary Report
-------------------
t/01_features.t (Wstat: 256 Tests: 28 Failed: 1)
Failed test: 28
Non-zero exit status: 1
t/02_v2.01.t (Wstat: 256 Tests: 6 Failed: 1)
Failed test: 6
Non-zero exit status: 1
t/03_v2.02.t (Wstat: 256 Tests: 3 Failed: 1)
Failed test: 1
Non-zero exit status: 1
Files=7, Tests=55, 0 wallclock secs ( 0.06 usr 0.03 sys + 0.40 cusr 0.09 csys = 0.58 CPU)
Result: FAIL
Failed 3/7 test programs. 3/55 subtests failed.
make: *** [test_dynamic] Error 255
------------------------------
PREREQUISITES
------------------------------
Prerequisite modules loaded:
requires:
Module Need Have
--------------------- ------- ---------
Email::Find::addrspec 0.09 0.09
Exporter::Lite 0.01 0.02
HTML::Entities 1.26 3.69
Scalar::Util 1.12 1.23
Test::More 0.47 0.98
Text::Tabs 98.1128 2009.0305
build_requires:
Module Need Have
--------------------- ------- ---------
ExtUtils::MakeMaker 0 6.62
------------------------------
ENVIRONMENT AND OTHER CONTEXT
------------------------------
Environment variables:
AUTOMATED_TESTING = 1
LANG = C
LD_LIBRARY_PATH = /usr/local/lib:
PATH = /export/home/cpant4/perl5/bin:/usr/local/bin:/usr/bin
PERL5LIB = /export/home/cpant4/.cpan/build/Email-Find-0.10-0kiaZi/blib/arch:/export/home/cpant4/.cpan/build/Email-Find-0.10-0kiaZi/blib/lib:/export/home/cpant4/.cpan/build/Email-Valid-0.185-Kn_Feq/blib/arch:/export/home/cpant4/.cpan/build/Email-Valid-0.185-Kn_Feq/blib/lib:/export/home/cpant4/.cpan/build/Net-DNS-0.67-ZvlctM/blib/arch:/export/home/cpant4/.cpan/build/Net-DNS-0.67-ZvlctM/blib/lib:/export/home/cpant4/.cpan/build/Template-Toolkit-2.22-O6EJSS/blib/arch:/export/home/cpant4/.cpan/build/Template-Toolkit-2.22-O6EJSS/blib/lib:/export/home/cpant4/.cpan/build/HTML-FromANSI-2.03-H9aOUm/blib/arch:/export/home/cpant4/.cpan/build/HTML-FromANSI-2.03-H9aOUm/blib/lib:/export/home/cpant4/.cpan/build/Term-VT102-Boundless-0.04-vTk3aF/blib/arch:/export/home/cpant4/.cpan/build/Term-VT102-Boundless-0.04-vTk3aF/blib/lib:/export/home/cpant4/.cpan/build/Term-VT102-0.91-ihGycY/blib/arch:/export/home/cpant4/.cpan/build/Term-VT102-0.91-ihGycY/blib/lib
PERL5OPT =
PERL5_CPANPLUS_IS_RUNNING = 11563
PERL5_CPAN_IS_RUNNING = 11563
PERL5_CPAN_IS_RUNNING_IN_RECURSION = 8306,11563
PERL_CR_SMOKER_CURRENT = Slash-OurNet-1.41
PERL_EXTUTILS_AUTOINSTALL = --defaultdeps
PERL_MM_USE_DEFAULT = 1
SHELL = /bin/bash
TERM = xterm
Perl special variables (and OS-specific diagnostics, for MSWin32):
$^X = /export/home/cpant4/perl5/bin/perl5.15.4
$UID/$EUID = 104 / 104
$GID = 1 1
$EGID = 1 1
Perl module toolchain versions installed:
Module Have
------------------- --------
CPAN 1.9800
CPAN::Meta 2.112621
Cwd 3.37
ExtUtils::CBuilder 0.280204
ExtUtils::Command 1.17
ExtUtils::Install 1.57
ExtUtils::MakeMaker 6.62
ExtUtils::Manifest 1.60
ExtUtils::ParseXS 3.05
File::Spec 3.34
JSON 2.53
JSON::PP 2.27200
Module::Build 0.39_01
Module::Signature n/a
Parse::CPAN::Meta 1.4401
Test::Harness 3.23
Test::More 0.98
YAML 0.77
YAML::Syck n/a
version 0.94
--
Summary of my perl5 (revision 5 version 15 subversion 4) configuration:
Platform:
osname=solaris, osvers=2.10, archname=i86pc-solaris-64int
uname='sunos vmrz0046 5.10 generic_141445-09 i86pc i386 i86pc solaris '
config_args='-Dcc=gcc -Dprefix=~/perl5 -Duse64bitint -Dusedevel -d'
hint=recommended, useposix=true, d_sigaction=define
useithreads=undef, usemultiplicity=undef
useperlio=define, d_sfio=undef, uselargefiles=define, usesocks=undef
use64bitint=define, use64bitall=undef, uselongdouble=undef
usemymalloc=n, bincompat5005=undef
Compiler:
cc='gcc', ccflags ='-DPTR_IS_LONG -fno-strict-aliasing -pipe -I/usr/local/include -D_LARGEFILE_SOURCE -D_FILE_OFFSET_BITS=64 -DPERL_USE_SAFE_PUTENV',
optimize='-O',
cppflags='-DPTR_IS_LONG -fno-strict-aliasing -pipe -I/usr/local/include'
ccversion='', gccversion='3.4.6', gccosandvers='solaris2.10'
intsize=4, longsize=4, ptrsize=4, doublesize=8, byteorder=12345678
d_longlong=define, longlongsize=8, d_longdbl=define, longdblsize=12
ivtype='long long', ivsize=8, nvtype='double', nvsize=8, Off_t='off_t', lseeksize=8
alignbytes=4, prototype=define
Linker and Libraries:
ld='gcc', ldflags =' -L/usr/local/lib '
libpth=/usr/local/lib /usr/lib /usr/ccs/lib
libs=-lsocket -lnsl -lgdbm -ldl -lm -lc
perllibs=-lsocket -lnsl -ldl -lm -lc
libc=/lib/libc.so, so=so, useshrplib=false, libperl=libperl.a
gnulibc_version=''
Dynamic Linking:
dlsrc=dl_dlopen.xs, dlext=so, d_dlsymun=undef, ccdlflags=' '
cccdlflags='-fPIC', lddlflags='-G -L/usr/local/lib'
Characteristics of this binary (from libperl):
Compile-time options: HAS_TIMES PERLIO_LAYERS PERL_DONT_CREATE_GVSV
PERL_MALLOC_WRAP PERL_PRESERVE_IVUV PERL_USE_DEVEL
PERL_USE_SAFE_PUTENV USE_64_BIT_INT USE_LARGE_FILES
USE_LOCALE USE_LOCALE_COLLATE USE_LOCALE_CTYPE
USE_LOCALE_NUMERIC USE_PERLIO USE_PERL_ATOF
Built under solaris
Compiled at Oct 24 2011 11:26:38
%ENV:
PERL5LIB="/export/home/cpant4/.cpan/build/Email-Find-0.10-0kiaZi/blib/arch:/export/home/cpant4/.cpan/build/Email-Find-0.10-0kiaZi/blib/lib:/export/home/cpant4/.cpan/build/Email-Valid-0.185-Kn_Feq/blib/arch:/export/home/cpant4/.cpan/build/Email-Valid-0.185-Kn_Feq/blib/lib:/export/home/cpant4/.cpan/build/Net-DNS-0.67-ZvlctM/blib/arch:/export/home/cpant4/.cpan/build/Net-DNS-0.67-ZvlctM/blib/lib:/export/home/cpant4/.cpan/build/Template-Toolkit-2.22-O6EJSS/blib/arch:/export/home/cpant4/.cpan/build/Template-Toolkit-2.22-O6EJSS/blib/lib:/export/home/cpant4/.cpan/build/HTML-FromANSI-2.03-H9aOUm/blib/arch:/export/home/cpant4/.cpan/build/HTML-FromANSI-2.03-H9aOUm/blib/lib:/export/home/cpant4/.cpan/build/Term-VT102-Boundless-0.04-vTk3aF/blib/arch:/export/home/cpant4/.cpan/build/Term-VT102-Boundless-0.04-vTk3aF/blib/lib:/export/home/cpant4/.cpan/build/Term-VT102-0.91-ihGycY/blib/arch:/export/home/cpant4/.cpan/build/Term-VT102-0.91-ihGycY/blib/lib"
PERL5OPT=""
PERL5_CPANPLUS_IS_RUNNING="11563"
PERL5_CPAN_IS_RUNNING="11563"
PERL5_CPAN_IS_RUNNING_IN_RECURSION="8306,11563"
PERL_CR_SMOKER_CURRENT="Slash-OurNet-1.41"
PERL_EXTUTILS_AUTOINSTALL="--defaultdeps"
PERL_MM_USE_DEFAULT="1"
@INC:
/export/home/cpant4/.cpan/build/Email-Find-0.10-0kiaZi/blib/arch
/export/home/cpant4/.cpan/build/Email-Find-0.10-0kiaZi/blib/lib
/export/home/cpant4/.cpan/build/Email-Valid-0.185-Kn_Feq/blib/arch
/export/home/cpant4/.cpan/build/Email-Valid-0.185-Kn_Feq/blib/lib
/export/home/cpant4/.cpan/build/Net-DNS-0.67-ZvlctM/blib/arch
/export/home/cpant4/.cpan/build/Net-DNS-0.67-ZvlctM/blib/lib
/export/home/cpant4/.cpan/build/Template-Toolkit-2.22-O6EJSS/blib/arch
/export/home/cpant4/.cpan/build/Template-Toolkit-2.22-O6EJSS/blib/lib
/export/home/cpant4/.cpan/build/HTML-FromANSI-2.03-H9aOUm/blib/arch
/export/home/cpant4/.cpan/build/HTML-FromANSI-2.03-H9aOUm/blib/lib
/export/home/cpant4/.cpan/build/Term-VT102-Boundless-0.04-vTk3aF/blib/arch
/export/home/cpant4/.cpan/build/Term-VT102-Boundless-0.04-vTk3aF/blib/lib
/export/home/cpant4/.cpan/build/Term-VT102-0.91-ihGycY/blib/arch
/export/home/cpant4/.cpan/build/Term-VT102-0.91-ihGycY/blib/lib
/export/home/cpant4/perl5/lib/site_perl/5.15.4/i86pc-solaris-64int
/export/home/cpant4/perl5/lib/site_perl/5.15.4
/export/home/cpant4/perl5/lib/5.15.4/i86pc-solaris-64int
/export/home/cpant4/perl5/lib/5.15.4
/export/home/cpant4/perl5/lib/site_perl
.