HTML-Zoom-Parser-HH5P v0.002 Perl 5 v5.27.8 x86_64-linux-ld
- Status
- Fail
- From
- Andreas J. König (ANDK)
- Dist
-
HTML-Zoom-Parser-HH5P v0.002
- Platform
- Perl 5 v5.27.8 x86_64-linux-ld
- Date
- 2017-12-24 11:23:43
- ID
- e65767a0-e89c-11e7-b17b-d283f7a4fdfd
This distribution has been tested as part of the CPAN Testers
project, supporting the Perl programming language. See
http://wiki.cpantesters.org/ for more information or email
questions to cpan-testers-discuss@perl.org
--
Dear Toby Inkster,
This is a computer-generated report for HTML-Zoom-Parser-HH5P-0.002
on perl 5.27.8, created by CPAN-Reporter-1.2018.
Thank you for uploading your work to CPAN. However, there was a problem
testing your distribution.
If you think this report is invalid, please consult the CPAN Testers Wiki
for suggestions on how to avoid getting FAIL reports for missing library
or binary dependencies, unsupported operating systems, and so on:
http://wiki.cpantesters.org/wiki/CPANAuthorNotes
Sections of this report:
* Tester comments
* Program output
* Prerequisites
* Environment and other context
------------------------------
TESTER COMMENTS
------------------------------
Additional comments from tester:
this report is from an automated smoke testing program
and was not reviewed by a human for accuracy
------------------------------
PROGRAM OUTPUT
------------------------------
Output from '/usr/bin/make test':
PERL_DL_NONLAZY=1 "/tmp/basesmoker-reloperl-roz8/bin/perl" "-MExtUtils::Command::MM" "-MTest::Harness" "-e" "undef *Test::Harness::Switches; test_harness(0, 'inc', 'blib/lib', 'blib/arch')" t/hzphp-00-compile.t t/hzphp-actions.t t/hzphp-apply.t t/hzphp-balance.t t/hzphp-doctype.t t/hzphp-dwim-autoload.t t/hzphp-flush.t t/hzphp-forms.t t/hzphp-parser_weirdness.t t/hzphp-repeat_bugfixes.t t/hzphp-selectors.t t/hzphp-span.t t/hzphp-todo-repeat.t
t/hzphp-00-compile.t ........ ok
t/hzphp-actions.t ........... skipped: TODO
Can't use string ("HTML::HTML5::Parser") as a HASH ref while "strict refs" in use at /home/sand/src/perl/repoperls/installed-perls/host/k93msid/v5.27.7-32-ge7e8ce8540/ea6b/lib/site_perl/5.27.8/HTML/HTML5/Parser.pm line 389.
t/hzphp-apply.t ............. skipped: (no reason given)
Can't use string ("HTML::HTML5::Parser") as a HASH ref while "strict refs" in use at /home/sand/src/perl/repoperls/installed-perls/host/k93msid/v5.27.7-32-ge7e8ce8540/ea6b/lib/site_perl/5.27.8/HTML/HTML5/Parser.pm line 389.
t/hzphp-balance.t ...........
Dubious, test returned 255 (wstat 65280, 0xff00)
No subtests run
Can't use string ("HTML::HTML5::Parser") as a HASH ref while "strict refs" in use at /home/sand/src/perl/repoperls/installed-perls/host/k93msid/v5.27.7-32-ge7e8ce8540/ea6b/lib/site_perl/5.27.8/HTML/HTML5/Parser.pm line 389.
t/hzphp-doctype.t ........... skipped: (no reason given)
Can't use string ("HTML::HTML5::Parser") as a HASH ref while "strict refs" in use at /home/sand/src/perl/repoperls/installed-perls/host/k93msid/v5.27.7-32-ge7e8ce8540/ea6b/lib/site_perl/5.27.8/HTML/HTML5/Parser.pm line 389.
t/hzphp-dwim-autoload.t .....
Dubious, test returned 255 (wstat 65280, 0xff00)
No subtests run
t/hzphp-flush.t ............. ok
t/hzphp-forms.t ............. skipped: TODO
t/hzphp-parser_weirdness.t .. skipped: TODO
Can't use string ("HTML::HTML5::Parser") as a HASH ref while "strict refs" in use at /home/sand/src/perl/repoperls/installed-perls/host/k93msid/v5.27.7-32-ge7e8ce8540/ea6b/lib/site_perl/5.27.8/HTML/HTML5/Parser.pm line 389.
t/hzphp-repeat_bugfixes.t ...
Dubious, test returned 255 (wstat 65280, 0xff00)
No subtests run
# Failed test 'E[attr="val"] works'
# at t/hzphp-selectors.t line 66.
# got: ''
# expected: '<div frew="yo">grg</div><div class="waargh"></div>'
# Failed test 'E[attr!="val"] works'
# at t/hzphp-selectors.t line 93.
# got: '<div f="f">grg</div><div class="waargh"></div>'
# expected: '<div f="f">grg</div><div class="quux">grg</div><div class="waargh"></div>'
# Failed test 'E[attr*="val"] works'
# at t/hzphp-selectors.t line 129.
# got: '<div class="waargh"></div>'
# expected: '<div f="foo bar">grg</div><div class="waargh"></div>'
# Looks like you failed 3 tests of 20.
t/hzphp-selectors.t .........
Dubious, test returned 3 (wstat 768, 0x300)
Failed 3/20 subtests
t/hzphp-span.t .............. ok
t/hzphp-todo-repeat.t ....... skipped: Totally doesn't work yet
Test Summary Report
-------------------
t/hzphp-apply.t (Wstat: 65280 Tests: 0 Failed: 0)
Non-zero exit status: 255
t/hzphp-balance.t (Wstat: 65280 Tests: 0 Failed: 0)
Non-zero exit status: 255
Parse errors: No plan found in TAP output
t/hzphp-doctype.t (Wstat: 65280 Tests: 0 Failed: 0)
Non-zero exit status: 255
t/hzphp-dwim-autoload.t (Wstat: 65280 Tests: 0 Failed: 0)
Non-zero exit status: 255
Parse errors: No plan found in TAP output
t/hzphp-repeat_bugfixes.t (Wstat: 65280 Tests: 0 Failed: 0)
Non-zero exit status: 255
Parse errors: No plan found in TAP output
t/hzphp-selectors.t (Wstat: 768 Tests: 20 Failed: 3)
Failed tests: 6, 9, 13
Non-zero exit status: 3
Files=13, Tests=24, 3 wallclock secs ( 0.03 usr 0.07 sys + 1.99 cusr 0.37 csys = 2.46 CPU)
Result: FAIL
Failed 6/13 test programs. 3/24 subtests failed.
Makefile:780: recipe for target 'test_dynamic' failed
make: *** [test_dynamic] Error 255
------------------------------
PREREQUISITES
------------------------------
Prerequisite modules loaded:
requires:
Module Need Have
--------------------- -------- --------
ExtUtils::MakeMaker 6.59 7.30
HTML::HTML5::Entities 0 0.004
HTML::HTML5::Parser 0.206 0.301
HTML::Zoom 0.009007 0.009009
Moo 1.000000 2.003004
namespace::clean 0 0.27
perl 5.008 5.027008
strictures 1 2.000003
XML::LibXML 2 2.0132
build_requires:
Module Need Have
--------------------- -------- --------
ExtUtils::MakeMaker 6.59 7.30
strictures 1 2.000003
configure_requires:
Module Need Have
--------------------- -------- --------
ExtUtils::MakeMaker 6.59 7.30
------------------------------
ENVIRONMENT AND OTHER CONTEXT
------------------------------
Environment variables:
AUTOMATED_TESTING = 1
LANG = en_US.UTF-8
PATH = /home/sand/bin:/usr/local/bin:/usr/bin:/bin:/usr/games:/usr/local/perl/bin:/usr/X11/bin:/sbin:/usr/sbin
PERL = /tmp/basesmoker-reloperl-roz8/bin/perl
PERL5LIB =
PERL5OPT =
PERL5_CPANPLUS_IS_RUNNING = 11244
PERL5_CPAN_IS_RUNNING = 11244
PERL_CANARY_STABILITY_NOPROMPT = 1
PERL_MM_USE_DEFAULT = 1
PERL_USE_UNSAFE_INC = 1
SHELL = /usr/bin/zsh
TERM = screen
Perl special variables (and OS-specific diagnostics, for MSWin32):
$^X = /tmp/basesmoker-reloperl-roz8/bin/perl
$UID/$EUID = 1005 / 1005
$GID = 1005 1005
$EGID = 1005 1005
Perl module toolchain versions installed:
Module Have
------------------- --------
CPAN 2.20
CPAN::Meta 2.150010
Cwd 3.71
ExtUtils::CBuilder 0.280230
ExtUtils::Command 7.30
ExtUtils::Install 2.14
ExtUtils::MakeMaker 7.30
ExtUtils::Manifest 1.70
ExtUtils::ParseXS 3.36
File::Spec 3.71
JSON 2.97001
JSON::PP 2.97000
Module::Build 0.4224
Module::Signature 0.81
Parse::CPAN::Meta 2.150010
Test::Harness 3.39
Test::More 1.302120
YAML 1.24
YAML::Syck 1.30
version 0.9918
--
Summary of my perl5 (revision 5 version 27 subversion 8) configuration:
Commit id: e7e8ce8540f1612023d46e27e60ff002d8ab5dd7
Platform:
osname=linux
osvers=4.12.0-2-amd64
archname=x86_64-linux-ld
uname='linux k93msid 4.12.0-2-amd64 #1 smp debian 4.12.13-1 (2017-09-19) x86_64 gnulinux '
config_args='-Dprefix=/home/sand/src/perl/repoperls/installed-perls/host/k93msid/v5.27.7-32-ge7e8ce8540/ea6b -Dmyhostname=k93msid -Dinstallusrbinperl=n -Uversiononly -Dusedevel -des -Ui_db -Dlibswanted=cl pthread socket inet nsl gdbm dbm malloc dl ld sun m crypt sec util c cposix posix ucb BSD gdbm_compat -Uuseithreads -Duselongdouble -DEBUGGING=none'
hint=recommended
useposix=true
d_sigaction=define
useithreads=undef
usemultiplicity=undef
use64bitint=define
use64bitall=define
uselongdouble=define
usemymalloc=n
default_inc_excludes_dot=define
bincompat5005=undef
Compiler:
cc='cc'
ccflags ='-fwrapv -fno-strict-aliasing -pipe -fstack-protector-strong -I/usr/local/include -D_LARGEFILE_SOURCE -D_FILE_OFFSET_BITS=64 -D_FORTIFY_SOURCE=2'
optimize='-O2'
cppflags='-fwrapv -fno-strict-aliasing -pipe -fstack-protector-strong -I/usr/local/include'
ccversion=''
gccversion='7.2.0'
gccosandvers=''
intsize=4
longsize=8
ptrsize=8
doublesize=8
byteorder=12345678
doublekind=3
d_longlong=define
longlongsize=8
d_longdbl=define
longdblsize=16
longdblkind=3
ivtype='long'
ivsize=8
nvtype='long double'
nvsize=16
Off_t='off_t'
lseeksize=8
alignbytes=16
prototype=define
Linker and Libraries:
ld='cc'
ldflags =' -fstack-protector-strong -L/usr/local/lib'
libpth=/usr/local/lib /usr/lib/gcc/x86_64-linux-gnu/7/include-fixed /usr/include/x86_64-linux-gnu /usr/lib /lib/x86_64-linux-gnu /lib/../lib /usr/lib/x86_64-linux-gnu /usr/lib/../lib /lib
libs=-lpthread -lnsl -ldl -lm -lcrypt -lutil -lc
perllibs=-lpthread -lnsl -ldl -lm -lcrypt -lutil -lc
libc=libc-2.24.so
so=so
useshrplib=false
libperl=libperl.a
gnulibc_version='2.24'
Dynamic Linking:
dlsrc=dl_dlopen.xs
dlext=so
d_dlsymun=undef
ccdlflags='-Wl,-E'
cccdlflags='-fPIC'
lddlflags='-shared -O2 -L/usr/local/lib -fstack-protector-strong'
Characteristics of this binary (from libperl):
Compile-time options:
HAS_TIMES
PERLIO_LAYERS
PERL_COPY_ON_WRITE
PERL_DONT_CREATE_GVSV
PERL_MALLOC_WRAP
PERL_OP_PARENT
PERL_PRESERVE_IVUV
PERL_USE_DEVEL
USE_64_BIT_ALL
USE_64_BIT_INT
USE_LARGE_FILES
USE_LOCALE
USE_LOCALE_COLLATE
USE_LOCALE_CTYPE
USE_LOCALE_NUMERIC
USE_LOCALE_TIME
USE_LONG_DOUBLE
USE_PERLIO
USE_PERL_ATOF
Built under linux
Compiled at Dec 23 2017 16:30:39
%ENV:
PERL="/tmp/basesmoker-reloperl-roz8/bin/perl"
PERL5LIB=""
PERL5OPT=""
PERL5_CPANPLUS_IS_RUNNING="11244"
PERL5_CPAN_IS_RUNNING="11244"
PERL_CANARY_STABILITY_NOPROMPT="1"
PERL_MM_USE_DEFAULT="1"
PERL_USE_UNSAFE_INC="1"
@INC:
/home/sand/src/perl/repoperls/installed-perls/host/k93msid/v5.27.7-32-ge7e8ce8540/ea6b/lib/site_perl/5.27.8/x86_64-linux-ld
/home/sand/src/perl/repoperls/installed-perls/host/k93msid/v5.27.7-32-ge7e8ce8540/ea6b/lib/site_perl/5.27.8
/home/sand/src/perl/repoperls/installed-perls/host/k93msid/v5.27.7-32-ge7e8ce8540/ea6b/lib/5.27.8/x86_64-linux-ld
/home/sand/src/perl/repoperls/installed-perls/host/k93msid/v5.27.7-32-ge7e8ce8540/ea6b/lib/5.27.8
.