Back
From: metabase:user:314402c4-2aae-11df-837a-5e0a49663a4f
Subject: FAIL Class-DBI-FormBuilder-0.483 v5.14.0 FreeBSD
Date: 2013-06-22T17:55:18Z
This distribution has been tested as part of the CPAN Testers
project, supporting the Perl programming language. See
http://wiki.cpantesters.org/ for more information or email
questions to cpan-testers-discuss@perl.org
--
Dear David R. Baird,
This is a computer-generated report for Class-DBI-FormBuilder-0.483
on perl 5.14.0, created by CPAN-Reporter-1.2007.
Thank you for uploading your work to CPAN. However, there was a problem
testing your distribution.
If you think this report is invalid, please consult the CPAN Testers Wiki
for suggestions on how to avoid getting FAIL reports for missing library
or binary dependencies, unsupported operating systems, and so on:
http://wiki.cpantesters.org/wiki/CPANAuthorNotes
Sections of this report:
* Tester comments
* Program output
* Prerequisites
* Environment and other context
------------------------------
TESTER COMMENTS
------------------------------
Additional comments from tester:
none provided
------------------------------
PROGRAM OUTPUT
------------------------------
Output from '/usr/bin/make test':
PERL_DL_NONLAZY=1 /home2/cpansand/var/ctps/5140_1/install/perl-5.14.0/bin/perl5.14.0 "-MExtUtils::Command::MM" "-e" "test_harness(0, 'blib/lib', 'blib/arch')" t/*.t
# Testing Class::DBI::FormBuilder 0.483, Perl 5.014000, /home2/cpansand/var/ctps/5140_1/install/perl-5.14.0/bin/perl5.14.0
t/00-load.t ................ ok
t/001.setup.t .............. skipped: Couldn't load DBD::SQLite2
t/0012.pk.t ................ skipped: Couldn't load DBD::SQLite2
t/01.create.t .............. skipped: Couldn't load DBD::SQLite2
t/011.create.t ............. skipped: Couldn't load DBD::SQLite2
t/02.update.t .............. skipped: Couldn't load DBD::SQLite2
t/03.retrieve.t ............ skipped: Couldn't load DBD::SQLite2
Can't locate DBD/SQLite2.pm in @INC (@INC contains: /var/tmp/CPAN-build/Class-DBI-FormBuilder-0.483-RUyXPs/blib/lib /var/tmp/CPAN-build/Class-DBI-FormBuilder-0.483-RUyXPs/blib/arch /usr/local/src/CPAN/build/Farly-0.25-Uzt3Fb/blib/arch /usr/local/src/CPAN/build/Farly-0.25-Uzt3Fb/blib/lib /usr/local/src/CPAN/build/Log-Any-0.15-pUQhl5/blib/arch /usr/local/src/CPAN/build/Log-Any-0.15-pUQhl5/blib/lib /usr/local/src/CPAN/build/Log-Any-Adapter-0.11-8v0ve4/blib/arch /usr/local/src/CPAN/build/Log-Any-Adapter-0.11-8v0ve4/blib/lib /usr/local/src/CPAN/build/MooX-Singleton-1.20-MfQZeQ/blib/arch /usr/local/src/CPAN/build/MooX-Singleton-1.20-MfQZeQ/blib/lib /usr/local/src/CPAN/build/Nephia-Lite-0.03-wqyr_u/blib/arch /usr/local/src/CPAN/build/Nephia-Lite-0.03-wqyr_u/blib/lib /usr/local/src/CPAN/build/Farly-0.25-Uzt3Fb/blib/arch /usr/local/src/CPAN/build/Farly-0.25-Uzt3Fb/blib/lib /usr/local/src/CPAN/build/Log-Any-0.15-pUQhl5/blib/arch /usr/local/src/CPAN/build/Log-Any-0.15-pUQhl5/blib/lib /usr/local/src/CPAN/build/Log-Any-Adapter-0.11-8v0ve4/blib/arch /usr/local/src/CPAN/build/Log-Any-Adapter-0.11-8v0ve4/blib/lib /usr/local/src/CPAN/build/MooX-Singleton-1.20-MfQZeQ/blib/arch /usr/local/src/CPAN/build/MooX-Singleton-1.20-MfQZeQ/blib/lib /usr/local/src/CPAN/build/Nephia-Lite-0.03-wqyr_u/blib/arch /usr/local/src/CPAN/build/Nephia-Lite-0.03-wqyr_u/blib/lib /home/cpansand/var/ctps/5140_1/install/perl-5.14.0/lib/site_perl/5.14.0/i386-freebsd /home/cpansand/var/ctps/5140_1/install/perl-5.14.0/lib/site_perl/5.14.0 /home/cpansand/var/ctps/5140_1/install/perl-5.14.0/lib/5.14.0/i386-freebsd /home/cpansand/var/ctps/5140_1/install/perl-5.14.0/lib/5.14.0 .) at t/04.retrieve.t line 10.
# Looks like your test exited with 2 before it could output anything.
t/04.retrieve.t ............
Dubious, test returned 2 (wstat 512, 0x200)
No subtests run
t/05.update_or_create.t .... skipped: Couldn't load DBD::SQLite2
t/06.update_or_create.t .... skipped: Couldn't load DBD::SQLite2
t/07.retrieve_or_create.t .. skipped: Couldn't load DBD::SQLite2
t/08.retrieve_or_create.t .. skipped: Couldn't load DBD::SQLite2
t/09.retrieve_or_create.t .. skipped: Couldn't load DBD::SQLite2
t/10.find_or_create.t ...... skipped: Couldn't load DBD::SQLite2
t/11.find_or_create.t ...... skipped: Couldn't load DBD::SQLite2
t/12.search.t .............. skipped: Couldn't load DBD::SQLite2
t/13.search.t .............. skipped: Couldn't load DBD::SQLite2
t/14.search_like.t ......... skipped: Couldn't load DBD::SQLite2
t/15.search_where.t ........ skipped: Couldn't load DBD::SQLite2
t/16.search_form.t ......... skipped: Couldn't load DBD::SQLite2
t/30.has_a.t ............... skipped: Couldn't load DBD::SQLite2
t/31.has_many.t ............ skipped: Couldn't load DBD::SQLite2
t/32.has_many.t ............ skipped: Couldn't load DBD::SQLite2
t/33.has_many.t ............ skipped: Couldn't load DBD::SQLite2
t/34.might_have.t .......... skipped: Couldn't load DBD::SQLite2
t/40.auto_untaint.t ........ skipped: Couldn't load DBD::SQLite2
t/41.auto_untaint.t ........ skipped: Couldn't load DBD::SQLite2
t/42.auto_untaint.t ........ skipped: Couldn't load DBD::SQLite2
t/51.related.t ............. skipped: Couldn't load DBD::SQLite2
t/60.alias.t ............... skipped: Couldn't load DBD::SQLite2
t/61.alias.t ............... skipped: Couldn't load DBD::SQLite2
t/99.cleanup.t ............. ok
t/pod-coverage.t ........... ok
t/pod.t .................... ok
Test Summary Report
-------------------
t/04.retrieve.t (Wstat: 512 Tests: 0 Failed: 0)
Non-zero exit status: 2
Parse errors: No plan found in TAP output
Files=34, Tests=8, 7 wallclock secs ( 0.13 usr 0.04 sys + 4.16 cusr 1.88 csys = 6.21 CPU)
Result: FAIL
Failed 1/34 test programs. 0/8 subtests failed.
*** Error code 255
Stop in /var/tmp/CPAN-build/Class-DBI-FormBuilder-0.483-RUyXPs.
------------------------------
PREREQUISITES
------------------------------
Prerequisite modules loaded:
requires:
Module Need Have
-------------------------- ---- ------
CGI::FormBuilder 3 3.07
Class::Data::Inheritable 0 0.08
Class::DBI 0 3.0.17
Class::DBI::AbstractSearch 0 0.07
List::Util 0 1.27
Test::Exception 0 0.32
Test::More 0 0.98
UNIVERSAL::require 0 0.13
build_requires:
Module Need Have
-------------------------- ---- ------
ExtUtils::MakeMaker 0 6.64
configure_requires:
Module Need Have
-------------------------- ---- ------
ExtUtils::MakeMaker 0 6.64
------------------------------
ENVIRONMENT AND OTHER CONTEXT
------------------------------
Environment variables:
DBIC_NO_WARN_BAD_PERL = 1
PATH = /usr/local/bin:/usr/X11R6/bin:/usr/X11/bin:/usr/perl5.8.0/bin:/usr/bin:/bin:/usr/local/sbin:/usr/sbin:/sbin:/usr/local/pilot/bin:/home/cpansand/bin/freebsd8.0:/home/cpansand/bin/sh:/home/cpansand/bin:/usr/X386/bin:/usr/games:/home/cpansand/devel:/usr/home/e/eserte/work/srezic-misc/scripts
PERL5LIB = /usr/local/src/CPAN/build/Farly-0.25-Uzt3Fb/blib/arch:/usr/local/src/CPAN/build/Farly-0.25-Uzt3Fb/blib/lib:/usr/local/src/CPAN/build/Log-Any-0.15-pUQhl5/blib/arch:/usr/local/src/CPAN/build/Log-Any-0.15-pUQhl5/blib/lib:/usr/local/src/CPAN/build/Log-Any-Adapter-0.11-8v0ve4/blib/arch:/usr/local/src/CPAN/build/Log-Any-Adapter-0.11-8v0ve4/blib/lib:/usr/local/src/CPAN/build/MooX-Singleton-1.20-MfQZeQ/blib/arch:/usr/local/src/CPAN/build/MooX-Singleton-1.20-MfQZeQ/blib/lib:/usr/local/src/CPAN/build/Nephia-Lite-0.03-wqyr_u/blib/arch:/usr/local/src/CPAN/build/Nephia-Lite-0.03-wqyr_u/blib/lib
PERL5OPT =
PERL5_CPANPLUS_IS_RUNNING = 80969
PERL5_CPAN_IS_RUNNING = 80969
PERL5_CPAN_IS_RUNNING_IN_RECURSION = 80946,80969
PERL_BATCH = yes
PERL_CPAN_REPORTER_CONFIG = /var/tmp/cpansmoker-1023/tvtNxEvgXr_config.ini
PERL_CPAN_REPORTER_DIR = /home/cpansand/var/ctps/5140_1/config/perl-5.14.0/cpanreporter
PERL_EXTUTILS_AUTOINSTALL = --defaultdeps
PERL_HTML_DISPLAY_CLASS = HTML::Display::Mozilla
SHELL = /usr/local/bin/zsh
TERM = screen
TMPDIR = /var/tmp/cpansmoker-1023
Perl special variables (and OS-specific diagnostics, for MSWin32):
$^X = /home2/cpansand/var/ctps/5140_1/install/perl-5.14.0/bin/perl5.14.0
$UID/$EUID = 1023 / 1023
$GID = 1023 1023
$EGID = 1023 1023
Perl module toolchain versions installed:
Module Have
------------------- --------
CPAN 2.00
CPAN::Meta 2.131560
Cwd 3.40
ExtUtils::CBuilder 0.280205
ExtUtils::Command 1.17
ExtUtils::Install 1.56
ExtUtils::MakeMaker 6.64
ExtUtils::Manifest 1.60
ExtUtils::ParseXS 3.18
File::Spec 3.40
JSON 2.59
JSON::PP 2.27200
Module::Build 0.4005
Module::Signature 0.73
Parse::CPAN::Meta 1.4404
Test::Harness 3.28
Test::More 0.98
YAML 0.84
YAML::Syck 1.23
version 0.9901
--
Summary of my perl5 (revision 5 version 14 subversion 0) configuration:
Platform:
osname=freebsd, osvers=8.0-release, archname=i386-freebsd
uname='freebsd biokovo.herceg.de 8.0-release freebsd 8.0-release #0: sat nov 21 15:48:17 utc 2009 root@almeida.cse.buffalo.edu:usrobjusrsrcsysgeneric i386 '
config_args='-ds -e -Uversiononly -Dinstallusrbinperl=n -Dusedevel -Dprefix=/home/cpansand/var/ctps/5140_1/install/perl-5.14.0'
hint=recommended, useposix=true, d_sigaction=define
useithreads=undef, usemultiplicity=undef
useperlio=define, d_sfio=undef, uselargefiles=define, usesocks=undef
use64bitint=undef, use64bitall=undef, uselongdouble=undef
usemymalloc=n, bincompat5005=undef
Compiler:
cc='cc', ccflags ='-DHAS_FPSETMASK -DHAS_FLOATINGPOINT_H -fno-strict-aliasing -pipe -fstack-protector -I/usr/local/include',
optimize='-O',
cppflags='-DHAS_FPSETMASK -DHAS_FLOATINGPOINT_H -fno-strict-aliasing -pipe -fstack-protector -I/usr/local/include'
ccversion='', gccversion='4.2.1 20070719 [FreeBSD]', gccosandvers=''
intsize=4, longsize=4, ptrsize=4, doublesize=8, byteorder=1234
d_longlong=define, longlongsize=8, d_longdbl=define, longdblsize=12
ivtype='long', ivsize=4, nvtype='double', nvsize=8, Off_t='off_t', lseeksize=8
alignbytes=4, prototype=define
Linker and Libraries:
ld='cc', ldflags ='-Wl,-E -fstack-protector -L/usr/local/lib'
libpth=/usr/lib /usr/local/lib
libs=-lgdbm -lm -lcrypt -lutil -lc
perllibs=-lm -lcrypt -lutil -lc
libc=, so=so, useshrplib=false, libperl=libperl.a
gnulibc_version=''
Dynamic Linking:
dlsrc=dl_dlopen.xs, dlext=so, d_dlsymun=undef, ccdlflags=' '
cccdlflags='-DPIC -fPIC', lddlflags='-shared -L/usr/local/lib -fstack-protector'
Characteristics of this binary (from libperl):
Compile-time options: PERL_DONT_CREATE_GVSV PERL_MALLOC_WRAP
PERL_PRESERVE_IVUV PERL_USE_DEVEL USE_LARGE_FILES
USE_PERLIO USE_PERL_ATOF
Built under freebsd
Compiled at May 16 2011 22:19:43
%ENV:
PERL5LIB="/usr/local/src/CPAN/build/Farly-0.25-Uzt3Fb/blib/arch:/usr/local/src/CPAN/build/Farly-0.25-Uzt3Fb/blib/lib:/usr/local/src/CPAN/build/Log-Any-0.15-pUQhl5/blib/arch:/usr/local/src/CPAN/build/Log-Any-0.15-pUQhl5/blib/lib:/usr/local/src/CPAN/build/Log-Any-Adapter-0.11-8v0ve4/blib/arch:/usr/local/src/CPAN/build/Log-Any-Adapter-0.11-8v0ve4/blib/lib:/usr/local/src/CPAN/build/MooX-Singleton-1.20-MfQZeQ/blib/arch:/usr/local/src/CPAN/build/MooX-Singleton-1.20-MfQZeQ/blib/lib:/usr/local/src/CPAN/build/Nephia-Lite-0.03-wqyr_u/blib/arch:/usr/local/src/CPAN/build/Nephia-Lite-0.03-wqyr_u/blib/lib"
PERL5OPT=""
PERL5_CPANPLUS_IS_RUNNING="80969"
PERL5_CPAN_IS_RUNNING="80969"
PERL5_CPAN_IS_RUNNING_IN_RECURSION="80946,80969"
PERL_BATCH="yes"
PERL_CPAN_REPORTER_CONFIG="/var/tmp/cpansmoker-1023/tvtNxEvgXr_config.ini"
PERL_CPAN_REPORTER_DIR="/home/cpansand/var/ctps/5140_1/config/perl-5.14.0/cpanreporter"
PERL_EXTUTILS_AUTOINSTALL="--defaultdeps"
PERL_HTML_DISPLAY_CLASS="HTML::Display::Mozilla"
@INC:
/usr/local/src/CPAN/build/Farly-0.25-Uzt3Fb/blib/arch
/usr/local/src/CPAN/build/Farly-0.25-Uzt3Fb/blib/lib
/usr/local/src/CPAN/build/Log-Any-0.15-pUQhl5/blib/arch
/usr/local/src/CPAN/build/Log-Any-0.15-pUQhl5/blib/lib
/usr/local/src/CPAN/build/Log-Any-Adapter-0.11-8v0ve4/blib/arch
/usr/local/src/CPAN/build/Log-Any-Adapter-0.11-8v0ve4/blib/lib
/usr/local/src/CPAN/build/MooX-Singleton-1.20-MfQZeQ/blib/arch
/usr/local/src/CPAN/build/MooX-Singleton-1.20-MfQZeQ/blib/lib
/usr/local/src/CPAN/build/Nephia-Lite-0.03-wqyr_u/blib/arch
/usr/local/src/CPAN/build/Nephia-Lite-0.03-wqyr_u/blib/lib
/home/cpansand/var/ctps/5140_1/install/perl-5.14.0/lib/site_perl/5.14.0/i386-freebsd
/home/cpansand/var/ctps/5140_1/install/perl-5.14.0/lib/site_perl/5.14.0
/home/cpansand/var/ctps/5140_1/install/perl-5.14.0/lib/5.14.0/i386-freebsd
/home/cpansand/var/ctps/5140_1/install/perl-5.14.0/lib/5.14.0
.